-- MySQL dump 10.13  Distrib 8.0.16, for linux-glibc2.12 (x86_64)
--
-- Host: localhost    Database: calf_manager
-- ------------------------------------------------------
-- Server version	8.0.16

/*!40101 SET @OLD_CHARACTER_SET_CLIENT=@@CHARACTER_SET_CLIENT */;
/*!40101 SET @OLD_CHARACTER_SET_RESULTS=@@CHARACTER_SET_RESULTS */;
/*!40101 SET @OLD_COLLATION_CONNECTION=@@COLLATION_CONNECTION */;
 SET NAMES UTF8 ;
/*!40103 SET @OLD_TIME_ZONE=@@TIME_ZONE */;
/*!40103 SET TIME_ZONE='+00:00' */;
/*!40014 SET @OLD_UNIQUE_CHECKS=@@UNIQUE_CHECKS, UNIQUE_CHECKS=0 */;
/*!40014 SET @OLD_FOREIGN_KEY_CHECKS=@@FOREIGN_KEY_CHECKS, FOREIGN_KEY_CHECKS=0 */;
/*!40101 SET @OLD_SQL_MODE=@@SQL_MODE, SQL_MODE='NO_AUTO_VALUE_ON_ZERO' */;
/*!40111 SET @OLD_SQL_NOTES=@@SQL_NOTES, SQL_NOTES=0 */;

--
-- Table structure for table `action_type`
--

DROP TABLE IF EXISTS `action_type`;
/*!40101 SET @saved_cs_client     = @@character_set_client */;
 SET character_set_client = utf8mb4 ;
CREATE TABLE `action_type` (
  `id` int(11) NOT NULL AUTO_INCREMENT,
  `name` varchar(255) NOT NULL,
  `description` varchar(255) NOT NULL,
  PRIMARY KEY (`id`)
) ENGINE=InnoDB AUTO_INCREMENT=7 DEFAULT CHARSET=utf8;
/*!40101 SET character_set_client = @saved_cs_client */;

--
-- Dumping data for table `action_type`
--

LOCK TABLES `action_type` WRITE;
/*!40000 ALTER TABLE `action_type` DISABLE KEYS */;
INSERT INTO `action_type` VALUES (1,'move','Move animal(s) individually or as whole group(s) to another group'),(2,'health','Apply health event to animal(s) or group(s). Health events include recording observation of illness/injury/prevention or treatment and observation'),(3,'vaccination','Apply vaccination to animal(s) or group(s)'),(4,'custom','Build custom form for recording performance/production and treatment data to selected animals'),(5,'breeding',' Apply breeding event to selected animal(s) or group(s).');
/*!40000 ALTER TABLE `action_type` ENABLE KEYS */;
UNLOCK TABLES;

--
-- Table structure for table `actions`
--

DROP TABLE IF EXISTS `actions`;
/*!40101 SET @saved_cs_client     = @@character_set_client */;
 SET character_set_client = utf8mb4 ;
CREATE TABLE `actions` (
  `id` int(11) NOT NULL AUTO_INCREMENT,
  `action_type_id` int(11) NOT NULL,
  `action` varchar(255) NOT NULL,
  `description` varchar(255) CHARACTER SET utf8 COLLATE utf8_general_ci NOT NULL,
  `item` varchar(255) CHARACTER SET utf8 COLLATE utf8_general_ci NOT NULL,
  `amount` varchar(255) NOT NULL,
  PRIMARY KEY (`id`)
) ENGINE=InnoDB AUTO_INCREMENT=47 DEFAULT CHARSET=utf8;
/*!40101 SET character_set_client = @saved_cs_client */;

--
-- Dumping data for table `actions`
--

LOCK TABLES `actions` WRITE;
/*!40000 ALTER TABLE `actions` DISABLE KEYS */;
INSERT INTO `actions` VALUES (1,1,'move','Move single animal to new group','animals','single'),(2,1,'move','Move multiple animals to new group. Animals can all be from same group or multiple groups','animals','multiple'),(3,1,'move','Move single (entire) group to new group','groups','single'),(4,1,'move','Move multiple (entire) groups to new group','groups','multiple'),(5,2,'observation','Record observation health event for single animal','animals','single'),(6,2,'observation','Record observation health event for multiple animals','animals','multiple'),(7,2,'observation','Record observation health event for single group','groups','single'),(8,2,'observation','Record observation health event for multiple groups','groups','multiple'),(9,2,'treatment','Record treatment health event for single animal','animals','single'),(10,2,'treatment','Record treatment health event for multiple animals','animals','multiple'),(11,2,'treatment','Record treatment health event for single group','groups','single'),(12,2,'treatment','Record treatment health event for multiple groups','groups','multiple'),(13,3,'vaccination','Record vaccination event for single animal','animals','single'),(14,3,'vaccination','Record vaccination event for multiple animals','animals','multiple'),(15,3,'vaccination','Record vaccination event for single group','groups','single'),(16,3,'vaccination','Record vaccination event for multiple groups','groups','multiple'),(17,4,'custom','Build custom form for recording performance/production and treatment data to single animal','animals','single'),(18,4,'custom','Build custom form for recording performance/production and treatment data to multiple animals','animals','multiple'),(19,4,'custom','Build custom form for recording performance/production and treatment data to single group','groups','single'),(20,4,'custom','Build custom form for recording performance/production and treatment data to multiple groups','groups','multiple'),(21,5,'breeding','Apply breeding event to single animal','animals','single'),(22,5,'breeding','Apply breeding event to multiple animals','animals','multiple'),(23,5,'breeding','Apply breeding event to single group','groups','single'),(24,5,'breeding','Apply breeding event to multiple groups','groups','multiple');
/*!40000 ALTER TABLE `actions` ENABLE KEYS */;
UNLOCK TABLES;

--
-- Table structure for table `addition_types`
--

DROP TABLE IF EXISTS `addition_types`;
/*!40101 SET @saved_cs_client     = @@character_set_client */;
 SET character_set_client = utf8mb4 ;
CREATE TABLE `addition_types` (
  `id` int(11) NOT NULL AUTO_INCREMENT,
  `description` varchar(255) NOT NULL,
  PRIMARY KEY (`id`)
) ENGINE=InnoDB AUTO_INCREMENT=3 DEFAULT CHARSET=utf8;
/*!40101 SET character_set_client = @saved_cs_client */;

--
-- Dumping data for table `addition_types`
--

LOCK TABLES `addition_types` WRITE;
/*!40000 ALTER TABLE `addition_types` DISABLE KEYS */;
INSERT INTO `addition_types` VALUES (1,'Birth'),(2,'Purchase\r\n');
/*!40000 ALTER TABLE `addition_types` ENABLE KEYS */;
UNLOCK TABLES;

--
-- Table structure for table `animals`
--

DROP TABLE IF EXISTS `animals`;
/*!40101 SET @saved_cs_client     = @@character_set_client */;
 SET character_set_client = utf8mb4 ;
CREATE TABLE `animals` (
  `id` int(11) NOT NULL AUTO_INCREMENT,
  `primary_id` varchar(255) CHARACTER SET utf8 COLLATE utf8_general_ci NOT NULL,
  `sex_id` int(11) NOT NULL,
  `addition_type` int(11) NOT NULL,
  `date_birth` date DEFAULT NULL,
  `date_purchase` date DEFAULT NULL,
  `breed_id` int(11) DEFAULT NULL,
  `color_id` int(11) DEFAULT NULL,
  `weight` float DEFAULT NULL,
  `tag_color` varchar(255) CHARACTER SET utf8 COLLATE utf8_general_ci DEFAULT NULL,
  `official_nues` varchar(255) CHARACTER SET utf8 COLLATE utf8_general_ci DEFAULT NULL,
  `official_ain` varchar(255) CHARACTER SET utf8 COLLATE utf8_general_ci DEFAULT NULL,
  `twin_status_id` int(11) DEFAULT NULL,
  `calving_vigor_score_id` int(11) DEFAULT NULL,
  `dam` int(11) DEFAULT NULL,
  `teat_score_id` int(11) DEFAULT NULL,
  `udder_score_id` int(11) DEFAULT NULL,
  `calving_ease_id` int(11) DEFAULT NULL,
  `dam_bcs_id` int(11) DEFAULT NULL,
  `sire` int(11) DEFAULT NULL,
  `status_id` int(11) DEFAULT NULL,
  `reason_id` int(11) NOT NULL,
  `cause_id` int(11) NOT NULL,
  `notes` varchar(255) CHARACTER SET utf8 COLLATE utf8_general_ci DEFAULT NULL,
  `user_id` varchar(255) DEFAULT NULL,
  `record_type_id` int(11) DEFAULT NULL,
  `date_created` datetime DEFAULT NULL,
  `date_updated` datetime DEFAULT NULL,
  PRIMARY KEY (`id`)
) ENGINE=InnoDB AUTO_INCREMENT=1524 DEFAULT CHARSET=utf8;
/*!40101 SET character_set_client = @saved_cs_client */;

--
-- Dumping data for table `animals`
--

LOCK TABLES `animals` WRITE;
/*!40000 ALTER TABLE `animals` DISABLE KEYS */;
INSERT INTO `animals` VALUES (38,'Y-1',1,2,NULL,NULL,NULL,NULL,NULL,NULL,NULL,NULL,NULL,NULL,NULL,NULL,NULL,NULL,NULL,NULL,1,1,1,'','ext-rww2',1,'2020-10-14 15:14:14','2020-10-14 15:14:14'),(39,'Y-2',1,2,NULL,NULL,NULL,NULL,NULL,NULL,NULL,NULL,NULL,NULL,NULL,NULL,NULL,NULL,NULL,NULL,1,1,1,'','ext-rww2',1,'2020-10-14 15:14:14','2020-10-14 15:14:14'),(40,'Y-3',1,2,NULL,NULL,NULL,NULL,NULL,NULL,NULL,NULL,NULL,NULL,NULL,NULL,NULL,NULL,NULL,NULL,1,1,1,'','ext-rww2',1,'2020-10-14 15:14:14','2020-10-14 15:14:14'),(41,'Y-4',1,2,NULL,NULL,NULL,NULL,NULL,NULL,NULL,NULL,NULL,NULL,NULL,NULL,NULL,NULL,NULL,NULL,1,1,1,'','ext-rww2',1,'2020-10-14 15:14:14','2020-10-14 15:14:14'),(42,'Y-5',1,2,NULL,NULL,NULL,NULL,NULL,NULL,NULL,NULL,NULL,NULL,NULL,NULL,NULL,NULL,NULL,NULL,1,1,1,'','ext-rww2',1,'2020-10-14 15:14:14','2020-10-14 15:14:14'),(43,'Y-6',2,2,NULL,NULL,NULL,NULL,NULL,NULL,NULL,NULL,NULL,NULL,NULL,NULL,NULL,NULL,NULL,NULL,1,1,1,'','ext-rww2',1,'2020-10-14 15:14:14','2020-10-14 15:14:14'),(44,'Y-7',2,2,NULL,NULL,NULL,NULL,NULL,NULL,NULL,NULL,NULL,NULL,NULL,NULL,NULL,NULL,NULL,NULL,1,1,1,'','ext-rww2',1,'2020-10-14 15:14:14','2020-10-14 15:14:14'),(45,'Y-8',2,2,NULL,NULL,NULL,NULL,NULL,NULL,NULL,NULL,NULL,NULL,NULL,NULL,NULL,NULL,NULL,NULL,1,1,1,'','ext-rww2',1,'2020-10-14 15:14:14','2020-10-14 15:14:14'),(46,'Y-9',2,2,NULL,NULL,NULL,NULL,NULL,NULL,NULL,NULL,NULL,NULL,NULL,NULL,NULL,NULL,NULL,NULL,1,1,1,'','ext-rww2',1,'2020-10-14 15:14:14','2020-10-14 15:14:14'),(47,'Y-10',2,2,NULL,NULL,NULL,NULL,NULL,NULL,NULL,NULL,NULL,NULL,NULL,NULL,NULL,NULL,NULL,NULL,1,1,1,'','ext-rww2',1,'2020-10-14 15:14:14','2020-10-14 15:14:14'),(48,'Y-11',2,2,NULL,NULL,NULL,NULL,NULL,NULL,NULL,NULL,NULL,NULL,NULL,NULL,NULL,NULL,NULL,NULL,1,1,1,'','ext-rww2',1,'2020-10-14 15:14:14','2020-10-14 15:14:14'),(49,'Y-12',2,2,NULL,NULL,NULL,NULL,NULL,NULL,NULL,NULL,NULL,NULL,NULL,NULL,NULL,NULL,NULL,NULL,1,1,1,'','ext-rww2',1,'2020-10-14 15:14:14','2020-10-14 15:14:14'),(50,'Y-13',2,2,NULL,NULL,NULL,NULL,NULL,NULL,NULL,NULL,NULL,NULL,NULL,NULL,NULL,NULL,NULL,NULL,1,1,1,'','ext-rww2',1,'2020-10-14 15:14:14','2020-10-14 15:14:14'),(51,'Y-14',2,2,NULL,NULL,NULL,NULL,NULL,NULL,NULL,NULL,NULL,NULL,NULL,NULL,NULL,NULL,NULL,NULL,1,1,1,'','ext-rww2',1,'2020-10-14 15:14:14','2020-10-14 15:14:14'),(52,'Y-15',2,2,NULL,NULL,NULL,NULL,NULL,NULL,NULL,NULL,NULL,NULL,NULL,NULL,NULL,NULL,NULL,NULL,1,1,1,'','ext-rww2',1,'2020-10-14 15:14:14','2020-10-14 15:14:14'),(53,'Y-16',2,2,NULL,NULL,NULL,NULL,NULL,NULL,NULL,NULL,NULL,NULL,NULL,NULL,NULL,NULL,NULL,NULL,1,1,1,'','ext-rww2',1,'2020-10-14 15:14:14','2020-10-14 15:14:14'),(54,'Y-17',2,2,NULL,NULL,NULL,NULL,NULL,NULL,NULL,NULL,NULL,NULL,NULL,NULL,NULL,NULL,NULL,NULL,1,1,1,'','ext-rww2',1,'2020-10-14 15:14:14','2020-10-14 15:14:14'),(145,'C-1 Stacy',3,2,NULL,NULL,107,6,NULL,'Stacy',NULL,NULL,NULL,NULL,NULL,NULL,NULL,NULL,NULL,NULL,1,1,1,'','ext-wbe1',1,'2020-11-09 13:14:46','2020-11-09 13:17:16'),(146,'C-2',3,1,NULL,NULL,NULL,NULL,NULL,NULL,NULL,NULL,NULL,NULL,NULL,NULL,NULL,NULL,NULL,NULL,1,1,1,'','ext-wbe1',1,'2020-11-09 13:14:46','2020-11-09 13:14:46'),(147,'C-3',3,1,NULL,NULL,NULL,NULL,NULL,NULL,NULL,NULL,NULL,NULL,NULL,NULL,NULL,NULL,NULL,NULL,1,1,1,'','ext-wbe1',1,'2020-11-09 13:14:46','2020-11-09 13:14:46'),(148,'C-4',3,1,NULL,NULL,NULL,NULL,NULL,NULL,NULL,NULL,NULL,NULL,NULL,NULL,NULL,NULL,NULL,NULL,1,1,1,'','ext-wbe1',1,'2020-11-09 13:14:46','2020-11-09 13:14:46'),(149,'C-5',3,1,NULL,NULL,NULL,NULL,NULL,NULL,NULL,NULL,NULL,NULL,NULL,NULL,NULL,NULL,NULL,NULL,1,1,1,'','ext-wbe1',1,'2020-11-09 13:14:46','2020-11-09 13:14:46'),(150,'C-6',3,1,NULL,NULL,NULL,NULL,NULL,NULL,NULL,NULL,NULL,NULL,NULL,NULL,NULL,NULL,NULL,NULL,1,1,1,'','ext-wbe1',1,'2020-11-09 13:14:46','2020-11-09 13:14:46'),(151,'C-7',3,1,NULL,NULL,NULL,NULL,NULL,NULL,NULL,NULL,NULL,NULL,NULL,NULL,NULL,NULL,NULL,NULL,1,1,1,'','ext-wbe1',1,'2020-11-09 13:14:46','2020-11-09 13:14:46'),(152,'C-8',3,1,NULL,NULL,NULL,NULL,NULL,NULL,NULL,NULL,NULL,NULL,NULL,NULL,NULL,NULL,NULL,NULL,1,1,1,'','ext-wbe1',1,'2020-11-09 13:14:46','2020-11-09 13:14:46'),(153,'C-9',3,1,NULL,NULL,NULL,NULL,NULL,NULL,NULL,NULL,NULL,NULL,NULL,NULL,NULL,NULL,NULL,NULL,1,1,1,'','ext-wbe1',1,'2020-11-09 13:14:46','2020-11-09 13:14:46'),(154,'C-10',3,1,NULL,NULL,NULL,NULL,NULL,NULL,NULL,NULL,NULL,NULL,NULL,NULL,NULL,NULL,NULL,NULL,1,1,1,'','ext-wbe1',1,'2020-11-09 13:14:46','2020-11-09 13:14:46'),(155,'77',3,2,'2020-11-16',NULL,15,NULL,1300,'yellow',NULL,NULL,NULL,NULL,NULL,NULL,NULL,NULL,NULL,NULL,1,1,1,'','ext-drs3',1,'2020-11-16 21:38:34','2020-11-16 21:38:34'),(156,'T-1',3,2,NULL,NULL,15,NULL,1300,NULL,NULL,NULL,NULL,NULL,NULL,NULL,NULL,NULL,NULL,NULL,1,1,1,'','ext-drs3',1,'2020-12-05 19:42:14','2021-06-06 21:45:35'),(157,'T-2',3,2,NULL,NULL,NULL,NULL,NULL,NULL,NULL,NULL,NULL,NULL,NULL,NULL,NULL,NULL,NULL,NULL,1,1,1,'','ext-drs3',1,'2020-12-05 19:42:14','2020-12-05 19:42:14'),(158,'T-3',3,2,NULL,NULL,NULL,NULL,NULL,NULL,NULL,NULL,NULL,NULL,NULL,NULL,NULL,NULL,NULL,NULL,1,1,1,'','ext-drs3',1,'2020-12-05 19:42:14','2020-12-05 19:42:14'),(159,'T-4',3,2,NULL,NULL,NULL,NULL,NULL,NULL,NULL,NULL,NULL,NULL,NULL,NULL,NULL,NULL,NULL,NULL,1,1,1,'','ext-drs3',1,'2020-12-05 19:42:14','2020-12-05 19:42:14'),(160,'T-5',3,2,NULL,NULL,NULL,NULL,NULL,NULL,NULL,NULL,NULL,NULL,NULL,NULL,NULL,NULL,NULL,NULL,1,1,1,'','ext-drs3',1,'2020-12-05 19:42:14','2020-12-05 19:42:14'),(161,'T-6',3,2,NULL,NULL,NULL,NULL,NULL,NULL,NULL,NULL,NULL,NULL,NULL,NULL,NULL,NULL,NULL,NULL,1,1,1,'','ext-drs3',1,'2020-12-05 19:42:14','2020-12-05 19:42:14'),(162,'T-7',3,2,NULL,NULL,NULL,NULL,NULL,NULL,NULL,NULL,NULL,NULL,NULL,NULL,NULL,NULL,NULL,NULL,1,1,1,'','ext-drs3',1,'2020-12-05 19:42:14','2020-12-05 19:42:14'),(163,'T-8',3,2,NULL,NULL,NULL,NULL,NULL,NULL,NULL,NULL,NULL,NULL,NULL,NULL,NULL,NULL,NULL,NULL,1,1,1,'','ext-drs3',1,'2020-12-05 19:42:14','2020-12-05 19:42:14'),(164,'T-9',3,2,NULL,NULL,NULL,NULL,NULL,NULL,NULL,NULL,NULL,NULL,NULL,NULL,NULL,NULL,NULL,NULL,1,1,1,'','ext-drs3',1,'2020-12-05 19:42:14','2020-12-05 19:42:14'),(165,'T-10',3,2,NULL,NULL,NULL,NULL,NULL,NULL,NULL,NULL,NULL,NULL,NULL,NULL,NULL,NULL,NULL,NULL,1,1,1,'','ext-drs3',1,'2020-12-05 19:42:14','2020-12-05 19:42:14'),(166,'T-11',3,2,NULL,NULL,NULL,NULL,NULL,NULL,NULL,NULL,NULL,NULL,NULL,NULL,NULL,NULL,NULL,NULL,1,1,1,'','ext-drs3',1,'2020-12-05 19:42:14','2020-12-05 19:42:14'),(167,'T-12',3,2,NULL,NULL,NULL,NULL,NULL,NULL,NULL,NULL,NULL,NULL,NULL,NULL,NULL,NULL,NULL,NULL,1,1,1,'','ext-drs3',1,'2020-12-05 19:42:14','2020-12-05 19:42:14'),(168,'T-13',3,2,NULL,NULL,NULL,NULL,NULL,NULL,NULL,NULL,NULL,NULL,NULL,NULL,NULL,NULL,NULL,NULL,1,1,1,'','ext-drs3',1,'2020-12-05 19:42:14','2020-12-05 19:42:14'),(169,'T-14',3,2,NULL,NULL,NULL,NULL,NULL,NULL,NULL,NULL,NULL,NULL,NULL,NULL,NULL,NULL,NULL,NULL,1,1,1,'','ext-drs3',1,'2020-12-05 19:42:14','2020-12-05 19:42:14'),(170,'T-15',3,2,NULL,NULL,NULL,NULL,NULL,NULL,NULL,NULL,NULL,NULL,NULL,NULL,NULL,NULL,NULL,NULL,1,1,1,'','ext-drs3',1,'2020-12-05 19:42:14','2020-12-05 19:42:14'),(171,'T-16',3,2,NULL,NULL,NULL,NULL,NULL,NULL,NULL,NULL,NULL,NULL,NULL,NULL,NULL,NULL,NULL,NULL,1,1,1,'','ext-drs3',1,'2020-12-05 19:42:14','2020-12-05 19:42:14'),(172,'T-17',3,2,NULL,NULL,NULL,NULL,NULL,NULL,NULL,NULL,NULL,NULL,NULL,NULL,NULL,NULL,NULL,NULL,1,1,1,'','ext-drs3',1,'2020-12-05 19:42:14','2020-12-05 19:42:14'),(173,'T-18',3,2,NULL,NULL,NULL,NULL,NULL,NULL,NULL,NULL,NULL,NULL,NULL,NULL,NULL,NULL,NULL,NULL,1,1,1,'','ext-drs3',1,'2020-12-05 19:42:14','2020-12-05 19:42:14'),(174,'T-19',3,2,NULL,NULL,NULL,NULL,NULL,NULL,NULL,NULL,NULL,NULL,NULL,NULL,NULL,NULL,NULL,NULL,1,1,1,'','ext-drs3',1,'2020-12-05 19:42:14','2020-12-05 19:42:14'),(175,'T-20',3,2,NULL,NULL,NULL,NULL,NULL,NULL,NULL,NULL,NULL,NULL,NULL,NULL,NULL,NULL,NULL,NULL,1,1,1,'','ext-drs3',1,'2020-12-05 19:42:14','2020-12-05 19:42:14'),(176,'T-21',3,2,NULL,NULL,NULL,NULL,NULL,NULL,NULL,NULL,NULL,NULL,NULL,NULL,NULL,NULL,NULL,NULL,1,1,1,'','ext-drs3',1,'2020-12-05 19:42:14','2020-12-05 19:42:14'),(177,'T-22',3,2,NULL,NULL,NULL,NULL,NULL,NULL,NULL,NULL,NULL,NULL,NULL,NULL,NULL,NULL,NULL,NULL,1,1,1,'','ext-drs3',1,'2020-12-05 19:42:14','2020-12-05 19:42:14'),(178,'T-23',3,2,NULL,NULL,NULL,NULL,NULL,NULL,NULL,NULL,NULL,NULL,NULL,NULL,NULL,NULL,NULL,NULL,1,1,1,'','ext-drs3',1,'2020-12-05 19:42:14','2020-12-05 19:42:14'),(179,'T-24',3,2,NULL,NULL,NULL,NULL,NULL,NULL,NULL,NULL,NULL,NULL,NULL,NULL,NULL,NULL,NULL,NULL,1,1,1,'','ext-drs3',1,'2020-12-05 19:42:14','2020-12-05 19:42:14'),(180,'T-25',3,2,NULL,NULL,NULL,NULL,NULL,NULL,NULL,NULL,NULL,NULL,NULL,NULL,NULL,NULL,NULL,NULL,1,1,1,'','ext-drs3',1,'2020-12-05 19:42:14','2020-12-05 19:42:14'),(181,'T-26',3,2,NULL,NULL,NULL,NULL,NULL,NULL,NULL,NULL,NULL,NULL,NULL,NULL,NULL,NULL,NULL,NULL,1,1,1,'','ext-drs3',1,'2020-12-05 19:42:14','2020-12-05 19:42:14'),(182,'T-27',3,2,NULL,NULL,NULL,NULL,NULL,NULL,NULL,NULL,NULL,NULL,NULL,NULL,NULL,NULL,NULL,NULL,1,1,1,'','ext-drs3',1,'2020-12-05 19:42:14','2020-12-05 19:42:14'),(183,'T-28',3,2,NULL,NULL,NULL,NULL,NULL,NULL,NULL,NULL,NULL,NULL,NULL,NULL,NULL,NULL,NULL,NULL,1,1,1,'','ext-drs3',1,'2020-12-05 19:42:14','2020-12-05 19:42:14'),(184,'T-29',3,2,NULL,NULL,NULL,NULL,NULL,NULL,NULL,NULL,NULL,NULL,NULL,NULL,NULL,NULL,NULL,NULL,1,1,1,'','ext-drs3',1,'2020-12-05 19:42:14','2020-12-05 19:42:14'),(185,'T-30',3,2,NULL,NULL,NULL,NULL,NULL,NULL,NULL,NULL,NULL,NULL,NULL,NULL,NULL,NULL,NULL,NULL,1,1,1,'','ext-drs3',1,'2020-12-05 19:42:14','2020-12-05 19:42:14'),(186,'T-31',3,2,NULL,NULL,NULL,NULL,NULL,NULL,NULL,NULL,NULL,NULL,NULL,NULL,NULL,NULL,NULL,NULL,1,1,1,'','ext-drs3',1,'2020-12-05 19:42:14','2020-12-05 19:42:14'),(187,'T-32',3,2,NULL,NULL,NULL,NULL,NULL,NULL,NULL,NULL,NULL,NULL,NULL,NULL,NULL,NULL,NULL,NULL,1,1,1,'','ext-drs3',1,'2020-12-05 19:42:14','2020-12-05 19:42:14'),(188,'T-33',3,2,NULL,NULL,NULL,NULL,NULL,NULL,NULL,NULL,NULL,NULL,NULL,NULL,NULL,NULL,NULL,NULL,1,1,1,'','ext-drs3',1,'2020-12-05 19:42:14','2020-12-05 19:42:14'),(189,'T-34',3,2,NULL,NULL,NULL,NULL,NULL,NULL,NULL,NULL,NULL,NULL,NULL,NULL,NULL,NULL,NULL,NULL,1,1,1,'','ext-drs3',1,'2020-12-05 19:42:14','2020-12-05 19:42:14'),(190,'T-35',3,2,NULL,NULL,NULL,NULL,NULL,NULL,NULL,NULL,NULL,NULL,NULL,NULL,NULL,NULL,NULL,NULL,1,1,1,'','ext-drs3',1,'2020-12-05 19:42:14','2020-12-05 19:42:14'),(191,'T-36',3,2,NULL,NULL,NULL,NULL,NULL,NULL,NULL,NULL,NULL,NULL,NULL,NULL,NULL,NULL,NULL,NULL,1,1,1,'','ext-drs3',1,'2020-12-05 19:42:14','2020-12-05 19:42:14'),(192,'T-37',3,2,NULL,NULL,NULL,NULL,NULL,NULL,NULL,NULL,NULL,NULL,NULL,NULL,NULL,NULL,NULL,NULL,1,1,1,'','ext-drs3',1,'2020-12-05 19:42:14','2020-12-05 19:42:14'),(193,'T-38',3,2,NULL,NULL,NULL,NULL,NULL,NULL,NULL,NULL,NULL,NULL,NULL,NULL,NULL,NULL,NULL,NULL,1,1,1,'','ext-drs3',1,'2020-12-05 19:42:14','2020-12-05 19:42:14'),(194,'T-39',3,2,NULL,NULL,NULL,NULL,NULL,NULL,NULL,NULL,NULL,NULL,NULL,NULL,NULL,NULL,NULL,NULL,1,1,1,'','ext-drs3',1,'2020-12-05 19:42:14','2020-12-05 19:42:14'),(195,'T-40',3,2,NULL,NULL,NULL,NULL,NULL,NULL,NULL,NULL,NULL,NULL,NULL,NULL,NULL,NULL,NULL,NULL,1,1,1,'','ext-drs3',1,'2020-12-05 19:42:14','2020-12-05 19:42:14'),(196,'T-41',3,2,NULL,NULL,NULL,NULL,NULL,NULL,NULL,NULL,NULL,NULL,NULL,NULL,NULL,NULL,NULL,NULL,1,1,1,'','ext-drs3',1,'2020-12-05 19:42:14','2020-12-05 19:42:14'),(197,'T-42',3,2,NULL,NULL,NULL,NULL,NULL,NULL,NULL,NULL,NULL,NULL,NULL,NULL,NULL,NULL,NULL,NULL,1,1,1,'','ext-drs3',1,'2020-12-05 19:42:14','2020-12-05 19:42:14'),(198,'T-43',3,2,NULL,NULL,NULL,NULL,NULL,NULL,NULL,NULL,NULL,NULL,NULL,NULL,NULL,NULL,NULL,NULL,1,1,1,'','ext-drs3',1,'2020-12-05 19:42:14','2020-12-05 19:42:14'),(199,'T-44',3,2,NULL,NULL,NULL,NULL,NULL,NULL,NULL,NULL,NULL,NULL,NULL,NULL,NULL,NULL,NULL,NULL,1,1,1,'','ext-drs3',1,'2020-12-05 19:42:14','2020-12-05 19:42:14'),(200,'T-45',3,2,NULL,NULL,NULL,NULL,NULL,NULL,NULL,NULL,NULL,NULL,NULL,NULL,NULL,NULL,NULL,NULL,1,1,1,'','ext-drs3',1,'2020-12-05 19:42:14','2020-12-05 19:42:14'),(201,'T-46',3,2,NULL,NULL,NULL,NULL,NULL,NULL,NULL,NULL,NULL,NULL,NULL,NULL,NULL,NULL,NULL,NULL,1,1,1,'','ext-drs3',1,'2020-12-05 19:42:14','2020-12-05 19:42:14'),(202,'T-47',3,2,NULL,NULL,NULL,NULL,NULL,NULL,NULL,NULL,NULL,NULL,NULL,NULL,NULL,NULL,NULL,NULL,1,1,1,'','ext-drs3',1,'2020-12-05 19:42:14','2020-12-05 19:42:14'),(203,'T-48',3,2,NULL,NULL,NULL,NULL,NULL,NULL,NULL,NULL,NULL,NULL,NULL,NULL,NULL,NULL,NULL,NULL,1,1,1,'','ext-drs3',1,'2020-12-05 19:42:14','2020-12-05 19:42:14'),(204,'T-49',3,2,NULL,NULL,NULL,NULL,NULL,NULL,NULL,NULL,NULL,NULL,NULL,NULL,NULL,NULL,NULL,NULL,1,1,1,'','ext-drs3',1,'2020-12-05 19:42:14','2020-12-05 19:42:14'),(205,'T-50',3,2,NULL,NULL,NULL,NULL,NULL,NULL,NULL,NULL,NULL,NULL,NULL,NULL,NULL,NULL,NULL,NULL,1,1,1,'','ext-drs3',1,'2020-12-05 19:42:14','2020-12-05 19:42:14'),(206,'T-51',3,2,NULL,NULL,NULL,NULL,NULL,NULL,NULL,NULL,NULL,NULL,NULL,NULL,NULL,NULL,NULL,NULL,1,1,1,'','ext-drs3',1,'2020-12-05 19:42:14','2020-12-05 19:42:14'),(207,'T-52',3,2,NULL,NULL,NULL,NULL,NULL,NULL,NULL,NULL,NULL,NULL,NULL,NULL,NULL,NULL,NULL,NULL,1,1,1,'','ext-drs3',1,'2020-12-05 19:42:14','2020-12-05 19:42:14'),(208,'T-53',3,2,NULL,NULL,NULL,NULL,NULL,NULL,NULL,NULL,NULL,NULL,NULL,NULL,NULL,NULL,NULL,NULL,1,1,1,'','ext-drs3',1,'2020-12-05 19:42:14','2020-12-05 19:42:14'),(209,'T-54',3,2,NULL,NULL,NULL,NULL,NULL,NULL,NULL,NULL,NULL,NULL,NULL,NULL,NULL,NULL,NULL,NULL,1,1,1,'','ext-drs3',1,'2020-12-05 19:42:14','2020-12-05 19:42:14'),(210,'T-55',3,2,NULL,NULL,NULL,NULL,NULL,NULL,NULL,NULL,NULL,NULL,NULL,NULL,NULL,NULL,NULL,NULL,1,1,1,'','ext-drs3',1,'2020-12-05 19:42:14','2020-12-05 19:42:14'),(211,'T-56',3,2,NULL,NULL,NULL,NULL,NULL,NULL,NULL,NULL,NULL,NULL,NULL,NULL,NULL,NULL,NULL,NULL,1,1,1,'','ext-drs3',1,'2020-12-05 19:42:14','2020-12-05 19:42:14'),(212,'T-57',3,2,NULL,NULL,NULL,NULL,NULL,NULL,NULL,NULL,NULL,NULL,NULL,NULL,NULL,NULL,NULL,NULL,1,1,1,'','ext-drs3',1,'2020-12-05 19:42:14','2020-12-05 19:42:14'),(213,'T-58',3,2,NULL,NULL,NULL,NULL,NULL,NULL,NULL,NULL,NULL,NULL,NULL,NULL,NULL,NULL,NULL,NULL,1,1,1,'','ext-drs3',1,'2020-12-05 19:42:14','2020-12-05 19:42:14'),(214,'T-59',3,2,NULL,NULL,NULL,NULL,NULL,NULL,NULL,NULL,NULL,NULL,NULL,NULL,NULL,NULL,NULL,NULL,1,1,1,'','ext-drs3',1,'2020-12-05 19:42:14','2020-12-05 19:42:14'),(215,'T-60',3,2,NULL,NULL,NULL,NULL,NULL,NULL,NULL,NULL,NULL,NULL,NULL,NULL,NULL,NULL,NULL,NULL,1,1,1,'','ext-drs3',1,'2020-12-05 19:42:14','2020-12-05 19:42:14'),(216,'T-61',3,2,NULL,NULL,NULL,NULL,NULL,NULL,NULL,NULL,NULL,NULL,NULL,NULL,NULL,NULL,NULL,NULL,1,1,1,'','ext-drs3',1,'2020-12-05 19:42:14','2020-12-05 19:42:14'),(217,'T-62',3,2,NULL,NULL,NULL,NULL,NULL,NULL,NULL,NULL,NULL,NULL,NULL,NULL,NULL,NULL,NULL,NULL,1,1,1,'','ext-drs3',1,'2020-12-05 19:42:14','2020-12-05 19:42:14'),(218,'T-63',3,2,NULL,NULL,NULL,NULL,NULL,NULL,NULL,NULL,NULL,NULL,NULL,NULL,NULL,NULL,NULL,NULL,1,1,1,'','ext-drs3',1,'2020-12-05 19:42:14','2020-12-05 19:42:14'),(219,'T-64',3,2,NULL,NULL,NULL,NULL,NULL,NULL,NULL,NULL,NULL,NULL,NULL,NULL,NULL,NULL,NULL,NULL,1,1,1,'','ext-drs3',1,'2020-12-05 19:42:14','2020-12-05 19:42:14'),(220,'T-65',3,2,NULL,NULL,NULL,NULL,NULL,NULL,NULL,NULL,NULL,NULL,NULL,NULL,NULL,NULL,NULL,NULL,1,1,1,'','ext-drs3',1,'2020-12-05 19:42:14','2020-12-05 19:42:14'),(221,'T-66',3,2,NULL,NULL,NULL,NULL,NULL,NULL,NULL,NULL,NULL,NULL,NULL,NULL,NULL,NULL,NULL,NULL,1,1,1,'','ext-drs3',1,'2020-12-05 19:42:14','2020-12-05 19:42:14'),(222,'T-67',3,2,NULL,NULL,NULL,NULL,NULL,NULL,NULL,NULL,NULL,NULL,NULL,NULL,NULL,NULL,NULL,NULL,1,1,1,'','ext-drs3',1,'2020-12-05 19:42:14','2020-12-05 19:42:14'),(223,'T-68',3,2,NULL,NULL,NULL,NULL,NULL,NULL,NULL,NULL,NULL,NULL,NULL,NULL,NULL,NULL,NULL,NULL,1,1,1,'','ext-drs3',1,'2020-12-05 19:42:14','2020-12-05 19:42:14'),(224,'T-69',3,2,NULL,NULL,NULL,NULL,NULL,NULL,NULL,NULL,NULL,NULL,NULL,NULL,NULL,NULL,NULL,NULL,1,1,1,'','ext-drs3',1,'2020-12-05 19:42:14','2020-12-05 19:42:14'),(225,'T-70',3,2,NULL,NULL,NULL,NULL,NULL,NULL,NULL,NULL,NULL,NULL,NULL,NULL,NULL,NULL,NULL,NULL,1,1,1,'','ext-drs3',1,'2020-12-05 19:42:14','2020-12-05 19:42:14'),(226,'T-71',3,2,NULL,NULL,NULL,NULL,NULL,NULL,NULL,NULL,NULL,NULL,NULL,NULL,NULL,NULL,NULL,NULL,1,1,1,'','ext-drs3',1,'2020-12-05 19:42:14','2020-12-05 19:42:14'),(227,'T-72',3,2,NULL,NULL,NULL,NULL,NULL,NULL,NULL,NULL,NULL,NULL,NULL,NULL,NULL,NULL,NULL,NULL,1,1,1,'','ext-drs3',1,'2020-12-05 19:42:14','2020-12-05 19:42:14'),(228,'T-73',3,2,NULL,NULL,NULL,NULL,NULL,NULL,NULL,NULL,NULL,NULL,NULL,NULL,NULL,NULL,NULL,NULL,1,1,1,'','ext-drs3',1,'2020-12-05 19:42:14','2020-12-05 19:42:14'),(229,'T-74',3,2,NULL,NULL,NULL,NULL,NULL,NULL,NULL,NULL,NULL,NULL,NULL,NULL,NULL,NULL,NULL,NULL,1,1,1,'','ext-drs3',1,'2020-12-05 19:42:14','2020-12-05 19:42:14'),(230,'T-75',3,2,NULL,NULL,NULL,NULL,NULL,NULL,NULL,NULL,NULL,NULL,NULL,NULL,NULL,NULL,NULL,NULL,1,1,1,'','ext-drs3',1,'2020-12-05 19:42:14','2020-12-05 19:42:14'),(244,'Birth-1',3,1,NULL,NULL,NULL,NULL,NULL,NULL,NULL,NULL,NULL,NULL,NULL,NULL,NULL,NULL,NULL,NULL,1,1,1,'','ext-rww2',1,'2021-03-09 10:10:14','2021-03-09 10:10:14'),(245,'Birth-2',3,1,NULL,NULL,NULL,NULL,NULL,NULL,NULL,NULL,NULL,NULL,NULL,NULL,NULL,NULL,NULL,NULL,1,1,1,'','ext-rww2',1,'2021-03-09 10:10:14','2021-03-09 10:10:14'),(246,'Birth-3',3,1,NULL,NULL,NULL,NULL,NULL,NULL,NULL,NULL,NULL,NULL,NULL,NULL,NULL,NULL,NULL,NULL,1,1,1,'','ext-rww2',1,'2021-03-09 10:10:14','2021-03-09 10:10:14'),(247,'Birth-4',3,1,NULL,NULL,NULL,NULL,NULL,NULL,NULL,NULL,NULL,NULL,NULL,NULL,NULL,NULL,NULL,NULL,1,1,1,'','ext-rww2',1,'2021-03-09 10:10:14','2021-03-09 10:10:14'),(248,'Birth-5',3,1,NULL,NULL,NULL,NULL,NULL,NULL,NULL,NULL,NULL,NULL,NULL,NULL,NULL,NULL,NULL,NULL,1,1,1,'','ext-rww2',1,'2021-03-09 10:10:14','2021-03-09 10:10:14'),(249,'Birth-6',3,1,NULL,NULL,NULL,NULL,NULL,NULL,NULL,NULL,NULL,NULL,NULL,NULL,NULL,NULL,NULL,NULL,1,1,1,'','ext-rww2',1,'2021-03-09 10:10:14','2021-03-09 10:10:14'),(250,'Birth-7',3,1,NULL,NULL,NULL,NULL,NULL,NULL,NULL,NULL,NULL,NULL,NULL,NULL,NULL,NULL,NULL,NULL,1,1,1,'','ext-rww2',1,'2021-03-09 10:10:14','2021-03-09 10:10:14'),(251,'Birth-8',3,1,NULL,NULL,NULL,NULL,NULL,NULL,NULL,NULL,NULL,NULL,NULL,NULL,NULL,NULL,NULL,NULL,1,1,1,'','ext-rww2',1,'2021-03-09 10:10:14','2021-03-09 10:10:14'),(252,'Birth-9',3,1,NULL,NULL,NULL,NULL,NULL,NULL,NULL,NULL,NULL,NULL,NULL,NULL,NULL,NULL,NULL,NULL,1,1,1,'','ext-rww2',1,'2021-03-09 10:10:14','2021-03-09 10:10:14'),(253,'Birth-10',3,1,NULL,NULL,NULL,NULL,NULL,NULL,NULL,NULL,NULL,NULL,NULL,NULL,NULL,NULL,NULL,NULL,1,1,1,'','ext-rww2',1,'2021-03-09 10:10:14','2021-03-09 10:10:14'),(254,'Birth-11',3,1,NULL,NULL,NULL,NULL,NULL,NULL,NULL,NULL,NULL,NULL,NULL,NULL,NULL,NULL,NULL,NULL,1,1,1,'','ext-rww2',1,'2021-03-09 10:10:14','2021-03-09 10:10:14'),(255,'Birth-12',3,1,NULL,NULL,NULL,NULL,NULL,NULL,NULL,NULL,NULL,NULL,NULL,NULL,NULL,NULL,NULL,NULL,1,1,1,'','ext-rww2',1,'2021-03-09 10:10:14','2021-03-09 10:10:14'),(256,'Birth-13',3,1,NULL,NULL,NULL,NULL,NULL,NULL,NULL,NULL,NULL,NULL,NULL,NULL,NULL,NULL,NULL,NULL,1,1,1,'','ext-rww2',1,'2021-03-09 10:10:14','2021-03-09 10:10:14'),(257,'Birth-14',3,1,NULL,NULL,NULL,NULL,NULL,NULL,NULL,NULL,NULL,NULL,NULL,NULL,NULL,NULL,NULL,NULL,1,1,1,'','ext-rww2',1,'2021-03-09 10:10:14','2021-03-09 10:10:14'),(258,'Birth-15',3,1,NULL,NULL,NULL,NULL,NULL,NULL,NULL,NULL,NULL,NULL,NULL,NULL,NULL,NULL,NULL,NULL,1,1,1,'','ext-rww2',1,'2021-03-09 10:10:14','2021-03-09 10:10:14'),(259,'Birth-16',3,1,NULL,NULL,NULL,NULL,NULL,NULL,NULL,NULL,NULL,NULL,NULL,NULL,NULL,NULL,NULL,NULL,1,1,1,'','ext-rww2',1,'2021-03-09 10:10:14','2021-03-09 10:10:14'),(260,'Birth-17',3,1,NULL,NULL,NULL,NULL,NULL,NULL,NULL,NULL,NULL,NULL,NULL,NULL,NULL,NULL,NULL,NULL,1,1,1,'','ext-rww2',1,'2021-03-09 10:10:14','2021-03-09 10:10:14'),(261,'Birth-18',3,1,NULL,NULL,NULL,NULL,NULL,NULL,NULL,NULL,NULL,NULL,NULL,NULL,NULL,NULL,NULL,NULL,1,1,1,'','ext-rww2',1,'2021-03-09 10:10:14','2021-03-09 10:10:14'),(262,'Birth-19',3,1,NULL,NULL,NULL,NULL,NULL,NULL,NULL,NULL,NULL,NULL,NULL,NULL,NULL,NULL,NULL,NULL,1,1,1,'','ext-rww2',1,'2021-03-09 10:10:14','2021-03-09 10:10:14'),(263,'Birth-20',3,1,NULL,NULL,NULL,NULL,NULL,NULL,NULL,NULL,NULL,NULL,NULL,NULL,NULL,NULL,NULL,NULL,1,1,1,'','ext-rww2',1,'2021-03-09 10:10:14','2021-03-09 10:10:14'),(264,'Birth-21',3,1,NULL,NULL,NULL,NULL,NULL,NULL,NULL,NULL,NULL,NULL,NULL,NULL,NULL,NULL,NULL,NULL,1,1,1,'','ext-rww2',1,'2021-03-09 10:10:14','2021-03-09 10:10:14'),(265,'Birth-22',3,1,NULL,NULL,NULL,NULL,NULL,NULL,NULL,NULL,NULL,NULL,NULL,NULL,NULL,NULL,NULL,NULL,1,1,1,'','ext-rww2',1,'2021-03-09 10:10:14','2021-03-09 10:10:14'),(266,'Birth-23',3,1,NULL,NULL,NULL,NULL,NULL,NULL,NULL,NULL,NULL,NULL,NULL,NULL,NULL,NULL,NULL,NULL,1,1,1,'','ext-rww2',1,'2021-03-09 10:10:14','2021-03-09 10:10:14'),(267,'Birth-24',3,1,NULL,NULL,NULL,NULL,NULL,NULL,NULL,NULL,NULL,NULL,NULL,NULL,NULL,NULL,NULL,NULL,1,1,1,'','ext-rww2',1,'2021-03-09 10:10:14','2021-03-09 10:10:14'),(268,'Birth-25',3,1,NULL,NULL,NULL,NULL,NULL,NULL,NULL,NULL,NULL,NULL,NULL,NULL,NULL,NULL,NULL,NULL,1,1,1,'','ext-rww2',1,'2021-03-09 10:10:14','2021-03-09 10:10:14'),(269,'Birth-26',3,1,NULL,NULL,NULL,NULL,NULL,NULL,NULL,NULL,NULL,NULL,NULL,NULL,NULL,NULL,NULL,NULL,1,1,1,'','ext-rww2',1,'2021-03-09 10:10:14','2021-03-09 10:10:14'),(270,'Birth-27',3,1,NULL,NULL,NULL,NULL,NULL,NULL,NULL,NULL,NULL,NULL,NULL,NULL,NULL,NULL,NULL,NULL,1,1,1,'','ext-rww2',1,'2021-03-09 10:10:14','2021-03-09 10:10:14'),(271,'Birth-28',3,1,NULL,NULL,NULL,NULL,NULL,NULL,NULL,NULL,NULL,NULL,NULL,NULL,NULL,NULL,NULL,NULL,1,1,1,'','ext-rww2',1,'2021-03-09 10:10:14','2021-03-09 10:10:14'),(272,'Birth-29',3,1,NULL,NULL,NULL,NULL,NULL,NULL,NULL,NULL,NULL,NULL,NULL,NULL,NULL,NULL,NULL,NULL,1,1,1,'','ext-rww2',1,'2021-03-09 10:10:14','2021-03-09 10:10:14'),(273,'Birth-30',3,1,NULL,NULL,NULL,NULL,NULL,NULL,NULL,NULL,NULL,NULL,NULL,NULL,NULL,NULL,NULL,NULL,1,1,1,'','ext-rww2',1,'2021-03-09 10:10:14','2021-03-09 10:10:14'),(274,'Birth-31',3,1,NULL,NULL,NULL,NULL,NULL,NULL,NULL,NULL,NULL,NULL,NULL,NULL,NULL,NULL,NULL,NULL,1,1,1,'','ext-rww2',1,'2021-03-09 10:10:14','2021-03-09 10:10:14'),(275,'Birth-32',3,1,NULL,NULL,NULL,NULL,NULL,NULL,NULL,NULL,NULL,NULL,NULL,NULL,NULL,NULL,NULL,NULL,1,1,1,'','ext-rww2',1,'2021-03-09 10:10:14','2021-03-09 10:10:14'),(276,'Birth-33',3,1,NULL,NULL,NULL,NULL,NULL,NULL,NULL,NULL,NULL,NULL,NULL,NULL,NULL,NULL,NULL,NULL,1,1,1,'','ext-rww2',1,'2021-03-09 10:10:14','2021-03-09 10:10:14'),(277,'Birth-34',3,1,NULL,NULL,NULL,NULL,NULL,NULL,NULL,NULL,NULL,NULL,NULL,NULL,NULL,NULL,NULL,NULL,1,1,1,'','ext-rww2',1,'2021-03-09 10:10:14','2021-03-09 10:10:14'),(278,'Birth-35',3,1,NULL,NULL,NULL,NULL,NULL,NULL,NULL,NULL,NULL,NULL,NULL,NULL,NULL,NULL,NULL,NULL,1,1,1,'','ext-rww2',1,'2021-03-09 10:10:14','2021-03-09 10:10:14'),(279,'Birth-36',3,1,NULL,NULL,NULL,NULL,NULL,NULL,NULL,NULL,NULL,NULL,NULL,NULL,NULL,NULL,NULL,NULL,1,1,1,'','ext-rww2',1,'2021-03-09 10:10:14','2021-03-09 10:10:14'),(280,'Birth-37',3,1,NULL,NULL,NULL,NULL,NULL,NULL,NULL,NULL,NULL,NULL,NULL,NULL,NULL,NULL,NULL,NULL,1,1,1,'','ext-rww2',1,'2021-03-09 10:10:14','2021-03-09 10:10:14'),(281,'Birth-38',3,1,NULL,NULL,NULL,NULL,NULL,NULL,NULL,NULL,NULL,NULL,NULL,NULL,NULL,NULL,NULL,NULL,1,1,1,'','ext-rww2',1,'2021-03-09 10:10:14','2021-03-09 10:10:14'),(282,'Birth-39',3,1,NULL,NULL,NULL,NULL,NULL,NULL,NULL,NULL,NULL,NULL,NULL,NULL,NULL,NULL,NULL,NULL,1,1,1,'','ext-rww2',1,'2021-03-09 10:10:14','2021-03-09 10:10:14'),(283,'Birth-40',3,1,NULL,NULL,NULL,NULL,NULL,NULL,NULL,NULL,NULL,NULL,NULL,NULL,NULL,NULL,NULL,NULL,1,1,1,'','ext-rww2',1,'2021-03-09 10:10:14','2021-03-09 10:10:14'),(284,'Birth-41',3,1,NULL,NULL,NULL,NULL,NULL,NULL,NULL,NULL,NULL,NULL,NULL,NULL,NULL,NULL,NULL,NULL,1,1,1,'','ext-rww2',1,'2021-03-09 10:10:14','2021-03-09 10:10:14'),(285,'Birth-42',3,1,NULL,NULL,NULL,NULL,NULL,NULL,NULL,NULL,NULL,NULL,NULL,NULL,NULL,NULL,NULL,NULL,1,1,1,'','ext-rww2',1,'2021-03-09 10:10:14','2021-03-09 10:10:14'),(286,'Birth-43',3,1,NULL,NULL,NULL,NULL,NULL,NULL,NULL,NULL,NULL,NULL,NULL,NULL,NULL,NULL,NULL,NULL,1,1,1,'','ext-rww2',1,'2021-03-09 10:10:14','2021-03-09 10:10:14'),(287,'Birth-44',3,1,NULL,NULL,NULL,NULL,NULL,NULL,NULL,NULL,NULL,NULL,NULL,NULL,NULL,NULL,NULL,NULL,1,1,1,'','ext-rww2',1,'2021-03-09 10:10:14','2021-03-09 10:10:14'),(288,'Birth-45',3,1,NULL,NULL,NULL,NULL,NULL,NULL,NULL,NULL,NULL,NULL,NULL,NULL,NULL,NULL,NULL,NULL,1,1,1,'','ext-rww2',1,'2021-03-09 10:10:14','2021-03-09 10:10:14'),(289,'Birth-46',3,1,NULL,NULL,NULL,NULL,NULL,NULL,NULL,NULL,NULL,NULL,NULL,NULL,NULL,NULL,NULL,NULL,1,1,1,'','ext-rww2',1,'2021-03-09 10:10:14','2021-03-09 10:10:14'),(290,'Birth-47',3,1,NULL,NULL,NULL,NULL,NULL,NULL,NULL,NULL,NULL,NULL,NULL,NULL,NULL,NULL,NULL,NULL,1,1,1,'','ext-rww2',1,'2021-03-09 10:10:14','2021-03-09 10:10:14'),(291,'Birth-48',3,1,NULL,NULL,NULL,NULL,NULL,NULL,NULL,NULL,NULL,NULL,NULL,NULL,NULL,NULL,NULL,NULL,1,1,1,'','ext-rww2',1,'2021-03-09 10:10:14','2021-03-09 10:10:14'),(292,'Birth-49',3,1,NULL,NULL,NULL,NULL,NULL,NULL,NULL,NULL,NULL,NULL,NULL,NULL,NULL,NULL,NULL,NULL,1,1,1,'','ext-rww2',1,'2021-03-09 10:10:14','2021-03-09 10:10:14'),(293,'Birth-50',3,1,'2018-08-31',NULL,NULL,NULL,NULL,NULL,NULL,NULL,NULL,NULL,NULL,NULL,NULL,NULL,NULL,NULL,1,1,1,'','ext-rww2',1,'2021-03-09 10:10:14','2022-08-31 13:21:42'),(352,'the bull',1,2,NULL,NULL,NULL,NULL,NULL,NULL,NULL,NULL,NULL,NULL,NULL,NULL,NULL,NULL,NULL,NULL,1,1,1,'','ext-drs3',1,'2021-06-06 21:49:36','2021-06-06 21:49:36'),(523,'H-1',3,2,NULL,NULL,NULL,NULL,NULL,NULL,NULL,NULL,NULL,NULL,NULL,NULL,NULL,NULL,NULL,NULL,2,2,9,'','ext-wij1',1,'2022-01-31 09:42:27','2022-07-07 14:19:01'),(524,'H-2',3,2,NULL,NULL,NULL,NULL,NULL,NULL,NULL,NULL,NULL,NULL,NULL,NULL,NULL,NULL,NULL,NULL,1,1,1,'','ext-wij1',1,'2022-01-31 09:42:27','2022-01-31 09:42:27'),(525,'H-3',3,2,NULL,NULL,NULL,NULL,NULL,NULL,NULL,NULL,NULL,NULL,NULL,NULL,NULL,NULL,NULL,NULL,1,1,1,'','ext-wij1',1,'2022-01-31 09:42:27','2022-01-31 09:42:27'),(526,'A101',3,2,NULL,NULL,NULL,NULL,NULL,NULL,NULL,NULL,NULL,NULL,NULL,NULL,NULL,NULL,NULL,NULL,2,3,3,'','ext-wij1',1,'2022-01-31 11:48:17','2022-06-30 11:22:05'),(527,'C101',3,1,'2016-02-27',NULL,NULL,NULL,NULL,NULL,NULL,NULL,NULL,NULL,526,NULL,NULL,NULL,NULL,548,1,1,1,'','ext-wij1',1,'2022-01-31 11:49:05','2022-05-10 13:21:26'),(528,'E101',3,1,'2018-02-22',NULL,NULL,NULL,NULL,NULL,NULL,NULL,NULL,NULL,527,NULL,NULL,NULL,NULL,531,1,1,1,'','ext-wij1',1,'2022-01-31 11:49:58','2022-05-10 13:21:37'),(529,'G101',3,1,'2020-01-31',NULL,NULL,NULL,NULL,NULL,NULL,NULL,NULL,NULL,528,NULL,NULL,NULL,NULL,650,1,1,1,'','ext-wij1',1,'2022-01-31 11:50:27','2022-05-10 13:21:48'),(530,'J101',3,1,'2022-01-25',NULL,NULL,NULL,NULL,NULL,NULL,NULL,NULL,NULL,529,NULL,NULL,NULL,NULL,NULL,1,1,1,'','ext-wij1',1,'2022-01-31 11:51:59','2022-01-31 11:51:59'),(531,'K914',1,1,NULL,NULL,NULL,NULL,NULL,NULL,NULL,NULL,NULL,NULL,699,NULL,NULL,NULL,NULL,700,1,1,1,'','ext-wij1',1,'2022-01-31 11:53:23','2022-05-10 14:09:08'),(548,'5129',1,2,NULL,NULL,NULL,NULL,NULL,NULL,NULL,NULL,NULL,NULL,NULL,NULL,NULL,NULL,NULL,NULL,1,1,1,'','ext-wij1',1,'2022-02-16 15:31:27','2022-07-07 14:18:11'),(549,'J101',1,1,'2022-02-19',NULL,15,NULL,70,NULL,NULL,NULL,NULL,NULL,526,NULL,NULL,NULL,NULL,548,1,1,1,'','ext-wij1',1,'2022-02-19 08:32:51','2022-02-19 08:32:51'),(550,'J-1',2,2,NULL,NULL,NULL,NULL,NULL,NULL,NULL,NULL,NULL,NULL,NULL,NULL,NULL,NULL,NULL,NULL,1,1,1,'','ext-wij1',1,'2022-02-19 08:35:09','2022-02-19 08:35:09'),(551,'J-2',2,2,NULL,NULL,NULL,NULL,NULL,NULL,NULL,NULL,NULL,NULL,NULL,NULL,NULL,NULL,NULL,NULL,1,1,1,'','ext-wij1',1,'2022-02-19 08:35:09','2022-02-19 08:35:09'),(552,'J-3',2,2,NULL,NULL,NULL,NULL,NULL,NULL,NULL,NULL,NULL,NULL,NULL,NULL,NULL,NULL,NULL,NULL,1,1,1,'','ext-wij1',1,'2022-02-19 08:35:09','2022-02-19 08:35:09'),(553,'J-4',2,2,NULL,NULL,NULL,NULL,NULL,NULL,NULL,NULL,NULL,NULL,NULL,NULL,NULL,NULL,NULL,NULL,1,1,1,'','ext-wij1',1,'2022-02-19 08:35:09','2022-02-19 08:35:09'),(554,'J-5',2,2,NULL,NULL,NULL,NULL,NULL,NULL,NULL,NULL,NULL,NULL,NULL,NULL,NULL,NULL,NULL,NULL,1,1,1,'','ext-wij1',1,'2022-02-19 08:35:09','2022-02-19 08:35:09'),(555,'J-6',2,2,NULL,NULL,NULL,NULL,NULL,NULL,NULL,NULL,NULL,NULL,NULL,NULL,NULL,NULL,NULL,NULL,1,1,1,'','ext-wij1',1,'2022-02-19 08:35:09','2022-02-19 08:35:09'),(556,'J-7',2,2,NULL,NULL,NULL,NULL,NULL,NULL,NULL,NULL,NULL,NULL,NULL,NULL,NULL,NULL,NULL,NULL,1,1,1,'','ext-wij1',1,'2022-02-19 08:35:09','2022-02-19 08:35:09'),(557,'J-8',2,2,NULL,NULL,NULL,NULL,NULL,NULL,NULL,NULL,NULL,NULL,NULL,NULL,NULL,NULL,NULL,NULL,1,1,1,'','ext-wij1',1,'2022-02-19 08:35:09','2022-02-19 08:35:09'),(558,'J-9',2,2,NULL,NULL,NULL,NULL,NULL,NULL,NULL,NULL,NULL,NULL,NULL,NULL,NULL,NULL,NULL,NULL,1,1,1,'','ext-wij1',1,'2022-02-19 08:35:09','2022-02-19 08:35:09'),(559,'J-10',2,2,NULL,NULL,NULL,NULL,NULL,NULL,NULL,NULL,NULL,NULL,NULL,NULL,NULL,NULL,NULL,NULL,1,1,1,'','ext-wij1',1,'2022-02-19 08:35:09','2022-02-19 08:35:09'),(560,'J-11',2,2,NULL,NULL,NULL,NULL,NULL,NULL,NULL,NULL,NULL,NULL,NULL,NULL,NULL,NULL,NULL,NULL,1,1,1,'','ext-wij1',1,'2022-02-19 08:35:09','2022-02-19 08:35:09'),(561,'J-12',2,2,NULL,NULL,NULL,NULL,NULL,NULL,NULL,NULL,NULL,NULL,NULL,NULL,NULL,NULL,NULL,NULL,1,1,1,'','ext-wij1',1,'2022-02-19 08:35:09','2022-02-19 08:35:09'),(562,'J-13',2,2,NULL,NULL,NULL,NULL,NULL,NULL,NULL,NULL,NULL,NULL,NULL,NULL,NULL,NULL,NULL,NULL,1,1,1,'','ext-wij1',1,'2022-02-19 08:35:09','2022-02-19 08:35:09'),(563,'J-14',2,2,NULL,NULL,NULL,NULL,NULL,NULL,NULL,NULL,NULL,NULL,NULL,NULL,NULL,NULL,NULL,NULL,1,1,1,'','ext-wij1',1,'2022-02-19 08:35:09','2022-02-19 08:35:09'),(564,'J-15',2,2,NULL,NULL,NULL,NULL,NULL,NULL,NULL,NULL,NULL,NULL,NULL,NULL,NULL,NULL,NULL,NULL,1,1,1,'','ext-wij1',1,'2022-02-19 08:35:09','2022-02-19 08:35:09'),(565,'J-16',2,2,NULL,NULL,NULL,NULL,NULL,NULL,NULL,NULL,NULL,NULL,NULL,NULL,NULL,NULL,NULL,NULL,1,1,1,'','ext-wij1',1,'2022-02-19 08:35:09','2022-02-19 08:35:09'),(566,'J-17',2,2,NULL,NULL,NULL,NULL,NULL,NULL,NULL,NULL,NULL,NULL,NULL,NULL,NULL,NULL,NULL,NULL,1,1,1,'','ext-wij1',1,'2022-02-19 08:35:09','2022-02-19 08:35:09'),(567,'J-18',2,2,NULL,NULL,NULL,NULL,NULL,NULL,NULL,NULL,NULL,NULL,NULL,NULL,NULL,NULL,NULL,NULL,1,1,1,'','ext-wij1',1,'2022-02-19 08:35:09','2022-02-19 08:35:09'),(568,'J-19',2,2,NULL,NULL,NULL,NULL,NULL,NULL,NULL,NULL,NULL,NULL,NULL,NULL,NULL,NULL,NULL,NULL,1,1,1,'','ext-wij1',1,'2022-02-19 08:35:09','2022-02-19 08:35:09'),(569,'J-20',2,2,NULL,NULL,NULL,NULL,NULL,NULL,NULL,NULL,NULL,NULL,NULL,NULL,NULL,NULL,NULL,NULL,1,1,1,'','ext-wij1',1,'2022-02-19 08:35:09','2022-02-19 08:35:09'),(570,'J-21',2,2,NULL,NULL,NULL,NULL,NULL,NULL,NULL,NULL,NULL,NULL,NULL,NULL,NULL,NULL,NULL,NULL,1,1,1,'','ext-wij1',1,'2022-02-19 08:35:09','2022-02-19 08:35:09'),(571,'J-22',2,2,NULL,NULL,NULL,NULL,NULL,NULL,NULL,NULL,NULL,NULL,NULL,NULL,NULL,NULL,NULL,NULL,1,1,1,'','ext-wij1',1,'2022-02-19 08:35:09','2022-02-19 08:35:09'),(572,'J-23',2,2,NULL,NULL,NULL,NULL,NULL,NULL,NULL,NULL,NULL,NULL,NULL,NULL,NULL,NULL,NULL,NULL,1,1,1,'','ext-wij1',1,'2022-02-19 08:35:09','2022-02-19 08:35:09'),(573,'J-24',2,2,NULL,NULL,NULL,NULL,NULL,NULL,NULL,NULL,NULL,NULL,NULL,NULL,NULL,NULL,NULL,NULL,1,1,1,'','ext-wij1',1,'2022-02-19 08:35:09','2022-02-19 08:35:09'),(574,'J-25',2,2,NULL,NULL,NULL,NULL,NULL,NULL,NULL,NULL,NULL,NULL,NULL,NULL,NULL,NULL,NULL,NULL,1,1,1,'','ext-wij1',1,'2022-02-19 08:35:09','2022-02-19 08:35:09'),(575,'J-26',2,2,NULL,NULL,NULL,NULL,NULL,NULL,NULL,NULL,NULL,NULL,NULL,NULL,NULL,NULL,NULL,NULL,1,1,1,'','ext-wij1',1,'2022-02-19 08:35:09','2022-02-19 08:35:09'),(576,'J-27',2,2,NULL,NULL,NULL,NULL,NULL,NULL,NULL,NULL,NULL,NULL,NULL,NULL,NULL,NULL,NULL,NULL,1,1,1,'','ext-wij1',1,'2022-02-19 08:35:09','2022-02-19 08:35:09'),(577,'J-28',2,2,NULL,NULL,NULL,NULL,NULL,NULL,NULL,NULL,NULL,NULL,NULL,NULL,NULL,NULL,NULL,NULL,1,1,1,'','ext-wij1',1,'2022-02-19 08:35:09','2022-02-19 08:35:09'),(578,'J-29',2,2,NULL,NULL,NULL,NULL,NULL,NULL,NULL,NULL,NULL,NULL,NULL,NULL,NULL,NULL,NULL,NULL,1,1,1,'','ext-wij1',1,'2022-02-19 08:35:09','2022-02-19 08:35:09'),(579,'J-30',2,2,NULL,NULL,NULL,NULL,NULL,NULL,NULL,NULL,NULL,NULL,NULL,NULL,NULL,NULL,NULL,NULL,1,1,1,'','ext-wij1',1,'2022-02-19 08:35:09','2022-02-19 08:35:09'),(580,'J-31',2,2,NULL,NULL,NULL,NULL,NULL,NULL,NULL,NULL,NULL,NULL,NULL,NULL,NULL,NULL,NULL,NULL,1,1,1,'','ext-wij1',1,'2022-02-19 08:35:09','2022-02-19 08:35:09'),(581,'J-32',2,2,NULL,NULL,NULL,NULL,NULL,NULL,NULL,NULL,NULL,NULL,NULL,NULL,NULL,NULL,NULL,NULL,1,1,1,'','ext-wij1',1,'2022-02-19 08:35:09','2022-02-19 08:35:09'),(582,'J-33',2,2,NULL,NULL,NULL,NULL,NULL,NULL,NULL,NULL,NULL,NULL,NULL,NULL,NULL,NULL,NULL,NULL,1,1,1,'','ext-wij1',1,'2022-02-19 08:35:09','2022-02-19 08:35:09'),(583,'J-34',2,2,NULL,NULL,NULL,NULL,NULL,NULL,NULL,NULL,NULL,NULL,NULL,NULL,NULL,NULL,NULL,NULL,1,1,1,'','ext-wij1',1,'2022-02-19 08:35:09','2022-02-19 08:35:09'),(584,'J-35',2,2,NULL,NULL,NULL,NULL,NULL,NULL,NULL,NULL,NULL,NULL,NULL,NULL,NULL,NULL,NULL,NULL,1,1,1,'','ext-wij1',1,'2022-02-19 08:35:09','2022-02-19 08:35:09'),(585,'J-36',2,2,NULL,NULL,NULL,NULL,NULL,NULL,NULL,NULL,NULL,NULL,NULL,NULL,NULL,NULL,NULL,NULL,1,1,1,'','ext-wij1',1,'2022-02-19 08:35:09','2022-02-19 08:35:09'),(586,'J-37',2,2,NULL,NULL,NULL,NULL,NULL,NULL,NULL,NULL,NULL,NULL,NULL,NULL,NULL,NULL,NULL,NULL,1,1,1,'','ext-wij1',1,'2022-02-19 08:35:09','2022-02-19 08:35:09'),(587,'J-38',2,2,NULL,NULL,NULL,NULL,NULL,NULL,NULL,NULL,NULL,NULL,NULL,NULL,NULL,NULL,NULL,NULL,1,1,1,'','ext-wij1',1,'2022-02-19 08:35:09','2022-02-19 08:35:09'),(588,'J-39',2,2,NULL,NULL,NULL,NULL,NULL,NULL,NULL,NULL,NULL,NULL,NULL,NULL,NULL,NULL,NULL,NULL,1,1,1,'','ext-wij1',1,'2022-02-19 08:35:09','2022-02-19 08:35:09'),(589,'J-40',2,2,NULL,NULL,NULL,NULL,NULL,NULL,NULL,NULL,NULL,NULL,NULL,NULL,NULL,NULL,NULL,NULL,1,1,1,'','ext-wij1',1,'2022-02-19 08:35:09','2022-02-19 08:35:09'),(590,'J-41',2,2,NULL,NULL,NULL,NULL,NULL,NULL,NULL,NULL,NULL,NULL,NULL,NULL,NULL,NULL,NULL,NULL,1,1,1,'','ext-wij1',1,'2022-02-19 08:35:09','2022-02-19 08:35:09'),(591,'J-42',2,2,NULL,NULL,NULL,NULL,NULL,NULL,NULL,NULL,NULL,NULL,NULL,NULL,NULL,NULL,NULL,NULL,1,1,1,'','ext-wij1',1,'2022-02-19 08:35:09','2022-02-19 08:35:09'),(592,'J-43',2,2,NULL,NULL,NULL,NULL,NULL,NULL,NULL,NULL,NULL,NULL,NULL,NULL,NULL,NULL,NULL,NULL,1,1,1,'','ext-wij1',1,'2022-02-19 08:35:09','2022-02-19 08:35:09'),(593,'J-44',2,2,NULL,NULL,NULL,NULL,NULL,NULL,NULL,NULL,NULL,NULL,NULL,NULL,NULL,NULL,NULL,NULL,1,1,1,'','ext-wij1',1,'2022-02-19 08:35:09','2022-02-19 08:35:09'),(594,'J-45',2,2,NULL,NULL,NULL,NULL,NULL,NULL,NULL,NULL,NULL,NULL,NULL,NULL,NULL,NULL,NULL,NULL,1,1,1,'','ext-wij1',1,'2022-02-19 08:35:09','2022-02-19 08:35:09'),(595,'J-46',2,2,NULL,NULL,NULL,NULL,NULL,NULL,NULL,NULL,NULL,NULL,NULL,NULL,NULL,NULL,NULL,NULL,1,1,1,'','ext-wij1',1,'2022-02-19 08:35:09','2022-02-19 08:35:09'),(596,'J-47',2,2,NULL,NULL,NULL,NULL,NULL,NULL,NULL,NULL,NULL,NULL,NULL,NULL,NULL,NULL,NULL,NULL,1,1,1,'','ext-wij1',1,'2022-02-19 08:35:09','2022-02-19 08:35:09'),(597,'J-48',2,2,NULL,NULL,NULL,NULL,NULL,NULL,NULL,NULL,NULL,NULL,NULL,NULL,NULL,NULL,NULL,NULL,1,1,1,'','ext-wij1',1,'2022-02-19 08:35:09','2022-02-19 08:35:09'),(598,'J-49',2,2,NULL,NULL,NULL,NULL,NULL,NULL,NULL,NULL,NULL,NULL,NULL,NULL,NULL,NULL,NULL,NULL,1,1,1,'','ext-wij1',1,'2022-02-19 08:35:09','2022-02-19 08:35:09'),(599,'J-50',2,2,NULL,NULL,NULL,NULL,NULL,NULL,NULL,NULL,NULL,NULL,NULL,NULL,NULL,NULL,NULL,NULL,1,1,1,'','ext-wij1',1,'2022-02-19 08:35:09','2022-02-19 08:35:09'),(600,'J-51',2,2,NULL,NULL,NULL,NULL,NULL,NULL,NULL,NULL,NULL,NULL,NULL,NULL,NULL,NULL,NULL,NULL,1,1,1,'','ext-wij1',1,'2022-02-19 08:35:09','2022-02-19 08:35:09'),(601,'J-52',2,2,NULL,NULL,NULL,NULL,NULL,NULL,NULL,NULL,NULL,NULL,NULL,NULL,NULL,NULL,NULL,NULL,1,1,1,'','ext-wij1',1,'2022-02-19 08:35:09','2022-02-19 08:35:09'),(602,'J-53',2,2,NULL,NULL,NULL,NULL,NULL,NULL,NULL,NULL,NULL,NULL,NULL,NULL,NULL,NULL,NULL,NULL,1,1,1,'','ext-wij1',1,'2022-02-19 08:35:09','2022-02-19 08:35:09'),(603,'J-54',2,2,NULL,NULL,NULL,NULL,NULL,NULL,NULL,NULL,NULL,NULL,NULL,NULL,NULL,NULL,NULL,NULL,1,1,1,'','ext-wij1',1,'2022-02-19 08:35:09','2022-02-19 08:35:09'),(604,'J-55',2,2,NULL,NULL,NULL,NULL,NULL,NULL,NULL,NULL,NULL,NULL,NULL,NULL,NULL,NULL,NULL,NULL,1,1,1,'','ext-wij1',1,'2022-02-19 08:35:09','2022-02-19 08:35:09'),(605,'J-56',2,2,NULL,NULL,NULL,NULL,NULL,NULL,NULL,NULL,NULL,NULL,NULL,NULL,NULL,NULL,NULL,NULL,1,1,1,'','ext-wij1',1,'2022-02-19 08:35:09','2022-02-19 08:35:09'),(606,'J-57',2,2,NULL,NULL,NULL,NULL,NULL,NULL,NULL,NULL,NULL,NULL,NULL,NULL,NULL,NULL,NULL,NULL,1,1,1,'','ext-wij1',1,'2022-02-19 08:35:09','2022-02-19 08:35:09'),(607,'J-58',2,2,NULL,NULL,NULL,NULL,NULL,NULL,NULL,NULL,NULL,NULL,NULL,NULL,NULL,NULL,NULL,NULL,1,1,1,'','ext-wij1',1,'2022-02-19 08:35:09','2022-02-19 08:35:09'),(608,'J-59',2,2,NULL,NULL,NULL,NULL,NULL,NULL,NULL,NULL,NULL,NULL,NULL,NULL,NULL,NULL,NULL,NULL,1,1,1,'','ext-wij1',1,'2022-02-19 08:35:09','2022-02-19 08:35:09'),(609,'J-60',2,2,NULL,NULL,NULL,NULL,NULL,NULL,NULL,NULL,NULL,NULL,NULL,NULL,NULL,NULL,NULL,NULL,1,1,1,'','ext-wij1',1,'2022-02-19 08:35:09','2022-02-19 08:35:09'),(610,'J-61',2,2,NULL,NULL,NULL,NULL,NULL,NULL,NULL,NULL,NULL,NULL,NULL,NULL,NULL,NULL,NULL,NULL,1,1,1,'','ext-wij1',1,'2022-02-19 08:35:09','2022-02-19 08:35:09'),(611,'J-62',2,2,NULL,NULL,NULL,NULL,NULL,NULL,NULL,NULL,NULL,NULL,NULL,NULL,NULL,NULL,NULL,NULL,1,1,1,'','ext-wij1',1,'2022-02-19 08:35:09','2022-02-19 08:35:09'),(612,'J-63',2,2,NULL,NULL,NULL,NULL,NULL,NULL,NULL,NULL,NULL,NULL,NULL,NULL,NULL,NULL,NULL,NULL,1,1,1,'','ext-wij1',1,'2022-02-19 08:35:09','2022-02-19 08:35:09'),(613,'J-64',2,2,NULL,NULL,NULL,NULL,NULL,NULL,NULL,NULL,NULL,NULL,NULL,NULL,NULL,NULL,NULL,NULL,1,1,1,'','ext-wij1',1,'2022-02-19 08:35:09','2022-02-19 08:35:09'),(614,'J-65',2,2,NULL,NULL,NULL,NULL,NULL,NULL,NULL,NULL,NULL,NULL,NULL,NULL,NULL,NULL,NULL,NULL,1,1,1,'','ext-wij1',1,'2022-02-19 08:35:09','2022-02-19 08:35:09'),(615,'J-66',2,2,NULL,NULL,NULL,NULL,NULL,NULL,NULL,NULL,NULL,NULL,NULL,NULL,NULL,NULL,NULL,NULL,1,1,1,'','ext-wij1',1,'2022-02-19 08:35:09','2022-02-19 08:35:09'),(616,'J-67',2,2,NULL,NULL,NULL,NULL,NULL,NULL,NULL,NULL,NULL,NULL,NULL,NULL,NULL,NULL,NULL,NULL,1,1,1,'','ext-wij1',1,'2022-02-19 08:35:09','2022-02-19 08:35:09'),(617,'J-68',2,2,NULL,NULL,NULL,NULL,NULL,NULL,NULL,NULL,NULL,NULL,NULL,NULL,NULL,NULL,NULL,NULL,1,1,1,'','ext-wij1',1,'2022-02-19 08:35:09','2022-02-19 08:35:09'),(618,'J-69',2,2,NULL,NULL,NULL,NULL,NULL,NULL,NULL,NULL,NULL,NULL,NULL,NULL,NULL,NULL,NULL,NULL,1,1,1,'','ext-wij1',1,'2022-02-19 08:35:09','2022-02-19 08:35:09'),(619,'J-70',2,2,NULL,NULL,NULL,NULL,NULL,NULL,NULL,NULL,NULL,NULL,NULL,NULL,NULL,NULL,NULL,NULL,1,1,1,'','ext-wij1',1,'2022-02-19 08:35:09','2022-02-19 08:35:09'),(620,'J-71',2,2,NULL,NULL,NULL,NULL,NULL,NULL,NULL,NULL,NULL,NULL,NULL,NULL,NULL,NULL,NULL,NULL,1,1,1,'','ext-wij1',1,'2022-02-19 08:35:09','2022-02-19 08:35:09'),(621,'J-72',2,2,NULL,NULL,NULL,NULL,NULL,NULL,NULL,NULL,NULL,NULL,NULL,NULL,NULL,NULL,NULL,NULL,1,1,1,'','ext-wij1',1,'2022-02-19 08:35:09','2022-02-19 08:35:09'),(622,'J-73',2,2,NULL,NULL,NULL,NULL,NULL,NULL,NULL,NULL,NULL,NULL,NULL,NULL,NULL,NULL,NULL,NULL,1,1,1,'','ext-wij1',1,'2022-02-19 08:35:09','2022-02-19 08:35:09'),(623,'J-74',2,2,NULL,NULL,NULL,NULL,NULL,NULL,NULL,NULL,NULL,NULL,NULL,NULL,NULL,NULL,NULL,NULL,1,1,1,'','ext-wij1',1,'2022-02-19 08:35:09','2022-02-19 08:35:09'),(624,'J-75',2,2,NULL,NULL,NULL,NULL,NULL,NULL,NULL,NULL,NULL,NULL,NULL,NULL,NULL,NULL,NULL,NULL,1,1,1,'','ext-wij1',1,'2022-02-19 08:35:09','2022-02-19 08:35:09'),(625,'J-76',2,2,NULL,NULL,NULL,NULL,NULL,NULL,NULL,NULL,NULL,NULL,NULL,NULL,NULL,NULL,NULL,NULL,1,1,1,'','ext-wij1',1,'2022-02-19 08:35:09','2022-02-19 08:35:09'),(626,'J-77',2,2,NULL,NULL,NULL,NULL,NULL,NULL,NULL,NULL,NULL,NULL,NULL,NULL,NULL,NULL,NULL,NULL,1,1,1,'','ext-wij1',1,'2022-02-19 08:35:09','2022-02-19 08:35:09'),(627,'J-78',2,2,NULL,NULL,NULL,NULL,NULL,NULL,NULL,NULL,NULL,NULL,NULL,NULL,NULL,NULL,NULL,NULL,1,1,1,'','ext-wij1',1,'2022-02-19 08:35:09','2022-02-19 08:35:09'),(628,'J-79',2,2,NULL,NULL,NULL,NULL,NULL,NULL,NULL,NULL,NULL,NULL,NULL,NULL,NULL,NULL,NULL,NULL,1,1,1,'','ext-wij1',1,'2022-02-19 08:35:09','2022-02-19 08:35:09'),(629,'J-80',2,2,NULL,NULL,NULL,NULL,NULL,NULL,NULL,NULL,NULL,NULL,NULL,NULL,NULL,NULL,NULL,NULL,1,1,1,'','ext-wij1',1,'2022-02-19 08:35:09','2022-02-19 08:35:09'),(630,'J-81',2,2,NULL,NULL,NULL,NULL,NULL,NULL,NULL,NULL,NULL,NULL,NULL,NULL,NULL,NULL,NULL,NULL,1,1,1,'','ext-wij1',1,'2022-02-19 08:35:09','2022-02-19 08:35:09'),(631,'J-82',2,2,NULL,NULL,NULL,NULL,NULL,NULL,NULL,NULL,NULL,NULL,NULL,NULL,NULL,NULL,NULL,NULL,1,1,1,'','ext-wij1',1,'2022-02-19 08:35:09','2022-02-19 08:35:09'),(632,'J-83',2,2,NULL,NULL,NULL,NULL,NULL,NULL,NULL,NULL,NULL,NULL,NULL,NULL,NULL,NULL,NULL,NULL,1,1,1,'','ext-wij1',1,'2022-02-19 08:35:09','2022-02-19 08:35:09'),(633,'J-84',2,2,NULL,NULL,NULL,NULL,NULL,NULL,NULL,NULL,NULL,NULL,NULL,NULL,NULL,NULL,NULL,NULL,1,1,1,'','ext-wij1',1,'2022-02-19 08:35:09','2022-02-19 08:35:09'),(634,'J-85',2,2,NULL,NULL,NULL,NULL,NULL,NULL,NULL,NULL,NULL,NULL,NULL,NULL,NULL,NULL,NULL,NULL,1,1,1,'','ext-wij1',1,'2022-02-19 08:35:09','2022-02-19 08:35:09'),(635,'J-86',2,2,NULL,NULL,NULL,NULL,NULL,NULL,NULL,NULL,NULL,NULL,NULL,NULL,NULL,NULL,NULL,NULL,1,1,1,'','ext-wij1',1,'2022-02-19 08:35:09','2022-02-19 08:35:09'),(636,'J-87',2,2,NULL,NULL,NULL,NULL,NULL,NULL,NULL,NULL,NULL,NULL,NULL,NULL,NULL,NULL,NULL,NULL,1,1,1,'','ext-wij1',1,'2022-02-19 08:35:09','2022-02-19 08:35:09'),(637,'J-88',2,2,NULL,NULL,NULL,NULL,NULL,NULL,NULL,NULL,NULL,NULL,NULL,NULL,NULL,NULL,NULL,NULL,1,1,1,'','ext-wij1',1,'2022-02-19 08:35:09','2022-02-19 08:35:09'),(638,'J-89',2,2,NULL,NULL,NULL,NULL,NULL,NULL,NULL,NULL,NULL,NULL,NULL,NULL,NULL,NULL,NULL,NULL,1,1,1,'','ext-wij1',1,'2022-02-19 08:35:09','2022-02-19 08:35:09'),(639,'J-90',2,2,NULL,NULL,NULL,NULL,NULL,NULL,NULL,NULL,NULL,NULL,NULL,NULL,NULL,NULL,NULL,NULL,1,1,1,'','ext-wij1',1,'2022-02-19 08:35:09','2022-02-19 08:35:09'),(640,'J-91',2,2,NULL,NULL,NULL,NULL,NULL,NULL,NULL,NULL,NULL,NULL,NULL,NULL,NULL,NULL,NULL,NULL,1,1,1,'','ext-wij1',1,'2022-02-19 08:35:09','2022-02-19 08:35:09'),(641,'J-92',2,2,NULL,NULL,NULL,NULL,NULL,NULL,NULL,NULL,NULL,NULL,NULL,NULL,NULL,NULL,NULL,NULL,1,1,1,'','ext-wij1',1,'2022-02-19 08:35:09','2022-02-19 08:35:09'),(642,'J-93',2,2,NULL,NULL,NULL,NULL,NULL,NULL,NULL,NULL,NULL,NULL,NULL,NULL,NULL,NULL,NULL,NULL,1,1,1,'','ext-wij1',1,'2022-02-19 08:35:09','2022-02-19 08:35:09'),(643,'J-94',2,2,NULL,NULL,NULL,NULL,NULL,NULL,NULL,NULL,NULL,NULL,NULL,NULL,NULL,NULL,NULL,NULL,1,1,1,'','ext-wij1',1,'2022-02-19 08:35:09','2022-02-19 08:35:09'),(644,'J-95',2,2,NULL,NULL,NULL,NULL,NULL,NULL,NULL,NULL,NULL,NULL,NULL,NULL,NULL,NULL,NULL,NULL,1,1,1,'','ext-wij1',1,'2022-02-19 08:35:09','2022-02-19 08:35:09'),(645,'J-96',2,2,NULL,NULL,NULL,NULL,NULL,NULL,NULL,NULL,NULL,NULL,NULL,NULL,NULL,NULL,NULL,NULL,1,1,1,'','ext-wij1',1,'2022-02-19 08:35:09','2022-02-19 08:35:09'),(646,'J-97',2,2,NULL,NULL,NULL,NULL,NULL,NULL,NULL,NULL,NULL,NULL,NULL,NULL,NULL,NULL,NULL,NULL,1,1,1,'','ext-wij1',1,'2022-02-19 08:35:09','2022-02-19 08:35:09'),(647,'J-98',2,2,NULL,NULL,NULL,NULL,NULL,NULL,NULL,NULL,NULL,NULL,NULL,NULL,NULL,NULL,NULL,NULL,1,1,1,'','ext-wij1',1,'2022-02-19 08:35:09','2022-02-19 08:35:09'),(648,'J-99',2,2,NULL,NULL,NULL,NULL,NULL,NULL,NULL,NULL,NULL,NULL,NULL,NULL,NULL,NULL,NULL,NULL,1,1,1,'','ext-wij1',1,'2022-02-19 08:35:09','2022-02-19 08:35:09'),(649,'J-100',2,2,NULL,NULL,NULL,NULL,NULL,NULL,NULL,NULL,NULL,NULL,NULL,NULL,NULL,NULL,NULL,NULL,1,1,1,'','ext-wij1',1,'2022-02-19 08:35:09','2022-02-19 08:35:09'),(650,'H-1',1,2,NULL,NULL,NULL,NULL,NULL,NULL,NULL,NULL,NULL,NULL,NULL,NULL,NULL,NULL,NULL,NULL,1,1,1,'','ext-wij1',1,'2022-03-01 10:05:08','2022-03-01 10:05:08'),(651,'H-2',1,2,NULL,NULL,NULL,NULL,NULL,NULL,NULL,NULL,NULL,NULL,NULL,NULL,NULL,NULL,NULL,NULL,1,1,1,'','ext-wij1',1,'2022-03-01 10:05:08','2022-03-01 10:05:08'),(652,'H-3',2,2,NULL,NULL,NULL,NULL,NULL,NULL,NULL,NULL,NULL,NULL,NULL,NULL,NULL,NULL,NULL,NULL,1,1,1,'','ext-wij1',1,'2022-03-01 10:05:08','2022-03-01 10:05:08'),(653,'H-4',2,2,NULL,NULL,NULL,NULL,NULL,NULL,NULL,NULL,NULL,NULL,NULL,NULL,NULL,NULL,NULL,NULL,1,1,1,'','ext-wij1',1,'2022-03-01 10:05:08','2022-03-01 10:05:08'),(654,'H-5',3,2,NULL,NULL,NULL,NULL,NULL,NULL,NULL,NULL,NULL,NULL,NULL,NULL,NULL,NULL,NULL,NULL,1,1,1,'','ext-wij1',1,'2022-03-01 10:05:08','2022-03-01 10:05:08'),(655,'H-6',3,2,NULL,NULL,NULL,NULL,NULL,NULL,NULL,NULL,NULL,NULL,NULL,NULL,NULL,NULL,NULL,NULL,1,1,1,'','ext-wij1',1,'2022-03-01 10:05:08','2022-03-01 10:05:08'),(656,'H-7',3,2,NULL,NULL,NULL,NULL,NULL,NULL,NULL,NULL,NULL,NULL,NULL,NULL,NULL,NULL,NULL,NULL,1,1,1,'','ext-wij1',1,'2022-03-01 10:05:08','2022-03-01 10:05:08'),(678,'B-1',1,1,'2022-03-07',NULL,NULL,NULL,NULL,NULL,NULL,NULL,NULL,NULL,NULL,NULL,NULL,NULL,NULL,NULL,1,1,1,'','ext-ct38',1,'2022-03-08 12:28:17','2022-03-08 12:28:17'),(679,'B-2',2,1,'2022-03-07',NULL,NULL,NULL,NULL,NULL,NULL,NULL,NULL,NULL,NULL,NULL,NULL,NULL,NULL,NULL,1,1,1,'','ext-ct38',1,'2022-03-08 12:28:17','2022-03-08 12:28:17'),(680,'B-3',3,1,'2022-03-07',NULL,NULL,NULL,NULL,NULL,NULL,NULL,NULL,NULL,NULL,NULL,NULL,NULL,NULL,NULL,1,1,1,'','ext-ct38',1,'2022-03-08 12:28:17','2022-03-08 12:28:17'),(689,'H201',3,2,NULL,NULL,NULL,NULL,NULL,NULL,NULL,NULL,NULL,NULL,NULL,NULL,NULL,NULL,NULL,NULL,2,3,13,'','ext-wij1',1,'2022-05-10 11:11:15','2022-06-07 13:43:49'),(690,'H202',3,2,NULL,NULL,NULL,NULL,NULL,NULL,NULL,NULL,NULL,NULL,NULL,NULL,NULL,NULL,NULL,NULL,1,1,1,'','ext-wij1',1,'2022-05-10 11:13:30','2022-05-10 11:13:30'),(691,'H203',3,2,NULL,NULL,NULL,NULL,NULL,NULL,NULL,NULL,NULL,NULL,NULL,NULL,NULL,NULL,NULL,NULL,1,1,1,'','ext-wij1',1,'2022-05-10 11:13:43','2022-05-10 11:13:43'),(692,'H205',3,2,NULL,NULL,NULL,NULL,NULL,NULL,NULL,NULL,NULL,NULL,NULL,NULL,NULL,NULL,NULL,NULL,1,1,1,'','ext-wij1',1,'2022-05-10 11:13:56','2022-05-10 11:13:56'),(693,'H208',3,2,NULL,NULL,NULL,NULL,NULL,NULL,NULL,NULL,NULL,NULL,NULL,NULL,NULL,NULL,NULL,NULL,1,1,1,'','ext-wij1',1,'2022-05-10 11:14:08','2022-05-10 11:14:08'),(694,'H209',3,2,NULL,NULL,NULL,NULL,NULL,NULL,NULL,NULL,NULL,NULL,NULL,NULL,NULL,NULL,NULL,NULL,1,1,1,'','ext-wij1',1,'2022-05-10 11:14:19','2022-05-10 11:14:19'),(695,'H210',3,2,NULL,NULL,NULL,NULL,NULL,NULL,NULL,NULL,NULL,NULL,NULL,NULL,NULL,NULL,NULL,NULL,1,1,1,'','ext-wij1',1,'2022-05-10 11:14:33','2022-05-10 11:14:33'),(696,'H212',3,2,NULL,NULL,NULL,NULL,NULL,NULL,NULL,NULL,NULL,NULL,NULL,NULL,NULL,NULL,NULL,NULL,1,1,1,'','ext-wij1',1,'2022-05-10 11:14:48','2022-05-10 11:14:48'),(697,'H213',3,2,NULL,NULL,NULL,NULL,NULL,NULL,NULL,NULL,NULL,NULL,NULL,NULL,NULL,NULL,NULL,NULL,1,1,1,'','ext-wij1',1,'2022-05-10 11:15:03','2022-05-10 11:15:03'),(698,'H215',3,2,NULL,NULL,NULL,NULL,NULL,NULL,NULL,NULL,NULL,NULL,NULL,NULL,NULL,NULL,NULL,NULL,1,1,1,'','ext-wij1',1,'2022-05-10 11:15:20','2022-05-10 11:15:20'),(699,'Forever Lady 7533',3,1,NULL,NULL,15,1,NULL,NULL,NULL,NULL,NULL,NULL,NULL,NULL,NULL,NULL,NULL,NULL,1,1,1,'','ext-wij1',1,'2022-05-10 13:40:36','2022-05-10 13:40:36'),(700,'KG Justified 3023',1,1,NULL,NULL,NULL,1,NULL,NULL,NULL,NULL,NULL,NULL,703,NULL,NULL,NULL,NULL,704,1,1,1,'','ext-wij1',1,'2022-05-10 13:41:14','2022-05-10 14:09:42'),(701,'GDAR Forever Lady 1138',3,1,NULL,NULL,NULL,1,NULL,NULL,NULL,NULL,NULL,NULL,712,NULL,NULL,NULL,NULL,711,1,1,1,'','ext-wij1',1,'2022-05-10 13:41:55','2022-05-10 14:17:59'),(702,'Sitz Reinvested 636a',1,1,NULL,NULL,NULL,1,NULL,NULL,NULL,NULL,NULL,NULL,710,NULL,NULL,NULL,NULL,709,1,1,1,'','ext-wij1',1,'2022-05-10 13:42:30','2022-05-10 14:17:16'),(703,'KG Miss Magic 1443',3,1,NULL,NULL,NULL,1,NULL,NULL,NULL,NULL,NULL,NULL,708,NULL,NULL,NULL,NULL,NULL,1,1,1,'','ext-wij1',1,'2022-05-10 13:43:54','2022-05-10 14:28:45'),(704,'Connealy Judgment',1,1,NULL,NULL,NULL,1,NULL,NULL,NULL,NULL,NULL,NULL,706,NULL,NULL,NULL,NULL,705,1,1,1,'','ext-wij1',1,'2022-05-10 14:02:51','2022-05-10 14:10:01'),(705,'Connealy Consensus 7229',1,2,NULL,NULL,15,1,NULL,NULL,NULL,NULL,NULL,NULL,NULL,NULL,NULL,NULL,NULL,NULL,1,1,1,'','ext-wij1',1,'2022-05-10 14:04:05','2022-05-10 14:04:05'),(706,'Entrine of Conanga 9876',3,2,NULL,NULL,15,1,NULL,NULL,NULL,NULL,NULL,NULL,NULL,NULL,NULL,NULL,NULL,NULL,1,1,1,'','ext-wij1',1,'2022-05-10 14:04:38','2022-05-10 14:04:38'),(707,'Sitz Wisdom 481T',1,2,NULL,NULL,NULL,1,NULL,NULL,NULL,NULL,NULL,NULL,NULL,NULL,NULL,NULL,NULL,NULL,1,1,1,'','ext-wij1',1,'2022-05-10 14:06:29','2022-05-10 14:22:00'),(708,'KG Miss Magic 3528',3,2,NULL,NULL,NULL,NULL,NULL,NULL,NULL,NULL,NULL,NULL,NULL,NULL,NULL,NULL,NULL,NULL,1,1,1,'','ext-wij1',1,'2022-05-10 14:06:55','2022-05-10 14:06:55'),(709,'Connealy Thunder',1,2,NULL,NULL,NULL,NULL,NULL,NULL,NULL,NULL,NULL,NULL,NULL,NULL,NULL,NULL,NULL,NULL,1,1,1,'','ext-wij1',1,'2022-05-10 14:07:11','2022-05-10 14:07:11'),(710,'Sitz Ellunas Elite 656T',3,2,NULL,NULL,NULL,NULL,NULL,NULL,NULL,NULL,NULL,NULL,NULL,NULL,NULL,NULL,NULL,NULL,1,1,1,'','ext-wij1',1,'2022-05-10 14:07:37','2022-05-10 14:07:37'),(711,'GDAR Justice 622',1,2,NULL,NULL,NULL,NULL,NULL,NULL,NULL,NULL,NULL,NULL,NULL,NULL,NULL,NULL,NULL,NULL,1,1,1,'','ext-wij1',1,'2022-05-10 14:08:07','2022-05-10 14:08:07'),(712,'GDAR Forever Lady 8345',3,2,NULL,NULL,NULL,NULL,NULL,NULL,NULL,NULL,NULL,NULL,NULL,NULL,NULL,NULL,NULL,NULL,1,1,1,'','ext-wij1',1,'2022-05-10 14:08:35','2022-05-10 14:08:35'),(713,'testActive',1,1,NULL,NULL,NULL,NULL,NULL,NULL,NULL,NULL,NULL,NULL,NULL,NULL,NULL,NULL,NULL,714,2,2,2,'','ext-wij1',1,'2022-05-12 10:27:04','2022-07-07 14:28:56'),(714,'testInactive',1,1,NULL,NULL,NULL,NULL,NULL,NULL,NULL,NULL,NULL,NULL,NULL,NULL,NULL,NULL,NULL,NULL,2,2,4,'','ext-wij1',1,'2022-05-12 10:28:42','2022-05-18 13:28:01'),(715,'K101',3,1,'2021-03-23',NULL,NULL,NULL,78,NULL,NULL,NULL,NULL,NULL,529,NULL,NULL,NULL,NULL,NULL,1,1,1,'','ext-wij1',1,'2022-07-08 08:21:09','2022-09-27 09:05:17'),(716,'G124',3,1,'2022-08-25',NULL,NULL,NULL,NULL,NULL,NULL,NULL,NULL,NULL,NULL,NULL,NULL,NULL,NULL,NULL,1,1,1,'','ext-wij1',1,'2022-08-24 13:15:04','2022-09-27 09:05:39'),(717,'H122',3,1,'2022-08-25',NULL,NULL,NULL,NULL,NULL,NULL,NULL,NULL,NULL,NULL,NULL,NULL,NULL,NULL,NULL,1,1,1,'','ext-wij1',1,'2022-08-24 13:15:04','2022-09-27 09:06:29'),(718,'F125',3,1,'2022-08-25',NULL,NULL,NULL,NULL,NULL,NULL,NULL,NULL,NULL,NULL,NULL,NULL,NULL,NULL,NULL,1,1,1,'','ext-wij1',1,'2022-08-24 13:15:04','2022-09-27 09:06:45'),(719,'F107',3,1,'2022-08-23',NULL,NULL,NULL,NULL,NULL,NULL,NULL,NULL,NULL,NULL,NULL,NULL,NULL,NULL,NULL,1,1,1,'','ext-wij1',1,'2022-08-24 13:18:27','2022-09-27 09:07:02'),(720,'F202',3,1,'2022-08-23',NULL,NULL,NULL,NULL,NULL,NULL,NULL,NULL,NULL,NULL,NULL,NULL,NULL,NULL,NULL,1,1,1,'','ext-wij1',1,'2022-08-24 13:18:27','2022-09-27 09:07:23'),(721,'B103',3,1,'2022-08-23',NULL,NULL,NULL,NULL,NULL,NULL,NULL,NULL,NULL,NULL,NULL,NULL,NULL,NULL,NULL,1,1,1,'','ext-wij1',1,'2022-08-24 13:18:27','2022-09-27 09:07:41'),(722,'A105',3,1,NULL,NULL,NULL,NULL,NULL,NULL,NULL,NULL,NULL,NULL,NULL,NULL,NULL,NULL,NULL,NULL,1,1,1,'','ext-wij1',1,'2022-08-25 09:53:28','2022-09-27 09:05:52'),(723,'G138',3,1,NULL,NULL,NULL,NULL,NULL,NULL,NULL,NULL,NULL,NULL,NULL,NULL,NULL,NULL,NULL,NULL,1,1,1,'','ext-wij1',1,'2022-08-25 09:53:28','2022-09-27 09:06:12'),(724,'A101',3,2,NULL,NULL,NULL,NULL,NULL,NULL,NULL,NULL,NULL,NULL,NULL,NULL,NULL,NULL,NULL,NULL,1,1,1,'','ext-wij1',1,'2022-08-25 09:58:48','2022-09-27 09:05:00'),(725,'A102',3,2,NULL,NULL,NULL,NULL,NULL,NULL,NULL,NULL,NULL,NULL,NULL,NULL,NULL,NULL,NULL,NULL,1,1,1,'','ext-wij1',1,'2022-08-25 09:58:48','2022-09-27 09:04:54'),(726,'H301',3,2,'2022-09-21',NULL,15,NULL,NULL,NULL,NULL,NULL,NULL,NULL,NULL,NULL,NULL,NULL,NULL,NULL,1,1,1,'','ext-wij1',1,'2022-09-27 09:04:13','2022-09-27 09:04:13'),(727,'K201',1,1,'2022-09-01',NULL,NULL,NULL,NULL,NULL,NULL,NULL,NULL,NULL,NULL,NULL,NULL,NULL,NULL,NULL,1,1,1,'','ext-wij1',1,'2022-09-27 09:13:54','2022-09-27 09:13:54'),(728,'K201',1,1,'2022-09-01',NULL,NULL,NULL,NULL,NULL,NULL,NULL,NULL,NULL,NULL,NULL,NULL,NULL,NULL,NULL,1,1,1,'','ext-wij1',1,'2022-09-27 09:14:01','2022-09-27 09:14:01'),(729,'K201',1,1,'2022-09-01',NULL,NULL,NULL,NULL,NULL,NULL,NULL,NULL,NULL,NULL,NULL,NULL,NULL,NULL,NULL,1,1,1,'','ext-wij1',1,'2022-09-27 09:14:02','2022-09-27 09:14:02'),(730,'H101',3,2,NULL,NULL,NULL,NULL,NULL,NULL,NULL,NULL,NULL,NULL,NULL,NULL,NULL,NULL,NULL,NULL,1,1,1,'','ext-ct38',1,'2022-09-27 10:07:06','2022-09-27 10:07:06'),(731,'H101',3,2,NULL,NULL,NULL,NULL,NULL,NULL,NULL,NULL,NULL,NULL,NULL,NULL,NULL,NULL,NULL,NULL,1,1,1,'','ext-ct38',1,'2022-09-27 10:07:20','2022-09-27 10:07:20'),(732,'test-1',1,1,'2022-09-20',NULL,NULL,NULL,NULL,NULL,NULL,NULL,NULL,NULL,NULL,NULL,NULL,NULL,NULL,NULL,1,1,1,'','ext-wij1',1,'2022-09-27 13:54:05','2022-09-27 13:54:05'),(733,'test-2',2,1,'2022-09-20',NULL,NULL,NULL,NULL,NULL,NULL,NULL,NULL,NULL,NULL,NULL,NULL,NULL,NULL,NULL,1,1,1,'','ext-wij1',1,'2022-09-27 13:54:05','2022-09-27 13:54:05'),(734,'test-3',3,1,'2022-09-20',NULL,NULL,NULL,NULL,NULL,NULL,NULL,NULL,NULL,NULL,NULL,NULL,NULL,NULL,NULL,1,1,1,'','ext-wij1',1,'2022-09-27 13:54:05','2022-09-27 13:54:05'),(735,'test2',4,2,NULL,NULL,NULL,NULL,NULL,NULL,NULL,NULL,NULL,NULL,NULL,NULL,NULL,NULL,NULL,NULL,1,1,1,'','ext-wij1',1,'2022-10-03 14:42:28','2022-10-03 14:42:28'),(736,'test1',4,2,'2022-10-10',NULL,NULL,NULL,NULL,NULL,NULL,NULL,NULL,NULL,NULL,NULL,NULL,NULL,NULL,NULL,1,1,1,'','ext-wij1',1,'2022-10-03 14:42:28','2022-10-03 14:42:28'),(737,'test22',4,1,NULL,NULL,NULL,NULL,NULL,NULL,NULL,NULL,NULL,NULL,NULL,NULL,NULL,NULL,NULL,NULL,1,1,1,'','ext-wij1',1,'2022-10-03 14:42:43','2022-10-03 14:42:43'),(738,'test21',4,1,'2022-10-05',NULL,NULL,NULL,NULL,NULL,NULL,NULL,NULL,NULL,NULL,NULL,NULL,NULL,NULL,NULL,1,1,1,'','ext-wij1',1,'2022-10-03 14:42:43','2022-10-03 14:42:43'),(739,'test3-1',1,1,'2022-10-04',NULL,NULL,NULL,NULL,NULL,NULL,NULL,NULL,NULL,NULL,NULL,NULL,NULL,NULL,NULL,1,1,1,'','ext-wij1',1,'2022-10-03 14:42:53','2022-10-03 14:42:53'),(740,'test3-2',2,1,'2022-10-04',NULL,NULL,NULL,NULL,NULL,NULL,NULL,NULL,NULL,NULL,NULL,NULL,NULL,NULL,NULL,1,1,1,'','ext-wij1',1,'2022-10-03 14:42:53','2022-10-03 14:42:53'),(741,'test3-3',3,1,'2022-10-04',NULL,NULL,NULL,NULL,NULL,NULL,NULL,NULL,NULL,NULL,NULL,NULL,NULL,NULL,NULL,1,1,1,'','ext-wij1',1,'2022-10-03 14:42:53','2022-10-03 14:42:53'),(742,'test4-1',1,2,'2022-09-28',NULL,NULL,NULL,NULL,NULL,NULL,NULL,NULL,NULL,NULL,NULL,NULL,NULL,NULL,NULL,1,1,1,'','ext-wij1',1,'2022-10-03 14:43:12','2022-10-03 14:43:12'),(743,'test4-2',2,2,'2022-09-28',NULL,NULL,NULL,NULL,NULL,NULL,NULL,NULL,NULL,NULL,NULL,NULL,NULL,NULL,NULL,1,1,1,'','ext-wij1',1,'2022-10-03 14:43:12','2022-10-03 14:43:12'),(744,'test4-3',3,2,'2022-09-28',NULL,NULL,NULL,NULL,NULL,NULL,NULL,NULL,NULL,NULL,NULL,NULL,NULL,NULL,NULL,1,1,1,'','ext-wij1',1,'2022-10-03 14:43:12','2022-10-03 14:43:12'),(745,'F115',3,1,'2018-02-06',NULL,120,3,NULL,NULL,NULL,NULL,NULL,NULL,NULL,NULL,NULL,NULL,NULL,NULL,1,1,1,'','ext-ct38',1,'2022-10-06 14:27:57','2022-11-07 17:35:24'),(746,'G033',3,1,'2019-02-08',NULL,120,3,NULL,NULL,NULL,NULL,NULL,NULL,NULL,NULL,NULL,NULL,NULL,NULL,1,1,1,'','ext-ct38',1,'2022-10-06 14:27:57','2022-11-07 17:37:33'),(747,'C011',3,1,'2015-01-06',NULL,120,3,NULL,NULL,NULL,NULL,NULL,NULL,NULL,NULL,NULL,NULL,NULL,NULL,1,1,1,'','ext-ct38',1,'2022-10-06 14:27:57','2022-11-07 17:38:08'),(748,'G003',3,1,'2019-01-10',NULL,120,3,NULL,NULL,NULL,NULL,NULL,NULL,NULL,NULL,NULL,NULL,NULL,NULL,1,1,1,'','ext-ct38',1,'2022-10-06 14:27:57','2022-11-07 17:38:49'),(749,'H007',3,1,'2020-01-06',NULL,120,3,NULL,NULL,NULL,NULL,NULL,NULL,NULL,NULL,NULL,NULL,NULL,NULL,1,1,1,'','ext-ct38',1,'2022-10-06 14:27:57','2022-11-07 17:39:39'),(750,'F049',3,1,'2018-01-14',NULL,120,3,NULL,NULL,NULL,NULL,NULL,NULL,NULL,NULL,NULL,NULL,NULL,NULL,1,1,1,'','ext-ct38',1,'2022-10-06 14:27:57','2022-11-07 17:41:07'),(751,'9866',3,1,'2009-03-09',NULL,120,3,NULL,NULL,NULL,NULL,NULL,NULL,NULL,NULL,NULL,NULL,NULL,NULL,1,1,1,'','ext-ct38',1,'2022-10-06 14:27:57','2022-11-07 17:41:54'),(752,'C122',3,1,'2015-05-01',NULL,120,3,NULL,NULL,NULL,NULL,NULL,NULL,NULL,NULL,NULL,NULL,NULL,NULL,1,1,1,'','ext-ct38',1,'2022-10-06 14:27:57','2022-11-07 17:42:36'),(753,'G002',3,1,'2019-01-15',NULL,15,3,78,'green','12345678','qwertyuioplkjhg',1,1,790,NULL,NULL,NULL,NULL,NULL,1,1,1,NULL,'ext-ct38',1,'2022-10-06 14:27:57','2023-05-23 08:48:22'),(754,'5020',3,1,'2005-02-06',NULL,120,3,NULL,NULL,NULL,NULL,NULL,NULL,NULL,NULL,NULL,NULL,NULL,NULL,1,1,1,'','ext-ct38',1,'2022-10-06 14:27:57','2022-11-30 14:35:46'),(755,'test32',4,2,NULL,NULL,NULL,NULL,NULL,NULL,NULL,NULL,NULL,NULL,NULL,NULL,NULL,NULL,NULL,NULL,1,1,1,'','ext-wij1',1,'2022-10-06 14:28:48','2022-10-06 14:28:48'),(756,'test33',4,2,NULL,NULL,NULL,NULL,NULL,NULL,NULL,NULL,NULL,NULL,NULL,NULL,NULL,NULL,NULL,NULL,1,1,1,'','ext-wij1',1,'2022-10-06 14:28:48','2022-10-06 14:28:48'),(757,'test31',4,2,'2022-10-07',NULL,NULL,NULL,NULL,NULL,NULL,NULL,NULL,NULL,NULL,NULL,NULL,NULL,NULL,NULL,1,1,1,'','ext-wij1',1,'2022-10-06 14:28:48','2022-10-06 14:28:48'),(758,'birth1-1',1,1,'2022-10-13',NULL,NULL,NULL,NULL,NULL,NULL,NULL,NULL,NULL,NULL,NULL,NULL,NULL,NULL,NULL,1,1,1,'','ext-wij1',1,'2022-10-06 14:28:58','2022-10-06 14:28:58'),(759,'birth1-2',2,1,'2022-10-13',NULL,NULL,NULL,NULL,NULL,NULL,NULL,NULL,NULL,NULL,NULL,NULL,NULL,NULL,NULL,1,1,1,'','ext-wij1',1,'2022-10-06 14:28:58','2022-10-06 14:28:58'),(760,'birth1-3',3,1,'2022-10-13',NULL,NULL,NULL,NULL,NULL,NULL,NULL,NULL,NULL,NULL,NULL,NULL,NULL,NULL,NULL,1,1,1,'','ext-wij1',1,'2022-10-06 14:28:58','2022-10-06 14:28:58'),(761,'G020',3,1,'2019-05-13',NULL,120,3,NULL,NULL,NULL,NULL,NULL,NULL,NULL,NULL,NULL,NULL,NULL,NULL,1,1,1,'','ext-ct38',1,'2022-10-06 14:29:00','2022-11-07 17:44:33'),(762,'5741',3,1,'2005-03-19',NULL,120,3,NULL,NULL,NULL,NULL,NULL,NULL,NULL,NULL,NULL,NULL,NULL,NULL,1,1,1,'','ext-ct38',1,'2022-10-06 14:29:00','2022-11-30 14:35:59'),(763,'C036',3,1,'2015-02-28',NULL,120,3,NULL,NULL,NULL,NULL,NULL,NULL,NULL,NULL,NULL,NULL,NULL,NULL,1,1,1,'','ext-ct38',1,'2022-10-06 14:29:00','2022-11-07 17:45:43'),(764,'D124',3,1,'2016-04-09',NULL,120,3,NULL,NULL,NULL,NULL,NULL,NULL,NULL,NULL,NULL,NULL,NULL,NULL,1,1,1,'','ext-ct38',1,'2022-10-06 14:29:00','2022-11-07 17:45:07'),(765,'F034',3,1,'2018-04-27',NULL,120,3,NULL,NULL,NULL,NULL,NULL,NULL,NULL,NULL,NULL,NULL,NULL,NULL,1,1,1,'','ext-ct38',1,'2022-11-07 17:47:18','2022-11-07 17:47:18'),(766,'F034',3,1,'2018-04-27',NULL,120,3,NULL,NULL,NULL,NULL,NULL,NULL,NULL,NULL,NULL,NULL,NULL,NULL,1,1,1,'','ext-ct38',1,'2022-11-07 17:47:25','2022-11-07 17:47:25'),(767,'F034',3,1,NULL,NULL,NULL,NULL,NULL,NULL,NULL,NULL,NULL,NULL,NULL,NULL,NULL,NULL,NULL,NULL,1,1,1,'','ext-ct38',1,'2022-11-08 09:56:48','2022-11-08 09:56:48'),(768,'birth-1',1,1,'2022-11-08',NULL,NULL,NULL,NULL,NULL,NULL,NULL,NULL,NULL,NULL,NULL,NULL,NULL,NULL,NULL,1,1,1,'','ext-kn1',1,'2022-11-08 09:58:02','2022-11-08 09:58:02'),(769,'birth-2',2,1,'2022-11-08',NULL,NULL,NULL,NULL,NULL,NULL,NULL,NULL,NULL,NULL,NULL,NULL,NULL,NULL,NULL,1,1,1,'','ext-kn1',1,'2022-11-08 09:58:02','2022-11-08 09:58:02'),(770,'birth-3',3,1,'2022-11-08',NULL,NULL,NULL,NULL,NULL,NULL,NULL,NULL,NULL,NULL,NULL,NULL,NULL,NULL,NULL,1,1,1,'','ext-kn1',1,'2022-11-08 09:58:02','2022-11-08 09:58:02'),(771,'purchase1',4,2,'2022-11-09',NULL,NULL,NULL,NULL,NULL,NULL,NULL,NULL,NULL,NULL,NULL,NULL,NULL,NULL,NULL,1,1,1,'','ext-kn1',1,'2022-11-08 09:58:18','2022-11-08 09:58:18'),(772,'purchase2',4,2,NULL,NULL,NULL,NULL,NULL,NULL,NULL,NULL,NULL,NULL,NULL,NULL,NULL,NULL,NULL,NULL,1,1,1,'','ext-kn1',1,'2022-11-08 09:58:18','2022-11-08 09:58:18'),(773,'purchase3',4,2,NULL,NULL,NULL,NULL,NULL,NULL,NULL,NULL,NULL,NULL,NULL,NULL,NULL,NULL,NULL,NULL,1,1,1,'','ext-kn1',1,'2022-11-08 09:58:18','2022-11-08 09:58:18'),(774,'test',1,1,NULL,NULL,NULL,NULL,NULL,NULL,NULL,NULL,NULL,NULL,NULL,NULL,NULL,NULL,NULL,NULL,1,1,1,'','ext-kn1',1,'2022-11-08 09:59:43','2022-11-08 09:59:43'),(775,'ghghgh',3,2,NULL,NULL,NULL,NULL,NULL,NULL,NULL,NULL,NULL,NULL,NULL,NULL,NULL,NULL,NULL,NULL,1,1,1,'','ext-ct38',1,'2022-11-08 10:03:30','2022-11-08 10:03:30'),(776,'test',3,1,NULL,NULL,NULL,NULL,NULL,NULL,NULL,NULL,NULL,NULL,NULL,NULL,NULL,NULL,NULL,NULL,1,1,1,'','ext-kn1',1,'2022-11-08 10:04:30','2022-11-08 10:04:30'),(777,'test',2,1,NULL,NULL,NULL,NULL,NULL,NULL,NULL,NULL,NULL,NULL,NULL,NULL,NULL,NULL,NULL,NULL,1,1,1,'','ext-kn1',1,'2022-11-08 10:18:31','2022-11-08 10:18:31'),(778,'H049',3,1,'2020-02-22',NULL,120,3,NULL,NULL,NULL,NULL,NULL,NULL,NULL,NULL,NULL,NULL,NULL,NULL,1,1,1,'','ext-ct38',1,'2022-11-30 14:07:28','2022-11-30 14:39:48'),(779,'F034',3,1,'2018-03-23',NULL,120,NULL,NULL,NULL,NULL,NULL,NULL,NULL,NULL,NULL,NULL,NULL,NULL,NULL,1,1,1,'','ext-ct38',1,'2022-11-30 14:08:12','2022-11-30 14:35:29'),(780,'H032',3,2,'2020-11-30',NULL,120,3,NULL,NULL,NULL,NULL,NULL,NULL,NULL,NULL,NULL,NULL,NULL,NULL,1,1,1,'','ext-ct38',1,'2022-11-30 14:08:12','2022-11-30 14:36:53'),(781,'F015',3,1,'2018-03-22',NULL,120,3,NULL,NULL,NULL,NULL,NULL,NULL,NULL,NULL,NULL,NULL,NULL,NULL,1,1,1,'','ext-ct38',1,'2022-11-30 14:08:12','2022-11-30 14:37:32'),(782,'D021',3,1,'2016-02-20',NULL,120,4,NULL,NULL,NULL,NULL,NULL,NULL,NULL,NULL,NULL,NULL,NULL,NULL,1,1,1,'','ext-ct38',1,'2022-11-30 14:08:12','2022-11-30 14:38:21'),(783,'207',3,1,'2012-09-25',NULL,120,1,NULL,NULL,NULL,NULL,NULL,NULL,NULL,NULL,NULL,NULL,NULL,NULL,1,1,1,'','ext-ct38',1,'2022-11-30 14:08:12','2022-11-30 14:39:11'),(784,'F047',3,1,'2018-03-21',NULL,120,3,NULL,NULL,NULL,NULL,NULL,NULL,NULL,NULL,NULL,NULL,NULL,NULL,1,1,1,'','ext-ct38',1,'2022-11-30 14:09:01','2022-11-30 14:40:24'),(785,'8496',3,1,'2008-04-27',NULL,NULL,4,NULL,NULL,NULL,NULL,NULL,NULL,NULL,NULL,NULL,NULL,NULL,NULL,1,1,1,'','ext-ct38',1,'2022-11-30 14:09:01','2022-11-30 14:43:49'),(786,'4141',3,1,'2004-11-30',NULL,120,3,NULL,NULL,NULL,NULL,NULL,NULL,NULL,NULL,NULL,NULL,NULL,NULL,1,1,1,'','ext-ct38',1,'2022-11-30 14:09:01','2022-11-30 14:42:50'),(787,'F076',3,1,'2018-11-30',NULL,120,3,NULL,NULL,NULL,NULL,NULL,NULL,NULL,NULL,NULL,NULL,NULL,NULL,1,1,1,'','ext-ct38',1,'2022-11-30 14:09:01','2022-11-30 14:43:20'),(788,'8950',3,1,'2008-09-29',NULL,120,3,NULL,NULL,NULL,NULL,NULL,NULL,NULL,NULL,NULL,NULL,NULL,NULL,1,1,1,'','ext-ct38',1,'2022-11-30 14:09:01','2022-11-30 14:44:22'),(789,'C024',3,1,'2015-11-30',NULL,120,3,NULL,NULL,NULL,NULL,NULL,NULL,NULL,NULL,NULL,NULL,NULL,NULL,1,1,1,'','ext-ct38',1,'2022-11-30 14:45:00','2022-11-30 14:45:00'),(790,'175',3,1,'2011-11-29',NULL,NULL,3,NULL,NULL,NULL,NULL,NULL,NULL,NULL,NULL,NULL,NULL,NULL,NULL,1,1,1,'','ext-ct38',1,'2022-11-30 14:45:57','2022-12-07 14:40:51'),(791,'8856',3,1,'2018-11-30',NULL,120,3,NULL,NULL,NULL,NULL,NULL,NULL,NULL,NULL,NULL,NULL,NULL,NULL,1,1,1,'','ext-ct38',1,'2022-11-30 14:46:42','2022-11-30 14:46:42'),(792,'C034',3,1,'2015-11-30',NULL,120,3,NULL,NULL,NULL,NULL,NULL,NULL,NULL,NULL,NULL,NULL,NULL,NULL,1,1,1,'','ext-ct38',1,'2022-11-30 14:47:26','2022-11-30 14:47:26'),(793,'H008',3,1,'2020-03-26',NULL,120,3,NULL,NULL,NULL,NULL,NULL,NULL,NULL,NULL,NULL,NULL,NULL,NULL,1,1,1,'','ext-ct38',1,'2022-11-30 14:48:13','2022-11-30 14:48:13'),(794,'G035',3,1,'2019-03-09',NULL,120,3,NULL,NULL,NULL,NULL,NULL,NULL,NULL,NULL,NULL,NULL,NULL,NULL,1,1,1,NULL,'ext-ct38',1,'2022-11-30 14:48:56','2023-02-07 10:11:25'),(795,'H009',3,1,'2020-03-22',NULL,120,3,NULL,NULL,NULL,NULL,NULL,NULL,NULL,NULL,NULL,NULL,NULL,NULL,1,1,1,'','ext-ct38',1,'2022-11-30 14:49:38','2022-11-30 14:49:38'),(796,'H022',3,1,'2020-11-30',NULL,120,3,NULL,NULL,NULL,NULL,NULL,NULL,NULL,NULL,NULL,NULL,NULL,NULL,1,1,1,'','ext-ct38',1,'2022-11-30 14:50:14','2022-11-30 14:50:14'),(797,'7475',3,1,'2007-11-30',NULL,120,3,NULL,NULL,NULL,NULL,NULL,NULL,NULL,NULL,NULL,NULL,NULL,NULL,1,1,1,'','ext-ct38',1,'2022-11-30 14:50:45','2022-11-30 14:50:45'),(798,'9738',3,1,'2009-11-30',NULL,120,3,NULL,NULL,NULL,NULL,NULL,NULL,NULL,NULL,NULL,NULL,NULL,NULL,1,1,1,'','ext-ct38',1,'2022-11-30 14:51:19','2022-11-30 14:51:19'),(799,'9305',3,1,'2009-11-30',NULL,120,3,NULL,NULL,NULL,NULL,NULL,NULL,NULL,NULL,NULL,NULL,NULL,NULL,1,1,1,'','ext-ct38',1,'2022-11-30 14:51:52','2022-11-30 14:51:52'),(800,'676',3,1,'2006-11-30',NULL,120,4,NULL,NULL,NULL,NULL,NULL,NULL,NULL,NULL,NULL,NULL,NULL,NULL,1,1,1,'','ext-ct38',1,'2022-11-30 14:53:18','2022-11-30 14:53:18'),(801,'C053',3,1,'2015-11-30',NULL,120,3,NULL,NULL,NULL,NULL,NULL,NULL,NULL,NULL,NULL,NULL,NULL,NULL,1,1,1,'','ext-ct38',1,'2022-11-30 14:53:54','2022-11-30 14:53:54'),(802,'F027',3,1,NULL,NULL,120,3,NULL,NULL,NULL,NULL,NULL,NULL,NULL,NULL,NULL,NULL,NULL,NULL,1,1,1,'','ext-ct38',1,'2022-11-30 14:54:23','2022-11-30 14:54:23'),(803,'F227',3,1,'2018-02-17',NULL,NULL,3,NULL,NULL,NULL,NULL,NULL,NULL,NULL,NULL,NULL,NULL,NULL,NULL,1,1,1,NULL,'ext-ct38',1,'2022-11-30 14:55:05','2023-03-14 07:29:29'),(804,'G028',3,1,'2019-04-18',NULL,120,3,NULL,NULL,NULL,NULL,NULL,NULL,NULL,NULL,NULL,NULL,NULL,NULL,1,1,1,NULL,'ext-ct38',1,'2022-11-30 14:56:05','2023-02-07 10:10:13'),(805,'4356',3,1,'2004-11-30',NULL,120,3,NULL,NULL,NULL,NULL,NULL,NULL,NULL,NULL,NULL,NULL,NULL,NULL,1,1,1,'','ext-ct38',1,'2022-11-30 14:56:41','2022-11-30 14:56:41'),(806,'G047',3,1,'2019-02-21',NULL,120,3,NULL,NULL,NULL,NULL,NULL,NULL,NULL,NULL,NULL,NULL,NULL,NULL,1,1,1,'','ext-ct38',1,'2022-11-30 14:57:14','2022-11-30 14:57:14'),(807,'H046',3,1,'2020-11-30',NULL,120,3,NULL,NULL,NULL,NULL,NULL,NULL,NULL,NULL,NULL,NULL,NULL,NULL,1,1,1,'','ext-ct38',1,'2022-11-30 14:57:43','2022-11-30 14:57:43'),(808,'F008',3,1,'2018-01-30',NULL,120,3,NULL,NULL,NULL,NULL,NULL,NULL,NULL,NULL,NULL,NULL,NULL,NULL,1,1,1,'','ext-ct38',1,'2022-11-30 14:58:13','2022-11-30 14:58:13'),(809,'C032',3,1,'2015-03-30',NULL,120,3,NULL,NULL,NULL,NULL,NULL,NULL,NULL,NULL,NULL,NULL,NULL,NULL,1,1,1,'','ext-ct38',1,'2022-11-30 15:00:03','2022-11-30 15:00:03'),(810,'G004',3,1,'2019-11-30',NULL,15,3,NULL,NULL,NULL,NULL,NULL,NULL,790,NULL,NULL,NULL,NULL,NULL,1,1,1,NULL,'ext-ct38',1,'2022-11-30 15:00:46','2024-03-12 12:39:58'),(811,'8847',3,1,'2008-04-04',NULL,120,3,NULL,NULL,NULL,NULL,NULL,NULL,NULL,NULL,NULL,NULL,NULL,NULL,1,1,1,'','ext-ct38',1,'2022-11-30 15:01:25','2022-11-30 15:01:25'),(812,'H047',3,1,'2020-02-24',NULL,120,3,NULL,NULL,NULL,NULL,NULL,NULL,NULL,NULL,NULL,NULL,NULL,NULL,1,1,1,'','ext-ct38',1,'2022-11-30 15:02:05','2022-11-30 15:02:05'),(813,'F122',3,1,'2018-11-30',NULL,120,3,NULL,NULL,NULL,NULL,NULL,NULL,NULL,NULL,NULL,NULL,NULL,NULL,1,1,1,'','ext-ct38',1,'2022-11-30 15:02:40','2022-11-30 15:02:40'),(814,'F045',3,1,'2018-03-18',NULL,120,3,NULL,NULL,NULL,NULL,NULL,NULL,NULL,NULL,NULL,NULL,NULL,NULL,1,1,1,'','ext-ct38',1,'2022-11-30 15:03:17','2022-11-30 15:03:17'),(815,'F028',3,1,'2018-02-22',NULL,120,3,NULL,NULL,NULL,NULL,NULL,NULL,NULL,NULL,NULL,NULL,NULL,NULL,1,1,1,'','ext-ct38',1,'2022-11-30 15:03:48','2022-11-30 15:03:48'),(816,'859',3,1,'2008-02-13',NULL,120,3,NULL,NULL,NULL,NULL,NULL,NULL,NULL,NULL,NULL,NULL,NULL,NULL,1,1,1,'','ext-ct38',1,'2022-11-30 15:05:06','2022-11-30 15:05:06'),(817,'6768',3,1,'2006-01-25',NULL,120,3,NULL,NULL,NULL,NULL,NULL,NULL,NULL,NULL,NULL,NULL,NULL,NULL,1,1,1,'','ext-ct38',1,'2022-11-30 15:05:59','2022-11-30 15:05:59'),(818,'3241',3,1,'2003-02-22',NULL,120,4,NULL,NULL,NULL,NULL,NULL,NULL,NULL,NULL,NULL,NULL,NULL,NULL,1,1,1,'','ext-ct38',1,'2022-11-30 15:06:37','2022-11-30 15:06:37'),(819,'4591',3,1,'2004-03-25',NULL,120,3,NULL,NULL,NULL,NULL,NULL,NULL,NULL,NULL,NULL,NULL,NULL,NULL,1,1,1,'','ext-ct38',1,'2022-11-30 15:09:00','2022-11-30 15:09:00'),(820,'2551',3,1,'2002-11-30',NULL,NULL,3,NULL,NULL,NULL,NULL,NULL,NULL,NULL,NULL,NULL,NULL,NULL,NULL,1,1,1,'','ext-ct38',1,'2022-11-30 15:09:26','2022-11-30 15:09:26'),(821,'9078',3,1,'2009-02-27',NULL,NULL,3,NULL,NULL,NULL,NULL,NULL,NULL,NULL,NULL,NULL,NULL,NULL,NULL,1,1,1,'','ext-ct38',1,'2022-11-30 15:10:01','2022-11-30 15:10:01'),(822,'D026',3,1,'2016-11-30',NULL,NULL,3,NULL,NULL,NULL,NULL,NULL,NULL,NULL,NULL,NULL,NULL,NULL,NULL,1,1,1,'','ext-ct38',1,'2022-11-30 15:10:25','2022-11-30 15:10:25'),(823,'D032',3,1,'2016-04-27',NULL,NULL,3,NULL,NULL,NULL,NULL,NULL,NULL,NULL,NULL,NULL,NULL,NULL,NULL,1,1,1,'','ext-ct38',1,'2022-11-30 15:10:54','2022-11-30 15:10:54'),(824,'D233',3,1,'2016-03-23',NULL,15,3,NULL,NULL,NULL,NULL,NULL,NULL,NULL,NULL,NULL,NULL,NULL,NULL,1,1,1,NULL,'ext-ct38',1,'2022-11-30 15:11:25','2023-03-14 07:29:02'),(825,'4323',3,1,'2004-03-24',NULL,NULL,NULL,NULL,NULL,NULL,NULL,NULL,NULL,NULL,NULL,NULL,NULL,NULL,NULL,1,1,1,'','ext-ct38',1,'2022-11-30 15:11:51','2022-11-30 15:11:51'),(826,'H028',3,1,'2020-02-26',NULL,NULL,3,NULL,NULL,NULL,NULL,NULL,NULL,NULL,NULL,NULL,NULL,NULL,NULL,1,1,1,'','ext-ct38',1,'2022-11-30 15:12:34','2022-11-30 15:12:34'),(827,'9240',3,1,'2009-10-22',NULL,NULL,3,NULL,NULL,NULL,NULL,NULL,NULL,NULL,NULL,NULL,NULL,NULL,NULL,1,1,1,'','ext-ct38',1,'2022-11-30 15:13:07','2022-11-30 15:13:07'),(828,'5392',3,1,'2005-02-22',NULL,NULL,3,NULL,NULL,NULL,NULL,NULL,NULL,NULL,NULL,NULL,NULL,NULL,NULL,1,1,1,'','ext-ct38',1,'2022-11-30 15:17:23','2022-11-30 15:17:23'),(829,'9094',3,1,'2009-11-30',NULL,NULL,3,NULL,NULL,NULL,NULL,NULL,NULL,NULL,NULL,NULL,NULL,NULL,NULL,1,1,1,'','ext-ct38',1,'2022-11-30 15:17:50','2022-11-30 15:17:50'),(830,'6223',3,1,'2006-11-30',NULL,NULL,3,NULL,NULL,NULL,NULL,NULL,NULL,NULL,NULL,NULL,NULL,NULL,NULL,1,1,1,'','ext-ct38',1,'2022-11-30 15:18:17','2022-11-30 15:18:17'),(831,'5828',3,1,'2005-11-30',NULL,NULL,3,NULL,NULL,NULL,NULL,NULL,NULL,NULL,NULL,NULL,NULL,NULL,NULL,1,1,1,'','ext-ct38',1,'2022-11-30 15:18:40','2022-11-30 15:18:40'),(832,'7102',3,1,'2007-03-21',NULL,NULL,3,NULL,NULL,NULL,NULL,NULL,NULL,NULL,NULL,NULL,NULL,NULL,NULL,1,1,1,'','ext-ct38',1,'2022-11-30 15:19:05','2022-11-30 15:19:05'),(833,'E016',3,1,'2017-11-30',NULL,NULL,3,NULL,NULL,NULL,NULL,NULL,NULL,NULL,NULL,NULL,NULL,NULL,NULL,1,1,1,'','ext-ct38',1,'2022-11-30 15:19:28','2022-11-30 15:19:28'),(834,'D034',3,1,'2016-11-30',NULL,NULL,3,NULL,NULL,NULL,NULL,NULL,NULL,NULL,NULL,NULL,NULL,NULL,NULL,1,1,1,'','ext-ct38',1,'2022-11-30 15:19:50','2022-11-30 15:19:50'),(835,'D015',3,1,'2016-02-22',NULL,NULL,3,NULL,NULL,NULL,NULL,NULL,NULL,NULL,NULL,NULL,NULL,NULL,NULL,1,1,1,'','ext-ct38',1,'2022-11-30 15:20:36','2022-11-30 15:20:36'),(836,'D203',3,1,'2016-04-02',NULL,NULL,3,NULL,NULL,NULL,NULL,NULL,NULL,NULL,NULL,NULL,NULL,NULL,NULL,1,1,1,NULL,'ext-ct38',1,'2022-11-30 15:21:06','2023-03-14 07:28:45'),(837,'D115',3,1,'2016-03-23',NULL,NULL,3,NULL,NULL,NULL,NULL,NULL,NULL,NULL,NULL,NULL,NULL,NULL,NULL,1,1,1,'','ext-ct38',1,'2022-11-30 15:21:34','2022-11-30 15:21:34'),(838,'8716',3,1,'2008-01-24',NULL,NULL,3,NULL,NULL,NULL,NULL,NULL,NULL,NULL,NULL,NULL,NULL,NULL,NULL,1,1,1,'','ext-ct38',1,'2022-11-30 15:22:20','2022-11-30 15:22:20'),(839,'E057',3,1,'2017-03-23',NULL,NULL,3,NULL,NULL,NULL,NULL,NULL,NULL,NULL,NULL,NULL,NULL,NULL,NULL,1,1,1,'','ext-ct38',1,'2022-11-30 15:22:45','2022-11-30 15:22:45'),(840,'F121',3,1,'2018-02-21',NULL,NULL,3,NULL,NULL,NULL,NULL,NULL,NULL,NULL,NULL,NULL,NULL,NULL,NULL,1,1,1,'','ext-ct38',1,'2022-11-30 15:23:10','2022-11-30 15:23:10'),(841,'5754',3,1,'2005-09-25',NULL,NULL,3,NULL,NULL,NULL,NULL,NULL,NULL,NULL,NULL,NULL,NULL,NULL,NULL,1,1,1,'','ext-ct38',1,'2022-11-30 15:23:36','2022-11-30 15:23:36'),(842,'B015',3,1,'2014-03-06',NULL,NULL,3,NULL,NULL,NULL,NULL,NULL,NULL,NULL,NULL,NULL,NULL,NULL,NULL,1,1,1,'','ext-ct38',1,'2022-11-30 15:24:04','2022-11-30 15:24:04'),(843,'E116',3,1,'2017-04-07',NULL,NULL,3,NULL,NULL,NULL,NULL,NULL,NULL,NULL,NULL,NULL,NULL,NULL,NULL,1,1,1,'','ext-ct38',1,'2022-11-30 15:24:35','2022-11-30 15:24:35'),(844,'8352',3,1,'2008-04-26',NULL,NULL,4,NULL,NULL,NULL,NULL,NULL,NULL,NULL,NULL,NULL,NULL,NULL,NULL,1,1,1,'','ext-ct38',1,'2022-11-30 15:25:14','2022-11-30 15:25:14'),(845,'H027',3,1,'2020-03-01',NULL,NULL,3,NULL,NULL,NULL,NULL,NULL,NULL,NULL,NULL,NULL,NULL,NULL,NULL,1,1,1,'','ext-ct38',1,'2022-11-30 15:35:24','2022-11-30 15:35:24'),(846,'9964',3,1,'2009-04-06',NULL,NULL,3,NULL,NULL,NULL,NULL,NULL,NULL,NULL,NULL,NULL,NULL,NULL,NULL,1,1,1,'','ext-ct38',1,'2022-11-30 15:36:04','2022-11-30 15:36:04'),(847,'G056',3,1,'2019-01-15',NULL,NULL,3,NULL,NULL,NULL,NULL,NULL,NULL,NULL,NULL,NULL,NULL,NULL,NULL,1,1,1,'','ext-ct38',1,'2022-11-30 15:36:31','2022-11-30 15:36:31'),(848,'9869',3,1,'2009-09-27',NULL,NULL,3,NULL,NULL,NULL,NULL,NULL,NULL,NULL,NULL,NULL,NULL,NULL,NULL,1,1,1,'','ext-ct38',1,'2022-11-30 15:36:55','2022-11-30 15:36:55'),(849,'H068',3,1,'2020-03-26',NULL,NULL,3,NULL,NULL,NULL,NULL,NULL,NULL,NULL,NULL,NULL,NULL,NULL,NULL,1,1,1,'','ext-ct38',1,'2022-11-30 15:37:19','2022-11-30 15:37:19'),(850,'A107',3,1,'2013-02-14',NULL,NULL,3,NULL,NULL,NULL,NULL,NULL,NULL,NULL,NULL,NULL,NULL,NULL,NULL,1,1,1,'','ext-ct38',1,'2022-11-30 15:37:44','2022-11-30 15:37:44'),(851,'H062',3,1,'2020-02-23',NULL,NULL,3,NULL,NULL,NULL,NULL,NULL,NULL,NULL,NULL,NULL,NULL,NULL,NULL,1,1,1,'','ext-ct38',1,'2022-11-30 15:38:36','2022-11-30 15:38:36'),(852,'H013',3,1,'2020-03-26',NULL,NULL,3,NULL,NULL,NULL,NULL,NULL,NULL,NULL,NULL,NULL,NULL,NULL,NULL,1,1,1,'','ext-ct38',1,'2022-11-30 15:39:01','2022-11-30 15:39:01'),(853,'9957',3,1,'2009-04-22',NULL,NULL,3,NULL,NULL,NULL,NULL,NULL,NULL,NULL,NULL,NULL,NULL,NULL,NULL,1,1,1,'','ext-ct38',1,'2022-11-30 15:39:26','2022-11-30 15:39:26'),(854,'5890',3,1,'2005-05-07',NULL,NULL,4,NULL,NULL,NULL,NULL,NULL,NULL,NULL,NULL,NULL,NULL,NULL,NULL,1,1,1,'','ext-ct38',1,'2022-11-30 15:39:57','2022-11-30 15:39:57'),(855,'G052',3,1,'2019-03-12',NULL,15,1,NULL,NULL,NULL,NULL,NULL,NULL,NULL,NULL,NULL,NULL,NULL,NULL,1,1,1,NULL,'ext-ct38',1,'2022-11-30 15:40:25','2023-02-07 10:11:13'),(856,'7080',3,1,'2007-02-03',NULL,NULL,3,NULL,NULL,NULL,NULL,NULL,NULL,NULL,NULL,NULL,NULL,NULL,NULL,1,1,1,'','ext-ct38',1,'2022-11-30 15:40:51','2022-11-30 15:40:51'),(857,'H003',3,1,'2020-02-07',NULL,NULL,3,NULL,NULL,NULL,NULL,NULL,NULL,790,NULL,NULL,NULL,NULL,NULL,1,1,1,NULL,'ext-ct38',1,'2022-11-30 15:41:24','2023-03-14 07:23:23'),(858,'H103',3,1,'2020-03-17',NULL,NULL,3,NULL,NULL,NULL,NULL,NULL,NULL,NULL,NULL,NULL,NULL,NULL,NULL,1,1,1,NULL,'ext-ct38',1,'2022-11-30 15:41:48','2023-03-14 07:29:53'),(859,'194',3,1,'2011-11-23',NULL,NULL,3,NULL,NULL,NULL,NULL,NULL,NULL,NULL,NULL,NULL,NULL,NULL,NULL,1,1,1,'','ext-ct38',1,'2022-11-30 15:42:32','2022-11-30 15:42:32'),(860,'C015',3,1,'2015-04-22',NULL,NULL,3,NULL,NULL,NULL,NULL,NULL,NULL,NULL,NULL,NULL,NULL,NULL,NULL,1,1,1,'','ext-ct38',1,'2022-11-30 15:43:00','2022-11-30 15:43:00'),(861,'H054',3,1,'2020-03-26',NULL,NULL,3,NULL,NULL,NULL,NULL,NULL,NULL,NULL,NULL,NULL,NULL,NULL,NULL,1,1,1,'','ext-ct38',1,'2022-11-30 15:43:28','2022-11-30 15:43:28'),(862,'7069',3,1,'2007-02-09',NULL,NULL,3,NULL,NULL,NULL,NULL,NULL,NULL,NULL,NULL,NULL,NULL,NULL,NULL,1,1,1,'','ext-ct38',1,'2022-11-30 15:43:57','2022-11-30 15:43:57'),(863,'8754',3,1,'2008-03-25',NULL,NULL,3,NULL,NULL,NULL,NULL,NULL,NULL,NULL,NULL,NULL,NULL,NULL,NULL,1,1,1,'','ext-ct38',1,'2022-11-30 15:44:32','2022-11-30 15:44:32'),(864,'4934',3,1,'2004-03-24',NULL,NULL,3,NULL,NULL,NULL,NULL,NULL,NULL,NULL,NULL,NULL,NULL,NULL,NULL,1,1,1,'','ext-ct38',1,'2022-11-30 15:44:58','2022-11-30 15:44:58'),(865,'204',3,1,'2012-10-25',NULL,NULL,3,NULL,NULL,NULL,NULL,NULL,NULL,NULL,NULL,NULL,NULL,NULL,NULL,1,1,1,'','ext-ct38',1,'2022-11-30 15:45:32','2022-11-30 15:45:32'),(866,'199',3,1,'2011-09-26',NULL,NULL,3,NULL,NULL,NULL,NULL,NULL,NULL,NULL,NULL,NULL,NULL,NULL,NULL,1,1,1,'','ext-ct38',1,'2022-11-30 15:45:56','2022-11-30 15:45:56'),(867,'D004',3,1,'2016-02-10',NULL,NULL,3,NULL,NULL,NULL,NULL,NULL,NULL,NULL,NULL,NULL,NULL,NULL,NULL,1,1,1,'','ext-ct38',1,'2022-11-30 15:46:21','2022-11-30 15:46:21'),(868,'8360',3,1,'2008-02-24',NULL,NULL,4,NULL,NULL,NULL,NULL,NULL,NULL,NULL,NULL,NULL,NULL,NULL,NULL,1,1,1,'','ext-ct38',1,'2022-11-30 15:46:54','2022-11-30 15:46:54'),(869,'8788',3,1,'2008-01-18',NULL,NULL,3,NULL,NULL,NULL,NULL,NULL,NULL,NULL,NULL,NULL,NULL,NULL,NULL,1,1,1,'','ext-ct38',1,'2022-11-30 15:47:18','2022-11-30 15:47:18'),(870,'H041',3,1,'2020-02-27',NULL,NULL,3,NULL,NULL,NULL,NULL,NULL,NULL,NULL,NULL,NULL,NULL,NULL,NULL,1,1,1,'','ext-ct38',1,'2022-11-30 15:47:43','2022-12-07 14:40:43'),(871,'5673',3,1,'2005-09-23',NULL,NULL,3,NULL,NULL,NULL,NULL,NULL,NULL,NULL,NULL,NULL,NULL,NULL,NULL,1,1,1,'','ext-ct38',1,'2022-11-30 15:48:09','2022-11-30 15:48:09'),(872,'9837',3,1,'2009-04-09',NULL,NULL,3,NULL,NULL,NULL,NULL,NULL,NULL,NULL,NULL,NULL,NULL,NULL,NULL,1,1,1,'','ext-ct38',1,'2022-11-30 15:48:38','2022-11-30 15:48:38'),(873,'5893',3,1,'2005-03-24',NULL,NULL,3,NULL,NULL,NULL,NULL,NULL,NULL,NULL,NULL,NULL,NULL,NULL,NULL,1,1,1,'','ext-ct38',1,'2022-11-30 15:49:16','2022-11-30 15:49:16'),(874,'516',3,1,'2005-10-26',NULL,NULL,4,NULL,NULL,NULL,NULL,NULL,NULL,NULL,NULL,NULL,NULL,NULL,NULL,1,1,1,'','ext-ct38',1,'2022-11-30 15:49:50','2022-11-30 15:50:03'),(875,'D030',3,1,'2016-04-24',NULL,NULL,NULL,NULL,NULL,NULL,NULL,NULL,NULL,NULL,NULL,NULL,NULL,NULL,NULL,1,1,1,'','ext-ct38',1,'2022-11-30 16:11:05','2022-11-30 16:11:05'),(876,'D152',3,2,'2009-11-07',NULL,15,NULL,NULL,NULL,NULL,NULL,NULL,NULL,NULL,NULL,NULL,NULL,NULL,NULL,1,1,1,NULL,'ext-ct38',1,'2022-12-07 14:42:26','2023-03-14 07:28:22'),(877,'K001',3,1,'2022-01-25',NULL,120,1,39,NULL,NULL,NULL,1,1,745,5,5,1,5,881,1,1,1,'','ext-ct38',1,'2022-12-07 15:20:52','2022-12-07 15:33:51'),(878,'1609',1,2,'2011-10-15',NULL,15,1,NULL,NULL,NULL,NULL,NULL,NULL,NULL,NULL,NULL,NULL,NULL,NULL,1,1,1,'','ext-ct38',1,'2022-12-07 15:22:31','2022-12-07 15:22:31'),(879,'8039',1,2,'2018-02-05',NULL,15,1,NULL,NULL,NULL,NULL,NULL,NULL,NULL,NULL,NULL,NULL,NULL,NULL,1,1,1,'','ext-ct38',1,'2022-12-07 15:23:14','2022-12-07 15:23:14'),(880,'1609G',1,1,'2019-09-19',NULL,15,12,NULL,NULL,NULL,NULL,NULL,NULL,NULL,NULL,NULL,NULL,NULL,NULL,2,3,3,NULL,'ext-ct38',1,'2022-12-07 15:24:11','2024-01-05 16:07:27'),(881,'7382E',1,1,'2017-09-17',NULL,15,1,NULL,NULL,NULL,NULL,NULL,NULL,NULL,NULL,NULL,NULL,NULL,NULL,1,1,1,'','ext-ct38',1,'2022-12-07 15:27:12','2022-12-07 15:27:12'),(882,'956G',1,1,'2019-01-10',NULL,15,1,NULL,NULL,NULL,NULL,NULL,NULL,NULL,NULL,NULL,NULL,NULL,NULL,1,1,1,'','ext-ct38',1,'2022-12-07 15:28:33','2022-12-07 15:28:33'),(883,'E031',1,1,'2017-02-17',NULL,15,1,NULL,NULL,NULL,NULL,NULL,NULL,NULL,NULL,NULL,NULL,NULL,NULL,1,1,1,'','ext-ct38',1,'2022-12-07 15:29:18','2022-12-07 15:29:18'),(884,'E092',1,1,'2017-02-01',NULL,15,1,NULL,NULL,NULL,NULL,NULL,NULL,NULL,NULL,NULL,NULL,NULL,NULL,1,1,1,'','ext-ct38',1,'2022-12-07 15:31:15','2022-12-07 15:31:15'),(885,'F106',1,1,'2018-09-22',NULL,42,12,NULL,NULL,NULL,NULL,NULL,NULL,NULL,NULL,NULL,NULL,NULL,NULL,1,1,1,'','ext-ct38',1,'2022-12-07 15:32:01','2022-12-07 15:32:01'),(886,'G1609',1,1,NULL,NULL,42,12,NULL,NULL,NULL,NULL,NULL,NULL,NULL,NULL,NULL,NULL,NULL,NULL,1,1,1,'','ext-ct38',1,'2022-12-07 15:32:52','2022-12-07 15:32:52'),(887,'K002',3,1,'2022-01-28',NULL,120,3,46,NULL,NULL,NULL,1,1,754,5,5,1,5,881,1,1,1,'','ext-ct38',1,'2022-12-07 15:35:37','2022-12-07 15:35:37'),(888,'K003',3,1,'2022-01-28',NULL,120,3,NULL,NULL,NULL,NULL,1,1,746,5,5,1,5,886,1,1,1,NULL,'ext-ct38',1,'2022-12-07 15:37:53','2023-03-14 07:58:45'),(889,'K004',3,1,'2022-01-29',NULL,NULL,1,51,NULL,NULL,NULL,1,1,747,5,5,1,5,882,1,1,1,'','ext-ct38',1,'2022-12-07 15:42:44','2022-12-07 15:42:44'),(890,'K005',3,1,'2022-01-29',NULL,NULL,1,64,NULL,NULL,NULL,1,1,748,6,6,1,5,882,1,1,1,'','ext-ct38',1,'2022-12-07 15:44:16','2022-12-07 15:47:25'),(891,'K006',1,1,'2022-01-30',NULL,NULL,1,55,NULL,NULL,NULL,1,1,749,7,7,1,5,886,1,1,1,'','ext-ct38',1,'2022-12-07 15:47:13','2022-12-07 15:47:13'),(892,'K007',3,1,'2022-01-31',NULL,NULL,3,82,NULL,NULL,NULL,1,1,750,6,5,1,5,882,1,1,1,'','ext-ct38',1,'2022-12-07 15:49:14','2022-12-07 15:49:14'),(893,'K008',3,1,'2022-01-31',NULL,NULL,1,62,NULL,NULL,NULL,1,1,751,5,5,1,5,881,1,1,1,'','ext-ct38',1,'2022-12-07 15:51:03','2022-12-07 15:51:03'),(894,'K009',3,1,'2022-02-02',NULL,NULL,1,68,NULL,NULL,NULL,1,1,752,6,6,1,5,881,1,1,1,'','ext-ct38',1,'2022-12-07 15:52:31','2022-12-07 15:52:31'),(895,'K010',1,1,'2022-02-01',NULL,NULL,NULL,50,NULL,NULL,NULL,1,1,753,6,6,1,5,878,1,1,1,'','ext-ct38',1,'2022-12-07 15:54:12','2022-12-07 15:54:12'),(896,'K011',3,1,'2022-02-02',NULL,NULL,3,69,NULL,NULL,NULL,1,1,761,7,7,1,5,881,1,1,1,'','ext-ct38',1,'2022-12-07 16:04:15','2022-12-07 16:04:15'),(897,'K012',1,1,'2022-02-02',NULL,NULL,NULL,50,NULL,NULL,NULL,1,1,764,6,4,1,5,882,1,1,1,'','ext-ct38',1,'2022-12-07 16:08:20','2022-12-07 16:08:20'),(898,'K013',3,1,'2022-02-02',NULL,NULL,1,67,NULL,NULL,NULL,1,1,763,5,5,1,5,881,1,1,1,'','ext-ct38',1,'2022-12-07 16:09:35','2022-12-07 16:09:35'),(899,'K014',3,1,'2022-02-02',NULL,NULL,NULL,69,NULL,NULL,NULL,1,1,762,6,6,1,5,882,1,1,1,'','ext-ct38',1,'2022-12-07 16:10:50','2022-12-07 16:10:50'),(900,'K015',3,1,'2022-02-02',NULL,NULL,1,75,NULL,NULL,NULL,1,1,779,5,6,1,5,886,1,1,1,'','ext-ct38',1,'2022-12-07 16:12:24','2022-12-07 16:12:24'),(901,'K016',1,1,'2022-02-03',NULL,NULL,1,79,NULL,NULL,NULL,1,1,780,5,5,1,5,886,1,1,1,'','ext-ct38',1,'2022-12-07 16:13:44','2022-12-07 16:13:44'),(902,'K017',3,1,'2022-02-04',NULL,NULL,NULL,70,NULL,NULL,NULL,1,1,781,6,5,1,5,886,1,1,1,'','ext-ct38',1,'2022-12-07 16:16:39','2022-12-07 16:16:39'),(903,'K018',1,1,'2022-02-04',NULL,NULL,NULL,117,NULL,NULL,NULL,1,1,782,4,5,1,5,886,1,1,1,'','ext-ct38',1,'2022-12-07 16:18:17','2022-12-07 16:18:17'),(904,'K019',3,1,'2022-02-04',NULL,NULL,NULL,69,NULL,NULL,NULL,1,1,783,5,5,1,5,881,1,1,1,'','ext-ct38',1,'2022-12-07 16:19:55','2022-12-07 16:19:55'),(905,'K020',1,1,'2022-02-04',NULL,NULL,NULL,91,NULL,NULL,NULL,1,5,778,NULL,NULL,3,5,881,1,1,1,'','ext-ct38',1,'2022-12-07 16:21:53','2022-12-07 16:21:53'),(906,'K021',3,1,'2022-02-04',NULL,NULL,NULL,81,NULL,NULL,NULL,1,1,784,6,6,1,5,881,1,1,1,'','ext-ct38',1,'2022-12-07 16:23:33','2022-12-07 16:23:33'),(907,'K022',3,1,'2022-02-04',NULL,NULL,NULL,72,NULL,NULL,NULL,1,1,786,6,6,1,5,886,1,1,1,'','ext-ct38',1,'2022-12-07 16:24:51','2022-12-07 16:24:51'),(908,'K023',1,1,'2022-02-05',NULL,NULL,NULL,73,NULL,NULL,NULL,1,1,787,5,5,1,5,NULL,1,1,1,'','ext-ct38',1,'2022-12-07 16:26:11','2022-12-07 16:26:11'),(909,'K024',3,1,'2022-02-05',NULL,NULL,1,74,NULL,NULL,NULL,1,1,785,5,5,1,5,882,1,1,1,'','ext-ct38',1,'2022-12-07 16:27:37','2022-12-07 16:27:37'),(910,'K025',1,1,'2022-02-05',NULL,NULL,3,82,NULL,NULL,NULL,1,1,788,4,5,1,5,881,1,1,1,'','ext-ct38',1,'2022-12-07 16:30:03','2022-12-07 16:30:03'),(911,'K026',1,1,'2022-02-05',NULL,NULL,1,75,NULL,NULL,NULL,1,1,789,5,5,1,5,882,1,1,1,'','ext-ct38',1,'2022-12-07 16:31:37','2022-12-07 16:31:37'),(912,'K027',3,1,'2022-02-06',NULL,NULL,1,69,NULL,NULL,NULL,1,1,790,5,5,1,6,886,1,1,1,'','ext-ct38',1,'2022-12-07 16:33:13','2022-12-07 16:41:25'),(913,'K028',3,1,'2022-02-05',NULL,NULL,1,55,NULL,NULL,NULL,1,1,791,6,6,1,5,886,1,1,1,'','ext-ct38',1,'2022-12-07 16:34:36','2022-12-07 16:34:36'),(914,'K029',1,1,'2022-02-06',NULL,NULL,1,82,NULL,NULL,NULL,1,1,792,7,5,1,5,882,1,1,1,'','ext-ct38',1,'2022-12-07 16:35:53','2022-12-07 16:35:53'),(915,'K030',1,1,'2022-02-06',NULL,NULL,1,72,NULL,NULL,NULL,1,1,793,7,7,1,6,878,1,1,1,'','ext-ct38',1,'2022-12-07 16:38:23','2022-12-07 16:38:23'),(916,'K031',3,1,'2022-02-06',NULL,NULL,1,74,NULL,NULL,NULL,1,1,794,7,8,1,5,881,1,1,1,'','ext-ct38',1,'2022-12-07 16:40:25','2022-12-07 16:40:25'),(917,'K032',3,1,'2022-02-06',NULL,NULL,1,75,NULL,NULL,NULL,1,1,795,6,7,1,5,886,1,1,1,'','ext-ct38',1,'2022-12-07 16:43:15','2022-12-07 16:43:15'),(918,'K033',1,1,'2022-02-06',NULL,NULL,1,56,NULL,NULL,NULL,1,1,796,6,7,1,5,881,1,1,1,'','ext-ct38',1,'2022-12-07 16:44:35','2022-12-07 16:44:35'),(919,'K034',1,1,'2022-02-08',NULL,NULL,1,81,NULL,NULL,NULL,1,1,797,5,5,1,4,882,1,1,1,'','ext-ct38',1,'2022-12-07 16:46:07','2022-12-07 16:46:07'),(920,'K035',1,1,'2022-02-08',NULL,NULL,3,75,NULL,NULL,NULL,1,1,798,5,5,1,5,882,1,1,1,'','ext-ct38',1,'2022-12-07 16:48:03','2022-12-07 16:48:03'),(921,'K036',3,1,'2022-02-09',NULL,NULL,1,80,NULL,NULL,NULL,1,1,799,NULL,NULL,1,5,882,1,1,1,'','ext-ct38',1,'2022-12-07 16:50:13','2022-12-07 16:50:13'),(922,'K037',3,1,'2022-02-10',NULL,NULL,1,87,NULL,NULL,NULL,1,1,800,5,5,1,5,886,1,1,1,'','ext-ct38',1,'2022-12-07 16:51:32','2022-12-07 16:51:32'),(923,'K038',3,1,'2022-02-10',NULL,NULL,1,76,NULL,NULL,NULL,1,1,801,5,4,1,5,881,1,1,1,'','ext-ct38',1,'2022-12-07 16:52:55','2022-12-07 16:52:55'),(924,'K039',1,1,'2022-02-14',NULL,NULL,1,NULL,NULL,NULL,NULL,1,5,802,NULL,NULL,NULL,NULL,NULL,1,1,1,'','ext-ct38',1,'2022-12-07 16:54:36','2022-12-07 16:54:36'),(925,'K040',1,1,'2022-02-13',NULL,NULL,1,63,NULL,NULL,NULL,1,1,804,7,7,1,5,882,1,1,1,'','ext-ct38',1,'2022-12-07 16:56:01','2022-12-07 16:56:01'),(926,'K041',1,1,'2022-02-14',NULL,NULL,1,85,NULL,NULL,NULL,1,1,805,5,5,1,4,886,1,1,1,'','ext-ct38',1,'2022-12-08 09:47:16','2022-12-08 09:47:16'),(927,'K042',3,1,'2022-02-18',NULL,NULL,3,60,NULL,NULL,NULL,1,1,806,5,5,1,5,884,1,1,1,'','ext-ct38',1,'2022-12-08 09:49:27','2022-12-08 09:49:27'),(928,'K043',1,1,'2022-02-18',NULL,NULL,1,50,NULL,NULL,NULL,1,1,807,5,5,1,5,884,1,1,1,'','ext-ct38',1,'2022-12-08 09:50:58','2022-12-08 09:50:58'),(929,'K044',3,1,'2022-02-20',NULL,NULL,3,60,NULL,NULL,NULL,1,1,808,5,5,1,5,879,1,1,1,'','ext-ct38',1,'2022-12-08 09:52:25','2022-12-08 09:52:25'),(930,'K045',1,1,'2022-02-20',NULL,NULL,1,65,NULL,NULL,NULL,1,1,809,6,5,1,6,883,1,1,1,'','ext-ct38',1,'2022-12-08 09:54:12','2022-12-08 09:54:12'),(931,'K047',1,1,'2022-02-20',NULL,NULL,1,65,NULL,NULL,NULL,1,1,811,5,5,1,5,885,1,1,1,'','ext-ct38',1,'2022-12-08 09:55:33','2022-12-08 09:58:28'),(932,'K046',1,1,'2022-02-20',NULL,NULL,1,60,NULL,NULL,NULL,1,1,810,5,5,1,5,884,1,1,1,'','ext-ct38',1,'2022-12-08 09:57:09','2022-12-08 09:59:07'),(933,'K048',1,1,'2022-02-20',NULL,NULL,1,75,NULL,NULL,NULL,1,1,812,5,5,1,5,884,1,1,1,'','ext-ct38',1,'2022-12-08 10:00:40','2022-12-08 10:00:40'),(934,'K049',3,1,'2022-02-22',NULL,NULL,1,79,NULL,NULL,NULL,1,1,813,5,5,1,5,884,1,1,1,'','ext-ct38',1,'2022-12-08 10:02:17','2022-12-08 10:02:17'),(935,'K050',3,1,'2022-02-22',NULL,NULL,1,70,NULL,NULL,NULL,1,1,814,5,5,1,5,879,1,1,1,'','ext-ct38',1,'2022-12-08 10:03:40','2022-12-08 10:03:40'),(936,'K051',1,1,'2022-02-22',NULL,NULL,1,70,NULL,NULL,NULL,1,1,815,5,5,1,5,879,1,1,1,'','ext-ct38',1,'2022-12-08 10:04:51','2022-12-08 10:04:51'),(937,'K052',3,1,'2022-02-22',NULL,NULL,1,70,NULL,NULL,NULL,1,1,816,5,5,1,5,885,1,1,1,'','ext-ct38',1,'2022-12-08 10:06:17','2022-12-08 10:06:17'),(938,'K053',1,1,'2022-02-22',NULL,NULL,3,75,NULL,NULL,NULL,1,1,817,5,5,1,5,885,1,1,1,'','ext-ct38',1,'2022-12-08 10:08:01','2022-12-08 10:08:01'),(939,'K054',3,1,'2022-02-23',NULL,NULL,1,65,NULL,NULL,NULL,1,1,818,5,5,1,5,885,1,1,1,'','ext-ct38',1,'2022-12-08 10:09:21','2022-12-08 10:09:21'),(940,'K055',1,1,'2022-02-28',NULL,NULL,3,95,NULL,NULL,NULL,1,NULL,819,NULL,NULL,NULL,NULL,885,1,1,1,'','ext-ct38',1,'2022-12-08 10:11:39','2022-12-08 10:11:39'),(941,'K056',1,1,'2022-02-23',NULL,NULL,1,70,NULL,NULL,NULL,1,1,820,5,5,1,5,885,1,1,1,'','ext-ct38',1,'2022-12-08 10:13:16','2022-12-08 10:13:16'),(942,'K057',1,1,'2022-02-23',NULL,NULL,1,60,NULL,NULL,NULL,1,1,821,5,5,1,5,885,1,1,1,'','ext-ct38',1,'2022-12-08 10:14:32','2022-12-08 10:14:32'),(943,'K058',3,1,'2022-02-23',NULL,NULL,1,80,NULL,NULL,NULL,1,1,822,4,5,1,5,879,1,1,1,'','ext-ct38',1,'2022-12-08 10:16:13','2022-12-08 10:16:13'),(944,'K059',3,1,'2022-02-23',NULL,NULL,1,85,NULL,NULL,NULL,1,1,823,5,5,1,5,879,1,1,1,'','ext-ct38',1,'2022-12-08 10:17:33','2022-12-08 10:17:33'),(945,'K060',3,1,'2022-02-23',NULL,NULL,1,83,NULL,NULL,NULL,1,1,875,5,5,1,5,879,1,1,1,'','ext-ct38',1,'2022-12-08 10:19:05','2022-12-08 10:19:05'),(946,'K061',3,1,'2022-02-23',NULL,NULL,1,85,NULL,NULL,NULL,1,1,825,4,5,1,5,883,1,1,1,'','ext-ct38',1,'2022-12-08 10:31:32','2022-12-08 10:31:32'),(947,'K062',1,1,'2022-02-23',NULL,NULL,1,70,NULL,NULL,NULL,1,1,826,5,5,1,5,884,1,1,1,'','ext-ct38',1,'2022-12-08 10:32:45','2022-12-08 10:32:45'),(948,'K063',3,1,'2022-02-28',NULL,NULL,1,86,NULL,NULL,NULL,1,1,827,5,5,1,5,885,1,1,1,'','ext-ct38',1,'2022-12-08 10:34:20','2022-12-08 10:34:20'),(949,'K064',1,1,'2022-02-28',NULL,NULL,1,100,NULL,NULL,NULL,1,1,828,5,5,1,5,885,1,1,1,'','ext-ct38',1,'2022-12-08 10:35:44','2022-12-08 10:35:44'),(950,'K065',3,1,'2022-02-28',NULL,NULL,1,70,NULL,NULL,NULL,1,1,829,5,5,1,5,885,1,1,1,'','ext-ct38',1,'2022-12-08 10:37:06','2022-12-08 10:37:06'),(951,'K066',1,1,'2022-02-28',NULL,NULL,1,92,NULL,NULL,NULL,1,1,830,5,5,1,6,885,1,1,1,'','ext-ct38',1,'2022-12-08 10:39:00','2022-12-08 10:39:00'),(952,'K067',1,1,'2022-02-28',NULL,NULL,1,80,NULL,NULL,NULL,1,1,831,5,5,1,5,885,1,1,1,'','ext-ct38',1,'2022-12-08 10:40:24','2022-12-08 10:40:24'),(953,'K068',1,1,'2022-02-28',NULL,NULL,1,70,NULL,NULL,NULL,1,1,832,5,5,1,5,885,1,1,1,'','ext-ct38',1,'2022-12-08 10:41:34','2022-12-08 10:41:34'),(954,'K069',3,1,'2022-03-01',NULL,NULL,1,75,NULL,NULL,NULL,1,2,833,5,5,1,5,879,1,1,1,'','ext-ct38',1,'2022-12-08 10:42:56','2022-12-08 10:42:56'),(955,'K070',1,1,'2022-03-01',NULL,NULL,1,70,NULL,NULL,NULL,1,1,834,5,5,1,5,879,1,1,1,'','ext-ct38',1,'2022-12-08 10:44:08','2022-12-08 10:44:08'),(956,'K071',3,1,'2022-03-01',NULL,NULL,1,80,NULL,NULL,NULL,1,1,835,5,5,1,5,885,1,1,1,'','ext-ct38',1,'2022-12-08 11:09:38','2022-12-08 11:09:38'),(957,'K072',3,1,'2022-03-01',NULL,NULL,1,68,NULL,NULL,NULL,1,1,837,5,5,1,5,879,1,1,1,'','ext-ct38',1,'2022-12-08 11:10:55','2022-12-08 11:10:55'),(958,'K073',3,1,'2022-03-01',NULL,NULL,1,90,NULL,NULL,NULL,1,1,838,5,5,1,5,885,1,1,1,'','ext-ct38',1,'2022-12-08 11:12:21','2022-12-08 11:12:21'),(959,'K074',3,1,'2022-03-02',NULL,NULL,1,65,NULL,NULL,NULL,1,1,839,5,5,1,5,883,1,1,1,'','ext-ct38',1,'2022-12-08 11:13:38','2022-12-08 11:13:38'),(960,'K075',1,1,'2022-03-02',NULL,NULL,1,90,NULL,NULL,NULL,1,1,840,5,5,1,5,884,1,1,1,'','ext-ct38',1,'2022-12-08 11:14:56','2022-12-08 11:14:56'),(961,'K076',3,1,'2022-03-02',NULL,NULL,1,75,NULL,NULL,NULL,1,1,841,5,5,1,5,883,1,1,1,'','ext-ct38',1,'2022-12-08 11:16:08','2022-12-08 11:16:08'),(962,'K077',1,1,'2022-03-02',NULL,NULL,1,70,NULL,NULL,NULL,1,1,842,5,5,1,5,883,1,1,1,'','ext-ct38',1,'2022-12-08 11:17:36','2022-12-08 11:17:36'),(963,'K078',1,1,'2022-03-02',NULL,NULL,1,70,NULL,NULL,NULL,1,1,843,5,5,1,5,879,1,1,1,'','ext-ct38',1,'2022-12-08 11:18:56','2022-12-08 11:18:56'),(964,'K079',3,1,'2022-03-02',NULL,NULL,3,75,NULL,NULL,NULL,1,1,844,5,5,1,5,885,1,1,1,'','ext-ct38',1,'2022-12-08 11:20:35','2022-12-08 11:21:50'),(965,'K080',1,1,'2022-03-04',NULL,NULL,1,75,NULL,NULL,NULL,NULL,4,996,NULL,NULL,NULL,NULL,NULL,1,1,1,'','ext-ct38',1,'2022-12-08 11:22:50','2022-12-08 12:32:37'),(966,'K081',3,1,'2022-03-09',NULL,NULL,1,60,NULL,NULL,NULL,1,1,845,7,7,1,5,884,1,1,1,'','ext-ct38',1,'2022-12-08 11:24:37','2022-12-08 11:24:37'),(967,'K082',3,1,'2022-03-05',NULL,NULL,1,55,NULL,NULL,NULL,1,1,846,7,7,1,5,885,1,1,1,'','ext-ct38',1,'2022-12-08 11:27:28','2022-12-08 11:27:28'),(968,'K083',3,1,'2022-03-04',NULL,NULL,1,55,NULL,NULL,NULL,1,1,847,6,6,1,5,884,1,1,1,'','ext-ct38',1,'2022-12-08 11:28:44','2022-12-08 11:28:44'),(969,'K084',1,1,'2022-03-04',NULL,NULL,3,65,NULL,NULL,NULL,1,1,848,5,5,1,5,885,1,1,1,'','ext-ct38',1,'2022-12-08 11:30:15','2022-12-08 11:30:15'),(970,'K085',1,1,'2022-03-04',NULL,NULL,1,75,NULL,NULL,NULL,1,1,849,7,7,1,5,884,1,1,1,'','ext-ct38',1,'2022-12-08 11:31:56','2022-12-08 11:31:56'),(971,'K086',3,1,'2022-03-06',NULL,NULL,1,60,NULL,NULL,NULL,1,6,850,5,5,1,5,883,1,1,1,'','ext-ct38',1,'2022-12-08 11:33:16','2022-12-08 11:33:16'),(972,'K087',3,1,'2022-03-07',NULL,NULL,1,68,NULL,NULL,NULL,1,1,851,7,7,1,5,884,1,1,1,'','ext-ct38',1,'2022-12-08 11:34:22','2022-12-08 11:34:22'),(973,'K088',1,1,'2022-03-07',NULL,NULL,1,68,NULL,NULL,NULL,1,1,852,7,7,1,5,884,1,1,1,'','ext-ct38',1,'2022-12-08 11:35:24','2022-12-08 11:35:24'),(974,'K089',3,1,'2022-03-07',NULL,NULL,1,65,NULL,NULL,NULL,1,1,853,5,5,1,5,885,1,1,1,'','ext-ct38',1,'2022-12-08 11:37:04','2022-12-08 11:37:04'),(975,'K090',3,1,'2022-03-07',NULL,NULL,1,65,NULL,NULL,NULL,1,1,854,5,5,1,5,885,1,1,1,'','ext-ct38',1,'2022-12-08 11:38:26','2022-12-08 11:38:26'),(976,'K091',1,1,'2022-03-04',NULL,NULL,3,55,NULL,NULL,NULL,1,NULL,855,3,3,NULL,NULL,884,1,1,1,'','ext-ct38',1,'2022-12-08 11:39:54','2022-12-08 11:39:54'),(977,'K092',3,1,'2022-03-13',NULL,NULL,1,100,NULL,NULL,NULL,1,1,856,5,5,1,5,885,1,1,1,'','ext-ct38',1,'2022-12-08 11:41:17','2022-12-08 11:41:17'),(978,'K093',1,1,'2022-03-15',NULL,NULL,1,65,NULL,NULL,NULL,1,1,857,5,5,1,5,884,1,1,1,'','ext-ct38',1,'2022-12-08 11:42:41','2022-12-08 11:42:41'),(979,'K094',3,1,'2022-03-21',NULL,NULL,3,80,NULL,NULL,NULL,1,1,859,5,5,1,5,879,1,1,1,'','ext-ct38',1,'2022-12-08 11:43:40','2022-12-08 11:43:40'),(980,'K095',3,1,'2022-03-21',NULL,NULL,1,98,NULL,NULL,NULL,1,1,860,5,5,1,5,883,1,1,1,'','ext-ct38',1,'2022-12-08 11:45:04','2022-12-08 11:45:04'),(981,'K096',1,1,NULL,NULL,NULL,1,85,NULL,NULL,NULL,1,1,861,5,5,1,5,884,1,1,1,'','ext-ct38',1,'2022-12-08 11:46:12','2022-12-08 11:46:12'),(982,'K097',3,1,'2022-03-21',NULL,NULL,1,88,NULL,NULL,NULL,1,1,862,5,5,1,5,885,1,1,1,'','ext-ct38',1,'2022-12-08 11:49:45','2022-12-08 11:49:45'),(983,'K098',3,1,'2022-03-23',NULL,NULL,1,78,NULL,NULL,NULL,1,1,863,5,5,1,5,885,1,1,1,'','ext-ct38',1,'2022-12-08 11:51:28','2022-12-08 11:51:28'),(984,'K099',1,1,'2022-03-24',NULL,NULL,1,74,NULL,NULL,NULL,1,1,864,5,5,1,5,885,1,1,1,'','ext-ct38',1,'2022-12-08 12:10:54','2022-12-08 12:10:54'),(985,'K100',3,1,'2022-03-31',NULL,NULL,1,60,NULL,NULL,NULL,1,1,865,5,5,1,5,885,1,1,1,'','ext-ct38',1,'2022-12-08 12:12:17','2022-12-08 12:12:17'),(986,'K101',3,1,'2022-03-31',NULL,NULL,1,90,NULL,NULL,NULL,1,1,866,5,5,1,5,883,1,1,1,'','ext-ct38',1,'2022-12-08 12:13:39','2022-12-08 12:13:39'),(987,'K102',1,1,'2022-03-31',NULL,NULL,3,94,NULL,NULL,NULL,1,1,867,5,5,1,5,885,1,1,1,'','ext-ct38',1,'2022-12-08 12:14:52','2022-12-08 12:14:52'),(988,'K103',1,1,'2022-03-31',NULL,NULL,1,99,NULL,NULL,NULL,2,1,868,5,6,1,5,885,1,1,1,'','ext-ct38',1,'2022-12-08 12:16:28','2022-12-08 12:16:28'),(989,'K104',3,1,'2022-03-31',NULL,NULL,1,55,NULL,NULL,NULL,2,1,868,5,6,1,5,885,1,1,1,'','ext-ct38',1,'2022-12-08 12:17:51','2022-12-08 12:17:51'),(990,'K105',1,1,'2022-03-31',NULL,NULL,3,108,NULL,NULL,NULL,1,1,869,5,5,1,5,885,1,1,1,'','ext-ct38',1,'2022-12-08 12:19:11','2022-12-08 12:19:11'),(991,'K106',1,1,'2022-04-02',NULL,NULL,1,70,NULL,NULL,NULL,1,1,870,6,5,1,5,884,1,1,1,NULL,'ext-ct38',1,'2022-12-08 12:20:31','2023-03-28 09:28:15'),(992,'K107',3,1,'2022-04-02',NULL,NULL,1,55,NULL,NULL,NULL,1,1,871,6,5,1,5,885,1,1,1,'','ext-ct38',1,'2022-12-08 12:21:54','2022-12-08 12:21:54'),(993,'K108',1,1,'2022-04-04',NULL,NULL,1,90,NULL,NULL,NULL,1,1,872,5,5,1,5,885,1,1,1,NULL,'ext-ct38',1,'2022-12-08 12:23:23','2023-03-28 09:30:11'),(994,'K109',3,1,'2022-04-06',NULL,NULL,1,80,NULL,NULL,NULL,1,1,873,6,5,1,5,885,1,1,1,'','ext-ct38',1,'2022-12-08 12:25:17','2022-12-08 12:25:17'),(995,'K110',3,1,'2022-04-06',NULL,NULL,1,85,NULL,NULL,NULL,1,1,874,6,5,1,5,885,1,1,1,'','ext-ct38',1,'2022-12-08 12:26:42','2022-12-08 12:27:57'),(996,'B101',3,2,'2015-10-08',NULL,NULL,1,NULL,NULL,NULL,NULL,NULL,NULL,NULL,NULL,NULL,NULL,NULL,NULL,1,1,1,'','ext-ct38',1,'2022-12-08 12:32:05','2022-12-08 12:32:05'),(997,'test1323',2,1,'2023-01-16',NULL,1,NULL,NULL,NULL,NULL,NULL,NULL,NULL,NULL,NULL,NULL,NULL,NULL,NULL,1,1,1,'','ext-kn1',1,'2023-01-03 10:24:08','2023-01-03 10:24:08'),(998,'test',4,2,'2023-01-11','2023-01-18',NULL,NULL,NULL,NULL,NULL,NULL,NULL,NULL,NULL,NULL,NULL,NULL,NULL,NULL,1,1,1,'','ext-kn1',1,'2023-01-04 08:47:43','2023-01-04 08:47:43'),(999,'aaa-1',1,1,'2023-01-28',NULL,19,NULL,NULL,NULL,NULL,NULL,NULL,NULL,NULL,NULL,NULL,NULL,NULL,NULL,1,1,1,'','ext-kn1',1,'2023-01-04 09:36:18','2023-01-04 11:56:14'),(1000,'aaa-2',2,1,'2023-01-19',NULL,NULL,5,NULL,NULL,NULL,NULL,NULL,NULL,NULL,NULL,NULL,NULL,NULL,NULL,1,1,1,NULL,'ext-kn1',1,'2023-01-04 09:36:18','2023-02-10 11:10:58'),(1001,'aaa-3',3,1,'2023-01-19',NULL,NULL,NULL,NULL,NULL,NULL,NULL,NULL,NULL,NULL,NULL,NULL,NULL,NULL,NULL,1,1,1,'','ext-kn1',1,'2023-01-04 09:36:18','2023-01-04 09:36:18'),(1002,'bbbb-1',1,2,'2023-01-10','2023-01-19',NULL,NULL,NULL,NULL,NULL,NULL,NULL,NULL,NULL,NULL,NULL,NULL,NULL,NULL,1,1,1,'','ext-kn1',1,'2023-01-04 09:36:56','2023-01-04 09:36:56'),(1003,'bbbb-2',2,2,'2023-01-10','2023-01-13',NULL,NULL,NULL,NULL,NULL,NULL,NULL,NULL,NULL,NULL,NULL,NULL,NULL,NULL,1,1,1,'','ext-kn1',1,'2023-01-04 09:36:56','2023-01-04 12:00:33'),(1004,'bbbb-3',3,2,'2023-01-10','2023-01-19',NULL,NULL,NULL,NULL,NULL,NULL,NULL,NULL,NULL,NULL,NULL,NULL,NULL,NULL,1,1,1,'','ext-kn1',1,'2023-01-04 09:36:56','2023-01-04 09:36:56'),(1005,'ccc2',4,1,'2023-01-14',NULL,NULL,NULL,NULL,NULL,NULL,NULL,NULL,NULL,NULL,NULL,NULL,NULL,NULL,NULL,1,1,1,'','ext-kn1',1,'2023-01-04 09:40:08','2023-01-04 09:40:08'),(1006,'sss1',4,2,'2023-01-05','2023-01-14',NULL,NULL,NULL,NULL,NULL,NULL,NULL,NULL,NULL,NULL,NULL,NULL,NULL,NULL,1,1,1,'','ext-kn1',1,'2023-01-04 09:40:30','2023-01-04 09:40:30'),(1007,'sss2',4,2,'2023-01-05','2023-01-14',NULL,NULL,NULL,NULL,NULL,NULL,NULL,NULL,NULL,NULL,NULL,NULL,NULL,NULL,1,1,1,'','ext-kn1',1,'2023-01-04 09:40:30','2023-01-04 09:40:30'),(1008,'zzz3',4,1,'2023-01-07',NULL,NULL,NULL,NULL,NULL,NULL,NULL,NULL,NULL,NULL,NULL,NULL,NULL,NULL,NULL,1,1,1,'','ext-kn1',1,'2023-01-04 09:44:11','2023-01-04 09:44:11'),(1009,'zzz2',4,1,'2023-01-07',NULL,NULL,NULL,NULL,NULL,NULL,NULL,NULL,NULL,NULL,NULL,NULL,NULL,NULL,NULL,1,1,1,'','ext-kn1',1,'2023-01-04 09:44:11','2023-01-04 09:44:11'),(1010,'bsdfsdf3',4,2,'2023-01-05','2023-02-03',NULL,NULL,NULL,NULL,NULL,NULL,NULL,NULL,NULL,NULL,NULL,NULL,NULL,NULL,1,1,1,'','ext-kn1',1,'2023-01-04 09:44:36','2023-01-04 09:44:36'),(1011,'bsdfsdf2',4,2,'2023-01-05','2023-02-03',NULL,NULL,NULL,NULL,NULL,NULL,NULL,NULL,NULL,NULL,NULL,NULL,NULL,NULL,1,1,1,'','ext-kn1',1,'2023-01-04 09:44:36','2023-01-04 09:44:36'),(1012,'bsdfsdf1',4,2,'2023-01-05','2023-02-03',NULL,NULL,NULL,NULL,NULL,NULL,NULL,NULL,NULL,NULL,NULL,NULL,NULL,NULL,1,1,1,'','ext-kn1',1,'2023-01-04 09:44:36','2023-01-04 09:44:36'),(1013,'1423',1,2,'2023-01-12','2023-01-26',7,5,2.22,'aaa','aaaaaaaa','aaaaaaaaaaaaaaa',NULL,NULL,NULL,NULL,NULL,NULL,NULL,NULL,1,1,1,'this is a test','ext-kn1',1,'2023-01-05 11:23:56','2023-02-10 10:21:12'),(1014,'66666',1,2,NULL,NULL,3,NULL,NULL,NULL,'aaaaaaaa','aaaaaaaaaaaaaaa',NULL,NULL,NULL,NULL,NULL,NULL,NULL,NULL,1,1,1,'test','ext-kn1',1,'2023-01-05 11:31:10','2023-02-10 10:21:18'),(1015,'bbb',2,2,'2023-01-03','2023-01-11',NULL,5,234,'aaa','12345678','123456789098765',NULL,NULL,NULL,NULL,NULL,NULL,NULL,NULL,1,1,1,'test','ext-kn1',1,'2023-01-31 10:36:59','2023-01-31 10:37:13'),(1016,'spring-11',1,1,'2023-01-24',NULL,NULL,NULL,NULL,NULL,NULL,NULL,NULL,NULL,NULL,NULL,NULL,NULL,NULL,NULL,1,1,1,NULL,'ext-kn1',1,'2023-01-31 11:39:10','2023-08-29 14:40:01'),(1017,'spring-2',1,1,'2023-01-24',NULL,NULL,NULL,NULL,NULL,NULL,NULL,NULL,NULL,NULL,NULL,NULL,NULL,NULL,NULL,1,1,1,NULL,'ext-kn1',1,'2023-01-31 11:39:10','2023-01-31 11:39:10'),(1018,'spring-3',2,1,'2023-01-24',NULL,NULL,NULL,NULL,NULL,NULL,NULL,NULL,NULL,NULL,NULL,NULL,NULL,NULL,NULL,1,1,1,NULL,'ext-kn1',1,'2023-01-31 11:39:10','2023-01-31 11:39:10'),(1019,'spring-4',2,1,'2023-01-24',NULL,NULL,NULL,NULL,NULL,NULL,NULL,NULL,NULL,NULL,NULL,NULL,NULL,NULL,NULL,1,1,1,NULL,'ext-kn1',1,'2023-01-31 11:39:10','2023-01-31 11:39:10'),(1020,'spring-5',3,1,'2023-01-24',NULL,NULL,NULL,NULL,NULL,NULL,NULL,NULL,NULL,NULL,NULL,NULL,NULL,NULL,NULL,1,1,1,NULL,'ext-kn1',1,'2023-01-31 11:39:10','2023-01-31 11:39:10'),(1021,'spring-6',3,1,'2023-01-24',NULL,NULL,NULL,NULL,NULL,NULL,NULL,NULL,NULL,NULL,NULL,NULL,NULL,NULL,NULL,1,1,1,NULL,'ext-kn1',1,'2023-01-31 11:39:10','2023-01-31 11:39:10'),(1022,'L001',1,1,'2023-02-07',NULL,NULL,NULL,NULL,NULL,NULL,NULL,NULL,NULL,745,NULL,NULL,NULL,NULL,NULL,1,1,1,NULL,'ext-ct38',1,'2023-02-07 10:38:23','2023-02-07 10:38:23'),(1023,'efg',3,2,NULL,NULL,NULL,NULL,NULL,NULL,NULL,NULL,NULL,NULL,NULL,NULL,NULL,NULL,NULL,NULL,1,1,1,NULL,'ext-kn1',1,'2023-02-08 09:31:51','2023-02-08 09:31:51'),(1024,'birth-1',1,1,NULL,NULL,2,NULL,NULL,NULL,NULL,NULL,NULL,NULL,NULL,NULL,NULL,NULL,NULL,NULL,1,1,1,NULL,'ext-kn1',1,'2023-02-08 09:32:00','2023-02-08 09:32:08'),(1025,'birth-2',2,1,NULL,NULL,1,NULL,NULL,NULL,NULL,NULL,NULL,NULL,NULL,NULL,NULL,NULL,NULL,NULL,1,1,1,NULL,'ext-kn1',1,'2023-02-08 09:32:00','2023-02-08 09:32:17'),(1026,'birth-3',3,1,NULL,NULL,NULL,NULL,NULL,NULL,NULL,NULL,NULL,NULL,NULL,NULL,NULL,NULL,NULL,NULL,1,1,1,NULL,'ext-kn1',1,'2023-02-08 09:32:00','2023-02-08 09:32:00'),(1027,'K032',3,2,NULL,NULL,NULL,4,1040,'Yellow',NULL,NULL,NULL,NULL,NULL,NULL,NULL,NULL,NULL,NULL,1,1,1,NULL,'ext-ct38',1,'2023-09-05 14:28:59','2023-09-05 14:28:59'),(1028,'K038',3,2,NULL,NULL,NULL,4,1080,'Yellow',NULL,NULL,NULL,NULL,NULL,NULL,NULL,NULL,NULL,NULL,1,1,1,NULL,'ext-ct38',1,'2023-09-05 14:29:41','2023-09-05 14:29:41'),(1029,'K072',3,2,NULL,NULL,NULL,4,1135,'Yellow',NULL,NULL,NULL,NULL,NULL,NULL,NULL,NULL,NULL,NULL,1,1,1,NULL,'ext-ct38',1,'2023-09-11 20:17:31','2023-09-11 20:18:18'),(1030,'K050',3,2,NULL,NULL,NULL,4,985,'Yellow',NULL,NULL,NULL,NULL,NULL,NULL,NULL,NULL,NULL,NULL,1,1,1,NULL,'ext-ct38',1,'2023-09-11 20:18:01','2023-09-11 20:18:01'),(1031,'K088',3,2,NULL,NULL,NULL,4,955,'Yellow',NULL,NULL,NULL,NULL,NULL,NULL,NULL,NULL,NULL,NULL,1,1,1,NULL,'ext-ct38',1,'2023-09-11 20:18:52','2023-09-11 20:18:52'),(1032,'K016',3,2,NULL,NULL,NULL,4,1030,'Yellow',NULL,NULL,NULL,NULL,NULL,NULL,NULL,NULL,NULL,NULL,1,1,1,NULL,'ext-ct38',1,'2023-09-11 20:19:51','2023-09-11 20:19:51'),(1033,'K059',3,2,NULL,NULL,NULL,4,950,'Yellow',NULL,NULL,NULL,NULL,NULL,NULL,NULL,NULL,NULL,NULL,1,1,1,NULL,'ext-ct38',1,'2023-09-11 20:20:27','2023-09-11 20:20:27'),(1034,'K007',3,2,NULL,NULL,NULL,4,1205,'Yellow',NULL,NULL,NULL,NULL,NULL,NULL,NULL,NULL,NULL,NULL,1,1,1,NULL,'ext-ct38',1,'2023-09-11 20:21:00','2023-09-11 20:21:00'),(1035,'K052',3,2,NULL,NULL,NULL,4,1030,'Yellow',NULL,NULL,NULL,NULL,NULL,NULL,NULL,NULL,NULL,NULL,1,1,1,NULL,'ext-ct38',1,'2023-09-11 20:21:35','2023-09-11 20:21:35'),(1036,'K095',3,2,NULL,NULL,NULL,4,1190,NULL,NULL,NULL,NULL,NULL,NULL,NULL,NULL,NULL,NULL,NULL,1,1,1,NULL,'ext-ct38',1,'2023-09-11 20:22:00','2023-09-11 20:22:00'),(1037,'K002',3,2,NULL,NULL,NULL,4,1055,NULL,NULL,NULL,NULL,NULL,NULL,NULL,NULL,NULL,NULL,NULL,1,1,1,NULL,'ext-ct38',1,'2023-09-11 20:22:26','2023-09-11 20:22:26'),(1038,'K021',3,2,NULL,NULL,NULL,4,1075,NULL,NULL,NULL,NULL,NULL,NULL,NULL,NULL,NULL,NULL,NULL,1,1,1,NULL,'ext-ct38',1,'2023-09-11 20:22:53','2023-09-11 20:22:53'),(1039,'K028',3,2,NULL,NULL,NULL,4,930,NULL,NULL,NULL,NULL,NULL,NULL,NULL,NULL,NULL,NULL,NULL,1,1,1,NULL,'ext-ct38',1,'2023-09-11 20:23:22','2023-09-11 20:23:22'),(1040,'K017',3,2,NULL,NULL,NULL,4,1040,NULL,NULL,NULL,NULL,NULL,NULL,NULL,NULL,NULL,NULL,NULL,1,1,1,NULL,'ext-ct38',1,'2023-09-11 20:23:49','2023-09-11 20:23:49'),(1041,'K071',3,2,NULL,NULL,NULL,4,1005,NULL,NULL,NULL,NULL,NULL,NULL,NULL,NULL,NULL,NULL,NULL,1,1,1,NULL,'ext-ct38',1,'2023-09-11 20:24:25','2023-09-11 20:24:25'),(1042,'K031',3,2,NULL,NULL,NULL,4,1060,NULL,NULL,NULL,NULL,NULL,NULL,NULL,NULL,NULL,NULL,NULL,1,1,1,NULL,'ext-ct38',1,'2023-09-11 20:24:56','2023-09-11 20:24:56'),(1043,'K074',3,2,NULL,NULL,NULL,4,965,NULL,NULL,NULL,NULL,NULL,NULL,NULL,NULL,NULL,NULL,NULL,1,1,1,NULL,'ext-ct38',1,'2023-09-11 20:25:23','2023-09-11 20:25:23'),(1044,'K005',3,2,NULL,NULL,NULL,4,1035,NULL,NULL,NULL,NULL,NULL,NULL,NULL,NULL,NULL,NULL,NULL,1,1,1,NULL,'ext-ct38',1,'2023-09-11 20:26:00','2023-09-11 20:26:00'),(1045,'K004',3,2,NULL,NULL,NULL,4,1050,NULL,NULL,NULL,NULL,NULL,NULL,NULL,NULL,NULL,NULL,NULL,1,1,1,NULL,'ext-ct38',1,'2023-09-11 20:26:24','2023-09-11 20:26:24'),(1046,'K082',3,2,NULL,NULL,NULL,4,975,NULL,NULL,NULL,NULL,NULL,NULL,NULL,NULL,NULL,NULL,NULL,1,1,1,NULL,'ext-ct38',1,'2023-09-11 20:26:46','2023-09-11 20:26:46'),(1047,'K019',3,2,NULL,NULL,NULL,4,1065,NULL,NULL,NULL,NULL,NULL,NULL,NULL,NULL,NULL,NULL,NULL,1,1,1,NULL,'ext-ct38',1,'2023-09-11 20:27:13','2023-09-11 20:27:13'),(1048,'K037',3,2,NULL,NULL,NULL,4,1155,NULL,NULL,NULL,NULL,NULL,NULL,NULL,NULL,NULL,NULL,NULL,1,1,1,NULL,'ext-ct38',1,'2023-09-11 20:27:37','2023-09-11 20:27:37'),(1049,'K035',3,2,NULL,NULL,NULL,4,1130,NULL,NULL,NULL,NULL,NULL,NULL,NULL,NULL,NULL,NULL,NULL,1,1,1,NULL,'ext-ct38',1,'2023-09-11 20:28:21','2023-09-11 20:28:21'),(1050,'K110',3,2,NULL,NULL,NULL,4,1085,NULL,NULL,NULL,NULL,NULL,NULL,NULL,NULL,NULL,NULL,NULL,1,1,1,NULL,'ext-ct38',1,'2023-09-11 20:28:46','2023-09-11 20:28:46'),(1051,'K027',3,2,NULL,NULL,NULL,4,1095,NULL,NULL,NULL,NULL,NULL,NULL,NULL,NULL,NULL,NULL,NULL,1,1,1,NULL,'ext-ct38',1,'2023-09-11 20:29:12','2023-09-11 20:29:12'),(1052,'K009',3,2,NULL,NULL,NULL,4,1005,NULL,NULL,NULL,NULL,NULL,NULL,NULL,NULL,NULL,NULL,NULL,1,1,1,NULL,'ext-ct38',1,'2023-09-11 20:29:59','2023-09-11 20:29:59'),(1053,'K008',3,2,NULL,NULL,NULL,4,960,NULL,NULL,NULL,NULL,NULL,NULL,NULL,NULL,NULL,NULL,NULL,1,1,1,NULL,'ext-ct38',1,'2023-09-11 20:30:38','2023-09-11 20:30:38'),(1054,'K076',3,2,NULL,NULL,NULL,4,990,NULL,NULL,NULL,NULL,NULL,NULL,NULL,NULL,NULL,NULL,NULL,1,1,1,NULL,'ext-ct38',1,'2023-09-11 20:31:01','2023-09-11 20:31:01'),(1055,'K109',3,2,NULL,NULL,NULL,4,900,NULL,NULL,NULL,NULL,NULL,NULL,NULL,NULL,NULL,NULL,NULL,1,1,1,NULL,'ext-ct38',1,'2023-09-11 20:31:21','2023-09-11 20:31:21'),(1056,'K098',3,2,NULL,NULL,NULL,4,935,NULL,NULL,NULL,NULL,NULL,NULL,NULL,NULL,NULL,NULL,NULL,1,1,1,NULL,'ext-ct38',1,'2023-09-11 20:31:56','2023-09-11 20:31:56'),(1057,'K042',3,2,NULL,NULL,NULL,4,925,NULL,NULL,NULL,NULL,NULL,NULL,NULL,NULL,NULL,NULL,NULL,1,1,1,NULL,'ext-ct38',1,'2023-09-11 20:32:27','2023-09-11 20:32:27'),(1058,'K013',3,2,NULL,NULL,NULL,4,1025,NULL,NULL,NULL,NULL,NULL,NULL,NULL,NULL,NULL,NULL,NULL,1,1,1,NULL,'ext-ct38',1,'2023-09-11 20:32:50','2023-09-11 20:32:50'),(1059,'K024',3,2,NULL,NULL,NULL,4,970,NULL,NULL,NULL,NULL,NULL,NULL,NULL,NULL,NULL,NULL,NULL,1,1,1,NULL,'ext-ct38',1,'2023-09-11 20:33:15','2023-09-11 20:33:15'),(1060,'K011',3,2,NULL,NULL,NULL,4,995,NULL,NULL,NULL,NULL,NULL,NULL,NULL,NULL,NULL,NULL,NULL,1,1,1,NULL,'ext-ct38',1,'2023-09-11 20:33:38','2023-09-11 20:33:38'),(1061,'K100',3,2,NULL,NULL,NULL,4,850,NULL,NULL,NULL,NULL,NULL,NULL,NULL,NULL,NULL,NULL,NULL,1,1,1,NULL,'ext-ct38',1,'2023-09-11 20:34:01','2023-09-11 20:34:01'),(1062,'K058',3,2,NULL,NULL,NULL,4,1005,NULL,NULL,NULL,NULL,NULL,NULL,NULL,NULL,NULL,NULL,NULL,1,1,1,NULL,'ext-ct38',1,'2023-09-11 20:34:22','2023-09-11 20:34:22'),(1063,'K014',3,2,NULL,NULL,NULL,4,960,NULL,NULL,NULL,NULL,NULL,NULL,NULL,NULL,NULL,NULL,NULL,1,1,1,NULL,'ext-ct38',1,'2023-09-11 20:34:51','2023-09-11 20:34:51'),(1064,'K065',3,2,NULL,NULL,NULL,4,1075,NULL,NULL,NULL,NULL,NULL,NULL,NULL,NULL,NULL,NULL,NULL,1,1,1,NULL,'ext-ct38',1,'2023-09-11 20:35:13','2023-09-11 20:35:13'),(1065,'K089',3,2,NULL,NULL,NULL,4,980,NULL,NULL,NULL,NULL,NULL,NULL,NULL,NULL,NULL,NULL,NULL,1,1,1,NULL,'ext-ct38',1,'2023-09-11 20:35:35','2023-09-11 20:35:35'),(1066,'K079',3,2,NULL,NULL,NULL,4,1000,NULL,NULL,NULL,NULL,NULL,NULL,NULL,NULL,NULL,NULL,NULL,1,1,1,NULL,'ext-ct38',1,'2023-09-11 20:35:58','2023-09-11 20:35:58'),(1067,'K092',3,2,NULL,NULL,NULL,4,900,NULL,NULL,NULL,NULL,NULL,NULL,NULL,NULL,NULL,NULL,NULL,1,1,1,NULL,'ext-ct38',1,'2023-09-11 20:36:26','2023-09-11 20:36:26'),(1068,'K091',3,2,NULL,NULL,NULL,4,815,NULL,NULL,NULL,NULL,NULL,NULL,NULL,NULL,NULL,NULL,NULL,1,1,1,NULL,'ext-ct38',1,'2023-09-11 20:36:50','2023-09-11 20:36:50'),(1069,'K101',3,2,NULL,NULL,NULL,4,1010,NULL,NULL,NULL,NULL,NULL,NULL,NULL,NULL,NULL,NULL,NULL,1,1,1,NULL,'ext-ct38',1,'2023-09-11 20:37:11','2023-09-11 20:37:11'),(1070,'K061',3,2,NULL,NULL,NULL,4,1065,NULL,NULL,NULL,NULL,NULL,NULL,NULL,NULL,NULL,NULL,NULL,1,1,1,NULL,'ext-ct38',1,'2023-09-11 20:37:37','2023-09-11 20:37:37'),(1071,'K003',3,2,NULL,NULL,NULL,4,875,NULL,NULL,NULL,NULL,NULL,NULL,NULL,NULL,NULL,NULL,NULL,1,1,1,NULL,'ext-ct38',1,'2023-09-11 20:37:56','2023-09-11 20:37:56'),(1072,'K069',3,2,NULL,NULL,NULL,4,825,NULL,NULL,NULL,NULL,NULL,NULL,NULL,NULL,NULL,NULL,NULL,1,1,1,NULL,'ext-ct38',1,'2023-09-11 20:38:21','2023-09-11 20:38:21'),(1073,'K044',3,2,NULL,NULL,NULL,4,985,NULL,NULL,NULL,NULL,NULL,NULL,NULL,NULL,NULL,NULL,NULL,1,1,1,NULL,'ext-ct38',1,'2023-09-11 20:38:42','2023-09-11 20:38:42'),(1074,'K094',3,2,NULL,NULL,NULL,4,870,NULL,NULL,NULL,NULL,NULL,NULL,NULL,NULL,NULL,NULL,NULL,1,1,1,NULL,'ext-ct38',1,'2023-09-11 20:39:07','2023-09-11 20:39:07'),(1075,'K049',3,2,NULL,NULL,NULL,4,905,NULL,NULL,NULL,NULL,NULL,NULL,NULL,NULL,NULL,NULL,NULL,1,1,1,NULL,'ext-ct38',1,'2023-09-11 20:39:40','2023-09-11 20:39:40'),(1076,'K067',3,2,NULL,NULL,NULL,4,1085,NULL,NULL,NULL,NULL,NULL,NULL,NULL,NULL,NULL,NULL,NULL,1,1,1,NULL,'ext-ct38',1,'2023-09-11 20:40:00','2023-09-11 20:40:00'),(1077,'K063',3,2,NULL,NULL,NULL,4,990,NULL,NULL,NULL,NULL,NULL,NULL,NULL,NULL,NULL,NULL,NULL,1,1,1,NULL,'ext-ct38',1,'2023-09-11 20:40:22','2023-09-11 20:40:22'),(1078,'K022',3,2,NULL,NULL,NULL,4,945,NULL,NULL,NULL,NULL,NULL,NULL,NULL,NULL,NULL,NULL,NULL,1,1,1,NULL,'ext-ct38',1,'2023-09-11 20:40:45','2023-09-11 20:40:45'),(1079,'K054',3,2,NULL,NULL,NULL,4,940,NULL,NULL,NULL,NULL,NULL,NULL,NULL,NULL,NULL,NULL,NULL,1,1,1,NULL,'ext-ct38',1,'2023-09-11 20:41:15','2023-09-11 20:41:15'),(1080,'K073',3,2,NULL,NULL,NULL,4,980,NULL,NULL,NULL,NULL,NULL,NULL,NULL,NULL,NULL,NULL,NULL,1,1,1,NULL,'ext-ct38',1,'2023-09-11 20:41:37','2023-09-11 20:41:37'),(1081,'K097',3,2,NULL,NULL,NULL,4,945,NULL,NULL,NULL,NULL,NULL,NULL,NULL,NULL,NULL,NULL,NULL,1,1,1,NULL,'ext-ct38',1,'2023-09-11 20:42:03','2023-09-11 20:42:03'),(1082,'L068',2,2,NULL,NULL,NULL,1,380,NULL,NULL,NULL,NULL,NULL,NULL,NULL,NULL,NULL,NULL,NULL,1,1,1,NULL,'ext-ct38',1,'2023-09-12 13:31:03','2023-09-12 13:31:03'),(1083,'L036',2,2,NULL,NULL,NULL,1,522,NULL,NULL,NULL,NULL,NULL,NULL,NULL,NULL,NULL,NULL,NULL,1,1,1,NULL,'ext-ct38',1,'2023-09-12 13:32:10','2023-09-12 13:32:10'),(1084,'L070',2,2,NULL,NULL,NULL,1,490,NULL,NULL,NULL,NULL,NULL,NULL,NULL,NULL,NULL,NULL,NULL,1,1,1,NULL,'ext-ct38',1,'2023-09-12 13:32:29','2023-09-12 13:32:29'),(1085,'L059',2,2,NULL,NULL,NULL,1,513,NULL,NULL,NULL,NULL,NULL,NULL,NULL,NULL,NULL,NULL,NULL,1,1,1,NULL,'ext-ct38',1,'2023-09-12 13:32:51','2023-09-12 13:32:51'),(1086,'L072',2,2,NULL,NULL,NULL,1,422,NULL,NULL,NULL,NULL,NULL,NULL,NULL,NULL,NULL,NULL,NULL,1,1,1,NULL,'ext-ct38',1,'2023-09-12 13:33:11','2023-09-12 13:33:11'),(1087,'L071',2,2,NULL,NULL,NULL,1,461,NULL,NULL,NULL,NULL,NULL,NULL,NULL,NULL,NULL,NULL,NULL,1,1,1,NULL,'ext-ct38',1,'2023-09-12 13:33:32','2023-09-12 13:33:32'),(1088,'L006',2,2,NULL,NULL,NULL,1,508,NULL,NULL,NULL,NULL,NULL,NULL,NULL,NULL,NULL,NULL,NULL,1,1,1,NULL,'ext-ct38',1,'2023-09-12 13:33:55','2023-09-12 13:33:55'),(1089,'L063',2,2,NULL,NULL,NULL,1,509,NULL,NULL,NULL,NULL,NULL,NULL,NULL,NULL,NULL,NULL,NULL,1,1,1,NULL,'ext-ct38',1,'2023-09-12 13:34:18','2023-09-12 13:34:18'),(1090,'L010',2,2,NULL,NULL,NULL,1,495,NULL,NULL,NULL,NULL,NULL,NULL,NULL,NULL,NULL,NULL,NULL,1,1,1,NULL,'ext-ct38',1,'2023-09-12 13:34:48','2023-09-12 13:34:48'),(1091,'L026',2,2,NULL,NULL,NULL,1,466,NULL,NULL,NULL,NULL,NULL,NULL,NULL,NULL,NULL,NULL,NULL,1,1,1,NULL,'ext-ct38',1,'2023-09-12 13:35:07','2023-09-12 13:35:07'),(1092,'L035',2,2,NULL,NULL,NULL,1,548,NULL,NULL,NULL,NULL,NULL,NULL,NULL,NULL,NULL,NULL,NULL,1,1,1,NULL,'ext-ct38',1,'2023-09-12 13:35:25','2023-09-12 13:35:25'),(1093,'L060',2,2,NULL,NULL,NULL,1,554,NULL,NULL,NULL,NULL,NULL,NULL,NULL,NULL,NULL,NULL,NULL,1,1,1,NULL,'ext-ct38',1,'2023-09-12 13:35:59','2023-09-12 13:35:59'),(1094,'L037',2,2,NULL,NULL,NULL,1,447,NULL,NULL,NULL,NULL,NULL,NULL,NULL,NULL,NULL,NULL,NULL,1,1,1,NULL,'ext-ct38',1,'2023-09-12 13:36:15','2023-09-12 13:36:15'),(1095,'L065',2,2,NULL,NULL,NULL,1,494,NULL,NULL,NULL,NULL,NULL,NULL,NULL,NULL,NULL,NULL,NULL,1,1,1,NULL,'ext-ct38',1,'2023-09-12 13:36:35','2023-09-12 13:36:35'),(1096,'L012',2,2,NULL,NULL,NULL,1,606,NULL,NULL,NULL,NULL,NULL,NULL,NULL,NULL,NULL,NULL,NULL,1,1,1,NULL,'ext-ct38',1,'2023-09-12 13:36:55','2023-09-12 13:36:55'),(1097,'L057',2,2,NULL,NULL,NULL,1,518,NULL,NULL,NULL,NULL,NULL,NULL,NULL,NULL,NULL,NULL,NULL,1,1,1,NULL,'ext-ct38',1,'2023-09-12 13:37:15','2023-09-12 13:37:15'),(1098,'L069',2,2,NULL,NULL,NULL,1,466,NULL,NULL,NULL,NULL,NULL,NULL,NULL,NULL,NULL,NULL,NULL,1,1,1,NULL,'ext-ct38',1,'2023-09-12 13:37:35','2023-09-12 13:37:35'),(1099,'L015',2,2,NULL,NULL,NULL,1,588,NULL,NULL,NULL,NULL,NULL,NULL,NULL,NULL,NULL,NULL,NULL,1,1,1,NULL,'ext-ct38',1,'2023-09-12 13:37:55','2023-09-12 13:37:55'),(1100,'L001',2,2,NULL,NULL,NULL,1,473,NULL,NULL,NULL,NULL,NULL,NULL,NULL,NULL,NULL,NULL,NULL,1,1,1,NULL,'ext-ct38',1,'2023-09-12 13:38:27','2023-09-12 13:38:27'),(1101,'L004',2,2,NULL,NULL,NULL,1,528,NULL,NULL,NULL,NULL,NULL,NULL,NULL,NULL,NULL,NULL,NULL,1,1,1,NULL,'ext-ct38',1,'2023-09-12 13:38:49','2023-09-12 13:38:49'),(1102,'L029',2,2,NULL,NULL,NULL,1,538,NULL,NULL,NULL,NULL,NULL,NULL,NULL,NULL,NULL,NULL,NULL,1,1,1,NULL,'ext-ct38',1,'2023-09-12 13:39:11','2023-09-12 13:39:11'),(1103,'L034',2,2,NULL,NULL,NULL,1,516,NULL,NULL,NULL,NULL,NULL,NULL,NULL,NULL,NULL,NULL,NULL,1,1,1,NULL,'ext-ct38',1,'2023-09-12 13:39:32','2023-09-12 13:39:32'),(1104,'L003',2,2,NULL,NULL,NULL,1,520,NULL,NULL,NULL,NULL,NULL,NULL,NULL,NULL,NULL,NULL,NULL,1,1,1,NULL,'ext-ct38',1,'2023-09-12 13:39:50','2023-09-12 13:39:50'),(1105,'L019',3,2,NULL,NULL,NULL,1,505,NULL,NULL,NULL,NULL,NULL,NULL,NULL,NULL,NULL,NULL,NULL,1,1,1,NULL,'ext-ct38',1,'2023-09-12 13:40:20','2023-09-12 13:40:20'),(1106,'L023',3,2,NULL,NULL,NULL,1,523,NULL,NULL,NULL,NULL,NULL,NULL,NULL,NULL,NULL,NULL,NULL,1,1,1,NULL,'ext-ct38',1,'2023-09-12 13:40:38','2023-09-12 13:40:53'),(1107,'L024',3,2,NULL,NULL,NULL,1,550,NULL,NULL,NULL,NULL,NULL,NULL,NULL,NULL,NULL,NULL,NULL,1,1,1,NULL,'ext-ct38',1,'2023-09-12 13:41:14','2023-09-12 13:41:14'),(1108,'L064',3,2,NULL,NULL,NULL,1,482,NULL,NULL,NULL,NULL,NULL,NULL,NULL,NULL,NULL,NULL,NULL,1,1,1,NULL,'ext-ct38',1,'2023-09-12 13:41:33','2023-09-12 13:41:33'),(1109,'L076',3,2,NULL,NULL,NULL,1,407,NULL,NULL,NULL,NULL,NULL,NULL,NULL,NULL,NULL,NULL,NULL,1,1,1,NULL,'ext-ct38',1,'2023-09-12 13:41:57','2023-09-12 13:41:57'),(1110,'L058',3,2,NULL,NULL,NULL,1,430,NULL,NULL,NULL,NULL,NULL,NULL,NULL,NULL,NULL,NULL,NULL,1,1,1,NULL,'ext-ct38',1,'2023-09-12 13:42:25','2023-09-12 13:42:25'),(1111,'L051',3,2,NULL,NULL,NULL,1,420,NULL,NULL,NULL,NULL,NULL,NULL,NULL,NULL,NULL,NULL,NULL,1,1,1,NULL,'ext-ct38',1,'2023-09-12 13:42:52','2023-09-12 13:42:52'),(1112,'L014',3,2,NULL,NULL,NULL,1,440,NULL,NULL,NULL,NULL,NULL,NULL,NULL,NULL,NULL,NULL,NULL,1,1,1,NULL,'ext-ct38',1,'2023-09-12 13:43:10','2023-09-12 13:43:10'),(1113,'L005',3,2,NULL,NULL,NULL,1,454,NULL,NULL,NULL,NULL,NULL,NULL,NULL,NULL,NULL,NULL,NULL,1,1,1,NULL,'ext-ct38',1,'2023-09-12 13:43:28','2023-09-12 13:43:28'),(1114,'L061',3,2,NULL,NULL,NULL,1,530,NULL,NULL,NULL,NULL,NULL,NULL,NULL,NULL,NULL,NULL,NULL,1,1,1,NULL,'ext-ct38',1,'2023-09-12 13:43:46','2023-09-12 13:43:46'),(1115,'L025',3,2,NULL,NULL,NULL,1,580,NULL,NULL,NULL,NULL,NULL,NULL,NULL,NULL,NULL,NULL,NULL,1,1,1,NULL,'ext-ct38',1,'2023-09-12 13:44:14','2023-09-12 13:44:14'),(1116,'L009',3,2,NULL,NULL,NULL,1,427,NULL,NULL,NULL,NULL,NULL,NULL,NULL,NULL,NULL,NULL,NULL,1,1,1,NULL,'ext-ct38',1,'2023-09-12 13:44:42','2023-09-12 13:44:42'),(1117,'L011',3,2,NULL,NULL,NULL,1,483,NULL,NULL,NULL,NULL,NULL,NULL,NULL,NULL,NULL,NULL,NULL,1,1,1,NULL,'ext-ct38',1,'2023-09-12 13:45:04','2023-09-12 13:45:04'),(1118,'L074',3,2,NULL,NULL,NULL,1,398,NULL,NULL,NULL,NULL,NULL,NULL,NULL,NULL,NULL,NULL,NULL,1,1,1,NULL,'ext-ct38',1,'2023-09-12 13:45:30','2023-09-12 13:45:30'),(1119,'L075',3,2,NULL,NULL,NULL,1,377,NULL,NULL,NULL,NULL,NULL,NULL,NULL,NULL,NULL,NULL,NULL,1,1,1,NULL,'ext-ct38',1,'2023-09-12 13:45:52','2023-09-12 13:45:52'),(1120,'L030',3,2,NULL,NULL,NULL,1,495,NULL,NULL,NULL,NULL,NULL,NULL,NULL,NULL,NULL,NULL,NULL,1,1,1,NULL,'ext-ct38',1,'2023-09-12 13:46:12','2023-09-12 13:46:12'),(1121,'L021',3,2,NULL,NULL,NULL,1,406,NULL,NULL,NULL,NULL,NULL,NULL,NULL,NULL,NULL,NULL,NULL,1,1,1,NULL,'ext-ct38',1,'2023-09-12 13:46:31','2023-09-12 13:46:31'),(1122,'L073',3,2,NULL,NULL,NULL,1,418,NULL,NULL,NULL,NULL,NULL,NULL,NULL,NULL,NULL,NULL,NULL,1,1,1,NULL,'ext-ct38',1,'2023-09-12 13:46:52','2023-09-12 13:46:52'),(1123,'L002',3,2,NULL,NULL,NULL,1,509,NULL,NULL,NULL,NULL,NULL,NULL,NULL,NULL,NULL,NULL,NULL,1,1,1,NULL,'ext-ct38',1,'2023-09-12 13:47:10','2023-09-12 13:47:10'),(1124,'L066',3,2,NULL,NULL,NULL,1,425,NULL,NULL,NULL,NULL,NULL,NULL,NULL,NULL,NULL,NULL,NULL,1,1,1,NULL,'ext-ct38',1,'2023-09-12 13:47:28','2023-09-12 13:47:28'),(1125,'L020',3,2,NULL,NULL,NULL,NULL,369,NULL,NULL,NULL,NULL,NULL,NULL,NULL,NULL,NULL,NULL,NULL,1,1,1,NULL,'ext-ct38',1,'2023-09-12 13:50:57','2023-09-12 13:50:57'),(1126,'L025',1,2,NULL,NULL,NULL,NULL,495,NULL,NULL,NULL,NULL,NULL,NULL,NULL,NULL,NULL,NULL,NULL,1,1,1,NULL,'ext-ct38',1,'2023-09-12 13:51:19','2023-09-19 15:20:39'),(1127,'L010',1,2,NULL,NULL,NULL,NULL,504,NULL,NULL,NULL,NULL,NULL,NULL,NULL,NULL,NULL,NULL,NULL,1,1,1,NULL,'ext-ct38',1,'2023-09-12 13:51:43','2023-09-19 15:18:52'),(1128,'L016',1,2,NULL,NULL,NULL,NULL,600,NULL,NULL,NULL,NULL,NULL,NULL,NULL,NULL,NULL,NULL,NULL,1,1,1,NULL,'ext-ct38',1,'2023-09-12 13:52:00','2023-09-19 15:19:30'),(1129,'L012',1,2,NULL,NULL,NULL,NULL,624,NULL,NULL,NULL,NULL,NULL,NULL,NULL,NULL,NULL,NULL,NULL,1,1,1,NULL,'ext-ct38',1,'2023-09-12 13:52:17','2023-09-19 15:19:04'),(1130,'L009',1,2,NULL,NULL,NULL,NULL,546,NULL,NULL,NULL,NULL,NULL,NULL,NULL,NULL,NULL,NULL,NULL,1,1,1,NULL,'ext-ct38',1,'2023-09-12 13:52:34','2023-09-19 15:18:45'),(1131,'L013',1,2,NULL,NULL,NULL,NULL,554,NULL,NULL,NULL,NULL,NULL,NULL,NULL,NULL,NULL,NULL,NULL,1,1,1,NULL,'ext-ct38',1,'2023-09-12 13:52:51','2023-09-19 15:19:11'),(1132,'L001',3,2,NULL,NULL,NULL,NULL,391,NULL,NULL,NULL,NULL,NULL,NULL,NULL,NULL,NULL,NULL,NULL,1,1,1,NULL,'ext-ct38',1,'2023-09-12 13:53:17','2023-09-12 13:53:17'),(1133,'L006',1,2,NULL,NULL,NULL,NULL,590,NULL,NULL,NULL,NULL,NULL,NULL,NULL,NULL,NULL,NULL,NULL,1,1,1,NULL,'ext-ct38',1,'2023-09-12 13:53:36','2023-09-19 15:18:38'),(1134,'L023',1,2,NULL,NULL,NULL,NULL,608,NULL,NULL,NULL,NULL,NULL,NULL,NULL,NULL,NULL,NULL,NULL,1,1,1,NULL,'ext-ct38',1,'2023-09-12 13:53:52','2023-09-19 15:20:17'),(1135,'L028',1,2,NULL,NULL,NULL,NULL,474,NULL,NULL,NULL,NULL,NULL,NULL,NULL,NULL,NULL,NULL,NULL,1,1,1,NULL,'ext-ct38',1,'2023-09-12 13:54:41','2023-09-19 15:21:08'),(1136,'L017',1,2,NULL,NULL,NULL,NULL,582,NULL,NULL,NULL,NULL,NULL,NULL,NULL,NULL,NULL,NULL,NULL,1,1,1,NULL,'ext-ct38',1,'2023-09-12 13:54:57','2023-09-19 15:19:38'),(1137,'L030',1,2,NULL,NULL,NULL,NULL,360,NULL,NULL,NULL,NULL,NULL,NULL,NULL,NULL,NULL,NULL,NULL,1,1,1,NULL,'ext-ct38',1,'2023-09-12 13:55:12','2023-09-19 15:21:17'),(1138,'L015',1,2,NULL,NULL,NULL,NULL,NULL,'612',NULL,NULL,NULL,NULL,NULL,NULL,NULL,NULL,NULL,NULL,1,1,1,NULL,'ext-ct38',1,'2023-09-12 13:55:46','2023-09-19 15:19:24'),(1139,'L011',1,2,NULL,NULL,NULL,NULL,612,NULL,NULL,NULL,NULL,NULL,NULL,NULL,NULL,NULL,NULL,NULL,1,1,1,NULL,'ext-ct38',1,'2023-09-12 13:56:02','2023-09-19 15:18:58'),(1140,'L029',3,2,NULL,NULL,NULL,NULL,375,NULL,NULL,NULL,NULL,NULL,NULL,NULL,NULL,NULL,NULL,NULL,1,1,1,NULL,'ext-ct38',1,'2023-09-12 13:56:18','2023-09-12 13:56:18'),(1141,'L007',1,2,NULL,NULL,NULL,NULL,421,NULL,NULL,NULL,NULL,NULL,NULL,NULL,NULL,NULL,NULL,NULL,1,1,1,NULL,'ext-ct38',1,'2023-09-12 13:56:33','2023-09-21 13:42:20'),(1142,'L003',1,2,NULL,NULL,NULL,NULL,632,NULL,NULL,NULL,NULL,NULL,NULL,NULL,NULL,NULL,NULL,NULL,1,1,1,NULL,'ext-ct38',1,'2023-09-12 13:56:50','2023-09-21 13:42:12'),(1143,'L014',1,2,NULL,NULL,NULL,NULL,612,NULL,NULL,NULL,NULL,NULL,NULL,NULL,NULL,NULL,NULL,NULL,1,1,1,NULL,'ext-ct38',1,'2023-09-12 13:57:15','2023-09-19 15:19:17'),(1144,'L027',1,2,NULL,NULL,NULL,NULL,526,NULL,NULL,NULL,NULL,NULL,NULL,NULL,NULL,NULL,NULL,NULL,1,1,1,NULL,'ext-ct38',1,'2023-09-12 13:57:34','2023-09-19 15:20:59'),(1145,'L019',1,2,NULL,NULL,NULL,NULL,445,NULL,NULL,NULL,NULL,NULL,NULL,NULL,NULL,NULL,NULL,NULL,1,1,1,NULL,'ext-ct38',1,'2023-09-12 13:57:49','2023-09-19 15:19:54'),(1146,'L005',3,2,NULL,NULL,NULL,NULL,338,NULL,NULL,NULL,NULL,NULL,NULL,NULL,NULL,NULL,NULL,NULL,1,1,1,NULL,'ext-ct38',1,'2023-09-12 13:58:08','2023-09-12 13:58:08'),(1147,'L024',1,2,NULL,NULL,NULL,NULL,554,NULL,NULL,NULL,NULL,NULL,NULL,NULL,NULL,NULL,NULL,NULL,1,1,1,NULL,'ext-ct38',1,'2023-09-12 13:58:25','2023-09-19 15:20:26'),(1148,'L021',3,2,NULL,NULL,NULL,NULL,268,NULL,NULL,NULL,NULL,NULL,NULL,NULL,NULL,NULL,NULL,NULL,1,1,1,NULL,'ext-ct38',1,'2023-09-12 13:58:41','2023-09-12 13:58:41'),(1149,'L018',1,2,NULL,NULL,NULL,NULL,534,NULL,NULL,NULL,NULL,NULL,NULL,NULL,NULL,NULL,NULL,NULL,1,1,1,NULL,'ext-ct38',1,'2023-09-12 13:58:59','2023-09-19 15:19:47'),(1150,'L026',1,2,NULL,NULL,NULL,NULL,558,NULL,NULL,NULL,NULL,NULL,NULL,NULL,NULL,NULL,NULL,NULL,1,1,1,NULL,'ext-ct38',1,'2023-09-12 14:00:17','2023-09-19 15:20:49'),(1151,'L022',1,2,NULL,NULL,NULL,NULL,504,NULL,NULL,NULL,NULL,NULL,NULL,NULL,NULL,NULL,NULL,NULL,1,1,1,NULL,'ext-ct38',1,'2023-09-12 14:00:34','2023-09-19 15:20:04'),(1152,'L093',3,2,NULL,NULL,NULL,NULL,439,NULL,NULL,NULL,NULL,NULL,NULL,NULL,NULL,NULL,NULL,NULL,1,1,1,NULL,'ext-ct38',1,'2023-09-12 14:00:51','2023-09-12 14:00:51'),(1153,'L102',3,2,NULL,NULL,NULL,NULL,415,NULL,NULL,NULL,NULL,NULL,NULL,NULL,NULL,NULL,NULL,NULL,1,1,1,NULL,'ext-ct38',1,'2023-09-12 14:01:13','2023-09-12 14:01:13'),(1154,'L099',3,2,NULL,NULL,NULL,NULL,415,NULL,NULL,NULL,NULL,NULL,NULL,NULL,NULL,NULL,NULL,NULL,1,1,1,NULL,'ext-ct38',1,'2023-09-12 14:01:30','2023-09-12 14:01:30'),(1155,'L104',3,2,NULL,NULL,NULL,NULL,398,NULL,NULL,NULL,NULL,NULL,NULL,NULL,NULL,NULL,NULL,NULL,1,1,1,NULL,'ext-ct38',1,'2023-09-12 14:01:47','2023-09-12 14:01:47'),(1156,'L098',1,2,NULL,NULL,NULL,NULL,452,NULL,NULL,NULL,NULL,NULL,NULL,NULL,NULL,NULL,NULL,NULL,1,1,1,NULL,'ext-ct38',1,'2023-09-12 14:02:07','2023-09-19 15:22:32'),(1157,'L091',3,2,NULL,NULL,NULL,NULL,440,NULL,NULL,NULL,NULL,NULL,NULL,NULL,NULL,NULL,NULL,NULL,1,1,1,NULL,'ext-ct38',1,'2023-09-12 14:02:31','2023-09-12 14:02:31'),(1158,'L103',3,2,NULL,NULL,NULL,NULL,382,NULL,NULL,NULL,NULL,NULL,NULL,NULL,NULL,NULL,NULL,NULL,1,1,1,NULL,'ext-ct38',1,'2023-09-12 14:03:00','2023-09-12 14:03:00'),(1159,'L096',3,2,NULL,NULL,NULL,NULL,343,NULL,NULL,NULL,NULL,NULL,NULL,NULL,NULL,NULL,NULL,NULL,1,1,1,NULL,'ext-ct38',1,'2023-09-12 14:03:25','2023-09-12 14:03:25'),(1160,'L105',3,2,NULL,NULL,NULL,NULL,379,NULL,NULL,NULL,NULL,NULL,NULL,NULL,NULL,NULL,NULL,NULL,1,1,1,NULL,'ext-ct38',1,'2023-09-12 14:03:46','2023-09-12 14:03:46'),(1161,'L095',1,2,NULL,NULL,NULL,NULL,432,NULL,NULL,NULL,NULL,NULL,NULL,NULL,NULL,NULL,NULL,NULL,1,1,1,NULL,'ext-ct38',1,'2023-09-12 14:04:06','2023-09-19 15:22:41'),(1162,'L092',1,2,NULL,NULL,NULL,NULL,321,NULL,NULL,NULL,NULL,NULL,NULL,NULL,NULL,NULL,NULL,NULL,1,1,1,NULL,'ext-ct38',1,'2023-09-12 14:04:29','2023-09-19 15:23:03'),(1163,'L087',1,2,NULL,NULL,NULL,NULL,484,NULL,NULL,NULL,NULL,NULL,NULL,NULL,NULL,NULL,NULL,NULL,1,1,1,NULL,'ext-ct38',1,'2023-09-12 14:04:47','2023-09-19 15:23:48'),(1164,'L110',1,2,NULL,NULL,NULL,NULL,390,NULL,NULL,NULL,NULL,NULL,NULL,NULL,NULL,NULL,NULL,NULL,1,1,1,NULL,'ext-ct38',1,'2023-09-12 14:05:07','2023-09-19 15:21:47'),(1165,'L111',3,2,NULL,NULL,NULL,NULL,402,NULL,NULL,NULL,NULL,NULL,NULL,NULL,NULL,NULL,NULL,NULL,1,1,1,NULL,'ext-ct38',1,'2023-09-12 14:05:20','2023-09-12 14:05:20'),(1166,'L107',1,2,NULL,NULL,NULL,NULL,422,NULL,NULL,NULL,NULL,NULL,NULL,NULL,NULL,NULL,NULL,NULL,1,1,1,NULL,'ext-ct38',1,'2023-09-12 14:05:38','2023-09-19 15:22:13'),(1167,'L094',1,2,NULL,NULL,NULL,NULL,469,NULL,NULL,NULL,NULL,NULL,NULL,NULL,NULL,NULL,NULL,NULL,1,1,1,NULL,'ext-ct38',1,'2023-09-12 14:05:56','2023-09-19 15:22:55'),(1168,'L088',1,2,NULL,NULL,NULL,NULL,354,NULL,NULL,NULL,NULL,NULL,NULL,NULL,NULL,NULL,NULL,NULL,1,1,1,NULL,'ext-ct38',1,'2023-09-12 14:06:13','2023-09-19 15:23:25'),(1169,'L090',3,2,NULL,NULL,NULL,NULL,380,NULL,NULL,NULL,NULL,NULL,NULL,NULL,NULL,NULL,NULL,NULL,1,1,1,NULL,'ext-ct38',1,'2023-09-12 14:06:36','2023-09-12 14:06:36'),(1170,'L097',3,2,NULL,NULL,NULL,NULL,344,NULL,NULL,NULL,NULL,NULL,NULL,NULL,NULL,NULL,NULL,NULL,1,1,1,NULL,'ext-ct38',1,'2023-09-12 14:06:52','2023-09-12 14:06:52'),(1171,'L089',1,2,NULL,NULL,NULL,NULL,427,NULL,NULL,NULL,NULL,NULL,NULL,NULL,NULL,NULL,NULL,NULL,1,1,1,NULL,'ext-ct38',1,'2023-09-12 14:07:25','2023-09-19 15:23:13'),(1172,'L108',1,2,NULL,NULL,NULL,NULL,373,NULL,NULL,NULL,NULL,NULL,NULL,NULL,NULL,NULL,NULL,NULL,1,1,1,NULL,'ext-ct38',1,'2023-09-12 14:07:44','2023-09-19 15:22:05'),(1173,'L109',1,2,NULL,NULL,NULL,NULL,330,NULL,NULL,NULL,NULL,NULL,NULL,NULL,NULL,NULL,NULL,NULL,1,1,1,NULL,'ext-ct38',1,'2023-09-12 14:07:58','2023-09-19 15:21:56'),(1174,'L106',3,2,NULL,NULL,NULL,NULL,380,NULL,NULL,NULL,NULL,NULL,NULL,NULL,NULL,NULL,NULL,NULL,1,1,1,NULL,'ext-ct38',1,'2023-09-12 14:08:12','2023-09-12 14:08:12'),(1175,'L101',1,2,NULL,NULL,NULL,NULL,333,NULL,NULL,NULL,NULL,NULL,NULL,NULL,NULL,NULL,NULL,NULL,1,1,1,NULL,'ext-ct38',1,'2023-09-12 14:08:59','2023-09-19 15:22:22'),(1176,'L068',1,2,NULL,NULL,NULL,NULL,477,NULL,NULL,NULL,NULL,NULL,NULL,NULL,NULL,NULL,NULL,NULL,1,1,1,NULL,'ext-ct38',1,'2023-09-12 14:09:18','2023-09-19 15:24:59'),(1177,'L063',1,2,NULL,NULL,NULL,NULL,455,NULL,NULL,NULL,NULL,NULL,NULL,NULL,NULL,NULL,NULL,NULL,1,1,1,NULL,'ext-ct38',1,'2023-09-12 14:09:31','2023-09-19 15:26:03'),(1178,'L064',1,2,NULL,NULL,NULL,NULL,518,NULL,NULL,NULL,NULL,NULL,NULL,NULL,NULL,NULL,NULL,NULL,1,1,1,NULL,'ext-ct38',1,'2023-09-12 14:09:47','2023-09-19 15:25:54'),(1179,'L073',3,2,NULL,NULL,NULL,NULL,441,NULL,NULL,NULL,NULL,NULL,NULL,NULL,NULL,NULL,NULL,NULL,1,1,1,NULL,'ext-ct38',1,'2023-09-12 14:10:05','2023-09-12 14:10:05'),(1180,'L077',1,2,NULL,NULL,NULL,NULL,518,NULL,NULL,NULL,NULL,NULL,NULL,NULL,NULL,NULL,NULL,NULL,1,1,1,NULL,'ext-ct38',1,'2023-09-12 14:10:24','2023-09-19 15:24:07'),(1181,'L066',1,2,NULL,NULL,NULL,NULL,489,NULL,NULL,NULL,NULL,NULL,NULL,NULL,NULL,NULL,NULL,NULL,1,1,1,NULL,'ext-ct38',1,'2023-09-12 14:10:39','2023-09-19 15:25:19'),(1182,'L060',1,2,NULL,NULL,NULL,NULL,480,NULL,NULL,NULL,NULL,NULL,NULL,NULL,NULL,NULL,NULL,NULL,1,1,1,NULL,'ext-ct38',1,'2023-09-12 14:10:56','2023-09-19 15:26:22'),(1183,'L071',3,2,NULL,NULL,NULL,NULL,490,NULL,NULL,NULL,NULL,NULL,NULL,NULL,NULL,NULL,NULL,NULL,1,1,1,NULL,'ext-ct38',1,'2023-09-12 14:11:11','2023-09-12 14:11:11'),(1184,'L062',1,2,NULL,NULL,NULL,NULL,506,NULL,NULL,NULL,NULL,NULL,NULL,NULL,NULL,NULL,NULL,NULL,1,1,1,NULL,'ext-ct38',1,'2023-09-12 14:11:26','2023-09-19 15:26:13'),(1185,'L072',1,2,NULL,NULL,NULL,NULL,490,NULL,NULL,NULL,NULL,NULL,NULL,NULL,NULL,NULL,NULL,NULL,1,1,1,NULL,'ext-ct38',1,'2023-09-12 14:11:39','2023-09-19 15:24:35'),(1186,'L085',3,2,NULL,NULL,NULL,NULL,422,NULL,NULL,NULL,NULL,NULL,NULL,NULL,NULL,NULL,NULL,NULL,1,1,1,NULL,'ext-ct38',1,'2023-09-12 14:11:53','2023-09-12 14:11:53'),(1187,'L061',3,2,NULL,NULL,NULL,NULL,443,NULL,NULL,NULL,NULL,NULL,NULL,NULL,NULL,NULL,NULL,NULL,1,1,1,NULL,'ext-ct38',1,'2023-09-12 14:12:11','2023-09-12 14:12:11'),(1188,'L081',3,2,NULL,NULL,NULL,NULL,446,NULL,NULL,NULL,NULL,NULL,NULL,NULL,NULL,NULL,NULL,NULL,1,1,1,NULL,'ext-ct38',1,'2023-09-12 14:12:25','2023-09-12 14:12:25'),(1189,'L070',1,2,NULL,NULL,NULL,NULL,550,NULL,NULL,NULL,NULL,NULL,NULL,NULL,NULL,NULL,NULL,NULL,1,1,1,NULL,'ext-ct38',1,'2023-09-12 14:12:42','2023-09-19 15:24:48'),(1190,'L075',3,2,NULL,NULL,NULL,NULL,373,NULL,NULL,NULL,NULL,NULL,NULL,NULL,NULL,NULL,NULL,NULL,1,1,1,NULL,'ext-ct38',1,'2023-09-12 14:13:01','2023-09-12 14:13:01'),(1191,'L069',3,2,NULL,NULL,NULL,NULL,469,NULL,NULL,NULL,NULL,NULL,NULL,NULL,NULL,NULL,NULL,NULL,1,1,1,NULL,'ext-ct38',1,'2023-09-12 14:13:18','2023-09-12 14:13:18'),(1192,'L076',1,2,NULL,NULL,NULL,NULL,568,NULL,NULL,NULL,NULL,NULL,NULL,NULL,NULL,NULL,NULL,NULL,1,1,1,NULL,'ext-ct38',1,'2023-09-12 14:13:36','2023-09-19 15:24:21'),(1193,'L079',3,2,NULL,NULL,NULL,NULL,376,NULL,NULL,NULL,NULL,NULL,NULL,NULL,NULL,NULL,NULL,NULL,1,1,1,NULL,'ext-ct38',1,'2023-09-12 14:13:58','2023-09-12 14:13:58'),(1194,'L067',1,2,NULL,NULL,NULL,NULL,497,NULL,NULL,NULL,NULL,NULL,NULL,NULL,NULL,NULL,NULL,NULL,1,1,1,NULL,'ext-ct38',1,'2023-09-12 14:14:13','2023-09-19 15:25:08'),(1195,'L065',1,2,NULL,NULL,NULL,NULL,383,NULL,NULL,NULL,NULL,NULL,NULL,NULL,NULL,NULL,NULL,NULL,1,1,1,NULL,'ext-ct38',1,'2023-09-12 14:14:30','2023-09-19 15:25:35'),(1196,'L074',3,2,NULL,NULL,NULL,NULL,502,NULL,NULL,NULL,NULL,NULL,NULL,NULL,NULL,NULL,NULL,NULL,1,1,1,NULL,'ext-ct38',1,'2023-09-12 14:14:46','2023-09-12 14:14:46'),(1197,'L084',3,2,NULL,NULL,NULL,NULL,384,NULL,NULL,NULL,NULL,NULL,NULL,NULL,NULL,NULL,NULL,NULL,1,1,1,NULL,'ext-ct38',1,'2023-09-12 14:15:01','2023-09-12 14:15:01'),(1198,'L080',3,2,NULL,NULL,NULL,NULL,422,NULL,NULL,NULL,NULL,NULL,NULL,NULL,NULL,NULL,NULL,NULL,1,1,1,NULL,'ext-ct38',1,'2023-09-12 14:15:14','2023-09-12 14:15:14'),(1199,'L086',3,2,NULL,NULL,NULL,NULL,298,NULL,NULL,NULL,NULL,NULL,NULL,NULL,NULL,NULL,NULL,NULL,1,1,1,NULL,'ext-ct38',1,'2023-09-12 14:15:32','2023-09-12 14:15:32'),(1200,'L082',1,2,NULL,NULL,NULL,NULL,448,NULL,NULL,NULL,NULL,NULL,NULL,NULL,NULL,NULL,NULL,NULL,1,1,1,NULL,'ext-ct38',1,'2023-09-12 14:15:53','2023-09-19 15:23:57'),(1201,'L083',1,2,NULL,NULL,NULL,NULL,534,NULL,NULL,NULL,NULL,NULL,NULL,NULL,NULL,NULL,NULL,NULL,1,1,1,NULL,'ext-ct38',1,'2023-09-12 14:16:11','2023-09-19 15:23:38'),(1202,'L042',1,2,NULL,NULL,NULL,NULL,418,NULL,NULL,NULL,NULL,NULL,NULL,NULL,NULL,NULL,NULL,NULL,1,1,1,NULL,'ext-ct38',1,'2023-09-12 14:16:25','2023-09-19 15:27:48'),(1203,'L045',3,2,NULL,NULL,NULL,NULL,522,NULL,NULL,NULL,NULL,NULL,NULL,NULL,NULL,NULL,NULL,NULL,1,1,1,NULL,'ext-ct38',1,'2023-09-12 14:16:40','2023-09-12 14:16:40'),(1204,'L034',3,2,NULL,NULL,NULL,NULL,522,NULL,NULL,NULL,NULL,NULL,NULL,NULL,NULL,NULL,NULL,NULL,1,1,1,NULL,'ext-ct38',1,'2023-09-12 14:16:55','2023-09-12 14:16:55'),(1205,'L049',3,2,NULL,NULL,NULL,NULL,493,NULL,NULL,NULL,NULL,NULL,NULL,NULL,NULL,NULL,NULL,NULL,1,1,1,NULL,'ext-ct38',1,'2023-09-12 14:17:10','2023-09-12 14:17:10'),(1206,'L038',1,2,NULL,NULL,NULL,NULL,544,NULL,NULL,NULL,NULL,NULL,NULL,NULL,NULL,NULL,NULL,NULL,1,1,1,NULL,'ext-ct38',1,'2023-09-12 14:17:25','2023-09-19 15:28:35'),(1207,'L053',3,2,NULL,NULL,NULL,NULL,465,NULL,NULL,NULL,NULL,NULL,NULL,NULL,NULL,NULL,NULL,NULL,1,1,1,NULL,'ext-ct38',1,'2023-09-12 14:17:39','2023-09-12 14:17:39'),(1208,'L058',1,2,NULL,NULL,NULL,NULL,245,NULL,NULL,NULL,NULL,NULL,NULL,NULL,NULL,NULL,NULL,NULL,1,1,1,NULL,'ext-ct38',1,'2023-09-12 14:17:56','2023-09-19 15:26:32'),(1209,'L032',1,2,NULL,NULL,NULL,NULL,616,NULL,NULL,NULL,NULL,NULL,NULL,NULL,NULL,NULL,NULL,NULL,1,1,1,NULL,'ext-ct38',1,'2023-09-12 14:18:10','2023-09-19 15:29:10'),(1210,'L044',1,2,NULL,NULL,NULL,NULL,416,NULL,NULL,NULL,NULL,NULL,NULL,NULL,NULL,NULL,NULL,NULL,1,1,1,NULL,'ext-ct38',1,'2023-09-12 14:18:27','2023-09-19 15:27:12'),(1211,'L031',1,2,NULL,NULL,NULL,NULL,520,NULL,NULL,NULL,NULL,NULL,NULL,NULL,NULL,NULL,NULL,NULL,1,1,1,NULL,'ext-ct38',1,'2023-09-12 14:18:42','2023-09-19 15:21:27'),(1212,'L057',3,2,NULL,NULL,NULL,NULL,520,NULL,NULL,NULL,NULL,NULL,NULL,NULL,NULL,NULL,NULL,NULL,1,1,1,NULL,'ext-ct38',1,'2023-09-12 14:18:57','2023-09-12 14:18:57'),(1213,'L052',3,2,NULL,NULL,NULL,NULL,410,NULL,NULL,NULL,NULL,NULL,NULL,NULL,NULL,NULL,NULL,NULL,1,1,1,NULL,'ext-ct38',1,'2023-09-12 14:19:16','2023-09-12 14:19:16'),(1214,'L048',3,2,NULL,NULL,NULL,NULL,435,NULL,NULL,NULL,NULL,NULL,NULL,NULL,NULL,NULL,NULL,NULL,1,1,1,NULL,'ext-ct38',1,'2023-09-12 14:19:30','2023-09-12 14:19:30'),(1215,'L055',1,2,NULL,NULL,NULL,NULL,522,NULL,NULL,NULL,NULL,NULL,NULL,NULL,NULL,NULL,NULL,NULL,1,1,1,NULL,'ext-ct38',1,'2023-09-12 14:19:44','2023-09-19 15:26:43'),(1216,'L041',1,2,NULL,NULL,NULL,NULL,560,NULL,NULL,NULL,NULL,NULL,NULL,NULL,NULL,NULL,NULL,NULL,1,1,1,NULL,'ext-ct38',1,'2023-09-12 14:20:02','2023-09-19 15:27:58'),(1217,'L056',1,2,NULL,NULL,NULL,NULL,399,NULL,NULL,NULL,NULL,NULL,NULL,NULL,NULL,NULL,NULL,NULL,1,1,1,NULL,'ext-ct38',1,'2023-09-12 14:20:22','2023-09-19 15:26:52'),(1218,'L047',3,2,NULL,NULL,NULL,NULL,520,NULL,NULL,NULL,NULL,NULL,NULL,NULL,NULL,NULL,NULL,NULL,1,1,1,NULL,'ext-ct38',1,'2023-09-12 14:20:37','2023-09-12 14:20:37'),(1219,'L051',3,2,NULL,NULL,NULL,NULL,463,NULL,NULL,NULL,NULL,NULL,NULL,NULL,NULL,NULL,NULL,NULL,1,1,1,NULL,'ext-ct38',1,'2023-09-12 14:20:55','2023-09-12 14:20:55'),(1220,'L036',1,2,NULL,NULL,NULL,NULL,536,NULL,NULL,NULL,NULL,NULL,NULL,NULL,NULL,NULL,NULL,NULL,1,1,1,NULL,'ext-ct38',1,'2023-09-12 14:21:12','2023-09-19 15:28:55'),(1221,'L043',1,2,NULL,NULL,NULL,NULL,436,NULL,NULL,NULL,NULL,NULL,NULL,NULL,NULL,NULL,NULL,NULL,1,1,1,NULL,'ext-ct38',1,'2023-09-12 14:21:29','2023-09-19 15:27:24'),(1222,'L039',1,2,NULL,NULL,NULL,NULL,375,NULL,NULL,NULL,NULL,NULL,NULL,NULL,NULL,NULL,NULL,NULL,1,1,1,NULL,'ext-ct38',1,'2023-09-12 14:21:45','2023-09-19 15:28:25'),(1223,'L054',1,2,NULL,NULL,NULL,NULL,328,NULL,NULL,NULL,NULL,NULL,NULL,NULL,NULL,NULL,NULL,NULL,1,1,1,NULL,'ext-ct38',1,'2023-09-12 14:22:00','2023-09-19 15:27:03'),(1224,'L033',1,2,NULL,NULL,NULL,NULL,413,NULL,NULL,NULL,NULL,NULL,NULL,NULL,NULL,NULL,NULL,NULL,1,1,1,NULL,'ext-ct38',1,'2023-09-12 14:22:16','2023-09-19 15:29:02'),(1225,'L040',1,2,NULL,NULL,NULL,NULL,508,NULL,NULL,NULL,NULL,NULL,NULL,NULL,NULL,NULL,NULL,NULL,1,1,1,NULL,'ext-ct38',1,'2023-09-12 14:22:37','2023-09-19 15:28:16'),(1226,'L035',1,2,NULL,NULL,NULL,NULL,377,NULL,NULL,NULL,NULL,NULL,NULL,NULL,NULL,NULL,NULL,NULL,1,1,1,NULL,'ext-ct38',1,'2023-09-12 14:22:53','2023-09-19 15:21:39'),(1227,'L037',1,2,NULL,NULL,NULL,NULL,518,NULL,NULL,NULL,NULL,NULL,NULL,NULL,NULL,NULL,NULL,NULL,1,1,1,NULL,'ext-ct38',1,'2023-09-12 14:23:10','2023-09-19 15:28:45'),(1228,'L050',3,2,NULL,NULL,NULL,NULL,367,NULL,NULL,NULL,NULL,NULL,NULL,NULL,NULL,NULL,NULL,NULL,1,1,1,NULL,'ext-ct38',1,'2023-09-12 14:23:30','2023-09-12 14:23:30'),(1229,'H137',3,2,NULL,NULL,NULL,NULL,1130,NULL,NULL,NULL,NULL,NULL,NULL,NULL,NULL,NULL,NULL,NULL,1,1,1,NULL,'ext-ct38',1,'2023-09-19 13:51:01','2023-09-19 13:51:01'),(1230,'F057',3,2,NULL,NULL,NULL,NULL,1235,NULL,NULL,NULL,NULL,NULL,NULL,NULL,NULL,NULL,NULL,NULL,1,1,1,NULL,'ext-ct38',1,'2023-09-19 13:51:31','2023-09-19 13:51:31'),(1231,'J021',3,2,NULL,NULL,NULL,NULL,905,NULL,NULL,NULL,NULL,NULL,NULL,NULL,NULL,NULL,NULL,NULL,1,1,1,NULL,'ext-ct38',1,'2023-09-19 13:51:56','2023-09-19 13:51:56'),(1232,'J025',3,2,NULL,NULL,NULL,NULL,1224,NULL,NULL,NULL,NULL,NULL,NULL,NULL,NULL,NULL,NULL,NULL,1,1,1,NULL,'ext-ct38',1,'2023-09-19 13:52:55','2023-09-19 13:52:55'),(1233,'H029',3,2,NULL,NULL,NULL,NULL,1010,NULL,NULL,NULL,NULL,NULL,NULL,NULL,NULL,NULL,NULL,NULL,1,1,1,NULL,'ext-ct38',1,'2023-09-19 13:53:21','2023-09-19 13:53:21'),(1234,'J023',3,2,NULL,NULL,NULL,NULL,1079,NULL,NULL,NULL,NULL,NULL,NULL,NULL,NULL,NULL,NULL,NULL,1,1,1,NULL,'ext-ct38',1,'2023-09-19 13:53:39','2023-09-19 13:53:39'),(1235,'H034',3,2,NULL,NULL,NULL,NULL,1218,NULL,NULL,NULL,NULL,NULL,NULL,NULL,NULL,NULL,NULL,NULL,1,1,1,NULL,'ext-ct38',1,'2023-09-19 13:54:04','2023-09-19 13:54:04'),(1236,'J044',3,2,NULL,NULL,NULL,NULL,901,NULL,NULL,NULL,NULL,NULL,NULL,NULL,NULL,NULL,NULL,NULL,1,1,1,NULL,'ext-ct38',1,'2023-09-19 13:54:22','2023-09-19 13:54:22'),(1237,'E086',3,2,NULL,NULL,NULL,NULL,1182,NULL,NULL,NULL,NULL,NULL,NULL,NULL,NULL,NULL,NULL,NULL,1,1,1,NULL,'ext-ct38',1,'2023-09-19 13:54:46','2023-09-19 13:54:46'),(1238,'G065',3,2,NULL,NULL,NULL,NULL,1308,NULL,NULL,NULL,NULL,NULL,NULL,NULL,NULL,NULL,NULL,NULL,1,1,1,NULL,'ext-ct38',1,'2023-09-19 13:55:11','2023-09-19 13:55:11'),(1239,'J016',3,2,NULL,NULL,NULL,NULL,1023,NULL,NULL,NULL,NULL,NULL,NULL,NULL,NULL,NULL,NULL,NULL,1,1,1,NULL,'ext-ct38',1,'2023-09-19 13:55:32','2023-09-19 13:55:32'),(1240,'J103',3,2,NULL,NULL,NULL,NULL,953,NULL,NULL,NULL,NULL,NULL,NULL,NULL,NULL,NULL,NULL,NULL,1,1,1,NULL,'ext-ct38',1,'2023-09-19 13:55:54','2023-09-19 13:55:54'),(1241,'H011',3,2,NULL,NULL,NULL,NULL,1267,NULL,NULL,NULL,NULL,NULL,NULL,NULL,NULL,NULL,NULL,NULL,1,1,1,NULL,'ext-ct38',1,'2023-09-19 13:56:15','2023-09-19 13:56:15'),(1242,'J024',3,2,NULL,NULL,NULL,NULL,1045,NULL,NULL,NULL,NULL,NULL,NULL,NULL,NULL,NULL,NULL,NULL,1,1,1,NULL,'ext-ct38',1,'2023-09-19 13:56:40','2023-09-19 13:56:40'),(1243,'H141',3,2,NULL,NULL,NULL,NULL,1075,NULL,NULL,NULL,NULL,NULL,NULL,NULL,NULL,NULL,NULL,NULL,1,1,1,NULL,'ext-ct38',1,'2023-09-19 13:57:00','2023-09-19 13:57:00'),(1244,'G089',3,2,NULL,NULL,NULL,NULL,1165,NULL,NULL,NULL,NULL,NULL,NULL,NULL,NULL,NULL,NULL,NULL,1,1,1,NULL,'ext-ct38',1,'2023-09-19 13:57:20','2023-09-19 13:57:20'),(1245,'J019',3,2,NULL,NULL,NULL,NULL,1196,NULL,NULL,NULL,NULL,NULL,NULL,NULL,NULL,NULL,NULL,NULL,1,1,1,NULL,'ext-ct38',1,'2023-09-19 13:57:40','2023-09-19 13:57:40'),(1246,'J092',3,2,NULL,NULL,NULL,NULL,978,NULL,NULL,NULL,NULL,NULL,NULL,NULL,NULL,NULL,NULL,NULL,1,1,1,NULL,'ext-ct38',1,'2023-09-19 13:58:03','2023-09-19 13:58:03'),(1247,'J054',3,2,NULL,NULL,NULL,NULL,1045,NULL,NULL,NULL,NULL,NULL,NULL,NULL,NULL,NULL,NULL,NULL,1,1,1,NULL,'ext-ct38',1,'2023-09-19 13:58:26','2023-09-19 13:58:26'),(1248,'J005',3,2,NULL,NULL,NULL,NULL,877,NULL,NULL,NULL,NULL,NULL,NULL,NULL,NULL,NULL,NULL,NULL,1,1,1,NULL,'ext-ct38',1,'2023-09-19 13:58:48','2023-09-19 13:58:48'),(1249,'72',1,1,'2019-03-21',NULL,NULL,3,76,'Blue',NULL,NULL,1,1,NULL,NULL,NULL,NULL,NULL,NULL,1,1,1,'Registered: Mr. Silver Good Change 72','ext-ct38',1,'2023-09-21 14:18:01','2023-09-21 14:18:01'),(1250,'A1',1,2,'2023-09-07','2023-09-14',NULL,NULL,NULL,NULL,NULL,NULL,NULL,NULL,NULL,NULL,NULL,NULL,NULL,NULL,1,1,1,NULL,'ext-ct38',1,'2023-09-21 14:19:31','2023-09-21 14:21:13'),(1251,'A-2',1,2,'2023-09-07','2023-09-14',NULL,NULL,NULL,NULL,NULL,NULL,NULL,NULL,NULL,NULL,NULL,NULL,NULL,NULL,1,1,1,NULL,'ext-ct38',1,'2023-09-21 14:19:31','2023-09-21 14:19:31'),(1252,'A-3',2,2,'2023-09-07','2023-09-14',NULL,NULL,NULL,NULL,NULL,NULL,NULL,NULL,NULL,NULL,NULL,NULL,NULL,NULL,1,1,1,NULL,'ext-ct38',1,'2023-09-21 14:19:31','2023-09-21 14:19:31'),(1253,'A-4',2,2,'2023-09-07','2023-09-14',NULL,NULL,NULL,NULL,NULL,NULL,NULL,NULL,NULL,NULL,NULL,NULL,NULL,NULL,1,1,1,NULL,'ext-ct38',1,'2023-09-21 14:19:31','2023-09-21 14:19:31'),(1254,'A-5',2,2,'2023-09-07','2023-09-14',NULL,NULL,NULL,NULL,NULL,NULL,NULL,NULL,NULL,NULL,NULL,NULL,NULL,NULL,1,1,1,NULL,'ext-ct38',1,'2023-09-21 14:19:31','2023-09-21 14:19:31'),(1255,'A-6',2,2,'2023-09-07','2023-09-14',NULL,NULL,NULL,NULL,NULL,NULL,NULL,NULL,NULL,NULL,NULL,NULL,NULL,NULL,1,1,1,NULL,'ext-ct38',1,'2023-09-21 14:19:31','2023-09-21 14:19:31'),(1256,'A-7',3,2,'2023-09-07','2023-09-14',NULL,NULL,NULL,NULL,NULL,NULL,NULL,NULL,NULL,NULL,NULL,NULL,NULL,NULL,1,1,1,NULL,'ext-ct38',1,'2023-09-21 14:19:31','2023-09-21 14:19:31'),(1257,'A-8',3,2,'2023-09-07','2023-09-14',NULL,NULL,NULL,NULL,NULL,NULL,NULL,NULL,NULL,NULL,NULL,NULL,NULL,NULL,1,1,1,NULL,'ext-ct38',1,'2023-09-21 14:19:31','2023-09-21 14:19:31'),(1258,'A-9',3,2,'2023-09-07','2023-09-14',NULL,NULL,NULL,NULL,NULL,NULL,NULL,NULL,NULL,NULL,NULL,NULL,NULL,NULL,1,1,1,NULL,'ext-ct38',1,'2023-09-21 14:19:31','2023-09-21 14:19:31'),(1259,'A-10',3,2,'2023-09-07','2023-09-14',NULL,NULL,NULL,NULL,NULL,NULL,NULL,NULL,NULL,NULL,NULL,NULL,NULL,NULL,2,3,11,NULL,'ext-ct38',1,'2023-09-21 14:19:31','2023-09-21 14:23:41'),(1260,'A-11',3,1,'2023-09-07',NULL,93,2,74,'Pink',NULL,NULL,1,2,NULL,NULL,NULL,NULL,NULL,NULL,1,1,1,NULL,'ext-ct38',1,'2023-09-21 14:19:31','2023-09-26 13:48:43'),(1261,'A-12',3,2,'2023-09-07','2023-09-14',NULL,NULL,NULL,NULL,NULL,NULL,NULL,NULL,NULL,NULL,NULL,NULL,NULL,NULL,1,1,1,NULL,'ext-ct38',1,'2023-09-21 14:19:31','2023-09-21 14:19:31'),(1262,'A-13',3,2,'2023-09-07','2023-09-14',NULL,NULL,NULL,NULL,NULL,NULL,NULL,NULL,NULL,NULL,NULL,NULL,NULL,NULL,1,1,1,NULL,'ext-ct38',1,'2023-09-21 14:19:31','2023-09-21 14:19:31'),(1263,'A-14',3,2,'2023-09-07','2023-09-14',NULL,NULL,NULL,NULL,NULL,NULL,NULL,NULL,NULL,NULL,NULL,NULL,NULL,NULL,1,1,1,NULL,'ext-ct38',1,'2023-09-21 14:19:31','2023-09-21 14:19:31'),(1264,'A-15',3,2,'2023-09-07','2023-09-14',NULL,NULL,NULL,NULL,NULL,NULL,NULL,NULL,NULL,NULL,NULL,NULL,NULL,NULL,1,1,1,NULL,'ext-ct38',1,'2023-09-21 14:19:31','2023-09-21 14:19:31'),(1265,'A-16',3,2,'2023-09-07','2023-09-14',NULL,NULL,NULL,NULL,NULL,NULL,NULL,NULL,NULL,NULL,NULL,NULL,NULL,NULL,1,1,1,NULL,'ext-ct38',1,'2023-09-21 14:19:31','2023-09-21 14:19:31'),(1266,'A-17',3,2,'2023-09-07','2023-09-14',NULL,NULL,NULL,NULL,NULL,NULL,NULL,NULL,NULL,NULL,NULL,NULL,NULL,NULL,1,1,1,NULL,'ext-ct38',1,'2023-09-21 14:19:31','2023-09-21 14:19:31'),(1267,'A-18',3,2,'2023-09-07','2023-09-14',NULL,NULL,NULL,NULL,NULL,NULL,NULL,NULL,NULL,NULL,NULL,NULL,NULL,NULL,1,1,1,NULL,'ext-ct38',1,'2023-09-21 14:19:31','2023-09-21 14:19:31'),(1268,'A-19',3,2,'2023-09-07','2023-09-14',NULL,NULL,NULL,NULL,NULL,NULL,NULL,NULL,NULL,NULL,NULL,NULL,NULL,NULL,1,1,1,NULL,'ext-ct38',1,'2023-09-21 14:19:31','2023-09-21 14:19:31'),(1269,'A-20',3,2,'2023-09-07','2023-09-14',NULL,NULL,NULL,NULL,NULL,NULL,NULL,NULL,NULL,NULL,NULL,NULL,NULL,NULL,1,1,1,NULL,'ext-ct38',1,'2023-09-21 14:19:31','2023-09-21 14:19:31'),(1270,'A-21',3,2,'2023-09-07','2023-09-14',NULL,NULL,NULL,NULL,NULL,NULL,NULL,NULL,NULL,NULL,NULL,NULL,NULL,NULL,1,1,1,NULL,'ext-ct38',1,'2023-09-21 14:19:31','2023-09-21 14:19:31'),(1271,'A-22',3,2,'2023-09-07','2023-09-14',NULL,NULL,NULL,NULL,NULL,NULL,NULL,NULL,NULL,NULL,NULL,NULL,NULL,NULL,1,1,1,NULL,'ext-ct38',1,'2023-09-21 14:19:31','2023-09-21 14:19:31'),(1272,'A-23',3,2,'2023-09-07','2023-09-14',NULL,NULL,NULL,NULL,NULL,NULL,NULL,NULL,NULL,NULL,NULL,NULL,NULL,NULL,1,1,1,NULL,'ext-ct38',1,'2023-09-21 14:19:31','2023-09-21 14:19:31'),(1273,'H126',3,2,NULL,NULL,NULL,NULL,NULL,NULL,NULL,NULL,NULL,NULL,NULL,NULL,NULL,NULL,NULL,NULL,1,1,1,NULL,'ext-ct38',1,'2023-11-21 09:09:35','2023-11-21 09:09:35'),(1274,'E058',3,2,NULL,NULL,NULL,NULL,NULL,NULL,NULL,NULL,NULL,NULL,NULL,NULL,NULL,NULL,NULL,NULL,1,1,1,NULL,'ext-ct38',1,'2023-11-21 09:09:47','2023-11-21 09:10:00'),(1275,'D073',3,2,NULL,NULL,NULL,NULL,NULL,NULL,NULL,NULL,NULL,NULL,NULL,NULL,NULL,NULL,NULL,NULL,1,1,1,NULL,'ext-ct38',1,'2023-11-21 09:11:17','2023-11-21 09:11:17'),(1276,'H147',3,2,NULL,NULL,NULL,NULL,NULL,NULL,NULL,NULL,NULL,NULL,NULL,NULL,NULL,NULL,NULL,NULL,1,1,1,NULL,'ext-ct38',1,'2023-11-21 09:11:31','2023-11-21 09:11:31'),(1277,'G092',3,2,NULL,NULL,NULL,NULL,NULL,NULL,NULL,NULL,NULL,NULL,NULL,NULL,NULL,NULL,NULL,NULL,1,1,1,NULL,'ext-ct38',1,'2023-11-21 09:11:48','2023-11-21 09:11:48'),(1278,'C087',3,2,NULL,NULL,NULL,NULL,NULL,NULL,NULL,NULL,NULL,NULL,NULL,NULL,NULL,NULL,NULL,NULL,1,1,1,NULL,'ext-ct38',1,'2023-11-21 09:12:01','2023-11-21 09:12:01'),(1279,'F072',3,2,NULL,NULL,NULL,NULL,NULL,NULL,NULL,NULL,NULL,NULL,NULL,NULL,NULL,NULL,NULL,NULL,1,1,1,NULL,'ext-ct38',1,'2023-11-21 09:12:14','2023-11-21 09:12:14'),(1280,'G081',3,2,NULL,NULL,NULL,NULL,NULL,NULL,NULL,NULL,NULL,NULL,NULL,NULL,NULL,NULL,NULL,NULL,1,1,1,NULL,'ext-ct38',1,'2023-11-21 09:12:28','2023-11-21 09:12:28'),(1281,'G029',3,2,NULL,NULL,NULL,NULL,NULL,NULL,NULL,NULL,NULL,NULL,NULL,NULL,NULL,NULL,NULL,NULL,1,1,1,NULL,'ext-ct38',1,'2023-11-21 09:12:42','2023-11-21 09:12:42'),(1282,'H083',3,2,NULL,NULL,NULL,NULL,NULL,NULL,NULL,NULL,NULL,NULL,NULL,NULL,NULL,NULL,NULL,NULL,1,1,1,NULL,'ext-ct38',1,'2023-11-21 09:12:56','2023-11-21 09:12:56'),(1283,'320B',3,2,NULL,NULL,NULL,NULL,NULL,NULL,NULL,NULL,NULL,NULL,NULL,NULL,NULL,NULL,NULL,NULL,1,1,1,NULL,'ext-ct38',1,'2023-11-21 09:13:31','2023-11-21 09:13:31'),(1284,'H089',3,2,NULL,NULL,NULL,NULL,NULL,NULL,NULL,NULL,NULL,NULL,NULL,NULL,NULL,NULL,NULL,NULL,1,1,1,NULL,'ext-ct38',1,'2023-11-21 09:13:59','2023-11-21 09:13:59'),(1285,'H066',3,2,NULL,NULL,NULL,NULL,NULL,NULL,NULL,NULL,NULL,NULL,NULL,NULL,NULL,NULL,NULL,NULL,1,1,1,NULL,'ext-ct38',1,'2023-11-21 09:14:10','2023-11-21 09:14:10'),(1286,'F081',3,2,NULL,NULL,NULL,NULL,NULL,NULL,NULL,NULL,NULL,NULL,NULL,NULL,NULL,NULL,NULL,NULL,1,1,1,NULL,'ext-ct38',1,'2023-11-21 09:14:23','2023-11-21 09:14:23'),(1287,'F097',3,2,NULL,NULL,NULL,NULL,NULL,NULL,NULL,NULL,NULL,NULL,NULL,NULL,NULL,NULL,NULL,NULL,1,1,1,NULL,'ext-ct38',1,'2023-11-21 09:15:09','2023-11-21 09:15:09'),(1288,'8264',3,2,NULL,NULL,NULL,NULL,NULL,NULL,NULL,NULL,NULL,NULL,NULL,NULL,NULL,NULL,NULL,NULL,1,1,1,NULL,'ext-ct38',1,'2023-11-21 09:15:22','2023-11-21 09:15:22'),(1289,'F026',3,2,NULL,NULL,NULL,NULL,NULL,NULL,NULL,NULL,NULL,NULL,NULL,NULL,NULL,NULL,NULL,NULL,1,1,1,NULL,'ext-ct38',1,'2023-11-21 09:15:36','2023-11-21 09:15:36'),(1290,'G083',3,2,NULL,NULL,NULL,NULL,NULL,NULL,NULL,NULL,NULL,NULL,NULL,NULL,NULL,NULL,NULL,NULL,1,1,1,NULL,'ext-ct38',1,'2023-11-21 09:17:22','2023-11-21 09:17:22'),(1291,'H130',3,2,NULL,NULL,NULL,NULL,NULL,NULL,NULL,NULL,NULL,NULL,NULL,NULL,NULL,NULL,NULL,NULL,1,1,1,NULL,'ext-ct38',1,'2023-11-21 09:17:33','2023-11-21 09:17:33'),(1292,'H090',3,2,NULL,NULL,NULL,NULL,NULL,NULL,NULL,NULL,NULL,NULL,NULL,NULL,NULL,NULL,NULL,NULL,1,1,1,NULL,'ext-ct38',1,'2023-11-21 09:17:45','2023-11-21 09:17:45'),(1293,'528',3,2,NULL,NULL,NULL,NULL,NULL,NULL,NULL,NULL,NULL,NULL,NULL,NULL,NULL,NULL,NULL,NULL,1,1,1,NULL,'ext-ct38',1,'2023-11-21 09:17:56','2023-11-21 09:17:56'),(1294,'E085',3,2,NULL,NULL,NULL,NULL,NULL,NULL,NULL,NULL,NULL,NULL,NULL,NULL,NULL,NULL,NULL,NULL,1,1,1,NULL,'ext-ct38',1,'2023-11-21 09:18:09','2023-11-21 09:18:09'),(1295,'D050',3,2,NULL,NULL,NULL,NULL,NULL,NULL,NULL,NULL,NULL,NULL,NULL,NULL,NULL,NULL,NULL,NULL,1,1,1,NULL,'ext-ct38',1,'2023-11-21 09:18:22','2023-11-21 09:18:22'),(1296,'F080',3,2,NULL,NULL,NULL,NULL,NULL,NULL,NULL,NULL,NULL,NULL,NULL,NULL,NULL,NULL,NULL,NULL,1,1,1,NULL,'ext-ct38',1,'2023-11-21 09:18:40','2023-11-21 09:18:40'),(1297,'C078',3,2,NULL,NULL,NULL,NULL,NULL,NULL,NULL,NULL,NULL,NULL,NULL,NULL,NULL,NULL,NULL,NULL,1,1,1,NULL,'ext-ct38',1,'2023-11-21 09:18:54','2023-11-21 09:18:54'),(1298,'F078',3,2,NULL,NULL,NULL,NULL,NULL,NULL,NULL,NULL,NULL,NULL,NULL,NULL,NULL,NULL,NULL,NULL,1,1,1,NULL,'ext-ct38',1,'2023-11-21 09:19:05','2023-11-21 09:19:05'),(1299,'D094',3,2,NULL,NULL,NULL,NULL,NULL,NULL,NULL,NULL,NULL,NULL,NULL,NULL,NULL,NULL,NULL,NULL,1,1,1,NULL,'ext-ct38',1,'2023-11-21 09:19:16','2023-11-21 09:19:16'),(1300,'F071',3,2,NULL,NULL,NULL,NULL,NULL,NULL,NULL,NULL,NULL,NULL,NULL,NULL,NULL,NULL,NULL,NULL,1,1,1,NULL,'ext-ct38',1,'2023-11-21 09:19:28','2023-11-21 09:19:28'),(1301,'E063',3,2,NULL,NULL,NULL,NULL,NULL,NULL,NULL,NULL,NULL,NULL,NULL,NULL,NULL,NULL,NULL,NULL,1,1,1,NULL,'ext-ct38',1,'2023-11-21 09:19:40','2023-11-21 09:19:40'),(1302,'B090',3,2,NULL,NULL,NULL,NULL,NULL,NULL,NULL,NULL,NULL,NULL,NULL,NULL,NULL,NULL,NULL,NULL,1,1,1,NULL,'ext-ct38',1,'2023-11-21 09:19:52','2023-11-21 09:19:52'),(1303,'E074',3,2,NULL,NULL,NULL,NULL,NULL,NULL,NULL,NULL,NULL,NULL,NULL,NULL,NULL,NULL,NULL,NULL,1,1,1,NULL,'ext-ct38',1,'2023-11-21 09:20:08','2023-11-21 09:20:08'),(1304,'H123',3,2,NULL,NULL,NULL,NULL,NULL,NULL,NULL,NULL,NULL,NULL,NULL,NULL,NULL,NULL,NULL,NULL,1,1,1,NULL,'ext-ct38',1,'2023-11-21 09:20:21','2023-11-21 09:20:21'),(1305,'8388',3,2,NULL,NULL,NULL,NULL,NULL,NULL,NULL,NULL,NULL,NULL,NULL,NULL,NULL,NULL,NULL,NULL,1,1,1,NULL,'ext-ct38',1,'2023-11-21 09:20:36','2023-11-21 09:20:36'),(1306,'Y165',3,2,NULL,NULL,NULL,NULL,NULL,NULL,NULL,NULL,NULL,NULL,NULL,NULL,NULL,NULL,NULL,NULL,1,1,1,NULL,'ext-ct38',1,'2023-11-21 09:20:48','2023-11-21 09:20:48'),(1307,'D060',3,2,NULL,NULL,NULL,NULL,NULL,NULL,NULL,NULL,NULL,NULL,NULL,NULL,NULL,NULL,NULL,NULL,1,1,1,NULL,'ext-ct38',1,'2023-11-21 09:21:02','2023-11-21 09:21:02'),(1308,'G091',3,2,NULL,NULL,NULL,NULL,NULL,NULL,NULL,NULL,NULL,NULL,NULL,NULL,NULL,NULL,NULL,NULL,1,1,1,NULL,'ext-ct38',1,'2023-11-21 09:21:16','2023-11-21 09:21:16'),(1309,'F101',3,2,NULL,NULL,NULL,NULL,NULL,NULL,NULL,NULL,NULL,NULL,NULL,NULL,NULL,NULL,NULL,NULL,1,1,1,NULL,'ext-ct38',1,'2023-11-21 09:21:27','2023-11-21 10:14:37'),(1310,'H134',3,2,NULL,NULL,NULL,NULL,NULL,NULL,NULL,NULL,NULL,NULL,NULL,NULL,NULL,NULL,NULL,NULL,1,1,1,NULL,'ext-ct38',1,'2023-11-21 09:21:37','2023-11-21 09:21:37'),(1311,'E064',3,2,NULL,NULL,NULL,NULL,NULL,NULL,NULL,NULL,NULL,NULL,NULL,NULL,NULL,NULL,NULL,NULL,1,1,1,NULL,'ext-ct38',1,'2023-11-21 09:21:50','2023-11-21 09:21:50'),(1312,'C100',3,2,NULL,NULL,NULL,NULL,NULL,NULL,NULL,NULL,NULL,NULL,NULL,NULL,NULL,NULL,NULL,NULL,1,1,1,NULL,'ext-ct38',1,'2023-11-21 09:22:00','2023-11-21 09:22:00'),(1313,'C064',3,2,NULL,NULL,NULL,NULL,NULL,NULL,NULL,NULL,NULL,NULL,NULL,NULL,NULL,NULL,NULL,NULL,1,1,1,NULL,'ext-ct38',1,'2023-11-21 09:22:14','2023-11-21 09:22:14'),(1314,'E070',3,2,NULL,NULL,NULL,NULL,NULL,NULL,NULL,NULL,NULL,NULL,NULL,NULL,NULL,NULL,NULL,NULL,1,1,1,NULL,'ext-ct38',1,'2023-11-21 09:22:25','2023-11-21 09:22:25'),(1315,'H087',3,2,NULL,NULL,NULL,NULL,NULL,NULL,NULL,NULL,NULL,NULL,NULL,NULL,NULL,NULL,NULL,NULL,1,1,1,NULL,'ext-ct38',1,'2023-11-21 09:22:36','2023-11-21 09:22:36'),(1316,'543',3,2,NULL,NULL,NULL,NULL,NULL,NULL,NULL,NULL,NULL,NULL,NULL,NULL,NULL,NULL,NULL,NULL,1,1,1,NULL,'ext-ct38',1,'2023-11-21 09:22:46','2023-11-21 09:22:46'),(1317,'A070',3,2,NULL,NULL,NULL,NULL,NULL,NULL,NULL,NULL,NULL,NULL,NULL,NULL,NULL,NULL,NULL,NULL,1,1,1,NULL,'ext-ct38',1,'2023-11-21 09:22:57','2023-11-21 09:22:57'),(1318,'C088',3,2,NULL,NULL,NULL,NULL,NULL,NULL,NULL,NULL,NULL,NULL,NULL,NULL,NULL,NULL,NULL,NULL,1,1,1,NULL,'ext-ct38',1,'2023-11-21 09:23:08','2023-11-21 09:23:08'),(1319,'G124',3,2,NULL,NULL,NULL,NULL,NULL,NULL,NULL,NULL,NULL,NULL,NULL,NULL,NULL,NULL,NULL,NULL,1,1,1,NULL,'ext-ct38',1,'2023-11-21 09:23:21','2023-11-21 09:23:21'),(1320,'J152',3,2,NULL,NULL,NULL,NULL,NULL,NULL,NULL,NULL,NULL,NULL,NULL,NULL,NULL,NULL,NULL,NULL,1,1,1,NULL,'ext-ct38',1,'2023-11-21 09:23:33','2023-11-21 09:23:33'),(1321,'J163',3,2,NULL,NULL,NULL,NULL,NULL,NULL,NULL,NULL,NULL,NULL,NULL,NULL,NULL,NULL,NULL,NULL,1,1,1,NULL,'ext-ct38',1,'2023-11-21 09:23:47','2023-11-21 09:23:47'),(1322,'J165',3,2,NULL,NULL,NULL,NULL,NULL,NULL,NULL,NULL,NULL,NULL,NULL,NULL,NULL,NULL,NULL,NULL,1,1,1,NULL,'ext-ct38',1,'2023-11-21 09:24:01','2023-11-21 09:24:01'),(1323,'J131',3,2,NULL,NULL,NULL,NULL,NULL,NULL,NULL,NULL,NULL,NULL,NULL,NULL,NULL,NULL,NULL,NULL,1,1,1,NULL,'ext-ct38',1,'2023-11-21 09:24:16','2023-11-21 09:24:16'),(1324,'J166',3,2,NULL,NULL,NULL,NULL,NULL,NULL,NULL,NULL,NULL,NULL,NULL,NULL,NULL,NULL,NULL,NULL,1,1,1,NULL,'ext-ct38',1,'2023-11-21 09:24:26','2023-11-21 09:24:26'),(1325,'J182',3,2,NULL,NULL,NULL,NULL,NULL,NULL,NULL,NULL,NULL,NULL,NULL,NULL,NULL,NULL,NULL,NULL,1,1,1,NULL,'ext-ct38',1,'2023-11-21 09:24:39','2023-11-21 09:24:39'),(1326,'J201',3,2,NULL,NULL,NULL,NULL,NULL,NULL,NULL,NULL,NULL,NULL,NULL,NULL,NULL,NULL,NULL,NULL,1,1,1,NULL,'ext-ct38',1,'2023-11-21 09:25:03','2023-11-21 09:25:03'),(1327,'J162',3,2,NULL,NULL,NULL,NULL,NULL,NULL,NULL,NULL,NULL,NULL,NULL,NULL,NULL,NULL,NULL,NULL,1,1,1,NULL,'ext-ct38',1,'2023-11-21 09:25:15','2023-11-21 09:25:15'),(1328,'J192',3,2,NULL,NULL,NULL,NULL,NULL,NULL,NULL,NULL,NULL,NULL,NULL,NULL,NULL,NULL,NULL,NULL,1,1,1,NULL,'ext-ct38',1,'2023-11-21 09:25:25','2023-11-21 09:25:25'),(1329,'J197',3,2,NULL,NULL,NULL,NULL,NULL,NULL,NULL,NULL,NULL,NULL,NULL,NULL,NULL,NULL,NULL,NULL,1,1,1,NULL,'ext-ct38',1,'2023-11-21 09:25:41','2023-11-21 09:25:41'),(1330,'J127',3,2,NULL,NULL,NULL,NULL,NULL,NULL,NULL,NULL,NULL,NULL,NULL,NULL,NULL,NULL,NULL,NULL,1,1,1,NULL,'ext-ct38',1,'2023-11-21 09:25:51','2023-11-21 09:25:51'),(1331,'J137',3,2,NULL,NULL,NULL,NULL,NULL,NULL,NULL,NULL,NULL,NULL,NULL,NULL,NULL,NULL,NULL,NULL,1,1,1,NULL,'ext-ct38',1,'2023-11-21 09:26:07','2023-11-21 09:26:07'),(1332,'J172',3,2,NULL,NULL,NULL,NULL,NULL,NULL,NULL,NULL,NULL,NULL,NULL,NULL,NULL,NULL,NULL,NULL,1,1,1,NULL,'ext-ct38',1,'2023-11-21 09:26:19','2023-11-21 09:26:19'),(1333,'J123',3,2,NULL,NULL,NULL,NULL,NULL,NULL,NULL,NULL,NULL,NULL,NULL,NULL,NULL,NULL,NULL,NULL,1,1,1,NULL,'ext-ct38',1,'2023-11-21 09:26:30','2023-11-21 09:26:30'),(1334,'J171',3,2,NULL,NULL,NULL,NULL,NULL,NULL,NULL,NULL,NULL,NULL,NULL,NULL,NULL,NULL,NULL,NULL,1,1,1,NULL,'ext-ct38',1,'2023-11-21 09:26:57','2023-11-21 09:26:57'),(1335,'J178',3,2,NULL,NULL,NULL,NULL,NULL,NULL,NULL,NULL,NULL,NULL,NULL,NULL,NULL,NULL,NULL,NULL,1,1,1,NULL,'ext-ct38',1,'2023-11-21 09:27:09','2023-11-21 09:27:09'),(1336,'J154',3,2,NULL,NULL,NULL,NULL,NULL,NULL,NULL,NULL,NULL,NULL,NULL,NULL,NULL,NULL,NULL,NULL,1,1,1,NULL,'ext-ct38',1,'2023-11-21 09:27:20','2023-11-21 09:27:20'),(1337,'J145',3,2,NULL,NULL,NULL,NULL,NULL,NULL,NULL,NULL,NULL,NULL,NULL,NULL,NULL,NULL,NULL,NULL,1,1,1,NULL,'ext-ct38',1,'2023-11-21 09:27:29','2023-11-21 09:27:29'),(1338,'J168',3,2,NULL,NULL,NULL,NULL,NULL,NULL,NULL,NULL,NULL,NULL,NULL,NULL,NULL,NULL,NULL,NULL,1,1,1,NULL,'ext-ct38',1,'2023-11-21 09:27:42','2023-11-21 09:27:42'),(1339,'J189',3,2,NULL,NULL,NULL,NULL,NULL,NULL,NULL,NULL,NULL,NULL,NULL,NULL,NULL,NULL,NULL,NULL,1,1,1,NULL,'ext-ct38',1,'2023-11-21 09:27:55','2023-11-21 09:27:55'),(1340,'J144',3,2,NULL,NULL,NULL,NULL,NULL,NULL,NULL,NULL,NULL,NULL,NULL,NULL,NULL,NULL,NULL,NULL,1,1,1,NULL,'ext-ct38',1,'2023-11-21 09:28:09','2023-11-21 09:28:09'),(1341,'J136',3,2,NULL,NULL,NULL,NULL,NULL,NULL,NULL,NULL,NULL,NULL,NULL,NULL,NULL,NULL,NULL,NULL,1,1,1,NULL,'ext-ct38',1,'2023-11-21 09:28:22','2023-11-21 09:28:22'),(1342,'J176',3,2,NULL,NULL,NULL,NULL,NULL,NULL,NULL,NULL,NULL,NULL,NULL,NULL,NULL,NULL,NULL,NULL,1,1,1,NULL,'ext-ct38',1,'2023-11-21 09:28:33','2023-11-21 09:28:33'),(1343,'J204',3,2,NULL,NULL,NULL,NULL,NULL,NULL,NULL,NULL,NULL,NULL,NULL,NULL,NULL,NULL,NULL,NULL,1,1,1,NULL,'ext-ct38',1,'2023-11-21 09:28:45','2023-11-21 09:28:45'),(1344,'J203',3,2,NULL,NULL,NULL,NULL,NULL,NULL,NULL,NULL,NULL,NULL,NULL,NULL,NULL,NULL,NULL,NULL,1,1,1,NULL,'ext-ct38',1,'2023-11-21 09:28:59','2023-11-21 09:28:59'),(1345,'J181',3,2,NULL,NULL,NULL,NULL,NULL,NULL,NULL,NULL,NULL,NULL,NULL,NULL,NULL,NULL,NULL,NULL,1,1,1,NULL,'ext-ct38',1,'2023-11-21 09:29:11','2023-11-21 09:29:11'),(1346,'J173',3,2,NULL,NULL,NULL,NULL,NULL,NULL,NULL,NULL,NULL,NULL,NULL,NULL,NULL,NULL,NULL,NULL,1,1,1,NULL,'ext-ct38',1,'2023-11-21 09:29:23','2023-11-21 09:29:23'),(1347,'J150',3,2,NULL,NULL,NULL,NULL,NULL,NULL,NULL,NULL,NULL,NULL,NULL,NULL,NULL,NULL,NULL,NULL,1,1,1,NULL,'ext-ct38',1,'2023-11-21 09:29:37','2023-11-21 09:29:37'),(1348,'H013',3,2,NULL,NULL,NULL,NULL,NULL,NULL,NULL,NULL,NULL,NULL,NULL,NULL,NULL,NULL,NULL,NULL,1,1,1,NULL,'ext-ct38',1,'2023-11-21 11:10:50','2023-11-21 11:10:50'),(1349,'F030',3,2,NULL,NULL,NULL,NULL,NULL,NULL,NULL,NULL,NULL,NULL,NULL,NULL,NULL,NULL,NULL,NULL,1,1,1,NULL,'ext-ct38',1,'2023-11-21 11:11:02','2023-11-21 11:11:02'),(1350,'D041',3,2,NULL,NULL,NULL,NULL,NULL,NULL,NULL,NULL,NULL,NULL,NULL,NULL,NULL,NULL,NULL,NULL,1,1,1,NULL,'ext-ct38',1,'2023-11-21 11:11:11','2023-11-21 11:11:11'),(1351,'F052',3,2,NULL,NULL,NULL,NULL,NULL,NULL,NULL,NULL,NULL,NULL,NULL,NULL,NULL,NULL,NULL,NULL,1,1,1,NULL,'ext-ct38',1,'2023-11-21 11:11:23','2023-11-21 11:11:23'),(1352,'F084',3,2,NULL,NULL,NULL,NULL,NULL,NULL,NULL,NULL,NULL,NULL,NULL,NULL,NULL,NULL,NULL,NULL,1,1,1,NULL,'ext-ct38',1,'2023-11-21 11:11:35','2023-11-21 11:11:35'),(1353,'C088',3,2,NULL,NULL,NULL,NULL,NULL,NULL,NULL,NULL,NULL,NULL,NULL,NULL,NULL,NULL,NULL,NULL,1,1,1,NULL,'ext-ct38',1,'2023-11-21 11:11:46','2023-11-21 11:11:46'),(1354,'F016',3,2,NULL,NULL,NULL,NULL,NULL,NULL,NULL,NULL,NULL,NULL,NULL,NULL,NULL,NULL,NULL,NULL,1,1,1,NULL,'ext-ct38',1,'2023-11-21 11:11:57','2023-11-21 11:11:57'),(1355,'H104',3,2,NULL,NULL,NULL,NULL,NULL,NULL,NULL,NULL,NULL,NULL,NULL,NULL,NULL,NULL,NULL,NULL,1,1,1,NULL,'ext-ct38',1,'2023-11-21 11:12:12','2023-11-21 11:12:12'),(1356,'H055',3,2,NULL,NULL,NULL,NULL,NULL,NULL,NULL,NULL,NULL,NULL,NULL,NULL,NULL,NULL,NULL,NULL,1,1,1,NULL,'ext-ct38',1,'2023-11-21 11:12:23','2023-11-21 11:12:23'),(1357,'E020',3,2,NULL,NULL,NULL,NULL,NULL,NULL,NULL,NULL,NULL,NULL,NULL,NULL,NULL,NULL,NULL,NULL,1,1,1,NULL,'ext-ct38',1,'2023-11-21 11:12:36','2023-11-21 11:12:36'),(1358,'A067',3,2,NULL,NULL,NULL,NULL,NULL,NULL,NULL,NULL,NULL,NULL,NULL,NULL,NULL,NULL,NULL,NULL,1,1,1,NULL,'ext-ct38',1,'2023-11-21 11:12:46','2023-11-21 11:12:46'),(1359,'H650',3,2,NULL,NULL,NULL,NULL,NULL,NULL,NULL,NULL,NULL,NULL,NULL,NULL,NULL,NULL,NULL,NULL,1,1,1,NULL,'ext-ct38',1,'2023-11-21 11:13:04','2023-11-21 11:13:04'),(1360,'E006',3,2,NULL,NULL,NULL,NULL,NULL,NULL,NULL,NULL,NULL,NULL,NULL,NULL,NULL,NULL,NULL,NULL,1,1,1,NULL,'ext-ct38',1,'2023-11-21 11:13:15','2023-11-21 11:13:15'),(1361,'E587',3,2,NULL,NULL,NULL,NULL,NULL,NULL,NULL,NULL,NULL,NULL,NULL,NULL,NULL,NULL,NULL,NULL,1,1,1,NULL,'ext-ct38',1,'2023-11-21 11:13:26','2023-11-21 11:13:26'),(1362,'E096',3,2,NULL,NULL,NULL,NULL,NULL,NULL,NULL,NULL,NULL,NULL,NULL,NULL,NULL,NULL,NULL,NULL,1,1,1,NULL,'ext-ct38',1,'2023-11-21 11:13:37','2023-11-21 11:13:37'),(1363,'F515',3,2,NULL,NULL,NULL,NULL,NULL,NULL,NULL,NULL,NULL,NULL,NULL,NULL,NULL,NULL,NULL,NULL,1,1,1,'DUPLICATE','ext-ct38',1,'2023-11-21 11:13:48','2023-11-21 14:45:45'),(1364,'D538',3,2,NULL,NULL,NULL,NULL,NULL,NULL,NULL,NULL,NULL,NULL,NULL,NULL,NULL,NULL,NULL,NULL,1,1,1,NULL,'ext-ct38',1,'2023-11-21 11:14:01','2023-11-21 11:14:01'),(1365,'E529',3,2,NULL,NULL,NULL,NULL,NULL,NULL,NULL,NULL,NULL,NULL,NULL,NULL,NULL,NULL,NULL,NULL,1,1,1,NULL,'ext-ct38',1,'2023-11-21 11:14:17','2023-11-21 11:14:17'),(1366,'F058',3,2,NULL,NULL,NULL,NULL,NULL,NULL,NULL,NULL,NULL,NULL,NULL,NULL,NULL,NULL,NULL,NULL,1,1,1,NULL,'ext-ct38',1,'2023-11-21 11:14:29','2023-11-21 11:14:29'),(1367,'G047',3,2,NULL,NULL,NULL,NULL,NULL,NULL,NULL,NULL,NULL,NULL,NULL,NULL,NULL,NULL,NULL,NULL,1,1,1,NULL,'ext-ct38',1,'2023-11-21 11:14:40','2023-11-21 11:14:40'),(1368,'J090',3,2,NULL,NULL,NULL,NULL,NULL,NULL,NULL,NULL,NULL,NULL,NULL,NULL,NULL,NULL,NULL,NULL,1,1,1,NULL,'ext-ct38',1,'2023-11-21 11:14:49','2023-11-21 11:14:49'),(1369,'J102',3,2,NULL,NULL,NULL,NULL,NULL,NULL,NULL,NULL,NULL,NULL,NULL,NULL,NULL,NULL,NULL,NULL,1,1,1,NULL,'ext-ct38',1,'2023-11-21 11:14:57','2023-11-21 11:14:57'),(1370,'F088',3,2,NULL,NULL,NULL,NULL,NULL,NULL,NULL,NULL,NULL,NULL,NULL,NULL,NULL,NULL,NULL,NULL,1,1,1,NULL,'ext-ct38',1,'2023-11-21 11:15:11','2023-11-21 11:15:11'),(1371,'E052',3,2,NULL,NULL,NULL,NULL,NULL,NULL,NULL,NULL,NULL,NULL,NULL,NULL,NULL,NULL,NULL,NULL,1,1,1,NULL,'ext-ct38',1,'2023-11-21 11:15:21','2023-11-21 11:15:21'),(1372,'B045',3,2,NULL,NULL,NULL,NULL,NULL,NULL,NULL,NULL,NULL,NULL,NULL,NULL,NULL,NULL,NULL,NULL,1,1,1,NULL,'ext-ct38',1,'2023-11-21 11:15:33','2023-11-21 11:15:33'),(1373,'F029',3,2,NULL,NULL,NULL,NULL,NULL,NULL,NULL,NULL,NULL,NULL,NULL,NULL,NULL,NULL,NULL,NULL,1,1,1,NULL,'ext-ct38',1,'2023-11-21 11:15:45','2023-11-21 11:15:45'),(1374,'G016',3,2,NULL,NULL,NULL,NULL,NULL,NULL,NULL,NULL,NULL,NULL,NULL,NULL,NULL,NULL,NULL,NULL,1,1,1,NULL,'ext-ct38',1,'2023-11-21 11:15:56','2023-11-21 11:15:56'),(1375,'B113',3,2,NULL,NULL,NULL,NULL,NULL,NULL,NULL,NULL,NULL,NULL,NULL,NULL,NULL,NULL,NULL,NULL,1,1,1,NULL,'ext-ct38',1,'2023-11-21 11:16:08','2023-11-21 11:16:08'),(1376,'H587',3,2,NULL,NULL,NULL,NULL,NULL,NULL,NULL,NULL,NULL,NULL,NULL,NULL,NULL,NULL,NULL,NULL,1,1,1,NULL,'ext-ct38',1,'2023-11-21 11:16:20','2023-11-21 11:16:20'),(1377,'E543',3,2,NULL,NULL,NULL,NULL,NULL,NULL,NULL,NULL,NULL,NULL,NULL,NULL,NULL,NULL,NULL,NULL,1,1,1,NULL,'ext-ct38',1,'2023-11-21 11:16:31','2023-11-21 11:16:31'),(1378,'F051',3,2,NULL,NULL,NULL,NULL,NULL,NULL,NULL,NULL,NULL,NULL,NULL,NULL,NULL,NULL,NULL,NULL,1,1,1,NULL,'ext-ct38',1,'2023-11-21 11:16:42','2023-11-21 11:16:42'),(1379,'9589',3,2,NULL,NULL,NULL,NULL,NULL,NULL,NULL,NULL,NULL,NULL,NULL,NULL,NULL,NULL,NULL,NULL,1,1,1,NULL,'ext-ct38',1,'2023-11-21 11:16:53','2023-11-21 11:16:53'),(1380,'X057',3,2,NULL,NULL,NULL,NULL,NULL,NULL,NULL,NULL,NULL,NULL,NULL,NULL,NULL,NULL,NULL,NULL,1,1,1,NULL,'ext-ct38',1,'2023-11-21 11:17:05','2023-11-21 11:17:05'),(1381,'H141',3,2,NULL,NULL,NULL,NULL,NULL,NULL,NULL,NULL,NULL,NULL,NULL,NULL,NULL,NULL,NULL,NULL,1,1,1,NULL,'ext-ct38',1,'2023-11-21 11:17:14','2023-11-21 11:17:14'),(1382,'E644',3,2,NULL,NULL,NULL,NULL,NULL,NULL,NULL,NULL,NULL,NULL,NULL,NULL,NULL,NULL,NULL,NULL,1,1,1,NULL,'ext-ct38',1,'2023-11-21 11:17:24','2023-11-21 11:17:24'),(1383,'H088',3,2,NULL,NULL,NULL,NULL,NULL,NULL,NULL,NULL,NULL,NULL,NULL,NULL,NULL,NULL,NULL,NULL,1,1,1,NULL,'ext-ct38',1,'2023-11-21 11:17:34','2023-11-21 11:17:34'),(1384,'F066',3,2,NULL,NULL,NULL,NULL,NULL,NULL,NULL,NULL,NULL,NULL,NULL,NULL,NULL,NULL,NULL,NULL,1,1,1,NULL,'ext-ct38',1,'2023-11-21 11:17:45','2023-11-21 11:17:45'),(1385,'D537',3,2,NULL,NULL,NULL,NULL,NULL,NULL,NULL,NULL,NULL,NULL,NULL,NULL,NULL,NULL,NULL,NULL,1,1,1,NULL,'ext-ct38',1,'2023-11-21 11:18:00','2023-11-21 11:18:00'),(1386,'H075',3,2,NULL,NULL,NULL,NULL,NULL,NULL,NULL,NULL,NULL,NULL,NULL,NULL,NULL,NULL,NULL,NULL,1,1,1,NULL,'ext-ct38',1,'2023-11-21 11:18:10','2023-11-21 11:18:10'),(1387,'J098',3,2,NULL,NULL,NULL,NULL,NULL,NULL,NULL,NULL,NULL,NULL,NULL,NULL,NULL,NULL,NULL,NULL,1,1,1,NULL,'ext-ct38',1,'2023-11-21 11:18:23','2023-11-21 11:18:23'),(1388,'H107',3,2,NULL,NULL,NULL,NULL,NULL,NULL,NULL,NULL,NULL,NULL,NULL,NULL,NULL,NULL,NULL,NULL,1,1,1,NULL,'ext-ct38',1,'2023-11-21 11:18:33','2023-11-21 11:18:33'),(1389,'E665',3,2,NULL,NULL,NULL,NULL,NULL,NULL,NULL,NULL,NULL,NULL,NULL,NULL,NULL,NULL,NULL,NULL,1,1,1,NULL,'ext-ct38',1,'2023-11-21 11:18:42','2023-11-21 11:18:42'),(1390,'H059',3,2,NULL,NULL,NULL,NULL,NULL,NULL,NULL,NULL,NULL,NULL,NULL,NULL,NULL,NULL,NULL,NULL,1,1,1,NULL,'ext-ct38',1,'2023-11-21 11:18:53','2023-11-21 11:18:53'),(1391,'H054',3,2,NULL,NULL,NULL,NULL,NULL,NULL,NULL,NULL,NULL,NULL,NULL,NULL,NULL,NULL,NULL,NULL,1,1,1,NULL,'ext-ct38',1,'2023-11-21 11:19:03','2023-11-21 11:19:03'),(1392,'F045',3,2,NULL,NULL,NULL,NULL,NULL,NULL,NULL,NULL,NULL,NULL,NULL,NULL,NULL,NULL,NULL,NULL,1,1,1,NULL,'ext-ct38',1,'2023-11-21 11:19:15','2023-11-21 11:19:15'),(1393,'E011',3,2,NULL,NULL,NULL,NULL,NULL,NULL,NULL,NULL,NULL,NULL,NULL,NULL,NULL,NULL,NULL,NULL,1,1,1,NULL,'ext-ct38',1,'2023-11-21 11:19:25','2023-11-21 11:19:25'),(1394,'C061',3,2,NULL,NULL,NULL,NULL,NULL,NULL,NULL,NULL,NULL,NULL,NULL,NULL,NULL,NULL,NULL,NULL,1,1,1,NULL,'ext-ct38',1,'2023-11-21 11:19:36','2023-11-21 11:19:36'),(1395,'H048',3,2,NULL,NULL,NULL,NULL,NULL,NULL,NULL,NULL,NULL,NULL,NULL,NULL,NULL,NULL,NULL,NULL,1,1,1,NULL,'ext-ct38',1,'2023-11-21 11:19:47','2023-11-21 11:19:47'),(1396,'B069',3,2,NULL,NULL,NULL,NULL,NULL,NULL,NULL,NULL,NULL,NULL,NULL,NULL,NULL,NULL,NULL,NULL,1,1,1,NULL,'ext-ct38',1,'2023-11-21 11:19:58','2023-11-21 11:19:58'),(1397,'A079',3,2,NULL,NULL,NULL,NULL,NULL,NULL,NULL,NULL,NULL,NULL,NULL,NULL,NULL,NULL,NULL,NULL,1,1,1,NULL,'ext-ct38',1,'2023-11-21 11:20:08','2023-11-21 11:20:08'),(1398,'H009',3,2,NULL,NULL,NULL,NULL,NULL,NULL,NULL,NULL,NULL,NULL,NULL,NULL,NULL,NULL,NULL,NULL,1,1,1,NULL,'ext-ct38',1,'2023-11-21 11:20:28','2023-11-21 11:20:28'),(1399,'F515',3,2,NULL,NULL,NULL,NULL,NULL,NULL,NULL,NULL,NULL,NULL,NULL,NULL,NULL,NULL,NULL,NULL,1,1,1,'DUPLICATE','ext-ct38',1,'2023-11-21 11:20:41','2023-11-21 14:45:59'),(1400,'E049',3,2,NULL,NULL,NULL,NULL,NULL,NULL,NULL,NULL,NULL,NULL,NULL,NULL,NULL,NULL,NULL,NULL,1,1,1,NULL,'ext-ct38',1,'2023-11-21 11:20:51','2023-11-21 11:20:51'),(1401,'C221',3,2,NULL,NULL,NULL,NULL,NULL,NULL,NULL,NULL,NULL,NULL,NULL,NULL,NULL,NULL,NULL,NULL,1,1,1,NULL,'ext-ct38',1,'2023-11-21 11:21:01','2023-11-21 11:21:01'),(1402,'G042',3,2,NULL,NULL,NULL,NULL,NULL,NULL,NULL,NULL,NULL,NULL,NULL,NULL,NULL,NULL,NULL,NULL,1,1,1,NULL,'ext-ct38',1,'2023-11-21 11:21:16','2023-11-21 11:21:16'),(1403,'F080',3,2,NULL,NULL,NULL,NULL,NULL,NULL,NULL,NULL,NULL,NULL,NULL,NULL,NULL,NULL,NULL,NULL,1,1,1,NULL,'ext-ct38',1,'2023-11-21 11:21:29','2023-11-21 11:21:29'),(1404,'C257',3,2,NULL,NULL,NULL,NULL,NULL,NULL,NULL,NULL,NULL,NULL,NULL,NULL,NULL,NULL,NULL,NULL,1,1,1,NULL,'ext-ct38',1,'2023-11-21 11:21:42','2023-11-21 11:21:42'),(1405,'E046',3,2,NULL,NULL,NULL,NULL,NULL,NULL,NULL,NULL,NULL,NULL,NULL,NULL,NULL,NULL,NULL,NULL,1,1,1,NULL,'ext-ct38',1,'2023-11-21 11:21:52','2023-11-21 11:21:52'),(1406,'C067',3,2,NULL,NULL,NULL,NULL,NULL,NULL,NULL,NULL,NULL,NULL,NULL,NULL,NULL,NULL,NULL,NULL,1,1,1,NULL,'ext-ct38',1,'2023-11-21 11:22:05','2023-11-21 11:22:05'),(1407,'E575',3,2,NULL,NULL,NULL,NULL,NULL,NULL,NULL,NULL,NULL,NULL,NULL,NULL,NULL,NULL,NULL,NULL,1,1,1,NULL,'ext-ct38',1,'2023-11-21 11:22:15','2023-11-21 11:22:15'),(1408,'H518',3,2,NULL,NULL,NULL,NULL,NULL,NULL,NULL,NULL,NULL,NULL,NULL,NULL,NULL,NULL,NULL,NULL,1,1,1,NULL,'ext-ct38',1,'2023-11-21 11:22:26','2023-11-21 11:22:26'),(1409,'H146',3,2,NULL,NULL,NULL,NULL,NULL,NULL,NULL,NULL,NULL,NULL,NULL,NULL,NULL,NULL,NULL,NULL,1,1,1,NULL,'ext-ct38',1,'2023-11-21 11:22:41','2023-11-21 11:22:41'),(1410,'J118',3,2,NULL,NULL,NULL,NULL,NULL,NULL,NULL,NULL,NULL,NULL,NULL,NULL,NULL,NULL,NULL,NULL,1,1,1,NULL,'ext-ct38',1,'2023-11-21 11:22:51','2023-11-21 11:22:51'),(1411,'E057',3,2,NULL,NULL,NULL,NULL,NULL,NULL,NULL,NULL,NULL,NULL,NULL,NULL,NULL,NULL,NULL,NULL,1,1,1,NULL,'ext-ct38',1,'2023-11-21 11:23:01','2023-11-21 11:23:01'),(1412,'H067',3,2,NULL,NULL,NULL,NULL,NULL,NULL,NULL,NULL,NULL,NULL,NULL,NULL,NULL,NULL,NULL,NULL,1,1,1,NULL,'ext-ct38',1,'2023-11-21 11:23:56','2023-11-21 11:23:56'),(1413,'G547',3,2,NULL,NULL,NULL,NULL,NULL,NULL,NULL,NULL,NULL,NULL,NULL,NULL,NULL,NULL,NULL,NULL,1,1,1,NULL,'ext-ct38',1,'2023-11-21 11:24:08','2023-11-21 11:24:08'),(1414,'F102',3,2,NULL,NULL,NULL,NULL,NULL,NULL,NULL,NULL,NULL,NULL,NULL,NULL,NULL,NULL,NULL,NULL,1,1,1,NULL,'ext-ct38',1,'2023-11-21 11:24:20','2023-11-21 11:24:20'),(1415,'H135',3,2,NULL,NULL,NULL,NULL,NULL,NULL,NULL,NULL,NULL,NULL,NULL,NULL,NULL,NULL,NULL,NULL,1,1,1,NULL,'ext-ct38',1,'2023-11-21 11:24:31','2023-11-21 11:24:31'),(1416,'F003',3,2,NULL,NULL,NULL,NULL,NULL,NULL,NULL,NULL,NULL,NULL,NULL,NULL,NULL,NULL,NULL,NULL,1,1,1,NULL,'ext-ct38',1,'2023-11-21 11:24:41','2023-11-21 11:24:41'),(1417,'H523',3,2,NULL,NULL,NULL,NULL,NULL,NULL,NULL,NULL,NULL,NULL,NULL,NULL,NULL,NULL,NULL,NULL,1,1,1,NULL,'ext-ct38',1,'2023-11-21 11:24:51','2023-11-21 11:24:51'),(1418,'F556',3,2,NULL,NULL,NULL,NULL,NULL,NULL,NULL,NULL,NULL,NULL,NULL,NULL,NULL,NULL,NULL,NULL,1,1,1,NULL,'ext-ct38',1,'2023-11-21 11:25:00','2023-11-21 11:25:00'),(1419,'F056',3,2,NULL,NULL,NULL,NULL,NULL,NULL,NULL,NULL,NULL,NULL,NULL,NULL,NULL,NULL,NULL,NULL,1,1,1,NULL,'ext-ct38',1,'2023-11-21 11:25:12','2023-11-21 11:25:12'),(1420,'9098',3,2,NULL,NULL,NULL,NULL,NULL,NULL,NULL,NULL,NULL,NULL,NULL,NULL,NULL,NULL,NULL,NULL,1,1,1,NULL,'ext-ct38',1,'2023-11-21 11:25:23','2023-11-21 11:25:23'),(1421,'J083',3,2,NULL,NULL,NULL,NULL,NULL,NULL,NULL,NULL,NULL,NULL,NULL,NULL,NULL,NULL,NULL,NULL,1,1,1,NULL,'ext-ct38',1,'2023-11-21 11:25:33','2023-11-21 11:25:33'),(1422,'C026',3,2,NULL,NULL,NULL,NULL,NULL,NULL,NULL,NULL,NULL,NULL,NULL,NULL,NULL,NULL,NULL,NULL,1,1,1,NULL,'ext-ct38',1,'2023-11-21 11:25:43','2023-11-21 11:25:43'),(1423,'J106',3,2,NULL,NULL,NULL,NULL,NULL,NULL,NULL,NULL,NULL,NULL,NULL,NULL,NULL,NULL,NULL,NULL,1,1,1,NULL,'ext-ct38',1,'2023-11-21 11:26:20','2023-11-21 11:26:20'),(1424,'H050',3,2,NULL,NULL,NULL,NULL,NULL,NULL,NULL,NULL,NULL,NULL,NULL,NULL,NULL,NULL,NULL,NULL,1,1,1,NULL,'ext-ct38',1,'2023-11-21 11:26:31','2023-11-21 11:26:31'),(1425,'C075',3,2,NULL,NULL,NULL,NULL,NULL,NULL,NULL,NULL,NULL,NULL,NULL,NULL,NULL,NULL,NULL,NULL,1,1,1,NULL,'ext-ct38',1,'2023-11-21 11:26:41','2023-11-21 11:26:41'),(1426,'C520',3,2,NULL,NULL,NULL,NULL,NULL,NULL,NULL,NULL,NULL,NULL,NULL,NULL,NULL,NULL,NULL,NULL,1,1,1,NULL,'ext-ct38',1,'2023-11-21 11:26:52','2023-11-21 11:26:52'),(1427,'J095',3,2,NULL,NULL,NULL,NULL,NULL,NULL,NULL,NULL,NULL,NULL,NULL,NULL,NULL,NULL,NULL,NULL,1,1,1,NULL,'ext-ct38',1,'2023-11-21 11:27:02','2023-11-21 11:27:02'),(1428,'C534',3,2,NULL,NULL,NULL,NULL,NULL,NULL,NULL,NULL,NULL,NULL,NULL,NULL,NULL,NULL,NULL,NULL,1,1,1,NULL,'ext-ct38',1,'2023-11-21 11:27:11','2023-11-21 11:27:11'),(1429,'J057',3,2,NULL,NULL,NULL,NULL,NULL,NULL,NULL,NULL,NULL,NULL,NULL,NULL,NULL,NULL,NULL,NULL,1,1,1,NULL,'ext-ct38',1,'2023-11-21 11:27:22','2023-11-21 11:27:22'),(1430,'F114',3,2,NULL,NULL,NULL,NULL,NULL,NULL,NULL,NULL,NULL,NULL,NULL,NULL,NULL,NULL,NULL,NULL,1,1,1,NULL,'ext-ct38',1,'2023-11-21 11:27:32','2023-11-21 11:27:32'),(1431,'J002',3,2,NULL,NULL,NULL,NULL,NULL,NULL,NULL,NULL,NULL,NULL,NULL,NULL,NULL,NULL,NULL,NULL,1,1,1,NULL,'ext-ct38',1,'2023-11-21 11:27:41','2023-11-21 11:27:41'),(1432,'F527',3,2,NULL,NULL,NULL,NULL,NULL,NULL,NULL,NULL,NULL,NULL,NULL,NULL,NULL,NULL,NULL,NULL,1,1,1,NULL,'ext-ct38',1,'2023-11-21 11:27:54','2023-11-21 11:27:54'),(1433,'E029',3,2,NULL,NULL,NULL,NULL,NULL,NULL,NULL,NULL,NULL,NULL,NULL,NULL,NULL,NULL,NULL,NULL,1,1,1,NULL,'ext-ct38',1,'2023-11-21 11:28:06','2023-11-21 11:28:06'),(1434,'G071',3,2,NULL,NULL,NULL,NULL,NULL,NULL,NULL,NULL,NULL,NULL,NULL,NULL,NULL,NULL,NULL,NULL,1,1,1,NULL,'ext-ct38',1,'2023-11-21 11:28:20','2023-11-21 11:28:20'),(1435,'J005',3,2,NULL,NULL,NULL,NULL,NULL,NULL,NULL,NULL,NULL,NULL,NULL,NULL,NULL,NULL,NULL,NULL,1,1,1,NULL,'ext-ct38',1,'2023-11-21 11:28:31','2023-11-21 11:28:31'),(1436,'H613',3,2,NULL,NULL,NULL,NULL,NULL,NULL,NULL,NULL,NULL,NULL,NULL,NULL,NULL,NULL,NULL,NULL,1,1,1,NULL,'ext-ct38',1,'2023-11-21 11:28:42','2023-11-21 11:28:42'),(1437,'A066',3,2,NULL,NULL,NULL,NULL,NULL,NULL,NULL,NULL,NULL,NULL,NULL,NULL,NULL,NULL,NULL,NULL,1,1,1,NULL,'ext-ct38',1,'2023-11-21 11:28:56','2023-11-21 11:28:56'),(1438,'G070',3,2,NULL,NULL,NULL,NULL,NULL,NULL,NULL,NULL,NULL,NULL,NULL,NULL,NULL,NULL,NULL,NULL,1,1,1,NULL,'ext-ct38',1,'2023-11-21 11:29:06','2023-11-21 11:29:06'),(1439,'G057',3,2,NULL,NULL,NULL,NULL,NULL,NULL,NULL,NULL,NULL,NULL,NULL,NULL,NULL,NULL,NULL,NULL,1,1,1,NULL,'ext-ct38',1,'2023-11-21 11:29:19','2023-11-21 11:29:19'),(1440,'H057',3,2,NULL,NULL,NULL,NULL,NULL,NULL,NULL,NULL,NULL,NULL,NULL,NULL,NULL,NULL,NULL,NULL,1,1,1,NULL,'ext-ct38',1,'2023-11-21 11:29:30','2023-11-21 11:29:30'),(1441,'H035',3,2,NULL,NULL,NULL,NULL,NULL,NULL,NULL,NULL,NULL,NULL,NULL,NULL,NULL,NULL,NULL,NULL,1,1,1,NULL,'ext-ct38',1,'2023-11-21 11:29:41','2023-11-21 11:29:41'),(1442,'C043',3,2,NULL,NULL,NULL,NULL,NULL,NULL,NULL,NULL,NULL,NULL,NULL,NULL,NULL,NULL,NULL,NULL,1,1,1,NULL,'ext-ct38',1,'2023-11-21 11:29:54','2023-11-21 11:29:54'),(1443,'H101',3,2,NULL,NULL,NULL,NULL,NULL,NULL,NULL,NULL,NULL,NULL,NULL,NULL,NULL,NULL,NULL,NULL,1,1,1,NULL,'ext-ct38',1,'2023-11-21 11:30:04','2023-11-21 11:30:04'),(1444,'H072',3,2,NULL,NULL,NULL,NULL,NULL,NULL,NULL,NULL,NULL,NULL,NULL,NULL,NULL,NULL,NULL,NULL,1,1,1,NULL,'ext-ct38',1,'2023-11-21 11:30:15','2023-11-21 11:30:15'),(1445,'G050',3,2,NULL,NULL,NULL,NULL,NULL,NULL,NULL,NULL,NULL,NULL,NULL,NULL,NULL,NULL,NULL,NULL,1,1,1,NULL,'ext-ct38',1,'2023-11-21 11:30:32','2023-11-21 11:30:32'),(1446,'F059',3,2,NULL,NULL,NULL,NULL,NULL,NULL,NULL,NULL,NULL,NULL,NULL,NULL,NULL,NULL,NULL,NULL,1,1,1,NULL,'ext-ct38',1,'2023-11-21 11:30:46','2023-11-21 11:30:46'),(1447,'J099',3,2,NULL,NULL,NULL,NULL,NULL,NULL,NULL,NULL,NULL,NULL,NULL,NULL,NULL,NULL,NULL,NULL,1,1,1,NULL,'ext-ct38',1,'2023-11-21 11:30:58','2023-11-21 11:30:58'),(1448,'H112',3,2,NULL,NULL,NULL,NULL,NULL,NULL,NULL,NULL,NULL,NULL,NULL,NULL,NULL,NULL,NULL,NULL,1,1,1,NULL,'ext-ct38',1,'2023-11-21 11:31:28','2023-11-21 11:31:28'),(1449,'Z061',3,2,NULL,NULL,NULL,NULL,NULL,NULL,NULL,NULL,NULL,NULL,NULL,NULL,NULL,NULL,NULL,NULL,1,1,1,NULL,'ext-ct38',1,'2023-11-21 11:31:39','2023-11-21 11:31:39'),(1450,'H008',3,2,NULL,NULL,NULL,NULL,NULL,NULL,NULL,NULL,NULL,NULL,NULL,NULL,NULL,NULL,NULL,NULL,1,1,1,NULL,'ext-ct38',1,'2023-11-21 11:31:51','2023-11-21 11:31:51'),(1451,'G577',3,2,NULL,NULL,NULL,NULL,NULL,NULL,NULL,NULL,NULL,NULL,NULL,NULL,NULL,NULL,NULL,NULL,1,1,1,NULL,'ext-ct38',1,'2023-11-21 11:32:02','2023-11-21 11:32:02'),(1452,'H061',3,2,NULL,NULL,NULL,NULL,NULL,NULL,NULL,NULL,NULL,NULL,NULL,NULL,NULL,NULL,NULL,NULL,1,1,1,NULL,'ext-ct38',1,'2023-11-21 11:32:14','2023-11-21 11:32:14'),(1453,'J004',3,2,NULL,NULL,NULL,NULL,NULL,NULL,NULL,NULL,NULL,NULL,NULL,NULL,NULL,NULL,NULL,NULL,1,1,1,NULL,'ext-ct38',1,'2023-11-21 11:32:24','2023-11-21 11:32:24'),(1454,'J101',3,2,NULL,NULL,NULL,NULL,NULL,NULL,NULL,NULL,NULL,NULL,NULL,NULL,NULL,NULL,NULL,NULL,1,1,1,NULL,'ext-ct38',1,'2023-11-21 11:32:41','2023-11-21 11:32:41'),(1455,'C093',3,2,NULL,NULL,NULL,NULL,NULL,NULL,NULL,NULL,NULL,NULL,NULL,NULL,NULL,NULL,NULL,NULL,1,1,1,NULL,'ext-ct38',1,'2023-11-21 11:32:56','2023-11-21 11:32:56'),(1456,'C548',3,2,NULL,NULL,NULL,NULL,NULL,NULL,NULL,NULL,NULL,NULL,NULL,NULL,NULL,NULL,NULL,NULL,1,1,1,NULL,'ext-ct38',1,'2023-11-21 11:33:11','2023-11-21 11:33:11'),(1457,'A033',3,2,NULL,NULL,NULL,NULL,NULL,NULL,NULL,NULL,NULL,NULL,NULL,NULL,NULL,NULL,NULL,NULL,1,1,1,NULL,'ext-ct38',1,'2023-11-21 11:33:23','2023-11-21 11:33:23'),(1458,'H020',3,2,NULL,NULL,NULL,NULL,NULL,NULL,NULL,NULL,NULL,NULL,NULL,NULL,NULL,NULL,NULL,NULL,1,1,1,NULL,'ext-ct38',1,'2023-11-21 11:33:35','2023-11-21 11:33:35'),(1459,'E086',3,2,NULL,NULL,NULL,NULL,NULL,NULL,NULL,NULL,NULL,NULL,NULL,NULL,NULL,NULL,NULL,NULL,1,1,1,NULL,'ext-ct38',1,'2023-11-21 11:33:47','2023-11-21 11:33:47'),(1460,'H130',3,2,NULL,NULL,NULL,NULL,NULL,NULL,NULL,NULL,NULL,NULL,NULL,NULL,NULL,NULL,NULL,NULL,1,1,1,NULL,'ext-ct38',1,'2023-11-21 11:33:57','2023-11-21 11:33:57'),(1461,'H544',3,2,NULL,NULL,NULL,NULL,NULL,NULL,NULL,NULL,NULL,NULL,NULL,NULL,NULL,NULL,NULL,NULL,1,1,1,NULL,'ext-ct38',1,'2023-11-21 11:34:07','2023-11-21 11:34:07'),(1462,'G066',3,2,NULL,NULL,NULL,NULL,NULL,NULL,NULL,NULL,NULL,NULL,NULL,NULL,NULL,NULL,NULL,NULL,1,1,1,NULL,'ext-ct38',1,'2023-11-21 11:34:23','2023-11-21 11:34:23'),(1463,'D104',3,2,NULL,NULL,NULL,NULL,NULL,NULL,NULL,NULL,NULL,NULL,NULL,NULL,NULL,NULL,NULL,NULL,1,1,1,NULL,'ext-ct38',1,'2023-11-21 11:34:35','2023-11-21 11:34:35'),(1464,'H014',3,2,NULL,NULL,NULL,NULL,NULL,NULL,NULL,NULL,NULL,NULL,NULL,NULL,NULL,NULL,NULL,NULL,1,1,1,NULL,'ext-ct38',1,'2023-11-21 11:34:46','2023-11-21 11:34:46'),(1465,'F561',3,2,NULL,NULL,NULL,NULL,NULL,NULL,NULL,NULL,NULL,NULL,NULL,NULL,NULL,NULL,NULL,NULL,1,1,1,NULL,'ext-ct38',1,'2023-11-21 11:34:58','2023-11-21 11:34:58'),(1466,'E089',3,2,NULL,NULL,NULL,NULL,NULL,NULL,NULL,NULL,NULL,NULL,NULL,NULL,NULL,NULL,NULL,NULL,1,1,1,NULL,'ext-ct38',1,'2023-11-21 11:35:10','2023-11-21 11:35:10'),(1467,'D127',3,2,NULL,NULL,NULL,NULL,NULL,NULL,NULL,NULL,NULL,NULL,NULL,NULL,NULL,NULL,NULL,NULL,1,1,1,NULL,'ext-ct38',1,'2023-11-21 11:35:20','2023-11-21 11:35:20'),(1468,'J001',3,2,NULL,NULL,NULL,NULL,NULL,NULL,NULL,NULL,NULL,NULL,NULL,NULL,NULL,NULL,NULL,NULL,1,1,1,NULL,'ext-ct38',1,'2023-11-21 11:35:32','2023-11-21 11:35:32'),(1469,'G501',3,2,NULL,NULL,NULL,NULL,NULL,NULL,NULL,NULL,NULL,NULL,NULL,NULL,NULL,NULL,NULL,NULL,1,1,1,NULL,'ext-ct38',1,'2023-11-21 11:35:43','2023-11-21 11:35:43'),(1470,'9064',3,2,NULL,NULL,NULL,NULL,NULL,NULL,NULL,NULL,NULL,NULL,NULL,NULL,NULL,NULL,NULL,NULL,1,1,1,NULL,'ext-ct38',1,'2023-11-21 11:35:56','2023-11-21 11:35:56'),(1471,'F083',3,2,NULL,NULL,NULL,NULL,NULL,NULL,NULL,NULL,NULL,NULL,NULL,NULL,NULL,NULL,NULL,NULL,1,1,1,NULL,'ext-ct38',1,'2023-11-21 11:36:06','2023-11-21 11:36:06'),(1472,'J003',3,2,NULL,NULL,NULL,NULL,NULL,NULL,NULL,NULL,NULL,NULL,NULL,NULL,NULL,NULL,NULL,NULL,1,1,1,NULL,'ext-ct38',1,'2023-11-21 11:36:17','2023-11-21 11:36:17'),(1473,'J058',3,2,NULL,NULL,NULL,NULL,NULL,NULL,NULL,NULL,NULL,NULL,NULL,NULL,NULL,NULL,NULL,NULL,1,1,1,NULL,'ext-ct38',1,'2023-11-21 11:36:30','2023-11-21 11:36:30'),(1474,'E082',3,2,NULL,NULL,NULL,NULL,NULL,NULL,NULL,NULL,NULL,NULL,NULL,NULL,NULL,NULL,NULL,NULL,1,1,1,NULL,'ext-ct38',1,'2023-11-21 11:36:40','2023-11-21 11:36:40'),(1475,'F012',3,2,NULL,NULL,NULL,NULL,NULL,NULL,NULL,NULL,NULL,NULL,NULL,NULL,NULL,NULL,NULL,NULL,1,1,1,NULL,'ext-ct38',1,'2023-11-21 11:36:50','2023-11-21 11:36:50'),(1476,'H573',3,2,NULL,NULL,NULL,NULL,NULL,NULL,NULL,NULL,NULL,NULL,NULL,NULL,NULL,NULL,NULL,NULL,1,1,1,NULL,'ext-ct38',1,'2023-11-21 11:37:02','2023-11-21 11:37:02'),(1477,'G062',3,2,NULL,NULL,NULL,NULL,NULL,NULL,NULL,NULL,NULL,NULL,NULL,NULL,NULL,NULL,NULL,NULL,1,1,1,NULL,'ext-ct38',1,'2023-11-21 11:37:14','2023-11-21 11:37:14'),(1478,'G004',3,2,NULL,NULL,NULL,NULL,NULL,NULL,NULL,NULL,NULL,NULL,NULL,NULL,NULL,NULL,NULL,NULL,1,1,1,NULL,'ext-ct38',1,'2023-11-21 11:37:24','2023-11-21 11:37:24'),(1479,'E649',3,2,NULL,NULL,NULL,NULL,NULL,NULL,NULL,NULL,NULL,NULL,NULL,NULL,NULL,NULL,NULL,NULL,1,1,1,NULL,'ext-ct38',1,'2023-11-21 11:37:34','2023-11-21 11:37:34'),(1480,'C531',3,2,NULL,NULL,NULL,NULL,NULL,NULL,NULL,NULL,NULL,NULL,NULL,NULL,NULL,NULL,NULL,NULL,1,1,1,NULL,'ext-ct38',1,'2023-11-21 11:37:49','2023-11-21 11:37:49'),(1481,'H567',3,2,NULL,NULL,NULL,NULL,NULL,NULL,NULL,NULL,NULL,NULL,NULL,NULL,NULL,NULL,NULL,NULL,1,1,1,NULL,'ext-ct38',1,'2023-11-21 11:37:59','2023-11-21 11:37:59'),(1482,'E021',3,2,NULL,NULL,NULL,NULL,NULL,NULL,NULL,NULL,NULL,NULL,NULL,NULL,NULL,NULL,NULL,NULL,1,1,1,NULL,'ext-ct38',1,'2023-11-21 11:38:09','2023-11-21 11:38:09'),(1483,'G073',3,2,NULL,NULL,NULL,NULL,NULL,NULL,NULL,NULL,NULL,NULL,NULL,NULL,NULL,NULL,NULL,NULL,1,1,1,NULL,'ext-ct38',1,'2023-11-21 11:38:22','2023-11-21 11:38:22'),(1484,'H003',3,2,NULL,NULL,NULL,NULL,NULL,NULL,NULL,NULL,NULL,NULL,NULL,NULL,NULL,NULL,NULL,NULL,1,1,1,NULL,'ext-ct38',1,'2023-11-21 11:38:31','2023-11-21 11:38:31'),(1485,'E027',3,2,NULL,NULL,NULL,NULL,NULL,NULL,NULL,NULL,NULL,NULL,NULL,NULL,NULL,NULL,NULL,NULL,1,1,1,NULL,'ext-ct38',1,'2023-11-21 11:38:41','2023-11-21 11:38:41'),(1486,'5052',3,2,NULL,NULL,NULL,NULL,NULL,NULL,NULL,NULL,NULL,NULL,NULL,NULL,NULL,NULL,NULL,NULL,1,1,1,NULL,'ext-ct38',1,'2023-11-21 11:38:51','2023-11-21 11:38:51'),(1487,'9063',3,2,NULL,NULL,NULL,NULL,NULL,NULL,NULL,NULL,NULL,NULL,NULL,NULL,NULL,NULL,NULL,NULL,1,1,1,NULL,'ext-ct38',1,'2023-11-21 11:39:04','2023-11-21 11:39:04'),(1488,'H097',3,2,NULL,NULL,NULL,NULL,NULL,NULL,NULL,NULL,NULL,NULL,NULL,NULL,NULL,NULL,NULL,NULL,1,1,1,NULL,'ext-ct38',1,'2023-11-21 11:39:19','2023-11-21 11:39:19'),(1489,'C220',3,2,NULL,NULL,NULL,NULL,NULL,NULL,NULL,NULL,NULL,NULL,NULL,NULL,NULL,NULL,NULL,NULL,1,1,1,NULL,'ext-ct38',1,'2023-11-21 11:39:28','2023-11-21 11:39:28'),(1490,'F046',3,2,NULL,NULL,NULL,NULL,NULL,NULL,NULL,NULL,NULL,NULL,NULL,NULL,NULL,NULL,NULL,NULL,1,1,1,NULL,'ext-ct38',1,'2023-11-21 11:39:44','2023-11-21 11:39:44'),(1491,'H063',3,2,NULL,NULL,NULL,NULL,NULL,NULL,NULL,NULL,NULL,NULL,NULL,NULL,NULL,NULL,NULL,NULL,1,1,1,NULL,'ext-ct38',1,'2023-11-21 11:39:56','2023-11-21 11:39:56'),(1492,'H068',3,2,NULL,NULL,NULL,NULL,NULL,NULL,NULL,NULL,NULL,NULL,NULL,NULL,NULL,NULL,NULL,NULL,1,1,1,NULL,'ext-ct38',1,'2023-11-21 11:40:06','2023-11-21 11:40:06'),(1493,'G076',3,2,NULL,NULL,NULL,NULL,NULL,NULL,NULL,NULL,NULL,NULL,NULL,NULL,NULL,NULL,NULL,NULL,1,1,1,NULL,'ext-ct38',1,'2023-11-21 11:40:18','2023-11-21 11:40:18'),(1494,'9612',3,2,NULL,NULL,NULL,NULL,NULL,NULL,NULL,NULL,NULL,NULL,NULL,NULL,NULL,NULL,NULL,NULL,1,1,1,NULL,'ext-ct38',1,'2023-11-21 11:40:30','2023-11-21 11:40:30'),(1495,'H559',3,2,NULL,NULL,NULL,NULL,NULL,NULL,NULL,NULL,NULL,NULL,NULL,NULL,NULL,NULL,NULL,NULL,1,1,1,NULL,'ext-ct38',1,'2023-11-21 11:40:54','2023-11-21 11:40:54'),(1496,'K071',3,2,NULL,NULL,NULL,NULL,NULL,NULL,NULL,NULL,NULL,NULL,NULL,NULL,NULL,NULL,NULL,NULL,1,1,1,NULL,'ext-ct38',1,'2023-11-21 11:41:07','2023-11-21 11:41:07'),(1497,'J663',3,2,NULL,NULL,NULL,NULL,NULL,NULL,NULL,NULL,NULL,NULL,NULL,NULL,NULL,NULL,NULL,NULL,1,1,1,NULL,'ext-ct38',1,'2023-11-21 11:41:17','2023-11-21 11:41:17'),(1498,'K088',3,2,NULL,NULL,NULL,NULL,NULL,NULL,NULL,NULL,NULL,NULL,NULL,NULL,NULL,NULL,NULL,NULL,1,1,1,NULL,'ext-ct38',1,'2023-11-21 11:41:28','2023-11-21 11:41:28'),(1499,'K003',3,2,NULL,NULL,NULL,NULL,NULL,NULL,NULL,NULL,NULL,NULL,NULL,NULL,NULL,NULL,NULL,NULL,1,1,1,NULL,'ext-ct38',1,'2023-11-21 11:41:39','2023-11-21 11:41:39'),(1500,'J661',3,2,NULL,NULL,NULL,NULL,NULL,NULL,NULL,NULL,NULL,NULL,NULL,NULL,NULL,NULL,NULL,NULL,1,1,1,NULL,'ext-ct38',1,'2023-11-21 11:41:50','2023-11-21 11:41:50'),(1501,'J561',3,2,NULL,NULL,NULL,NULL,NULL,NULL,NULL,NULL,NULL,NULL,NULL,NULL,NULL,NULL,NULL,NULL,1,1,1,NULL,'ext-ct38',1,'2023-11-21 11:42:03','2023-11-21 11:42:03'),(1502,'K132',3,2,NULL,NULL,NULL,NULL,NULL,NULL,NULL,NULL,NULL,NULL,NULL,NULL,NULL,NULL,NULL,NULL,1,1,1,NULL,'ext-ct38',1,'2023-11-21 11:42:14','2023-11-21 11:42:14'),(1503,'J536',3,2,NULL,NULL,NULL,NULL,NULL,NULL,NULL,NULL,NULL,NULL,NULL,NULL,NULL,NULL,NULL,NULL,1,1,1,NULL,'ext-ct38',1,'2023-11-21 11:42:27','2023-11-21 11:42:27'),(1504,'J583',3,2,NULL,NULL,NULL,NULL,NULL,NULL,NULL,NULL,NULL,NULL,NULL,NULL,NULL,NULL,NULL,NULL,1,1,1,NULL,'ext-ct38',1,'2023-11-21 11:42:41','2023-11-21 11:42:41'),(1505,'K061',3,2,NULL,NULL,NULL,NULL,NULL,NULL,NULL,NULL,NULL,NULL,NULL,NULL,NULL,NULL,NULL,NULL,1,1,1,NULL,'ext-ct38',1,'2023-11-21 11:42:52','2023-11-21 11:42:52'),(1506,'K128',3,2,NULL,NULL,NULL,NULL,NULL,NULL,NULL,NULL,NULL,NULL,NULL,NULL,NULL,NULL,NULL,NULL,1,1,1,NULL,'ext-ct38',1,'2023-11-21 11:43:08','2023-11-21 11:43:08'),(1507,'K123',3,2,NULL,NULL,NULL,NULL,NULL,NULL,NULL,NULL,NULL,NULL,NULL,NULL,NULL,NULL,NULL,NULL,1,1,1,NULL,'ext-ct38',1,'2023-11-21 11:43:19','2023-11-21 11:43:19'),(1508,'J522',3,2,NULL,NULL,NULL,NULL,NULL,NULL,NULL,NULL,NULL,NULL,NULL,NULL,NULL,NULL,NULL,NULL,1,1,1,NULL,'ext-ct38',1,'2023-11-21 11:43:37','2023-11-21 11:43:37'),(1509,'K074',3,2,NULL,NULL,NULL,NULL,NULL,NULL,NULL,NULL,NULL,NULL,NULL,NULL,NULL,NULL,NULL,NULL,1,1,1,NULL,'ext-ct38',1,'2023-11-21 11:43:48','2023-11-21 11:43:48'),(1510,'J657',3,2,NULL,NULL,NULL,NULL,NULL,NULL,NULL,NULL,NULL,NULL,NULL,NULL,NULL,NULL,NULL,NULL,1,1,1,NULL,'ext-ct38',1,'2023-11-21 11:44:01','2023-11-21 11:44:01'),(1511,'K045',3,2,NULL,NULL,NULL,NULL,NULL,NULL,NULL,NULL,NULL,NULL,NULL,NULL,NULL,NULL,NULL,NULL,1,1,1,NULL,'ext-ct38',1,'2023-11-21 11:44:14','2023-11-21 11:44:14'),(1512,'J559',3,2,NULL,NULL,NULL,NULL,NULL,NULL,NULL,NULL,NULL,NULL,NULL,NULL,NULL,NULL,NULL,NULL,1,1,1,NULL,'ext-ct38',1,'2023-11-21 11:44:26','2023-11-21 11:44:26'),(1513,'J579',3,2,NULL,NULL,NULL,NULL,NULL,NULL,NULL,NULL,NULL,NULL,NULL,NULL,NULL,NULL,NULL,NULL,1,1,1,NULL,'ext-ct38',1,'2023-11-21 11:44:38','2023-11-21 11:44:38'),(1514,'K036',3,2,NULL,NULL,NULL,NULL,NULL,NULL,NULL,NULL,NULL,NULL,NULL,NULL,NULL,NULL,NULL,NULL,1,1,1,NULL,'ext-ct38',1,'2023-11-21 11:44:53','2023-11-21 11:44:53'),(1515,'K097',3,2,NULL,NULL,NULL,NULL,NULL,NULL,NULL,NULL,NULL,NULL,NULL,NULL,NULL,NULL,NULL,NULL,1,1,1,NULL,'ext-ct38',1,'2023-11-21 11:45:05','2023-11-21 11:45:05'),(1516,'J548',3,2,NULL,NULL,NULL,NULL,NULL,NULL,NULL,NULL,NULL,NULL,NULL,NULL,NULL,NULL,NULL,NULL,1,1,1,NULL,'ext-ct38',1,'2023-11-21 11:45:23','2023-11-21 11:45:23'),(1517,'H547',3,2,NULL,NULL,NULL,NULL,NULL,NULL,NULL,NULL,NULL,NULL,NULL,NULL,NULL,NULL,NULL,NULL,1,1,1,NULL,'ext-ct38',1,'2023-11-21 11:45:52','2023-11-21 11:45:52'),(1518,'K142',3,2,NULL,NULL,NULL,NULL,NULL,NULL,NULL,NULL,NULL,NULL,NULL,NULL,NULL,NULL,NULL,NULL,1,1,1,NULL,'ext-ct38',1,'2023-11-21 11:46:04','2023-11-21 11:46:04'),(1519,'K008',3,2,NULL,NULL,NULL,NULL,NULL,NULL,NULL,NULL,NULL,NULL,NULL,NULL,NULL,NULL,NULL,NULL,1,1,1,NULL,'ext-ct38',1,'2023-11-21 11:46:19','2023-11-21 11:46:19'),(1520,'J596',3,2,NULL,NULL,NULL,NULL,NULL,NULL,NULL,NULL,NULL,NULL,NULL,NULL,NULL,NULL,NULL,NULL,1,1,1,NULL,'ext-ct38',1,'2023-11-21 11:46:33','2023-11-21 11:46:33'),(1521,'J581',3,2,NULL,NULL,NULL,NULL,NULL,NULL,NULL,NULL,NULL,NULL,NULL,NULL,NULL,NULL,NULL,NULL,1,1,1,NULL,'ext-ct38',1,'2023-11-21 11:46:45','2023-11-21 11:46:45'),(1522,'K073',3,2,NULL,NULL,NULL,NULL,NULL,NULL,NULL,NULL,NULL,NULL,NULL,NULL,NULL,NULL,NULL,NULL,1,1,1,NULL,'ext-ct38',1,'2023-11-21 11:47:01','2023-11-21 11:47:01'),(1523,'G531',3,2,NULL,NULL,NULL,NULL,NULL,NULL,NULL,NULL,NULL,NULL,NULL,NULL,NULL,NULL,NULL,NULL,1,1,1,NULL,'ext-ct38',1,'2023-11-21 14:48:06','2023-11-21 14:48:06');
/*!40000 ALTER TABLE `animals` ENABLE KEYS */;
UNLOCK TABLES;

--
-- Table structure for table `body_condition_score`
--

DROP TABLE IF EXISTS `body_condition_score`;
/*!40101 SET @saved_cs_client     = @@character_set_client */;
 SET character_set_client = utf8mb4 ;
CREATE TABLE `body_condition_score` (
  `id` int(11) NOT NULL AUTO_INCREMENT,
  `description` varchar(255) NOT NULL,
  PRIMARY KEY (`id`)
) ENGINE=InnoDB AUTO_INCREMENT=10 DEFAULT CHARSET=utf8;
/*!40101 SET character_set_client = @saved_cs_client */;

--
-- Dumping data for table `body_condition_score`
--

LOCK TABLES `body_condition_score` WRITE;
/*!40000 ALTER TABLE `body_condition_score` DISABLE KEYS */;
INSERT INTO `body_condition_score` VALUES (1,'Emaciated'),(2,'Poor'),(3,'Thin'),(4,'Borderline'),(5,'Moderate'),(6,'High Moderate'),(7,'Good'),(8,'Fat'),(9,'Extremely Fat');
/*!40000 ALTER TABLE `body_condition_score` ENABLE KEYS */;
UNLOCK TABLES;

--
-- Table structure for table `body_system_conditions`
--

DROP TABLE IF EXISTS `body_system_conditions`;
/*!40101 SET @saved_cs_client     = @@character_set_client */;
 SET character_set_client = utf8mb4 ;
CREATE TABLE `body_system_conditions` (
  `id` int(11) NOT NULL AUTO_INCREMENT,
  `body_system_id` int(11) NOT NULL,
  `condition_name` varchar(255) CHARACTER SET utf8 COLLATE utf8_general_ci NOT NULL,
  PRIMARY KEY (`id`)
) ENGINE=InnoDB AUTO_INCREMENT=62 DEFAULT CHARSET=utf8;
/*!40101 SET character_set_client = @saved_cs_client */;

--
-- Dumping data for table `body_system_conditions`
--

LOCK TABLES `body_system_conditions` WRITE;
/*!40000 ALTER TABLE `body_system_conditions` DISABLE KEYS */;
INSERT INTO `body_system_conditions` VALUES (1,1,'coughing'),(2,1,'nasal discharge\r\n'),(3,1,'difficulty breathing'),(4,1,'open mouth'),(5,1,'drooped ears'),(6,1,'rapid breathing'),(7,2,'Injury - foot'),(8,2,'Injury - leg'),(9,2,'Injury - abdomen'),(10,2,'Injury - thorax'),(11,2,'Injury - neck'),(12,2,'Injury - head/face'),(13,2,'Lameness - foot rot'),(14,2,'Lameness - abscess'),(15,2,'Lameness - hairy heel wart'),(16,2,'Lameness - foreign object'),(17,2,'Down cow/unable to stand - calving difficulty'),(18,2,'Down cow/unable to stand - thin'),(19,2,'Down cow/unable to stand - milk fever'),(20,2,'Down cow/unable to stand - grass tetany'),(21,2,'Infection/abscess - foot'),(22,2,'Infection/abscess - leg'),(23,2,'Infection/abscess - abdomen'),(24,2,'Infection/abscess - thorax'),(25,2,'Infection/abscess - neck'),(26,2,'Infection/abscess - head/face'),(27,2,'Infection/abscess - navel'),(28,3,'diarrhea'),(29,3,'bloat'),(30,3,'grain overload'),(31,3,'thin'),(32,3,'woody tongue'),(33,3,'lumpy jaw'),(34,3,'parasites'),(35,4,'blindness'),(36,4,'circling'),(37,4,'head tilt'),(38,4,'drooped ears'),(39,4,'wobbly/unable to stand'),(40,5,'uterine discharge'),(41,5,'abortion'),(42,5,'retained placenta'),(43,5,'calving difficulty'),(44,5,'injury'),(45,5,'prolapse-uterine'),(46,5,'prolapse-vaginal'),(47,5,'open'),(48,5,'pregnant'),(49,5,'intentional abortion'),(50,5,'estrus synch'),(51,6,'injury'),(52,6,'infection'),(53,6,'hair loss'),(54,6,'rain rot/scald'),(55,6,'ring worm'),(56,7,'pinkeye'),(57,7,'injury'),(58,7,'foreign object'),(59,7,'cancer eye'),(60,8,'ADR'),(61,8,'Other');
/*!40000 ALTER TABLE `body_system_conditions` ENABLE KEYS */;
UNLOCK TABLES;

--
-- Table structure for table `body_systems`
--

DROP TABLE IF EXISTS `body_systems`;
/*!40101 SET @saved_cs_client     = @@character_set_client */;
 SET character_set_client = utf8mb4 ;
CREATE TABLE `body_systems` (
  `id` int(11) NOT NULL AUTO_INCREMENT,
  `system_name` varchar(255) CHARACTER SET utf8 COLLATE utf8_general_ci NOT NULL,
  PRIMARY KEY (`id`)
) ENGINE=InnoDB AUTO_INCREMENT=9 DEFAULT CHARSET=utf8;
/*!40101 SET character_set_client = @saved_cs_client */;

--
-- Dumping data for table `body_systems`
--

LOCK TABLES `body_systems` WRITE;
/*!40000 ALTER TABLE `body_systems` DISABLE KEYS */;
INSERT INTO `body_systems` VALUES (1,'Respiratory'),(2,'Bones/Muscles'),(3,'Gastrointestinal'),(4,'Neurological'),(5,'Reproductive'),(6,'Skin'),(7,'Eyes'),(8,'Other');
/*!40000 ALTER TABLE `body_systems` ENABLE KEYS */;
UNLOCK TABLES;

--
-- Table structure for table `breeding_event_types`
--

DROP TABLE IF EXISTS `breeding_event_types`;
/*!40101 SET @saved_cs_client     = @@character_set_client */;
 SET character_set_client = utf8mb4 ;
CREATE TABLE `breeding_event_types` (
  `id` int(11) NOT NULL AUTO_INCREMENT,
  `description` varchar(255) NOT NULL,
  PRIMARY KEY (`id`)
) ENGINE=InnoDB AUTO_INCREMENT=5 DEFAULT CHARSET=utf8;
/*!40101 SET character_set_client = @saved_cs_client */;

--
-- Dumping data for table `breeding_event_types`
--

LOCK TABLES `breeding_event_types` WRITE;
/*!40000 ALTER TABLE `breeding_event_types` DISABLE KEYS */;
INSERT INTO `breeding_event_types` VALUES (1,'Bull-In'),(2,'Bull-Out'),(3,'A.I. Breeding'),(4,'Natural Service Breeding');
/*!40000 ALTER TABLE `breeding_event_types` ENABLE KEYS */;
UNLOCK TABLES;

--
-- Table structure for table `breeds`
--

DROP TABLE IF EXISTS `breeds`;
/*!40101 SET @saved_cs_client     = @@character_set_client */;
 SET character_set_client = utf8mb4 ;
CREATE TABLE `breeds` (
  `id` int(11) NOT NULL AUTO_INCREMENT,
  `name` varchar(255) CHARACTER SET utf8 COLLATE utf8_general_ci NOT NULL,
  `code` varchar(2) NOT NULL,
  `type` varchar(255) NOT NULL,
  PRIMARY KEY (`id`)
) ENGINE=InnoDB AUTO_INCREMENT=122 DEFAULT CHARSET=utf8;
/*!40101 SET character_set_client = @saved_cs_client */;

--
-- Dumping data for table `breeds`
--

LOCK TABLES `breeds` WRITE;
/*!40000 ALTER TABLE `breeds` DISABLE KEYS */;
INSERT INTO `breeds` VALUES (1,'American Lineback','LD','Dairy'),(2,'Ayrshire','AY','Dairy'),(3,'Brown Swiss','BS','Dairy'),(4,'Guernsey','GU','Dairy'),(5,'Holstein','HO','Dairy'),(6,'Jersey','JE','Dairy'),(7,'Red&White','WW','Dairy'),(8,'Shorthorn(Milking)','MS','Dairy'),(9,'Milking Devon','MD','Dairy'),(10,'Norwegian Red&White','NR','Dairy'),(11,'Swedish Red&White','SR','Dairy'),(12,'Dairy Crossbred','XD','Dairy'),(13,'Africander','AF','Beef'),(14,'American Akaushi','AA','Beef'),(15,'Angus','AN','Beef'),(16,'Angus Plus','NP','Beef'),(17,'Ankina','AK','Beef'),(18,'Ankole-Watusi','AW','Beef'),(19,'American Breed','AE','Beef'),(20,'American Bucking','MB','Beef'),(21,'Amerifax','AM','Beef'),(22,'Barzona','BA','Beef'),(23,'Beefalo','BE','Beef'),(24,'Beef Friesian','BF','Beef'),(25,'Beefmaster','BM','Beef'),(26,'Belgian Blue','BB','Beef'),(27,'Belted Galloway','BG','Beef'),(28,'Black Maximizer','BX','Beef'),(29,'Blonde D\'Aquitaine','BD','Beef'),(30,'Bonsmara','NS','Beef'),(31,'Braford','BO','Beef'),(32,'Brahman','BR','Beef'),(33,'Brahmousin','BI','Beef'),(34,'Braler','BL','Beef'),(35,'Brangus','BN','Beef'),(36,'Braunvieh','BU','Beef'),(37,'British White','BW','Beef'),(38,'Brown Swiss (Beef)','SB','Beef'),(39,'Buelingo','BQ','Beef'),(40,'Canadienne','CN','Beef'),(41,'Charbray','CB','Beef'),(42,'Charolais','CH','Beef'),(43,'Chi-angus','CG','Beef'),(44,'Chianina','CA','Beef'),(45,'Chi-maine','CM','Beef'),(46,'Danish red&white','RW','Beef'),(47,'Devon','DE','Beef'),(48,'Dexter','DR','Beef'),(49,'Dutch Belted','DL','Beef'),(50,'Eringer','ER','Beef'),(51,'Flamand','FA','Beef'),(52,'Florida Cracker','FC','Beef'),(53,'Fribourg','FR','Beef'),(54,'Galloway','GA','Beef'),(55,'Gelbray','GE','Beef'),(56,'Gelbvieh','GV','Beef'),(57,'Grauvieh','GI','Beef'),(58,'Gronningen','GR','Beef'),(59,'Guzerat','GZ','Beef'),(60,'Gyr (Gir)','GY','Beef'),(61,'Hays Converter','HC','Beef'),(62,'Hereford (black)','HB','Beef'),(63,'Hereford (horned)','HH','Beef'),(64,'Hereford (polled)','HP','Beef'),(65,'Highland (scotch)','SH','Beef'),(66,'Hybrid (alberta)','HY','Beef'),(67,'Indu Brazil ','IB','Beef'),(68,'Irish Black','IK','Beef'),(69,'Kobe (wagyu)','KB','Beef'),(70,'Limousin','LM','Beef'),(71,'Lincoln Red','LR','Beef'),(72,'Lowline (Loala)','LO','Beef'),(73,'Luing','LU','Beef'),(74,'Maine-Anjou','MA','Beef'),(75,'Mandalong Special','ML','Beef'),(76,'Marchigiana','MR','Beef'),(77,'Maremmana','ME','Beef'),(78,'Mashona','MH','Beef'),(79,'Mexican Corriente','MC','Beef'),(80,'Montbeliearde','MO','Beef'),(81,'Muese-Rhine-Issel','MI','Beef'),(82,'Murrah','MU','Beef'),(83,'Murray Grey','MG','Beef'),(84,'Nellore','NE','Beef'),(85,'Normande','NM','Beef'),(86,'Norwegian Red','NR','Beef'),(87,'Parthenaise','PA','Beef'),(88,'Piedmontese','PI','Beef'),(89,'Pinzgauer','PZ','Beef'),(90,'Ranger','RA','Beef'),(91,'Red Angus','AR','Beef'),(92,'Red Brahman','RR','Beef'),(93,'Red Brangus','RB','Beef'),(94,'Red Dane','RD','Beef'),(95,'Red Poll','RP','Beef'),(96,'Romangnola','RN','Beef'),(97,'Romosinuano','RS','Beef'),(98,'Rotbunte','RO','Beef'),(99,'Sahiwal','SW','Beef'),(100,'Salers','SA','Beef'),(101,'Santa Gertrudis','SG','Beef'),(102,'Senepol','SE','Beef'),(103,'Shorthorn (Beef Scotch)','SS','Beef'),(104,'Shorthorn (Polled)','SP','Beef'),(105,'Shorthorn (Illwara)','IS','Beef'),(106,'Simbrah','SI','Beef'),(107,'Simmental','SM','Beef'),(108,'South Devon','DS','Beef'),(109,'South Poll','OP','Beef'),(110,'Sussex','SX','Beef'),(111,'Tabapua','TB','Beef'),(112,'Tarentaise','TA','Beef'),(113,'Taurindicus','TN','Beef'),(114,'Texas Longhorn','TL','Beef'),(115,'Tuli','TI','Beef'),(116,'Welsh Black','WB','Beef'),(117,'West Flemish Red','WF','Beef'),(118,'White Park','WP','Beef'),(119,'Crossbreeds (twinner)','XT','Beef'),(120,'Beef Crossbred','XB','Beef'),(121,'Dairy x Beef Cross','XX','Beef');
/*!40000 ALTER TABLE `breeds` ENABLE KEYS */;
UNLOCK TABLES;

--
-- Table structure for table `calving_ease`
--

DROP TABLE IF EXISTS `calving_ease`;
/*!40101 SET @saved_cs_client     = @@character_set_client */;
 SET character_set_client = utf8mb4 ;
CREATE TABLE `calving_ease` (
  `id` int(11) NOT NULL AUTO_INCREMENT,
  `description` varchar(255) NOT NULL,
  PRIMARY KEY (`id`)
) ENGINE=InnoDB AUTO_INCREMENT=6 DEFAULT CHARSET=utf8;
/*!40101 SET character_set_client = @saved_cs_client */;

--
-- Dumping data for table `calving_ease`
--

LOCK TABLES `calving_ease` WRITE;
/*!40000 ALTER TABLE `calving_ease` DISABLE KEYS */;
INSERT INTO `calving_ease` VALUES (1,'No difficulty, no assistance required'),(2,'Minor difficulty, some assistance'),(3,'Major difficulty, mechanical assistance'),(4,'Caesarian section or other surgery'),(5,'Abnormal presentation');
/*!40000 ALTER TABLE `calving_ease` ENABLE KEYS */;
UNLOCK TABLES;

--
-- Table structure for table `calving_vigor_score`
--

DROP TABLE IF EXISTS `calving_vigor_score`;
/*!40101 SET @saved_cs_client     = @@character_set_client */;
 SET character_set_client = utf8mb4 ;
CREATE TABLE `calving_vigor_score` (
  `id` int(11) NOT NULL AUTO_INCREMENT,
  `title` varchar(255) CHARACTER SET utf8 COLLATE utf8_general_ci NOT NULL,
  PRIMARY KEY (`id`)
) ENGINE=InnoDB AUTO_INCREMENT=7 DEFAULT CHARSET=utf8;
/*!40101 SET character_set_client = @saved_cs_client */;

--
-- Dumping data for table `calving_vigor_score`
--

LOCK TABLES `calving_vigor_score` WRITE;
/*!40000 ALTER TABLE `calving_vigor_score` DISABLE KEYS */;
INSERT INTO `calving_vigor_score` VALUES (1,'Nursed/Healthy'),(2,'Slow to Nurse'),(3,'Assisted to Nurse'),(4,'Died Shortly After Birth'),(5,'Dead at Birth'),(6,'Aborted');
/*!40000 ALTER TABLE `calving_vigor_score` ENABLE KEYS */;
UNLOCK TABLES;

--
-- Table structure for table `chute_docility_score`
--

DROP TABLE IF EXISTS `chute_docility_score`;
/*!40101 SET @saved_cs_client     = @@character_set_client */;
 SET character_set_client = utf8mb4 ;
CREATE TABLE `chute_docility_score` (
  `id` int(11) NOT NULL AUTO_INCREMENT,
  `title` varchar(255) CHARACTER SET utf8 COLLATE utf8_general_ci NOT NULL,
  `description` varchar(255) NOT NULL,
  PRIMARY KEY (`id`)
) ENGINE=InnoDB AUTO_INCREMENT=7 DEFAULT CHARSET=utf8;
/*!40101 SET character_set_client = @saved_cs_client */;

--
-- Dumping data for table `chute_docility_score`
--

LOCK TABLES `chute_docility_score` WRITE;
/*!40000 ALTER TABLE `chute_docility_score` DISABLE KEYS */;
INSERT INTO `chute_docility_score` VALUES (1,'Docile','Easily handled, does not pull on headgate, exits chute calmly'),(2,'Restless','Quiet but may try to pull on headgate, exits chute promptly'),(3,'Nervous','Impatient with some struggling and tail flicking, exits chute briskly'),(4,'Flightly','Struggles violently, vocalizes, exhibits long flight distance, exits chute wildly'),(5,'Aggressive','Struggles, violently, vocalizes, exhibits long flights'),(6,'Very Aggressive','Pronounced attack behavior, thrashes or attacks when confined');
/*!40000 ALTER TABLE `chute_docility_score` ENABLE KEYS */;
UNLOCK TABLES;

--
-- Table structure for table `colors`
--

DROP TABLE IF EXISTS `colors`;
/*!40101 SET @saved_cs_client     = @@character_set_client */;
 SET character_set_client = utf8mb4 ;
CREATE TABLE `colors` (
  `id` int(11) NOT NULL AUTO_INCREMENT,
  `title` varchar(255) CHARACTER SET utf8 COLLATE utf8_general_ci NOT NULL,
  PRIMARY KEY (`id`)
) ENGINE=InnoDB AUTO_INCREMENT=14 DEFAULT CHARSET=utf8;
/*!40101 SET character_set_client = @saved_cs_client */;

--
-- Dumping data for table `colors`
--

LOCK TABLES `colors` WRITE;
/*!40000 ALTER TABLE `colors` DISABLE KEYS */;
INSERT INTO `colors` VALUES (1,'Black'),(2,'Red'),(3,'Smoke'),(4,'BWF (Black White Face)'),(5,'RWF (Red White Face)'),(6,'Red & White'),(7,'Spotted'),(8,'Brindle'),(9,'Roan'),(10,'Gray'),(11,'Cream (Yellow)'),(12,'White'),(13,'Brown');
/*!40000 ALTER TABLE `colors` ENABLE KEYS */;
UNLOCK TABLES;

--
-- Table structure for table `dam_body_condition_score`
--

DROP TABLE IF EXISTS `dam_body_condition_score`;
/*!40101 SET @saved_cs_client     = @@character_set_client */;
 SET character_set_client = utf8mb4 ;
CREATE TABLE `dam_body_condition_score` (
  `id` int(11) NOT NULL AUTO_INCREMENT,
  `title` varchar(255) CHARACTER SET utf8 COLLATE utf8_general_ci NOT NULL,
  `description` varchar(300) CHARACTER SET utf8 COLLATE utf8_general_ci NOT NULL,
  PRIMARY KEY (`id`)
) ENGINE=InnoDB AUTO_INCREMENT=10 DEFAULT CHARSET=utf8;
/*!40101 SET character_set_client = @saved_cs_client */;

--
-- Dumping data for table `dam_body_condition_score`
--

LOCK TABLES `dam_body_condition_score` WRITE;
/*!40000 ALTER TABLE `dam_body_condition_score` DISABLE KEYS */;
INSERT INTO `dam_body_condition_score` VALUES (1,'Emaciated','Cow is extremely thin with no palpable fat detectable over spinous processes, transverse processes, hip bones, or ribs. Tail head and ribs project quite prominently.'),(2,'Poor','Cow still appears somewhat emaciated but tail-head and ribs are less prominent. Individual spinous processes are still rather sharp to the touch, but some tissue cover over dorsal portion of ribs.'),(3,'Thin','Ribs are still individually identifiable but not quite as sharp to the touch. There is obvious palpable fat along spine and over tail-head with some tissue cover over dorsal portion of ribs.'),(4,'Borderline','Individual ribs are no longer visually obvious. The spinous processes can be identified individually on palpation but feed rounded rather than sharp. Some fat cover over ribs, transverse processes, and hip bones.'),(5,'Moderate','Cow has generally good overall appearance. On palpation, fat cover over ribs feels spongy and areas on either side of tail-head now have palpable fat cover.'),(6,'High Moderate','Firm pressure now needs to be applied to feel spinous processes. A high degree of fat is palpable over ribs and around tail-head.'),(7,'Good','Cow appears fleshy and obviously carries considerable fat. Very spongy fat cover over ribs and around tail-head. \"Rounds\" or \"pones\" beginning to be obvious. Some fat around vulva and in crotch.'),(8,'Fat','Cow very fleshy and over-conditioned. Spinous processes almost impossible to palpate. Cow has large fat deposits over ribs and around tail-head, and below vulva. \"Rounds\" or \"pones\" are obvious.'),(9,'Extremely Fat','Cow obviously extremely wasty and patchy and looks blocky. Tail-head and hips buried in fatty tissue and \"rounds\" or \"pones\" of fat are protruding. Bone structure no longer visible and barely palpable. Animal\'s mobility might even be impaired by large fatty deposits.');
/*!40000 ALTER TABLE `dam_body_condition_score` ENABLE KEYS */;
UNLOCK TABLES;

--
-- Table structure for table `event_breeding`
--

DROP TABLE IF EXISTS `event_breeding`;
/*!40101 SET @saved_cs_client     = @@character_set_client */;
 SET character_set_client = utf8mb4 ;
CREATE TABLE `event_breeding` (
  `id` int(11) NOT NULL AUTO_INCREMENT,
  `action_type_id` int(11) NOT NULL,
  `action_id` int(11) NOT NULL,
  `animal_id` int(11) DEFAULT NULL,
  `group_id` int(11) DEFAULT NULL,
  `bull_id` int(11) NOT NULL,
  `date` date NOT NULL,
  `event_type_id` int(11) NOT NULL,
  `technician` varchar(255) CHARACTER SET utf8 COLLATE utf8_general_ci DEFAULT NULL,
  `notes` varchar(255) CHARACTER SET utf8 COLLATE utf8_general_ci DEFAULT NULL,
  `user_id` varchar(255) CHARACTER SET utf8 COLLATE utf8_general_ci NOT NULL,
  `event_datetime` datetime NOT NULL,
  PRIMARY KEY (`id`)
) ENGINE=InnoDB AUTO_INCREMENT=78 DEFAULT CHARSET=utf8;
/*!40101 SET character_set_client = @saved_cs_client */;

--
-- Dumping data for table `event_breeding`
--

LOCK TABLES `event_breeding` WRITE;
/*!40000 ALTER TABLE `event_breeding` DISABLE KEYS */;
INSERT INTO `event_breeding` VALUES (1,5,22,753,NULL,881,'2022-04-15',3,'Isaac Jumper',NULL,'ext-ct38','2023-08-08 08:25:23'),(2,5,22,748,NULL,881,'2022-04-15',3,'Isaac Jumper',NULL,'ext-ct38','2023-08-08 08:25:23'),(3,5,22,810,NULL,881,'2022-04-15',3,'Isaac Jumper',NULL,'ext-ct38','2023-08-08 08:25:23'),(4,5,22,761,NULL,881,'2022-04-15',3,'Isaac Jumper',NULL,'ext-ct38','2023-08-08 08:25:23'),(5,5,22,804,NULL,881,'2022-04-15',3,'Isaac Jumper',NULL,'ext-ct38','2023-08-08 08:25:23'),(6,5,22,746,NULL,881,'2022-04-15',3,'Isaac Jumper',NULL,'ext-ct38','2023-08-08 08:25:23'),(7,5,22,794,NULL,881,'2022-04-15',3,'Isaac Jumper',NULL,'ext-ct38','2023-08-08 08:25:23'),(8,5,22,806,NULL,881,'2022-04-15',3,'Isaac Jumper',NULL,'ext-ct38','2023-08-08 08:25:23'),(9,5,22,855,NULL,881,'2022-04-15',3,'Isaac Jumper',NULL,'ext-ct38','2023-08-08 08:25:23'),(10,5,22,847,NULL,881,'2022-04-15',3,'Isaac Jumper',NULL,'ext-ct38','2023-08-08 08:25:23'),(11,5,22,857,NULL,881,'2022-04-15',3,'Isaac Jumper',NULL,'ext-ct38','2023-08-08 08:25:23'),(12,5,22,749,NULL,881,'2022-04-15',3,'Isaac Jumper',NULL,'ext-ct38','2023-08-08 08:25:23'),(13,5,22,793,NULL,881,'2022-04-15',3,'Isaac Jumper',NULL,'ext-ct38','2023-08-08 08:25:23'),(14,5,22,795,NULL,881,'2022-04-15',3,'Isaac Jumper',NULL,'ext-ct38','2023-08-08 08:25:23'),(15,5,22,852,NULL,881,'2022-04-15',3,'Isaac Jumper',NULL,'ext-ct38','2023-08-08 08:25:23'),(16,5,22,796,NULL,881,'2022-04-15',3,'Isaac Jumper',NULL,'ext-ct38','2023-08-08 08:25:23'),(17,5,22,845,NULL,881,'2022-04-15',3,'Isaac Jumper',NULL,'ext-ct38','2023-08-08 08:25:23'),(18,5,22,826,NULL,881,'2022-04-15',3,'Isaac Jumper',NULL,'ext-ct38','2023-08-08 08:25:23'),(19,5,22,780,NULL,881,'2022-04-15',3,'Isaac Jumper',NULL,'ext-ct38','2023-08-08 08:25:23'),(20,5,22,870,NULL,881,'2022-04-15',3,'Isaac Jumper',NULL,'ext-ct38','2023-08-08 08:25:23'),(21,5,22,807,NULL,881,'2022-04-15',3,'Isaac Jumper',NULL,'ext-ct38','2023-08-08 08:25:23'),(22,5,22,812,NULL,881,'2022-04-15',3,'Isaac Jumper',NULL,'ext-ct38','2023-08-08 08:25:23'),(23,5,22,778,NULL,881,'2022-04-15',3,'Isaac Jumper',NULL,'ext-ct38','2023-08-08 08:25:23'),(24,5,22,861,NULL,881,'2022-04-15',3,'Isaac Jumper',NULL,'ext-ct38','2023-08-08 08:25:23'),(25,5,22,851,NULL,881,'2022-04-15',3,'Isaac Jumper',NULL,'ext-ct38','2023-08-08 08:25:23'),(26,5,22,849,NULL,881,'2022-04-15',3,'Isaac Jumper',NULL,'ext-ct38','2023-08-08 08:25:23'),(27,5,22,747,NULL,879,'2022-05-03',1,'Isaac J. ',NULL,'ext-ct38','2023-08-08 08:31:51'),(28,5,22,860,NULL,879,'2022-05-03',1,'Isaac J. ',NULL,'ext-ct38','2023-08-08 08:31:51'),(29,5,22,789,NULL,879,'2022-05-03',1,'Isaac J. ',NULL,'ext-ct38','2023-08-08 08:31:51'),(30,5,22,809,NULL,879,'2022-05-03',1,'Isaac J. ',NULL,'ext-ct38','2023-08-08 08:31:51'),(31,5,22,792,NULL,879,'2022-05-03',1,'Isaac J. ',NULL,'ext-ct38','2023-08-08 08:31:51'),(32,5,22,763,NULL,879,'2022-05-03',1,'Isaac J. ',NULL,'ext-ct38','2023-08-08 08:31:51'),(33,5,22,801,NULL,879,'2022-05-03',1,'Isaac J. ',NULL,'ext-ct38','2023-08-08 08:31:51'),(34,5,22,752,NULL,879,'2022-05-03',1,'Isaac J. ',NULL,'ext-ct38','2023-08-08 08:31:51'),(35,5,22,867,NULL,879,'2022-05-03',1,'Isaac J. ',NULL,'ext-ct38','2023-08-08 08:31:51'),(36,5,22,835,NULL,879,'2022-05-03',1,'Isaac J. ',NULL,'ext-ct38','2023-08-08 08:31:51'),(37,5,22,782,NULL,879,'2022-05-03',1,'Isaac J. ',NULL,'ext-ct38','2023-08-08 08:31:51'),(38,5,22,822,NULL,879,'2022-05-03',1,'Isaac J. ',NULL,'ext-ct38','2023-08-08 08:31:51'),(39,5,22,875,NULL,879,'2022-05-03',1,'Isaac J. ',NULL,'ext-ct38','2023-08-08 08:31:51'),(40,5,22,823,NULL,879,'2022-05-03',1,'Isaac J. ',NULL,'ext-ct38','2023-08-08 08:31:51'),(41,5,22,834,NULL,879,'2022-05-03',1,'Isaac J. ',NULL,'ext-ct38','2023-08-08 08:31:51'),(42,5,22,837,NULL,879,'2022-05-03',1,'Isaac J. ',NULL,'ext-ct38','2023-08-08 08:31:51'),(43,5,22,764,NULL,879,'2022-05-03',1,'Isaac J. ',NULL,'ext-ct38','2023-08-08 08:31:51'),(44,5,22,833,NULL,879,'2022-05-03',1,'Isaac J. ',NULL,'ext-ct38','2023-08-08 08:31:51'),(45,5,22,839,NULL,879,'2022-05-03',1,'Isaac J. ',NULL,'ext-ct38','2023-08-08 08:31:51'),(46,5,22,843,NULL,879,'2022-05-03',1,'Isaac J. ',NULL,'ext-ct38','2023-08-08 08:31:51'),(47,5,22,808,NULL,879,'2022-05-03',1,'Isaac J. ',NULL,'ext-ct38','2023-08-08 08:31:51'),(48,5,22,781,NULL,879,'2022-05-03',1,'Isaac J. ',NULL,'ext-ct38','2023-08-08 08:31:51'),(49,5,22,802,NULL,879,'2022-05-03',1,'Isaac J. ',NULL,'ext-ct38','2023-08-08 08:31:51'),(50,5,22,815,NULL,879,'2022-05-03',1,'Isaac J. ',NULL,'ext-ct38','2023-08-08 08:31:51'),(51,5,22,779,NULL,879,'2022-05-03',1,'Isaac J. ',NULL,'ext-ct38','2023-08-08 08:31:51'),(52,5,22,814,NULL,879,'2022-05-03',1,'Isaac J. ',NULL,'ext-ct38','2023-08-08 08:31:51'),(53,5,22,784,NULL,879,'2022-05-03',1,'Isaac J. ',NULL,'ext-ct38','2023-08-08 08:31:51'),(54,5,22,750,NULL,879,'2022-05-03',1,'Isaac J. ',NULL,'ext-ct38','2023-08-08 08:31:51'),(55,5,22,787,NULL,879,'2022-05-03',1,'Isaac J. ',NULL,'ext-ct38','2023-08-08 08:31:51'),(56,5,22,745,NULL,879,'2022-05-03',1,'Isaac J. ',NULL,'ext-ct38','2023-08-08 08:31:51'),(57,5,22,840,NULL,879,'2022-05-03',1,'Isaac J. ',NULL,'ext-ct38','2023-08-08 08:31:51'),(58,5,22,813,NULL,879,'2022-05-03',1,'Isaac J. ',NULL,'ext-ct38','2023-08-08 08:31:51'),(59,5,21,860,NULL,879,'2022-05-05',4,NULL,NULL,'ext-ct38','2023-08-08 08:34:04'),(60,5,22,876,NULL,878,'2023-11-15',3,'I. Jumper','test','ext-ct38','2023-11-15 10:55:40'),(61,5,22,836,NULL,878,'2023-11-15',3,'I. Jumper','test','ext-ct38','2023-11-15 10:55:40'),(62,5,22,824,NULL,878,'2023-11-15',3,'I. Jumper','test','ext-ct38','2023-11-15 10:55:40'),(63,5,22,803,NULL,878,'2023-11-15',3,'I. Jumper','test','ext-ct38','2023-11-15 10:55:40'),(64,5,22,858,NULL,878,'2023-11-15',3,'I. Jumper','test','ext-ct38','2023-11-15 10:55:40'),(65,5,22,810,NULL,878,'2023-12-05',1,'isaac jumper','test','ext-ct38','2023-12-05 08:45:05'),(66,5,22,804,NULL,878,'2023-12-05',1,'isaac jumper','test','ext-ct38','2023-12-05 08:45:05'),(67,5,22,806,NULL,878,'2023-12-05',1,'isaac jumper','test','ext-ct38','2023-12-05 08:45:05'),(68,5,22,855,NULL,878,'2023-12-05',1,'isaac jumper','test','ext-ct38','2023-12-05 08:45:05'),(69,5,22,857,NULL,878,'2023-12-05',1,'isaac jumper','test','ext-ct38','2023-12-05 08:45:05'),(70,5,22,749,NULL,878,'2023-12-05',1,'isaac jumper','test','ext-ct38','2023-12-05 08:45:05'),(71,5,22,793,NULL,878,'2023-12-05',1,'isaac jumper','test','ext-ct38','2023-12-05 08:45:05'),(72,5,22,795,NULL,878,'2023-12-05',1,'isaac jumper','test','ext-ct38','2023-12-05 08:45:05'),(73,5,22,826,NULL,878,'2023-12-05',1,'isaac jumper','test','ext-ct38','2023-12-05 08:45:05'),(74,5,22,812,NULL,878,'2023-12-05',1,'isaac jumper','test','ext-ct38','2023-12-05 08:45:05'),(75,5,22,778,NULL,878,'2023-12-05',1,'isaac jumper','test','ext-ct38','2023-12-05 08:45:05'),(76,5,22,851,NULL,878,'2023-12-05',1,'isaac jumper','test','ext-ct38','2023-12-05 08:45:05'),(77,5,22,849,NULL,878,'2023-12-05',1,'isaac jumper','test','ext-ct38','2023-12-05 08:45:06');
/*!40000 ALTER TABLE `event_breeding` ENABLE KEYS */;
UNLOCK TABLES;

--
-- Table structure for table `event_custom`
--

DROP TABLE IF EXISTS `event_custom`;
/*!40101 SET @saved_cs_client     = @@character_set_client */;
 SET character_set_client = utf8mb4 ;
CREATE TABLE `event_custom` (
  `id` int(11) NOT NULL AUTO_INCREMENT,
  `action_type_id` int(11) NOT NULL,
  `action_id` int(11) NOT NULL,
  `animal_id` int(11) NOT NULL,
  `group_id` int(11) DEFAULT NULL,
  `weight` double DEFAULT NULL,
  `weight_id` int(11) DEFAULT NULL,
  `hip_height` double DEFAULT NULL,
  `bcs` int(11) DEFAULT NULL,
  `repro_tract_score` int(11) DEFAULT NULL,
  `chute_docility_score` int(11) DEFAULT NULL,
  `foot_angle_score` int(11) DEFAULT NULL,
  `claw_set_score` int(11) DEFAULT NULL,
  `teat_score` int(11) DEFAULT NULL,
  `udder_score` int(11) DEFAULT NULL,
  `bse_motility` int(11) DEFAULT NULL,
  `bse_morphology` int(11) DEFAULT NULL,
  `bse_acceptable` int(11) DEFAULT NULL,
  `pregnancy_status` varchar(255) CHARACTER SET utf8 COLLATE utf8_general_ci DEFAULT NULL,
  `gestation_length` double DEFAULT NULL,
  `gl_units` varchar(255) CHARACTER SET utf8 COLLATE utf8_general_ci DEFAULT NULL,
  `castration_tech` int(11) DEFAULT NULL,
  `castration_date` date DEFAULT NULL,
  `dehorning_tech` int(11) DEFAULT NULL,
  `dehorning_date` date DEFAULT NULL,
  `spaying_tech` int(11) DEFAULT NULL,
  `spaying_date` date DEFAULT NULL,
  `body_temperature` double DEFAULT NULL,
  `notes` varchar(255) CHARACTER SET utf8 COLLATE utf8_general_ci DEFAULT NULL,
  `user_id` varchar(255) NOT NULL,
  `event_datetime` datetime NOT NULL,
  PRIMARY KEY (`id`)
) ENGINE=InnoDB AUTO_INCREMENT=699 DEFAULT CHARSET=utf8;
/*!40101 SET character_set_client = @saved_cs_client */;

--
-- Dumping data for table `event_custom`
--

LOCK TABLES `event_custom` WRITE;
/*!40000 ALTER TABLE `event_custom` DISABLE KEYS */;
INSERT INTO `event_custom` VALUES (1,4,18,753,NULL,167,3,NULL,5,NULL,NULL,5,4,NULL,NULL,NULL,NULL,NULL,'pregnant',3,'months',NULL,NULL,NULL,NULL,NULL,NULL,NULL,NULL,'ext-ct38','2023-08-08 09:17:31'),(2,4,18,748,NULL,743,3,NULL,4,NULL,NULL,4,5,NULL,NULL,NULL,NULL,NULL,'open',NULL,NULL,NULL,NULL,NULL,NULL,NULL,NULL,NULL,NULL,'ext-ct38','2023-08-08 09:17:31'),(3,4,18,810,NULL,415,3,NULL,5,NULL,NULL,5,6,NULL,NULL,NULL,NULL,NULL,'pregnant',4,'months',NULL,NULL,NULL,NULL,NULL,NULL,NULL,NULL,'ext-ct38','2023-08-08 09:17:31'),(4,4,18,761,NULL,646,3,NULL,6,NULL,NULL,4,5,NULL,NULL,NULL,NULL,NULL,'pregnant',3.5,'months',NULL,NULL,NULL,NULL,NULL,NULL,NULL,NULL,'ext-ct38','2023-08-08 09:17:31'),(5,4,18,804,NULL,985,3,NULL,5,NULL,NULL,4,5,NULL,NULL,NULL,NULL,NULL,'pregnant',5,'months',NULL,NULL,NULL,NULL,NULL,NULL,NULL,NULL,'ext-ct38','2023-08-08 09:17:31'),(6,4,18,746,NULL,189,3,NULL,5,NULL,NULL,5,4,NULL,NULL,NULL,NULL,NULL,'open',NULL,NULL,NULL,NULL,NULL,NULL,NULL,NULL,NULL,NULL,'ext-ct38','2023-08-08 09:17:31'),(7,4,18,794,NULL,591,3,NULL,5,NULL,NULL,5,5,NULL,NULL,NULL,NULL,NULL,'pregnant',5,'months',NULL,NULL,NULL,NULL,NULL,NULL,NULL,NULL,'ext-ct38','2023-08-08 09:17:31'),(8,4,18,806,NULL,487,3,NULL,5,NULL,NULL,5,5,NULL,NULL,NULL,NULL,NULL,'pregnant',5,'months',NULL,NULL,NULL,NULL,NULL,NULL,NULL,NULL,'ext-ct38','2023-08-08 09:17:31'),(9,4,18,855,NULL,564,3,NULL,6,NULL,NULL,5,6,NULL,NULL,NULL,NULL,NULL,'pregnant',4,'months',NULL,NULL,NULL,NULL,NULL,NULL,NULL,NULL,'ext-ct38','2023-08-08 09:17:31'),(10,4,18,847,NULL,359,3,NULL,5,NULL,NULL,5,5,NULL,NULL,NULL,NULL,NULL,'open',NULL,NULL,NULL,NULL,NULL,NULL,NULL,NULL,NULL,NULL,'ext-ct38','2023-08-08 09:17:31'),(11,4,18,857,NULL,901,3,NULL,5,NULL,NULL,5,5,NULL,NULL,NULL,NULL,NULL,'pregnant',3,'months',NULL,NULL,NULL,NULL,NULL,NULL,NULL,NULL,'ext-ct38','2023-08-08 09:17:31'),(12,4,18,749,NULL,631,3,NULL,5,NULL,NULL,5,4,NULL,NULL,NULL,NULL,NULL,'open',NULL,NULL,NULL,NULL,NULL,NULL,NULL,NULL,NULL,NULL,'ext-ct38','2023-08-08 09:17:31'),(13,4,18,793,NULL,353,3,NULL,5,NULL,NULL,5,5,NULL,NULL,NULL,NULL,NULL,'pregnant',2.5,'months',NULL,NULL,NULL,NULL,NULL,NULL,NULL,NULL,'ext-ct38','2023-08-08 09:17:31'),(14,4,18,795,NULL,674,3,NULL,5,NULL,NULL,5,6,NULL,NULL,NULL,NULL,NULL,'pregnant',2,'months',NULL,NULL,NULL,NULL,NULL,NULL,NULL,NULL,'ext-ct38','2023-08-08 09:17:31'),(15,4,18,852,NULL,409,3,NULL,5,NULL,NULL,4,6,NULL,NULL,NULL,NULL,NULL,'pregnant',60,'days',NULL,NULL,NULL,NULL,NULL,NULL,NULL,NULL,'ext-ct38','2023-08-08 09:17:31'),(16,4,18,796,NULL,824,3,NULL,4,NULL,NULL,5,4,NULL,NULL,NULL,NULL,NULL,'pregnant',3,'months',NULL,NULL,NULL,NULL,NULL,NULL,NULL,NULL,'ext-ct38','2023-08-08 09:17:31'),(17,4,18,845,NULL,995,3,NULL,5,NULL,NULL,5,5,NULL,NULL,NULL,NULL,NULL,'pregnant',4,'months',NULL,NULL,NULL,NULL,NULL,NULL,NULL,NULL,'ext-ct38','2023-08-08 09:17:31'),(18,4,18,826,NULL,601,3,NULL,6,NULL,NULL,5,6,NULL,NULL,NULL,NULL,NULL,'pregnant',4.5,'months',NULL,NULL,NULL,NULL,NULL,NULL,NULL,NULL,'ext-ct38','2023-08-08 09:17:31'),(19,4,18,780,NULL,821,3,NULL,5,NULL,NULL,5,6,NULL,NULL,NULL,NULL,NULL,'pregnant',4.5,'months',NULL,NULL,NULL,NULL,NULL,NULL,NULL,NULL,'ext-ct38','2023-08-08 09:17:31'),(20,4,18,870,NULL,405,3,NULL,5,NULL,NULL,5,4,NULL,NULL,NULL,NULL,NULL,'open',NULL,NULL,NULL,NULL,NULL,NULL,NULL,NULL,NULL,NULL,'ext-ct38','2023-08-08 09:17:31'),(21,4,18,807,NULL,360,3,NULL,4,NULL,NULL,5,6,NULL,NULL,NULL,NULL,NULL,'pregnant',5,'months',NULL,NULL,NULL,NULL,NULL,NULL,NULL,NULL,'ext-ct38','2023-08-08 09:17:31'),(22,4,18,812,NULL,488,3,NULL,5,NULL,NULL,5,6,NULL,NULL,NULL,NULL,NULL,'pregnant',5,'months',NULL,NULL,NULL,NULL,NULL,NULL,NULL,NULL,'ext-ct38','2023-08-08 09:17:31'),(23,4,18,778,NULL,358,3,NULL,6,NULL,NULL,5,6,NULL,NULL,NULL,NULL,NULL,'pregnant',4,'months',NULL,NULL,NULL,NULL,NULL,NULL,NULL,NULL,'ext-ct38','2023-08-08 09:17:31'),(24,4,18,861,NULL,228,3,NULL,5,NULL,NULL,4,5,NULL,NULL,NULL,NULL,NULL,'pregnant',2,'months',NULL,NULL,NULL,NULL,NULL,NULL,NULL,NULL,'ext-ct38','2023-08-08 09:17:31'),(25,4,18,851,NULL,867,3,NULL,5,NULL,NULL,4,5,NULL,NULL,NULL,NULL,NULL,'pregnant',3.5,'months',NULL,NULL,NULL,NULL,NULL,NULL,NULL,NULL,'ext-ct38','2023-08-08 09:17:31'),(26,4,18,849,NULL,851,3,NULL,5,NULL,NULL,5,5,NULL,NULL,NULL,NULL,NULL,'open',NULL,NULL,NULL,NULL,NULL,NULL,NULL,NULL,NULL,NULL,'ext-ct38','2023-08-08 09:17:31'),(27,4,18,1014,NULL,655,1,NULL,NULL,NULL,NULL,NULL,NULL,NULL,NULL,NULL,NULL,NULL,NULL,NULL,NULL,NULL,NULL,NULL,NULL,NULL,NULL,NULL,NULL,'ext-kn1','2023-08-15 15:29:06'),(28,4,18,1013,NULL,622,1,NULL,NULL,NULL,NULL,NULL,NULL,NULL,NULL,NULL,NULL,NULL,NULL,NULL,NULL,NULL,NULL,NULL,NULL,NULL,NULL,NULL,NULL,'ext-kn1','2023-08-15 15:29:06'),(29,4,18,1013,NULL,145,4,NULL,NULL,NULL,NULL,NULL,NULL,NULL,NULL,NULL,NULL,NULL,NULL,NULL,NULL,NULL,NULL,NULL,NULL,NULL,NULL,NULL,NULL,'ext-kn1','2023-08-22 13:54:31'),(30,4,18,1014,NULL,559,5,NULL,NULL,NULL,NULL,NULL,NULL,NULL,NULL,NULL,NULL,NULL,NULL,NULL,NULL,NULL,NULL,NULL,NULL,NULL,NULL,NULL,NULL,'ext-kn1','2023-08-22 13:54:31'),(31,4,18,999,NULL,461,1,NULL,NULL,NULL,NULL,NULL,NULL,NULL,NULL,NULL,NULL,NULL,NULL,NULL,NULL,NULL,NULL,NULL,NULL,NULL,NULL,NULL,NULL,'ext-kn1','2023-08-22 13:54:31'),(32,4,18,1001,NULL,531,1,NULL,NULL,NULL,NULL,NULL,NULL,NULL,NULL,NULL,NULL,NULL,NULL,NULL,NULL,NULL,NULL,NULL,NULL,NULL,NULL,NULL,NULL,'ext-kn1','2023-08-22 15:09:21'),(33,4,18,1000,NULL,270,4,NULL,NULL,NULL,NULL,NULL,NULL,NULL,NULL,NULL,NULL,NULL,NULL,NULL,NULL,NULL,NULL,NULL,NULL,NULL,NULL,NULL,NULL,'ext-kn1','2023-08-22 15:09:21'),(34,4,18,1013,NULL,556,1,NULL,NULL,NULL,NULL,NULL,NULL,NULL,NULL,NULL,NULL,NULL,NULL,NULL,NULL,NULL,NULL,NULL,NULL,NULL,NULL,NULL,NULL,'ext-kn1','2023-08-22 15:11:34'),(35,4,18,1014,NULL,974,1,NULL,NULL,NULL,NULL,NULL,NULL,NULL,NULL,NULL,NULL,NULL,NULL,NULL,NULL,NULL,NULL,NULL,NULL,NULL,NULL,NULL,NULL,'ext-kn1','2023-08-22 15:11:34'),(36,4,18,999,NULL,399,1,NULL,NULL,NULL,NULL,NULL,NULL,NULL,NULL,NULL,NULL,NULL,NULL,NULL,NULL,NULL,NULL,NULL,NULL,NULL,NULL,NULL,NULL,'ext-kn1','2023-08-22 15:11:34'),(37,4,18,1000,NULL,777,1,NULL,NULL,NULL,NULL,NULL,NULL,NULL,NULL,NULL,NULL,NULL,NULL,NULL,NULL,NULL,NULL,NULL,NULL,NULL,NULL,NULL,NULL,'ext-kn1','2023-08-22 15:11:34'),(38,4,18,1001,NULL,787,1,NULL,NULL,NULL,NULL,NULL,NULL,NULL,NULL,NULL,NULL,NULL,NULL,NULL,NULL,NULL,NULL,NULL,NULL,NULL,NULL,NULL,NULL,'ext-kn1','2023-08-22 15:11:34'),(39,4,18,1015,NULL,606,1,NULL,NULL,NULL,NULL,NULL,NULL,NULL,NULL,NULL,NULL,NULL,NULL,NULL,NULL,NULL,NULL,NULL,NULL,NULL,NULL,NULL,NULL,'ext-kn1','2023-08-22 15:11:34'),(40,4,18,1015,NULL,567,1,NULL,NULL,NULL,NULL,NULL,NULL,NULL,NULL,NULL,NULL,NULL,NULL,NULL,NULL,NULL,NULL,NULL,NULL,NULL,NULL,NULL,NULL,'ext-kn1','2023-08-29 10:20:31'),(41,4,18,1001,NULL,916,1,NULL,NULL,NULL,NULL,NULL,NULL,NULL,NULL,NULL,NULL,NULL,NULL,NULL,NULL,NULL,NULL,NULL,NULL,NULL,NULL,NULL,NULL,'ext-kn1','2023-08-29 10:20:31'),(42,4,18,768,NULL,983,1,NULL,NULL,NULL,NULL,NULL,NULL,NULL,NULL,NULL,NULL,NULL,NULL,NULL,NULL,NULL,NULL,NULL,NULL,NULL,NULL,NULL,NULL,'ext-kn1','2023-08-29 10:20:31'),(43,4,18,1024,NULL,267,1,NULL,NULL,NULL,NULL,NULL,NULL,NULL,NULL,NULL,NULL,NULL,NULL,NULL,NULL,NULL,NULL,NULL,NULL,NULL,NULL,NULL,NULL,'ext-kn1','2023-08-29 10:20:31'),(44,4,17,1013,NULL,987,3,NULL,NULL,NULL,NULL,NULL,NULL,NULL,NULL,NULL,NULL,NULL,NULL,NULL,NULL,NULL,NULL,NULL,NULL,NULL,NULL,NULL,NULL,'ext-kn1','2023-08-29 10:24:23'),(45,4,18,880,NULL,434,3,NULL,NULL,NULL,NULL,NULL,NULL,NULL,NULL,NULL,NULL,NULL,NULL,NULL,NULL,NULL,NULL,NULL,NULL,NULL,NULL,NULL,NULL,'ext-ct38','2023-08-30 11:10:15'),(46,4,18,876,NULL,909,3,NULL,NULL,NULL,NULL,NULL,NULL,NULL,NULL,NULL,NULL,NULL,NULL,NULL,NULL,NULL,NULL,NULL,NULL,NULL,NULL,NULL,NULL,'ext-ct38','2023-08-30 11:10:15'),(47,4,18,836,NULL,442,3,NULL,NULL,NULL,NULL,NULL,NULL,NULL,NULL,NULL,NULL,NULL,NULL,NULL,NULL,NULL,NULL,NULL,NULL,NULL,NULL,NULL,NULL,'ext-ct38','2023-08-30 11:10:15'),(48,4,18,824,NULL,285,3,NULL,NULL,NULL,NULL,NULL,NULL,NULL,NULL,NULL,NULL,NULL,NULL,NULL,NULL,NULL,NULL,NULL,NULL,NULL,NULL,NULL,NULL,'ext-ct38','2023-08-30 11:10:15'),(49,4,18,803,NULL,901,3,NULL,NULL,NULL,NULL,NULL,NULL,NULL,NULL,NULL,NULL,NULL,NULL,NULL,NULL,NULL,NULL,NULL,NULL,NULL,NULL,NULL,NULL,'ext-ct38','2023-08-30 11:10:15'),(50,4,18,858,NULL,847,3,NULL,NULL,NULL,NULL,NULL,NULL,NULL,NULL,NULL,NULL,NULL,NULL,NULL,NULL,NULL,NULL,NULL,NULL,NULL,NULL,NULL,NULL,'ext-ct38','2023-08-30 11:10:15'),(51,4,18,1022,NULL,535,3,NULL,NULL,NULL,NULL,NULL,NULL,NULL,NULL,NULL,NULL,NULL,NULL,NULL,NULL,NULL,NULL,NULL,NULL,NULL,NULL,NULL,NULL,'ext-ct38','2023-08-30 11:10:15'),(52,4,18,1027,NULL,935,3,NULL,NULL,NULL,NULL,NULL,NULL,NULL,NULL,NULL,NULL,NULL,'open',NULL,NULL,NULL,NULL,NULL,NULL,NULL,NULL,NULL,NULL,'ext-ct38','2023-09-05 14:37:08'),(53,4,18,1028,NULL,270,3,NULL,NULL,NULL,NULL,NULL,NULL,NULL,NULL,NULL,NULL,NULL,'open',NULL,NULL,NULL,NULL,NULL,NULL,NULL,NULL,NULL,NULL,'ext-ct38','2023-09-05 14:37:08'),(55,4,18,1013,NULL,247,3,NULL,NULL,NULL,NULL,NULL,NULL,NULL,NULL,NULL,NULL,NULL,NULL,NULL,NULL,NULL,NULL,NULL,NULL,NULL,NULL,NULL,NULL,'ext-kn1','2023-09-12 14:07:55'),(56,4,18,1014,NULL,324,1,NULL,NULL,NULL,NULL,NULL,NULL,NULL,NULL,NULL,NULL,NULL,NULL,NULL,NULL,NULL,NULL,NULL,NULL,NULL,NULL,NULL,NULL,'ext-kn1','2023-09-12 14:07:55'),(57,4,18,1013,NULL,781,1,NULL,NULL,NULL,2,NULL,NULL,NULL,NULL,NULL,NULL,NULL,NULL,NULL,NULL,NULL,NULL,NULL,NULL,NULL,NULL,NULL,NULL,'ext-kn1','2023-09-14 11:14:13'),(58,4,18,1014,NULL,135,2,NULL,NULL,NULL,4,NULL,NULL,NULL,NULL,NULL,NULL,NULL,NULL,NULL,NULL,NULL,NULL,NULL,NULL,NULL,NULL,NULL,NULL,'ext-kn1','2023-09-14 11:14:13'),(59,4,18,1013,NULL,929,2,NULL,NULL,NULL,NULL,NULL,NULL,NULL,NULL,NULL,NULL,NULL,NULL,NULL,NULL,NULL,NULL,NULL,NULL,NULL,NULL,NULL,NULL,'ext-kn1','2023-09-14 12:38:22'),(60,4,18,1014,NULL,542,2,NULL,NULL,NULL,NULL,NULL,NULL,NULL,NULL,NULL,NULL,NULL,NULL,NULL,NULL,NULL,NULL,NULL,NULL,NULL,NULL,NULL,NULL,'ext-kn1','2023-09-14 12:38:22'),(61,4,18,1013,NULL,724,2,NULL,NULL,NULL,NULL,NULL,NULL,NULL,NULL,NULL,NULL,NULL,NULL,NULL,NULL,NULL,NULL,NULL,NULL,NULL,NULL,NULL,NULL,'ext-kn1','2023-09-14 12:42:18'),(62,4,18,1014,NULL,993,2,NULL,NULL,NULL,NULL,NULL,NULL,NULL,NULL,NULL,NULL,NULL,NULL,NULL,NULL,NULL,NULL,NULL,NULL,NULL,NULL,NULL,NULL,'ext-kn1','2023-09-14 12:42:18'),(63,4,18,1037,NULL,892,3,NULL,NULL,NULL,NULL,NULL,NULL,NULL,NULL,NULL,NULL,NULL,'pregnant',80,'days',NULL,NULL,NULL,NULL,NULL,NULL,NULL,NULL,'ext-ct38','2023-09-19 14:31:52'),(64,4,18,1071,NULL,485,3,NULL,NULL,NULL,NULL,NULL,NULL,NULL,NULL,NULL,NULL,NULL,'pregnant',100,'days',NULL,NULL,NULL,NULL,NULL,NULL,NULL,NULL,'ext-ct38','2023-09-19 14:31:52'),(65,4,18,1045,NULL,547,3,NULL,NULL,NULL,NULL,NULL,NULL,NULL,NULL,NULL,NULL,NULL,'pregnant',130,'days',NULL,NULL,NULL,NULL,NULL,NULL,NULL,NULL,'ext-ct38','2023-09-19 14:31:52'),(66,4,18,1044,NULL,281,3,NULL,NULL,NULL,NULL,NULL,NULL,NULL,NULL,NULL,NULL,NULL,'pregnant',100,'days',NULL,NULL,NULL,NULL,NULL,NULL,NULL,NULL,'ext-ct38','2023-09-19 14:31:52'),(67,4,18,1034,NULL,565,3,NULL,NULL,NULL,NULL,NULL,NULL,NULL,NULL,NULL,NULL,NULL,'pregnant',120,'days',NULL,NULL,NULL,NULL,NULL,NULL,NULL,NULL,'ext-ct38','2023-09-19 14:31:52'),(68,4,18,1053,NULL,983,3,NULL,NULL,NULL,NULL,NULL,NULL,NULL,NULL,NULL,NULL,NULL,'pregnant',130,'days',NULL,NULL,NULL,NULL,NULL,NULL,NULL,NULL,'ext-ct38','2023-09-19 14:31:52'),(69,4,18,1052,NULL,422,3,NULL,NULL,NULL,NULL,NULL,NULL,NULL,NULL,NULL,NULL,NULL,'pregnant',100,'days',NULL,NULL,NULL,NULL,NULL,NULL,NULL,NULL,'ext-ct38','2023-09-19 14:31:52'),(70,4,18,1060,NULL,859,3,NULL,NULL,NULL,NULL,NULL,NULL,NULL,NULL,NULL,NULL,NULL,'pregnant',130,'days',NULL,NULL,NULL,NULL,NULL,NULL,NULL,NULL,'ext-ct38','2023-09-19 14:31:52'),(71,4,18,1058,NULL,231,3,NULL,NULL,NULL,NULL,NULL,NULL,NULL,NULL,NULL,NULL,NULL,'open',NULL,NULL,NULL,NULL,NULL,NULL,NULL,NULL,NULL,NULL,'ext-ct38','2023-09-19 14:31:52'),(72,4,18,1063,NULL,278,3,NULL,NULL,NULL,NULL,NULL,NULL,NULL,NULL,NULL,NULL,NULL,'open',NULL,NULL,NULL,NULL,NULL,NULL,NULL,NULL,NULL,NULL,'ext-ct38','2023-09-19 14:31:52'),(73,4,18,1032,NULL,600,3,NULL,NULL,NULL,NULL,NULL,NULL,NULL,NULL,NULL,NULL,NULL,'open',NULL,NULL,NULL,NULL,NULL,NULL,NULL,NULL,NULL,NULL,'ext-ct38','2023-09-19 14:31:52'),(74,4,18,1040,NULL,263,3,NULL,NULL,NULL,NULL,NULL,NULL,NULL,NULL,NULL,NULL,NULL,'open',NULL,NULL,NULL,NULL,NULL,NULL,NULL,NULL,NULL,NULL,'ext-ct38','2023-09-19 14:31:52'),(75,4,18,1047,NULL,317,3,NULL,NULL,NULL,NULL,NULL,NULL,NULL,NULL,NULL,NULL,NULL,'pregnant',90,'days',NULL,NULL,NULL,NULL,NULL,NULL,NULL,NULL,'ext-ct38','2023-09-19 14:31:52'),(76,4,18,1038,NULL,696,3,NULL,NULL,NULL,NULL,NULL,NULL,NULL,NULL,NULL,NULL,NULL,'pregnant',120,'days',NULL,NULL,NULL,NULL,NULL,NULL,NULL,NULL,'ext-ct38','2023-09-19 14:31:52'),(77,4,18,1078,NULL,631,3,NULL,NULL,NULL,NULL,NULL,NULL,NULL,NULL,NULL,NULL,NULL,'pregnant',120,'days',NULL,NULL,NULL,NULL,NULL,NULL,NULL,NULL,'ext-ct38','2023-09-19 14:31:52'),(78,4,18,1059,NULL,967,3,NULL,NULL,NULL,NULL,NULL,NULL,NULL,NULL,NULL,NULL,NULL,'pregnant',120,'days',NULL,NULL,NULL,NULL,NULL,NULL,NULL,NULL,'ext-ct38','2023-09-19 14:31:52'),(79,4,18,1051,NULL,140,3,NULL,NULL,NULL,NULL,NULL,NULL,NULL,NULL,NULL,NULL,NULL,'pregnant',120,'days',NULL,NULL,NULL,NULL,NULL,NULL,NULL,NULL,'ext-ct38','2023-09-19 14:31:52'),(80,4,18,1039,NULL,402,3,NULL,NULL,NULL,NULL,NULL,NULL,NULL,NULL,NULL,NULL,NULL,'pregnant',120,'days',NULL,NULL,NULL,NULL,NULL,NULL,NULL,NULL,'ext-ct38','2023-09-19 14:31:52'),(81,4,18,1042,NULL,591,3,NULL,NULL,NULL,NULL,NULL,NULL,NULL,NULL,NULL,NULL,NULL,'pregnant',130,'days',NULL,NULL,NULL,NULL,NULL,NULL,NULL,NULL,'ext-ct38','2023-09-19 14:31:52'),(82,4,18,1027,NULL,750,3,NULL,NULL,NULL,NULL,NULL,NULL,NULL,NULL,NULL,NULL,NULL,'pregnant',100,'days',NULL,NULL,NULL,NULL,NULL,NULL,NULL,NULL,'ext-ct38','2023-09-19 14:31:52'),(83,4,18,1049,NULL,977,3,NULL,NULL,NULL,NULL,NULL,NULL,NULL,NULL,NULL,NULL,NULL,'pregnant',100,'days',NULL,NULL,NULL,NULL,NULL,NULL,NULL,NULL,'ext-ct38','2023-09-19 14:31:52'),(84,4,18,1048,NULL,734,3,NULL,NULL,NULL,NULL,NULL,NULL,NULL,NULL,NULL,NULL,NULL,'pregnant',100,'days',NULL,NULL,NULL,NULL,NULL,NULL,NULL,NULL,'ext-ct38','2023-09-19 14:31:52'),(85,4,18,1028,NULL,638,3,NULL,NULL,NULL,NULL,NULL,NULL,NULL,NULL,NULL,NULL,NULL,'open',NULL,NULL,NULL,NULL,NULL,NULL,NULL,NULL,NULL,NULL,'ext-ct38','2023-09-19 14:31:52'),(86,4,18,1057,NULL,891,3,NULL,NULL,NULL,NULL,NULL,NULL,NULL,NULL,NULL,NULL,NULL,'pregnant',130,'days',NULL,NULL,NULL,NULL,NULL,NULL,NULL,NULL,'ext-ct38','2023-09-19 14:31:52'),(87,4,18,1073,NULL,643,3,NULL,NULL,NULL,NULL,NULL,NULL,NULL,NULL,NULL,NULL,NULL,'pregnant',130,'days',NULL,NULL,NULL,NULL,NULL,NULL,NULL,NULL,'ext-ct38','2023-09-19 14:31:52'),(88,4,18,1075,NULL,439,3,NULL,NULL,NULL,NULL,NULL,NULL,NULL,NULL,NULL,NULL,NULL,'pregnant',100,'days',NULL,NULL,NULL,NULL,NULL,NULL,NULL,NULL,'ext-ct38','2023-09-19 14:31:52'),(89,4,18,1030,NULL,169,3,NULL,NULL,NULL,NULL,NULL,NULL,NULL,NULL,NULL,NULL,NULL,'pregnant',130,'days',NULL,NULL,NULL,NULL,NULL,NULL,NULL,NULL,'ext-ct38','2023-09-19 14:31:52'),(90,4,18,1035,NULL,329,3,NULL,NULL,NULL,NULL,NULL,NULL,NULL,NULL,NULL,NULL,NULL,'pregnant',130,'days',NULL,NULL,NULL,NULL,NULL,NULL,NULL,NULL,'ext-ct38','2023-09-19 14:31:52'),(91,4,18,1079,NULL,136,3,NULL,NULL,NULL,NULL,NULL,NULL,NULL,NULL,NULL,NULL,NULL,'open',NULL,NULL,NULL,NULL,NULL,NULL,NULL,NULL,NULL,NULL,'ext-ct38','2023-09-19 14:31:52'),(92,4,18,1062,NULL,496,3,NULL,NULL,NULL,NULL,NULL,NULL,NULL,NULL,NULL,NULL,NULL,'pregnant',120,'days',NULL,NULL,NULL,NULL,NULL,NULL,NULL,NULL,'ext-ct38','2023-09-19 14:31:52'),(93,4,18,1033,NULL,170,3,NULL,NULL,NULL,NULL,NULL,NULL,NULL,NULL,NULL,NULL,NULL,'pregnant',100,'days',NULL,NULL,NULL,NULL,NULL,NULL,NULL,NULL,'ext-ct38','2023-09-19 14:31:52'),(94,4,18,1070,NULL,165,3,NULL,NULL,NULL,NULL,NULL,NULL,NULL,NULL,NULL,NULL,NULL,'pregnant',70,'days',NULL,NULL,NULL,NULL,NULL,NULL,NULL,NULL,'ext-ct38','2023-09-19 14:31:52'),(95,4,18,1077,NULL,216,3,NULL,NULL,NULL,NULL,NULL,NULL,NULL,NULL,NULL,NULL,NULL,'open',NULL,NULL,NULL,NULL,NULL,NULL,NULL,NULL,NULL,NULL,'ext-ct38','2023-09-19 14:31:52'),(96,4,18,1064,NULL,485,3,NULL,NULL,NULL,NULL,NULL,NULL,NULL,NULL,NULL,NULL,NULL,'pregnant',90,'days',NULL,NULL,NULL,NULL,NULL,NULL,NULL,NULL,'ext-ct38','2023-09-19 14:31:52'),(97,4,18,1076,NULL,777,3,NULL,NULL,NULL,NULL,NULL,NULL,NULL,NULL,NULL,NULL,NULL,'open',NULL,NULL,NULL,NULL,NULL,NULL,NULL,NULL,NULL,NULL,'ext-ct38','2023-09-19 14:31:52'),(98,4,18,1072,NULL,532,3,NULL,NULL,NULL,NULL,NULL,NULL,NULL,NULL,NULL,NULL,NULL,'pregnant',90,'days',NULL,NULL,NULL,NULL,NULL,NULL,NULL,NULL,'ext-ct38','2023-09-19 14:31:52'),(99,4,18,1041,NULL,230,3,NULL,NULL,NULL,NULL,NULL,NULL,NULL,NULL,NULL,NULL,NULL,'pregnant',90,'days',NULL,NULL,NULL,NULL,NULL,NULL,NULL,NULL,'ext-ct38','2023-09-19 14:31:52'),(100,4,18,1029,NULL,351,3,NULL,NULL,NULL,NULL,NULL,NULL,NULL,NULL,NULL,NULL,NULL,'pregnant',100,'days',NULL,NULL,NULL,NULL,NULL,NULL,NULL,NULL,'ext-ct38','2023-09-19 14:31:52'),(101,4,18,1080,NULL,969,3,NULL,NULL,NULL,NULL,NULL,NULL,NULL,NULL,NULL,NULL,NULL,'pregnant',100,'days',NULL,NULL,NULL,NULL,NULL,NULL,NULL,NULL,'ext-ct38','2023-09-19 14:31:52'),(102,4,18,1043,NULL,991,3,NULL,NULL,NULL,NULL,NULL,NULL,NULL,NULL,NULL,NULL,NULL,'pregnant',100,'days',NULL,NULL,NULL,NULL,NULL,NULL,NULL,NULL,'ext-ct38','2023-09-19 14:31:52'),(103,4,18,1054,NULL,147,3,NULL,NULL,NULL,NULL,NULL,NULL,NULL,NULL,NULL,NULL,NULL,'pregnant',120,'days',NULL,NULL,NULL,NULL,NULL,NULL,NULL,NULL,'ext-ct38','2023-09-19 14:31:52'),(104,4,18,1066,NULL,363,3,NULL,NULL,NULL,NULL,NULL,NULL,NULL,NULL,NULL,NULL,NULL,'pregnant',60,'days',NULL,NULL,NULL,NULL,NULL,NULL,NULL,NULL,'ext-ct38','2023-09-19 14:31:52'),(105,4,18,1046,NULL,375,3,NULL,NULL,NULL,NULL,NULL,NULL,NULL,NULL,NULL,NULL,NULL,'open',NULL,NULL,NULL,NULL,NULL,NULL,NULL,NULL,NULL,NULL,'ext-ct38','2023-09-19 14:31:52'),(106,4,18,1031,NULL,687,3,NULL,NULL,NULL,NULL,NULL,NULL,NULL,NULL,NULL,NULL,NULL,'pregnant',90,'days',NULL,NULL,NULL,NULL,NULL,NULL,NULL,NULL,'ext-ct38','2023-09-19 14:31:52'),(107,4,18,1065,NULL,411,3,NULL,NULL,NULL,NULL,NULL,NULL,NULL,NULL,NULL,NULL,NULL,'pregnant',110,'days',NULL,NULL,NULL,NULL,NULL,NULL,NULL,NULL,'ext-ct38','2023-09-19 14:31:52'),(108,4,18,1068,NULL,794,3,NULL,NULL,NULL,NULL,NULL,NULL,NULL,NULL,NULL,NULL,NULL,'open',NULL,NULL,NULL,NULL,NULL,NULL,NULL,NULL,NULL,NULL,'ext-ct38','2023-09-19 14:31:52'),(109,4,18,1067,NULL,839,3,NULL,NULL,NULL,NULL,NULL,NULL,NULL,NULL,NULL,NULL,NULL,'pregnant',70,'days',NULL,NULL,NULL,NULL,NULL,NULL,NULL,NULL,'ext-ct38','2023-09-19 14:31:52'),(110,4,18,1074,NULL,812,3,NULL,NULL,NULL,NULL,NULL,NULL,NULL,NULL,NULL,NULL,NULL,'open',NULL,NULL,NULL,NULL,NULL,NULL,NULL,NULL,NULL,NULL,'ext-ct38','2023-09-19 14:31:52'),(111,4,18,1036,NULL,545,3,NULL,NULL,NULL,NULL,NULL,NULL,NULL,NULL,NULL,NULL,NULL,'pregnant',70,'days',NULL,NULL,NULL,NULL,NULL,NULL,NULL,NULL,'ext-ct38','2023-09-19 14:31:52'),(112,4,18,1081,NULL,188,3,NULL,NULL,NULL,NULL,NULL,NULL,NULL,NULL,NULL,NULL,NULL,'pregnant',90,'days',NULL,NULL,NULL,NULL,NULL,NULL,NULL,NULL,'ext-ct38','2023-09-19 14:31:52'),(113,4,18,1056,NULL,106,3,NULL,NULL,NULL,NULL,NULL,NULL,NULL,NULL,NULL,NULL,NULL,'pregnant',100,'days',NULL,NULL,NULL,NULL,NULL,NULL,NULL,NULL,'ext-ct38','2023-09-19 14:31:52'),(114,4,18,1061,NULL,768,3,NULL,NULL,NULL,NULL,NULL,NULL,NULL,NULL,NULL,NULL,NULL,'pregnant',120,'days',NULL,NULL,NULL,NULL,NULL,NULL,NULL,NULL,'ext-ct38','2023-09-19 14:31:52'),(115,4,18,1069,NULL,720,3,NULL,NULL,NULL,NULL,NULL,NULL,NULL,NULL,NULL,NULL,NULL,'pregnant',70,'days',NULL,NULL,NULL,NULL,NULL,NULL,NULL,NULL,'ext-ct38','2023-09-19 14:31:52'),(116,4,18,1055,NULL,299,3,NULL,NULL,NULL,NULL,NULL,NULL,NULL,NULL,NULL,NULL,NULL,'pregnant',90,'days',NULL,NULL,NULL,NULL,NULL,NULL,NULL,NULL,'ext-ct38','2023-09-19 14:31:52'),(117,4,18,1050,NULL,135,3,NULL,NULL,NULL,NULL,NULL,NULL,NULL,NULL,NULL,NULL,NULL,'pregnant',60,'days',NULL,NULL,NULL,NULL,NULL,NULL,NULL,NULL,'ext-ct38','2023-09-19 14:31:52'),(118,4,18,850,NULL,580,3,NULL,NULL,NULL,NULL,NULL,NULL,NULL,NULL,NULL,NULL,NULL,'pregnant',120,'days',NULL,NULL,NULL,NULL,NULL,NULL,NULL,NULL,'ext-ct38','2023-09-19 16:07:46'),(119,4,18,747,NULL,595,3,NULL,NULL,NULL,NULL,NULL,NULL,NULL,NULL,NULL,NULL,NULL,'open',NULL,NULL,NULL,NULL,NULL,NULL,NULL,NULL,NULL,NULL,'ext-ct38','2023-09-19 16:07:46'),(120,4,18,789,NULL,236,3,NULL,NULL,NULL,NULL,NULL,NULL,NULL,NULL,NULL,NULL,NULL,'pregnant',70,'days',NULL,NULL,NULL,NULL,NULL,NULL,NULL,NULL,'ext-ct38','2023-09-19 16:07:46'),(121,4,18,809,NULL,196,3,NULL,NULL,NULL,NULL,NULL,NULL,NULL,NULL,NULL,NULL,NULL,'pregnant',110,'days',NULL,NULL,NULL,NULL,NULL,NULL,NULL,NULL,'ext-ct38','2023-09-19 16:07:46'),(122,4,18,792,NULL,173,3,NULL,NULL,NULL,NULL,NULL,NULL,NULL,NULL,NULL,NULL,NULL,'pregnant',110,'days',NULL,NULL,NULL,NULL,NULL,NULL,NULL,NULL,'ext-ct38','2023-09-19 16:07:46'),(123,4,18,763,NULL,177,3,NULL,NULL,NULL,NULL,NULL,NULL,NULL,NULL,NULL,NULL,NULL,'pregnant',120,'days',NULL,NULL,NULL,NULL,NULL,NULL,NULL,NULL,'ext-ct38','2023-09-19 16:07:46'),(124,4,18,752,NULL,268,3,NULL,NULL,NULL,NULL,NULL,NULL,NULL,NULL,NULL,NULL,NULL,'pregnant',100,'days',NULL,NULL,NULL,NULL,NULL,NULL,NULL,NULL,'ext-ct38','2023-09-19 16:07:46'),(125,4,18,867,NULL,706,3,NULL,NULL,NULL,NULL,NULL,NULL,NULL,NULL,NULL,NULL,NULL,'pregnant',70,'days',NULL,NULL,NULL,NULL,NULL,NULL,NULL,NULL,'ext-ct38','2023-09-19 16:07:46'),(126,4,18,835,NULL,829,3,NULL,NULL,NULL,NULL,NULL,NULL,NULL,NULL,NULL,NULL,NULL,'pregnant',120,'days',NULL,NULL,NULL,NULL,NULL,NULL,NULL,NULL,'ext-ct38','2023-09-19 16:07:46'),(127,4,18,782,NULL,126,3,NULL,NULL,NULL,NULL,NULL,NULL,NULL,NULL,NULL,NULL,NULL,'pregnant',120,'days',NULL,NULL,NULL,NULL,NULL,NULL,NULL,NULL,'ext-ct38','2023-09-19 16:07:46'),(128,4,18,822,NULL,746,3,NULL,NULL,NULL,NULL,NULL,NULL,NULL,NULL,NULL,NULL,NULL,'pregnant',120,'days',NULL,NULL,NULL,NULL,NULL,NULL,NULL,NULL,'ext-ct38','2023-09-19 16:07:46'),(129,4,18,875,NULL,549,3,NULL,NULL,NULL,NULL,NULL,NULL,NULL,NULL,NULL,NULL,NULL,'pregnant',120,'days',NULL,NULL,NULL,NULL,NULL,NULL,NULL,NULL,'ext-ct38','2023-09-19 16:07:46'),(130,4,18,823,NULL,410,3,NULL,NULL,NULL,NULL,NULL,NULL,NULL,NULL,NULL,NULL,NULL,'pregnant',80,'days',NULL,NULL,NULL,NULL,NULL,NULL,NULL,NULL,'ext-ct38','2023-09-19 16:07:46'),(131,4,18,834,NULL,301,3,NULL,NULL,NULL,NULL,NULL,NULL,NULL,NULL,NULL,NULL,NULL,'pregnant',120,'days',NULL,NULL,NULL,NULL,NULL,NULL,NULL,NULL,'ext-ct38','2023-09-19 16:07:46'),(132,4,18,837,NULL,178,3,NULL,NULL,NULL,NULL,NULL,NULL,NULL,NULL,NULL,NULL,NULL,'pregnant',120,'days',NULL,NULL,NULL,NULL,NULL,NULL,NULL,NULL,'ext-ct38','2023-09-19 16:07:46'),(133,4,18,764,NULL,787,3,NULL,NULL,NULL,NULL,NULL,NULL,NULL,NULL,NULL,NULL,NULL,'pregnant',80,'days',NULL,NULL,NULL,NULL,NULL,NULL,NULL,NULL,'ext-ct38','2023-09-19 16:07:46'),(134,4,18,839,NULL,601,3,NULL,NULL,NULL,NULL,NULL,NULL,NULL,NULL,NULL,NULL,NULL,'pregnant',120,'days',NULL,NULL,NULL,NULL,NULL,NULL,NULL,NULL,'ext-ct38','2023-09-19 16:07:46'),(135,4,18,1237,NULL,543,3,NULL,NULL,NULL,NULL,NULL,NULL,NULL,NULL,NULL,NULL,NULL,'pregnant',70,'days',NULL,NULL,NULL,NULL,NULL,NULL,NULL,NULL,'ext-ct38','2023-09-19 16:07:46'),(136,4,18,781,NULL,814,3,NULL,NULL,NULL,NULL,NULL,NULL,NULL,NULL,NULL,NULL,NULL,'open',NULL,NULL,NULL,NULL,NULL,NULL,NULL,NULL,NULL,NULL,'ext-ct38','2023-09-19 16:07:46'),(137,4,18,802,NULL,540,3,NULL,NULL,NULL,NULL,NULL,NULL,NULL,NULL,NULL,NULL,NULL,'pregnant',70,'days',NULL,NULL,NULL,NULL,NULL,NULL,NULL,NULL,'ext-ct38','2023-09-19 16:07:46'),(138,4,18,779,NULL,160,3,NULL,NULL,NULL,NULL,NULL,NULL,NULL,NULL,NULL,NULL,NULL,'pregnant',110,'days',NULL,NULL,NULL,NULL,NULL,NULL,NULL,NULL,'ext-ct38','2023-09-19 16:07:46'),(139,4,18,784,NULL,881,3,NULL,NULL,NULL,NULL,NULL,NULL,NULL,NULL,NULL,NULL,NULL,'pregnant',100,'days',NULL,NULL,NULL,NULL,NULL,NULL,NULL,NULL,'ext-ct38','2023-09-19 16:07:46'),(140,4,18,1230,NULL,227,3,NULL,NULL,NULL,NULL,NULL,NULL,NULL,NULL,NULL,NULL,NULL,'pregnant',100,'days',NULL,NULL,NULL,NULL,NULL,NULL,NULL,NULL,'ext-ct38','2023-09-19 16:07:46'),(141,4,18,787,NULL,191,3,NULL,NULL,NULL,NULL,NULL,NULL,NULL,NULL,NULL,NULL,NULL,'pregnant',120,'days',NULL,NULL,NULL,NULL,NULL,NULL,NULL,NULL,'ext-ct38','2023-09-19 16:07:46'),(142,4,18,840,NULL,174,3,NULL,NULL,NULL,NULL,NULL,NULL,NULL,NULL,NULL,NULL,NULL,'pregnant',110,'days',NULL,NULL,NULL,NULL,NULL,NULL,NULL,NULL,'ext-ct38','2023-09-19 16:07:46'),(143,4,18,753,NULL,198,3,NULL,NULL,NULL,NULL,NULL,NULL,NULL,NULL,NULL,NULL,NULL,'pregnant',70,'days',NULL,NULL,NULL,NULL,NULL,NULL,NULL,NULL,'ext-ct38','2023-09-19 16:07:46'),(144,4,18,748,NULL,366,3,NULL,NULL,NULL,NULL,NULL,NULL,NULL,NULL,NULL,NULL,NULL,'pregnant',110,'days',NULL,NULL,NULL,NULL,NULL,NULL,NULL,NULL,'ext-ct38','2023-09-19 16:07:46'),(145,4,18,761,NULL,240,3,NULL,NULL,NULL,NULL,NULL,NULL,NULL,NULL,NULL,NULL,NULL,'pregnant',120,'days',NULL,NULL,NULL,NULL,NULL,NULL,NULL,NULL,'ext-ct38','2023-09-19 16:07:46'),(146,4,18,746,NULL,900,3,NULL,NULL,NULL,NULL,NULL,NULL,NULL,NULL,NULL,NULL,NULL,'pregnant',90,'days',NULL,NULL,NULL,NULL,NULL,NULL,NULL,NULL,'ext-ct38','2023-09-19 16:07:46'),(147,4,18,794,NULL,981,3,NULL,NULL,NULL,NULL,NULL,NULL,NULL,NULL,NULL,NULL,NULL,'pregnant',120,'days',NULL,NULL,NULL,NULL,NULL,NULL,NULL,NULL,'ext-ct38','2023-09-19 16:07:46'),(148,4,18,847,NULL,305,3,NULL,NULL,NULL,NULL,NULL,NULL,NULL,NULL,NULL,NULL,NULL,'pregnant',80,'days',NULL,NULL,NULL,NULL,NULL,NULL,NULL,NULL,'ext-ct38','2023-09-19 16:07:46'),(149,4,18,1238,NULL,283,3,NULL,NULL,NULL,NULL,NULL,NULL,NULL,NULL,NULL,NULL,NULL,'pregnant',100,'days',NULL,NULL,NULL,NULL,NULL,NULL,NULL,NULL,'ext-ct38','2023-09-19 16:07:46'),(150,4,18,1244,NULL,400,3,NULL,NULL,NULL,NULL,NULL,NULL,NULL,NULL,NULL,NULL,NULL,'open',NULL,NULL,NULL,NULL,NULL,NULL,NULL,NULL,NULL,NULL,'ext-ct38','2023-09-19 16:07:46'),(151,4,18,1241,NULL,152,3,NULL,NULL,NULL,NULL,NULL,NULL,NULL,NULL,NULL,NULL,NULL,'pregnant',120,'days',NULL,NULL,NULL,NULL,NULL,NULL,NULL,NULL,'ext-ct38','2023-09-19 16:07:46'),(152,4,18,852,NULL,360,3,NULL,NULL,NULL,NULL,NULL,NULL,NULL,NULL,NULL,NULL,NULL,'open',NULL,NULL,NULL,NULL,NULL,NULL,NULL,NULL,NULL,NULL,'ext-ct38','2023-09-19 16:07:46'),(153,4,18,796,NULL,345,3,NULL,NULL,NULL,NULL,NULL,NULL,NULL,NULL,NULL,NULL,NULL,'pregnant',120,'days',NULL,NULL,NULL,NULL,NULL,NULL,NULL,NULL,'ext-ct38','2023-09-19 16:07:46'),(154,4,18,845,NULL,547,3,NULL,NULL,NULL,NULL,NULL,NULL,NULL,NULL,NULL,NULL,NULL,'pregnant',70,'days',NULL,NULL,NULL,NULL,NULL,NULL,NULL,NULL,'ext-ct38','2023-09-19 16:07:46'),(155,4,18,1233,NULL,698,3,NULL,NULL,NULL,NULL,NULL,NULL,NULL,NULL,NULL,NULL,NULL,'pregnant',80,'days',NULL,NULL,NULL,NULL,NULL,NULL,NULL,NULL,'ext-ct38','2023-09-19 16:07:46'),(156,4,18,780,NULL,852,3,NULL,NULL,NULL,NULL,NULL,NULL,NULL,NULL,NULL,NULL,NULL,'open',NULL,NULL,NULL,NULL,NULL,NULL,NULL,NULL,NULL,NULL,'ext-ct38','2023-09-19 16:07:46'),(157,4,18,1235,NULL,266,3,NULL,NULL,NULL,NULL,NULL,NULL,NULL,NULL,NULL,NULL,NULL,'pregnant',120,'days',NULL,NULL,NULL,NULL,NULL,NULL,NULL,NULL,'ext-ct38','2023-09-19 16:07:46'),(158,4,18,870,NULL,474,3,NULL,NULL,NULL,NULL,NULL,NULL,NULL,NULL,NULL,NULL,NULL,'open',NULL,NULL,NULL,NULL,NULL,NULL,NULL,NULL,NULL,NULL,'ext-ct38','2023-09-19 16:07:46'),(159,4,18,807,NULL,572,3,NULL,NULL,NULL,NULL,NULL,NULL,NULL,NULL,NULL,NULL,NULL,'open',NULL,NULL,NULL,NULL,NULL,NULL,NULL,NULL,NULL,NULL,'ext-ct38','2023-09-19 16:07:46'),(160,4,18,861,NULL,440,3,NULL,NULL,NULL,NULL,NULL,NULL,NULL,NULL,NULL,NULL,NULL,'open',NULL,NULL,NULL,NULL,NULL,NULL,NULL,NULL,NULL,NULL,'ext-ct38','2023-09-19 16:07:46'),(161,4,18,1229,NULL,383,3,NULL,NULL,NULL,NULL,NULL,NULL,NULL,NULL,NULL,NULL,NULL,'pregnant',120,'days',NULL,NULL,NULL,NULL,NULL,NULL,NULL,NULL,'ext-ct38','2023-09-19 16:07:46'),(162,4,18,1243,NULL,497,3,NULL,NULL,NULL,NULL,NULL,NULL,NULL,NULL,NULL,NULL,NULL,'open',NULL,NULL,NULL,NULL,NULL,NULL,NULL,NULL,NULL,NULL,'ext-ct38','2023-09-19 16:07:46'),(163,4,18,1248,NULL,337,3,NULL,NULL,NULL,NULL,NULL,NULL,NULL,NULL,NULL,NULL,NULL,'open',NULL,NULL,NULL,NULL,NULL,NULL,NULL,NULL,NULL,NULL,'ext-ct38','2023-09-19 16:07:46'),(164,4,18,1239,NULL,994,3,NULL,NULL,NULL,NULL,NULL,NULL,NULL,NULL,NULL,NULL,NULL,'pregnant',100,'days',NULL,NULL,NULL,NULL,NULL,NULL,NULL,NULL,'ext-ct38','2023-09-19 16:07:46'),(165,4,18,1245,NULL,261,3,NULL,NULL,NULL,NULL,NULL,NULL,NULL,NULL,NULL,NULL,NULL,'pregnant',120,'days',NULL,NULL,NULL,NULL,NULL,NULL,NULL,NULL,'ext-ct38','2023-09-19 16:07:46'),(166,4,18,1231,NULL,923,3,NULL,NULL,NULL,NULL,NULL,NULL,NULL,NULL,NULL,NULL,NULL,'pregnant',70,'days',NULL,NULL,NULL,NULL,NULL,NULL,NULL,NULL,'ext-ct38','2023-09-19 16:07:46'),(167,4,18,1234,NULL,132,3,NULL,NULL,NULL,NULL,NULL,NULL,NULL,NULL,NULL,NULL,NULL,'pregnant',120,'days',NULL,NULL,NULL,NULL,NULL,NULL,NULL,NULL,'ext-ct38','2023-09-19 16:07:46'),(168,4,18,1242,NULL,490,3,NULL,NULL,NULL,NULL,NULL,NULL,NULL,NULL,NULL,NULL,NULL,'pregnant',120,'days',NULL,NULL,NULL,NULL,NULL,NULL,NULL,NULL,'ext-ct38','2023-09-19 16:07:46'),(169,4,18,1232,NULL,154,3,NULL,NULL,NULL,NULL,NULL,NULL,NULL,NULL,NULL,NULL,NULL,'pregnant',120,'days',NULL,NULL,NULL,NULL,NULL,NULL,NULL,NULL,'ext-ct38','2023-09-19 16:07:46'),(170,4,18,1236,NULL,104,3,NULL,NULL,NULL,NULL,NULL,NULL,NULL,NULL,NULL,NULL,NULL,'pregnant',120,'days',NULL,NULL,NULL,NULL,NULL,NULL,NULL,NULL,'ext-ct38','2023-09-19 16:07:46'),(171,4,18,1247,NULL,855,3,NULL,NULL,NULL,NULL,NULL,NULL,NULL,NULL,NULL,NULL,NULL,'open',NULL,NULL,NULL,NULL,NULL,NULL,NULL,NULL,NULL,NULL,'ext-ct38','2023-09-19 16:07:46'),(172,4,18,1246,NULL,265,3,NULL,NULL,NULL,NULL,NULL,NULL,NULL,NULL,NULL,NULL,NULL,'pregnant',90,'days',NULL,NULL,NULL,NULL,NULL,NULL,NULL,NULL,'ext-ct38','2023-09-19 16:07:46'),(173,4,18,1240,NULL,461,3,NULL,NULL,NULL,NULL,NULL,NULL,NULL,NULL,NULL,NULL,NULL,'pregnant',120,'days',NULL,NULL,NULL,NULL,NULL,NULL,NULL,NULL,'ext-ct38','2023-09-19 16:07:46'),(174,4,18,1123,NULL,508,1,NULL,NULL,NULL,NULL,NULL,NULL,NULL,NULL,NULL,NULL,NULL,NULL,NULL,NULL,NULL,NULL,NULL,NULL,NULL,NULL,NULL,NULL,'ext-ct38','2023-09-19 16:25:31'),(175,4,18,1113,NULL,160,1,NULL,NULL,NULL,NULL,NULL,NULL,NULL,NULL,NULL,NULL,NULL,NULL,NULL,NULL,NULL,NULL,NULL,NULL,NULL,NULL,NULL,NULL,'ext-ct38','2023-09-19 16:25:31'),(176,4,18,1116,NULL,974,1,NULL,NULL,NULL,NULL,NULL,NULL,NULL,NULL,NULL,NULL,NULL,NULL,NULL,NULL,NULL,NULL,NULL,NULL,NULL,NULL,NULL,NULL,'ext-ct38','2023-09-19 16:25:31'),(177,4,18,1117,NULL,691,1,NULL,NULL,NULL,NULL,NULL,NULL,NULL,NULL,NULL,NULL,NULL,NULL,NULL,NULL,NULL,NULL,NULL,NULL,NULL,NULL,NULL,NULL,'ext-ct38','2023-09-19 16:25:31'),(178,4,18,1112,NULL,435,1,NULL,NULL,NULL,NULL,NULL,NULL,NULL,NULL,NULL,NULL,NULL,NULL,NULL,NULL,NULL,NULL,NULL,NULL,NULL,NULL,NULL,NULL,'ext-ct38','2023-09-19 16:25:31'),(179,4,18,1105,NULL,902,1,NULL,NULL,NULL,NULL,NULL,NULL,NULL,NULL,NULL,NULL,NULL,NULL,NULL,NULL,NULL,NULL,NULL,NULL,NULL,NULL,NULL,NULL,'ext-ct38','2023-09-19 16:25:31'),(180,4,18,1121,NULL,407,1,NULL,NULL,NULL,NULL,NULL,NULL,NULL,NULL,NULL,NULL,NULL,NULL,NULL,NULL,NULL,NULL,NULL,NULL,NULL,NULL,NULL,NULL,'ext-ct38','2023-09-19 16:25:31'),(181,4,18,1106,NULL,130,1,NULL,NULL,NULL,NULL,NULL,NULL,NULL,NULL,NULL,NULL,NULL,NULL,NULL,NULL,NULL,NULL,NULL,NULL,NULL,NULL,NULL,NULL,'ext-ct38','2023-09-19 16:25:31'),(182,4,18,1107,NULL,228,1,NULL,NULL,NULL,NULL,NULL,NULL,NULL,NULL,NULL,NULL,NULL,NULL,NULL,NULL,NULL,NULL,NULL,NULL,NULL,NULL,NULL,NULL,'ext-ct38','2023-09-19 16:25:31'),(183,4,18,1115,NULL,649,1,NULL,NULL,NULL,NULL,NULL,NULL,NULL,NULL,NULL,NULL,NULL,NULL,NULL,NULL,NULL,NULL,NULL,NULL,NULL,NULL,NULL,NULL,'ext-ct38','2023-09-19 16:25:31'),(184,4,18,1120,NULL,662,1,NULL,NULL,NULL,NULL,NULL,NULL,NULL,NULL,NULL,NULL,NULL,NULL,NULL,NULL,NULL,NULL,NULL,NULL,NULL,NULL,NULL,NULL,'ext-ct38','2023-09-19 16:25:31'),(185,4,18,1111,NULL,362,1,NULL,NULL,NULL,NULL,NULL,NULL,NULL,NULL,NULL,NULL,NULL,NULL,NULL,NULL,NULL,NULL,NULL,NULL,NULL,NULL,NULL,NULL,'ext-ct38','2023-09-19 16:25:31'),(186,4,18,1110,NULL,627,1,NULL,NULL,NULL,NULL,NULL,NULL,NULL,NULL,NULL,NULL,NULL,NULL,NULL,NULL,NULL,NULL,NULL,NULL,NULL,NULL,NULL,NULL,'ext-ct38','2023-09-19 16:25:31'),(187,4,18,1114,NULL,148,1,NULL,NULL,NULL,NULL,NULL,NULL,NULL,NULL,NULL,NULL,NULL,NULL,NULL,NULL,NULL,NULL,NULL,NULL,NULL,NULL,NULL,NULL,'ext-ct38','2023-09-19 16:25:31'),(188,4,18,1108,NULL,560,1,NULL,NULL,NULL,NULL,NULL,NULL,NULL,NULL,NULL,NULL,NULL,NULL,NULL,NULL,NULL,NULL,NULL,NULL,NULL,NULL,NULL,NULL,'ext-ct38','2023-09-19 16:25:31'),(189,4,18,1124,NULL,457,1,NULL,NULL,NULL,NULL,NULL,NULL,NULL,NULL,NULL,NULL,NULL,NULL,NULL,NULL,NULL,NULL,NULL,NULL,NULL,NULL,NULL,NULL,'ext-ct38','2023-09-19 16:25:31'),(190,4,18,1122,NULL,504,1,NULL,NULL,NULL,NULL,NULL,NULL,NULL,NULL,NULL,NULL,NULL,NULL,NULL,NULL,NULL,NULL,NULL,NULL,NULL,NULL,NULL,NULL,'ext-ct38','2023-09-19 16:25:31'),(191,4,18,1118,NULL,148,1,NULL,NULL,NULL,NULL,NULL,NULL,NULL,NULL,NULL,NULL,NULL,NULL,NULL,NULL,NULL,NULL,NULL,NULL,NULL,NULL,NULL,NULL,'ext-ct38','2023-09-19 16:25:31'),(192,4,18,1119,NULL,932,1,NULL,NULL,NULL,NULL,NULL,NULL,NULL,NULL,NULL,NULL,NULL,NULL,NULL,NULL,NULL,NULL,NULL,NULL,NULL,NULL,NULL,NULL,'ext-ct38','2023-09-19 16:25:31'),(193,4,18,1109,NULL,515,1,NULL,NULL,NULL,NULL,NULL,NULL,NULL,NULL,NULL,NULL,NULL,NULL,NULL,NULL,NULL,NULL,NULL,NULL,NULL,NULL,NULL,NULL,'ext-ct38','2023-09-19 16:25:31'),(194,4,18,1100,NULL,581,1,NULL,NULL,NULL,NULL,NULL,NULL,NULL,NULL,NULL,NULL,NULL,NULL,NULL,NULL,NULL,NULL,NULL,NULL,NULL,NULL,NULL,NULL,'ext-ct38','2023-09-19 16:34:23'),(195,4,18,1104,NULL,358,1,NULL,NULL,NULL,NULL,NULL,NULL,NULL,NULL,NULL,NULL,NULL,NULL,NULL,NULL,NULL,NULL,NULL,NULL,NULL,NULL,NULL,NULL,'ext-ct38','2023-09-19 16:34:23'),(196,4,18,1101,NULL,849,1,NULL,NULL,NULL,NULL,NULL,NULL,NULL,NULL,NULL,NULL,NULL,NULL,NULL,NULL,NULL,NULL,NULL,NULL,NULL,NULL,NULL,NULL,'ext-ct38','2023-09-19 16:34:23'),(197,4,18,1088,NULL,373,1,NULL,NULL,NULL,NULL,NULL,NULL,NULL,NULL,NULL,NULL,NULL,NULL,NULL,NULL,NULL,NULL,NULL,NULL,NULL,NULL,NULL,NULL,'ext-ct38','2023-09-19 16:34:23'),(198,4,18,1090,NULL,117,1,NULL,NULL,NULL,NULL,NULL,NULL,NULL,NULL,NULL,NULL,NULL,NULL,NULL,NULL,NULL,NULL,NULL,NULL,NULL,NULL,NULL,NULL,'ext-ct38','2023-09-19 16:34:23'),(199,4,18,1096,NULL,267,1,NULL,NULL,NULL,NULL,NULL,NULL,NULL,NULL,NULL,NULL,NULL,NULL,NULL,NULL,NULL,NULL,NULL,NULL,NULL,NULL,NULL,NULL,'ext-ct38','2023-09-19 16:34:23'),(200,4,18,1099,NULL,885,1,NULL,NULL,NULL,NULL,NULL,NULL,NULL,NULL,NULL,NULL,NULL,NULL,NULL,NULL,NULL,NULL,NULL,NULL,NULL,NULL,NULL,NULL,'ext-ct38','2023-09-19 16:34:23'),(201,4,18,1091,NULL,823,1,NULL,NULL,NULL,NULL,NULL,NULL,NULL,NULL,NULL,NULL,NULL,NULL,NULL,NULL,NULL,NULL,NULL,NULL,NULL,NULL,NULL,NULL,'ext-ct38','2023-09-19 16:34:23'),(202,4,18,1102,NULL,460,1,NULL,NULL,NULL,NULL,NULL,NULL,NULL,NULL,NULL,NULL,NULL,NULL,NULL,NULL,NULL,NULL,NULL,NULL,NULL,NULL,NULL,NULL,'ext-ct38','2023-09-19 16:34:23'),(203,4,18,1103,NULL,631,1,NULL,NULL,NULL,NULL,NULL,NULL,NULL,NULL,NULL,NULL,NULL,NULL,NULL,NULL,NULL,NULL,NULL,NULL,NULL,NULL,NULL,NULL,'ext-ct38','2023-09-19 16:34:23'),(204,4,18,1092,NULL,775,1,NULL,NULL,NULL,NULL,NULL,NULL,NULL,NULL,NULL,NULL,NULL,NULL,NULL,NULL,NULL,NULL,NULL,NULL,NULL,NULL,NULL,NULL,'ext-ct38','2023-09-19 16:34:23'),(205,4,18,1083,NULL,985,1,NULL,NULL,NULL,NULL,NULL,NULL,NULL,NULL,NULL,NULL,NULL,NULL,NULL,NULL,NULL,NULL,NULL,NULL,NULL,NULL,NULL,NULL,'ext-ct38','2023-09-19 16:34:23'),(206,4,18,1094,NULL,701,1,NULL,NULL,NULL,NULL,NULL,NULL,NULL,NULL,NULL,NULL,NULL,NULL,NULL,NULL,NULL,NULL,NULL,NULL,NULL,NULL,NULL,NULL,'ext-ct38','2023-09-19 16:34:23'),(207,4,18,1097,NULL,451,1,NULL,NULL,NULL,NULL,NULL,NULL,NULL,NULL,NULL,NULL,NULL,NULL,NULL,NULL,NULL,NULL,NULL,NULL,NULL,NULL,NULL,NULL,'ext-ct38','2023-09-19 16:34:23'),(208,4,18,1085,NULL,950,1,NULL,NULL,NULL,NULL,NULL,NULL,NULL,NULL,NULL,NULL,NULL,NULL,NULL,NULL,NULL,NULL,NULL,NULL,NULL,NULL,NULL,NULL,'ext-ct38','2023-09-19 16:34:23'),(209,4,18,1093,NULL,598,1,NULL,NULL,NULL,NULL,NULL,NULL,NULL,NULL,NULL,NULL,NULL,NULL,NULL,NULL,NULL,NULL,NULL,NULL,NULL,NULL,NULL,NULL,'ext-ct38','2023-09-19 16:34:23'),(210,4,18,1089,NULL,940,1,NULL,NULL,NULL,NULL,NULL,NULL,NULL,NULL,NULL,NULL,NULL,NULL,NULL,NULL,NULL,NULL,NULL,NULL,NULL,NULL,NULL,NULL,'ext-ct38','2023-09-19 16:34:23'),(211,4,18,1095,NULL,108,1,NULL,NULL,NULL,NULL,NULL,NULL,NULL,NULL,NULL,NULL,NULL,NULL,NULL,NULL,NULL,NULL,NULL,NULL,NULL,NULL,NULL,NULL,'ext-ct38','2023-09-19 16:34:23'),(212,4,18,1082,NULL,320,1,NULL,NULL,NULL,NULL,NULL,NULL,NULL,NULL,NULL,NULL,NULL,NULL,NULL,NULL,NULL,NULL,NULL,NULL,NULL,NULL,NULL,NULL,'ext-ct38','2023-09-19 16:34:23'),(213,4,18,1098,NULL,275,1,NULL,NULL,NULL,NULL,NULL,NULL,NULL,NULL,NULL,NULL,NULL,NULL,NULL,NULL,NULL,NULL,NULL,NULL,NULL,NULL,NULL,NULL,'ext-ct38','2023-09-19 16:34:23'),(214,4,18,1084,NULL,315,1,NULL,NULL,NULL,NULL,NULL,NULL,NULL,NULL,NULL,NULL,NULL,NULL,NULL,NULL,NULL,NULL,NULL,NULL,NULL,NULL,NULL,NULL,'ext-ct38','2023-09-19 16:34:23'),(215,4,18,1087,NULL,651,1,NULL,NULL,NULL,NULL,NULL,NULL,NULL,NULL,NULL,NULL,NULL,NULL,NULL,NULL,NULL,NULL,NULL,NULL,NULL,NULL,NULL,NULL,'ext-ct38','2023-09-19 16:34:23'),(216,4,18,1086,NULL,412,1,NULL,NULL,NULL,NULL,NULL,NULL,NULL,NULL,NULL,NULL,NULL,NULL,NULL,NULL,NULL,NULL,NULL,NULL,NULL,NULL,NULL,NULL,'ext-ct38','2023-09-19 16:34:23'),(217,4,18,1132,NULL,905,1,NULL,NULL,NULL,NULL,NULL,NULL,NULL,NULL,NULL,NULL,NULL,NULL,NULL,NULL,NULL,NULL,NULL,NULL,NULL,NULL,NULL,NULL,'ext-ct38','2023-09-21 13:41:55'),(218,4,18,1142,NULL,490,1,NULL,NULL,NULL,NULL,NULL,NULL,NULL,NULL,NULL,NULL,NULL,NULL,NULL,NULL,NULL,NULL,NULL,NULL,NULL,NULL,NULL,NULL,'ext-ct38','2023-09-21 13:41:55'),(219,4,18,1146,NULL,535,2,NULL,NULL,NULL,NULL,NULL,NULL,NULL,NULL,NULL,NULL,NULL,NULL,NULL,NULL,NULL,NULL,NULL,NULL,NULL,NULL,NULL,NULL,'ext-ct38','2023-09-21 13:41:55'),(220,4,18,1141,NULL,208,1,NULL,NULL,NULL,NULL,NULL,NULL,NULL,NULL,NULL,NULL,NULL,NULL,NULL,NULL,NULL,NULL,NULL,NULL,NULL,NULL,NULL,NULL,'ext-ct38','2023-09-21 13:41:55'),(221,4,18,1125,NULL,234,1,NULL,NULL,NULL,NULL,NULL,NULL,NULL,NULL,NULL,NULL,NULL,NULL,NULL,NULL,NULL,NULL,NULL,NULL,NULL,NULL,NULL,NULL,'ext-ct38','2023-09-21 13:41:55'),(222,4,18,1148,NULL,445,1,NULL,NULL,NULL,NULL,NULL,NULL,NULL,NULL,NULL,NULL,NULL,NULL,NULL,NULL,NULL,NULL,NULL,NULL,NULL,NULL,NULL,NULL,'ext-ct38','2023-09-21 13:41:55'),(223,4,18,1140,NULL,526,1,NULL,NULL,NULL,NULL,NULL,NULL,NULL,NULL,NULL,NULL,NULL,NULL,NULL,NULL,NULL,NULL,NULL,NULL,NULL,NULL,NULL,NULL,'ext-ct38','2023-09-21 13:41:55'),(224,4,18,1204,NULL,293,1,NULL,NULL,NULL,NULL,NULL,NULL,NULL,NULL,NULL,NULL,NULL,NULL,NULL,NULL,NULL,NULL,NULL,NULL,NULL,NULL,NULL,NULL,'ext-ct38','2023-09-21 13:41:55'),(225,4,18,1203,NULL,687,1,NULL,NULL,NULL,NULL,NULL,NULL,NULL,NULL,NULL,NULL,NULL,NULL,NULL,NULL,NULL,NULL,NULL,NULL,NULL,NULL,NULL,NULL,'ext-ct38','2023-09-21 13:41:55'),(226,4,18,1218,NULL,656,1,NULL,NULL,NULL,NULL,NULL,NULL,NULL,NULL,NULL,NULL,NULL,NULL,NULL,NULL,NULL,NULL,NULL,NULL,NULL,NULL,NULL,NULL,'ext-ct38','2023-09-21 13:41:55'),(227,4,18,1214,NULL,219,1,NULL,NULL,NULL,NULL,NULL,NULL,NULL,NULL,NULL,NULL,NULL,NULL,NULL,NULL,NULL,NULL,NULL,NULL,NULL,NULL,NULL,NULL,'ext-ct38','2023-09-21 13:41:55'),(228,4,18,1205,NULL,827,1,NULL,NULL,NULL,NULL,NULL,NULL,NULL,NULL,NULL,NULL,NULL,NULL,NULL,NULL,NULL,NULL,NULL,NULL,NULL,NULL,NULL,NULL,'ext-ct38','2023-09-21 13:41:55'),(229,4,18,1228,NULL,678,1,NULL,NULL,NULL,NULL,NULL,NULL,NULL,NULL,NULL,NULL,NULL,NULL,NULL,NULL,NULL,NULL,NULL,NULL,NULL,NULL,NULL,NULL,'ext-ct38','2023-09-21 13:41:55'),(230,4,18,1219,NULL,812,1,NULL,NULL,NULL,NULL,NULL,NULL,NULL,NULL,NULL,NULL,NULL,NULL,NULL,NULL,NULL,NULL,NULL,NULL,NULL,NULL,NULL,NULL,'ext-ct38','2023-09-21 13:41:55'),(231,4,18,1213,NULL,127,1,NULL,NULL,NULL,NULL,NULL,NULL,NULL,NULL,NULL,NULL,NULL,NULL,NULL,NULL,NULL,NULL,NULL,NULL,NULL,NULL,NULL,NULL,'ext-ct38','2023-09-21 13:41:55'),(232,4,18,1207,NULL,797,1,NULL,NULL,NULL,NULL,NULL,NULL,NULL,NULL,NULL,NULL,NULL,NULL,NULL,NULL,NULL,NULL,NULL,NULL,NULL,NULL,NULL,NULL,'ext-ct38','2023-09-21 13:41:55'),(233,4,18,1212,NULL,804,1,NULL,NULL,NULL,NULL,NULL,NULL,NULL,NULL,NULL,NULL,NULL,NULL,NULL,NULL,NULL,NULL,NULL,NULL,NULL,NULL,NULL,NULL,'ext-ct38','2023-09-21 13:41:55'),(234,4,18,1187,NULL,631,1,NULL,NULL,NULL,NULL,NULL,NULL,NULL,NULL,NULL,NULL,NULL,NULL,NULL,NULL,NULL,NULL,NULL,NULL,NULL,NULL,NULL,NULL,'ext-ct38','2023-09-21 13:41:55'),(235,4,18,1191,NULL,643,1,NULL,NULL,NULL,NULL,NULL,NULL,NULL,NULL,NULL,NULL,NULL,NULL,NULL,NULL,NULL,NULL,NULL,NULL,NULL,NULL,NULL,NULL,'ext-ct38','2023-09-21 13:41:55'),(236,4,18,1183,NULL,323,1,NULL,NULL,NULL,NULL,NULL,NULL,NULL,NULL,NULL,NULL,NULL,NULL,NULL,NULL,NULL,NULL,NULL,NULL,NULL,NULL,NULL,NULL,'ext-ct38','2023-09-21 13:41:55'),(237,4,18,1179,NULL,486,1,NULL,NULL,NULL,NULL,NULL,NULL,NULL,NULL,NULL,NULL,NULL,NULL,NULL,NULL,NULL,NULL,NULL,NULL,NULL,NULL,NULL,NULL,'ext-ct38','2023-09-21 13:41:55'),(238,4,18,1196,NULL,462,1,NULL,NULL,NULL,NULL,NULL,NULL,NULL,NULL,NULL,NULL,NULL,NULL,NULL,NULL,NULL,NULL,NULL,NULL,NULL,NULL,NULL,NULL,'ext-ct38','2023-09-21 13:41:55'),(239,4,18,1190,NULL,750,1,NULL,NULL,NULL,NULL,NULL,NULL,NULL,NULL,NULL,NULL,NULL,NULL,NULL,NULL,NULL,NULL,NULL,NULL,NULL,NULL,NULL,NULL,'ext-ct38','2023-09-21 13:41:55'),(240,4,18,1193,NULL,468,1,NULL,NULL,NULL,NULL,NULL,NULL,NULL,NULL,NULL,NULL,NULL,NULL,NULL,NULL,NULL,NULL,NULL,NULL,NULL,NULL,NULL,NULL,'ext-ct38','2023-09-21 13:41:55'),(241,4,18,1198,NULL,889,1,NULL,NULL,NULL,NULL,NULL,NULL,NULL,NULL,NULL,NULL,NULL,NULL,NULL,NULL,NULL,NULL,NULL,NULL,NULL,NULL,NULL,NULL,'ext-ct38','2023-09-21 13:41:55'),(242,4,18,1188,NULL,240,1,NULL,NULL,NULL,NULL,NULL,NULL,NULL,NULL,NULL,NULL,NULL,NULL,NULL,NULL,NULL,NULL,NULL,NULL,NULL,NULL,NULL,NULL,'ext-ct38','2023-09-21 13:41:55'),(243,4,18,1197,NULL,236,1,NULL,NULL,NULL,NULL,NULL,NULL,NULL,NULL,NULL,NULL,NULL,NULL,NULL,NULL,NULL,NULL,NULL,NULL,NULL,NULL,NULL,NULL,'ext-ct38','2023-09-21 13:41:55'),(244,4,18,1186,NULL,360,1,NULL,NULL,NULL,NULL,NULL,NULL,NULL,NULL,NULL,NULL,NULL,NULL,NULL,NULL,NULL,NULL,NULL,NULL,NULL,NULL,NULL,NULL,'ext-ct38','2023-09-21 13:41:55'),(245,4,18,1199,NULL,991,1,NULL,NULL,NULL,NULL,NULL,NULL,NULL,NULL,NULL,NULL,NULL,NULL,NULL,NULL,NULL,NULL,NULL,NULL,NULL,NULL,NULL,NULL,'ext-ct38','2023-09-21 13:41:55'),(246,4,18,1169,NULL,176,1,NULL,NULL,NULL,NULL,NULL,NULL,NULL,NULL,NULL,NULL,NULL,NULL,NULL,NULL,NULL,NULL,NULL,NULL,NULL,NULL,NULL,NULL,'ext-ct38','2023-09-21 13:41:55'),(247,4,18,1157,NULL,507,1,NULL,NULL,NULL,NULL,NULL,NULL,NULL,NULL,NULL,NULL,NULL,NULL,NULL,NULL,NULL,NULL,NULL,NULL,NULL,NULL,NULL,NULL,'ext-ct38','2023-09-21 13:41:55'),(248,4,18,1152,NULL,108,1,NULL,NULL,NULL,NULL,NULL,NULL,NULL,NULL,NULL,NULL,NULL,NULL,NULL,NULL,NULL,NULL,NULL,NULL,NULL,NULL,NULL,NULL,'ext-ct38','2023-09-21 13:41:55'),(249,4,18,1159,NULL,718,1,NULL,NULL,NULL,NULL,NULL,NULL,NULL,NULL,NULL,NULL,NULL,NULL,NULL,NULL,NULL,NULL,NULL,NULL,NULL,NULL,NULL,NULL,'ext-ct38','2023-09-21 13:41:55'),(250,4,18,1170,NULL,469,1,NULL,NULL,NULL,NULL,NULL,NULL,NULL,NULL,NULL,NULL,NULL,NULL,NULL,NULL,NULL,NULL,NULL,NULL,NULL,NULL,NULL,NULL,'ext-ct38','2023-09-21 13:41:55'),(251,4,18,1154,NULL,990,1,NULL,NULL,NULL,NULL,NULL,NULL,NULL,NULL,NULL,NULL,NULL,NULL,NULL,NULL,NULL,NULL,NULL,NULL,NULL,NULL,NULL,NULL,'ext-ct38','2023-09-21 13:41:55'),(252,4,18,1153,NULL,743,1,NULL,NULL,NULL,NULL,NULL,NULL,NULL,NULL,NULL,NULL,NULL,NULL,NULL,NULL,NULL,NULL,NULL,NULL,NULL,NULL,NULL,NULL,'ext-ct38','2023-09-21 13:41:55'),(253,4,18,1158,NULL,644,1,NULL,NULL,NULL,NULL,NULL,NULL,NULL,NULL,NULL,NULL,NULL,NULL,NULL,NULL,NULL,NULL,NULL,NULL,NULL,NULL,NULL,NULL,'ext-ct38','2023-09-21 13:41:55'),(254,4,18,1155,NULL,893,1,NULL,NULL,NULL,NULL,NULL,NULL,NULL,NULL,NULL,NULL,NULL,NULL,NULL,NULL,NULL,NULL,NULL,NULL,NULL,NULL,NULL,NULL,'ext-ct38','2023-09-21 13:41:55'),(255,4,18,1160,NULL,635,1,NULL,NULL,NULL,NULL,NULL,NULL,NULL,NULL,NULL,NULL,NULL,NULL,NULL,NULL,NULL,NULL,NULL,NULL,NULL,NULL,NULL,NULL,'ext-ct38','2023-09-21 13:41:55'),(256,4,18,1174,NULL,395,1,NULL,NULL,NULL,NULL,NULL,NULL,NULL,NULL,NULL,NULL,NULL,NULL,NULL,NULL,NULL,NULL,NULL,NULL,NULL,NULL,NULL,NULL,'ext-ct38','2023-09-21 13:41:55'),(257,4,18,1165,NULL,869,3,NULL,NULL,NULL,NULL,NULL,NULL,NULL,NULL,NULL,NULL,NULL,NULL,NULL,NULL,NULL,NULL,NULL,NULL,NULL,NULL,NULL,NULL,'ext-ct38','2023-09-21 13:41:55'),(258,4,18,1142,NULL,361,1,NULL,NULL,NULL,NULL,NULL,NULL,NULL,NULL,NULL,NULL,NULL,NULL,NULL,NULL,4,'2023-09-07',NULL,NULL,NULL,NULL,NULL,NULL,'ext-ct38','2023-09-21 14:03:55'),(259,4,18,1133,NULL,901,1,NULL,NULL,NULL,NULL,NULL,NULL,NULL,NULL,NULL,NULL,NULL,NULL,NULL,NULL,4,'2023-09-07',NULL,NULL,NULL,NULL,NULL,NULL,'ext-ct38','2023-09-21 14:03:55'),(260,4,18,1141,NULL,620,1,NULL,NULL,NULL,NULL,NULL,NULL,NULL,NULL,NULL,NULL,NULL,NULL,NULL,NULL,4,'2023-09-07',NULL,NULL,NULL,NULL,NULL,NULL,'ext-ct38','2023-09-21 14:03:55'),(261,4,18,1130,NULL,297,1,NULL,NULL,NULL,NULL,NULL,NULL,NULL,NULL,NULL,NULL,NULL,NULL,NULL,NULL,4,'2023-09-07',NULL,NULL,NULL,NULL,NULL,NULL,'ext-ct38','2023-09-21 14:03:55'),(262,4,18,1127,NULL,426,1,NULL,NULL,NULL,NULL,NULL,NULL,NULL,NULL,NULL,NULL,NULL,NULL,NULL,NULL,4,'2023-09-07',NULL,NULL,NULL,NULL,NULL,NULL,'ext-ct38','2023-09-21 14:03:55'),(263,4,18,1139,NULL,238,1,NULL,NULL,NULL,NULL,NULL,NULL,NULL,NULL,NULL,NULL,NULL,NULL,NULL,NULL,4,'2023-09-07',NULL,NULL,NULL,NULL,NULL,NULL,'ext-ct38','2023-09-21 14:03:55'),(264,4,18,1129,NULL,712,1,NULL,NULL,NULL,NULL,NULL,NULL,NULL,NULL,NULL,NULL,NULL,NULL,NULL,NULL,4,'2023-09-07',NULL,NULL,NULL,NULL,NULL,NULL,'ext-ct38','2023-09-21 14:03:55'),(265,4,18,1131,NULL,948,1,NULL,NULL,NULL,NULL,NULL,NULL,NULL,NULL,NULL,NULL,NULL,NULL,NULL,NULL,4,'2023-09-07',NULL,NULL,NULL,NULL,NULL,NULL,'ext-ct38','2023-09-21 14:03:55'),(266,4,18,1143,NULL,705,1,NULL,NULL,NULL,NULL,NULL,NULL,NULL,NULL,NULL,NULL,NULL,NULL,NULL,NULL,4,'2023-09-07',NULL,NULL,NULL,NULL,NULL,NULL,'ext-ct38','2023-09-21 14:03:55'),(267,4,18,1138,NULL,583,1,NULL,NULL,NULL,NULL,NULL,NULL,NULL,NULL,NULL,NULL,NULL,NULL,NULL,NULL,4,'2023-09-07',NULL,NULL,NULL,NULL,NULL,NULL,'ext-ct38','2023-09-21 14:03:55'),(268,4,18,1128,NULL,699,1,NULL,NULL,NULL,NULL,NULL,NULL,NULL,NULL,NULL,NULL,NULL,NULL,NULL,NULL,4,'2023-09-07',NULL,NULL,NULL,NULL,NULL,NULL,'ext-ct38','2023-09-21 14:03:55'),(269,4,18,1136,NULL,746,1,NULL,NULL,NULL,NULL,NULL,NULL,NULL,NULL,NULL,NULL,NULL,NULL,NULL,NULL,4,'2023-09-07',NULL,NULL,NULL,NULL,NULL,NULL,'ext-ct38','2023-09-21 14:03:55'),(270,4,18,1149,NULL,634,1,NULL,NULL,NULL,NULL,NULL,NULL,NULL,NULL,NULL,NULL,NULL,NULL,NULL,NULL,4,'2023-09-07',NULL,NULL,NULL,NULL,NULL,NULL,'ext-ct38','2023-09-21 14:03:55'),(271,4,18,1145,NULL,832,1,NULL,NULL,NULL,NULL,NULL,NULL,NULL,NULL,NULL,NULL,NULL,NULL,NULL,NULL,4,'2023-09-07',NULL,NULL,NULL,NULL,NULL,NULL,'ext-ct38','2023-09-21 14:03:55'),(272,4,18,1151,NULL,358,1,NULL,NULL,NULL,NULL,NULL,NULL,NULL,NULL,NULL,NULL,NULL,NULL,NULL,NULL,4,'2023-09-07',NULL,NULL,NULL,NULL,NULL,NULL,'ext-ct38','2023-09-21 14:03:55'),(273,4,18,1134,NULL,997,1,NULL,NULL,NULL,NULL,NULL,NULL,NULL,NULL,NULL,NULL,NULL,NULL,NULL,NULL,4,'2023-09-07',NULL,NULL,NULL,NULL,NULL,NULL,'ext-ct38','2023-09-21 14:03:55'),(274,4,18,1147,NULL,210,1,NULL,NULL,NULL,NULL,NULL,NULL,NULL,NULL,NULL,NULL,NULL,NULL,NULL,NULL,4,'2023-09-07',NULL,NULL,NULL,NULL,NULL,NULL,'ext-ct38','2023-09-21 14:03:55'),(275,4,18,1126,NULL,660,1,NULL,NULL,NULL,NULL,NULL,NULL,NULL,NULL,NULL,NULL,NULL,NULL,NULL,NULL,4,'2023-09-07',NULL,NULL,NULL,NULL,NULL,NULL,'ext-ct38','2023-09-21 14:03:55'),(276,4,18,1150,NULL,770,1,NULL,NULL,NULL,NULL,NULL,NULL,NULL,NULL,NULL,NULL,NULL,NULL,NULL,NULL,4,'2023-09-07',NULL,NULL,NULL,NULL,NULL,NULL,'ext-ct38','2023-09-21 14:03:55'),(277,4,18,1144,NULL,872,1,NULL,NULL,NULL,NULL,NULL,NULL,NULL,NULL,NULL,NULL,NULL,NULL,NULL,NULL,4,'2023-09-07',NULL,NULL,NULL,NULL,NULL,NULL,'ext-ct38','2023-09-21 14:03:55'),(278,4,18,1135,NULL,149,1,NULL,NULL,NULL,NULL,NULL,NULL,NULL,NULL,NULL,NULL,NULL,NULL,NULL,NULL,4,'2023-09-07',NULL,NULL,NULL,NULL,NULL,NULL,'ext-ct38','2023-09-21 14:03:55'),(279,4,18,1137,NULL,731,1,NULL,NULL,NULL,NULL,NULL,NULL,NULL,NULL,NULL,NULL,NULL,NULL,NULL,NULL,4,'2023-09-07',NULL,NULL,NULL,NULL,NULL,NULL,'ext-ct38','2023-09-21 14:03:55'),(280,4,18,1211,NULL,408,1,NULL,NULL,NULL,NULL,NULL,NULL,NULL,NULL,NULL,NULL,NULL,NULL,NULL,NULL,4,'2023-09-07',NULL,NULL,NULL,NULL,NULL,NULL,'ext-ct38','2023-09-21 14:03:55'),(281,4,18,1209,NULL,648,1,NULL,NULL,NULL,NULL,NULL,NULL,NULL,NULL,NULL,NULL,NULL,NULL,NULL,NULL,4,'2023-09-07',NULL,NULL,NULL,NULL,NULL,NULL,'ext-ct38','2023-09-21 14:03:55'),(282,4,18,1224,NULL,116,1,NULL,NULL,NULL,NULL,NULL,NULL,NULL,NULL,NULL,NULL,NULL,NULL,NULL,NULL,4,'2023-09-07',NULL,NULL,NULL,NULL,NULL,NULL,'ext-ct38','2023-09-21 14:03:55'),(283,4,18,1226,NULL,337,1,NULL,NULL,NULL,NULL,NULL,NULL,NULL,NULL,NULL,NULL,NULL,NULL,NULL,NULL,4,'2023-09-07',NULL,NULL,NULL,NULL,NULL,NULL,'ext-ct38','2023-09-21 14:03:55'),(284,4,18,1220,NULL,337,1,NULL,NULL,NULL,NULL,NULL,NULL,NULL,NULL,NULL,NULL,NULL,NULL,NULL,NULL,4,'2023-09-07',NULL,NULL,NULL,NULL,NULL,NULL,'ext-ct38','2023-09-21 14:03:55'),(285,4,18,1227,NULL,575,1,NULL,NULL,NULL,NULL,NULL,NULL,NULL,NULL,NULL,NULL,NULL,NULL,NULL,NULL,4,'2023-09-07',NULL,NULL,NULL,NULL,NULL,NULL,'ext-ct38','2023-09-21 14:03:55'),(286,4,18,1206,NULL,865,1,NULL,NULL,NULL,NULL,NULL,NULL,NULL,NULL,NULL,NULL,NULL,NULL,NULL,NULL,4,'2023-09-07',NULL,NULL,NULL,NULL,NULL,NULL,'ext-ct38','2023-09-21 14:03:55'),(287,4,18,1222,NULL,700,1,NULL,NULL,NULL,NULL,NULL,NULL,NULL,NULL,NULL,NULL,NULL,NULL,NULL,NULL,4,'2023-09-07',NULL,NULL,NULL,NULL,NULL,NULL,'ext-ct38','2023-09-21 14:03:55'),(288,4,18,1225,NULL,804,1,NULL,NULL,NULL,NULL,NULL,NULL,NULL,NULL,NULL,NULL,NULL,NULL,NULL,NULL,4,'2023-09-07',NULL,NULL,NULL,NULL,NULL,NULL,'ext-ct38','2023-09-21 14:03:55'),(289,4,18,1216,NULL,921,1,NULL,NULL,NULL,NULL,NULL,NULL,NULL,NULL,NULL,NULL,NULL,NULL,NULL,NULL,4,'2023-09-07',NULL,NULL,NULL,NULL,NULL,NULL,'ext-ct38','2023-09-21 14:03:55'),(290,4,18,1202,NULL,294,1,NULL,NULL,NULL,NULL,NULL,NULL,NULL,NULL,NULL,NULL,NULL,NULL,NULL,NULL,4,'2023-09-07',NULL,NULL,NULL,NULL,NULL,NULL,'ext-ct38','2023-09-21 14:03:55'),(291,4,18,1221,NULL,406,1,NULL,NULL,NULL,NULL,NULL,NULL,NULL,NULL,NULL,NULL,NULL,NULL,NULL,NULL,4,'2023-09-07',NULL,NULL,NULL,NULL,NULL,NULL,'ext-ct38','2023-09-21 14:03:55'),(292,4,18,1210,NULL,147,1,NULL,NULL,NULL,NULL,NULL,NULL,NULL,NULL,NULL,NULL,NULL,NULL,NULL,NULL,4,'2023-09-07',NULL,NULL,NULL,NULL,NULL,NULL,'ext-ct38','2023-09-21 14:03:55'),(293,4,18,1223,NULL,321,1,NULL,NULL,NULL,NULL,NULL,NULL,NULL,NULL,NULL,NULL,NULL,NULL,NULL,NULL,4,'2023-09-07',NULL,NULL,NULL,NULL,NULL,NULL,'ext-ct38','2023-09-21 14:03:55'),(294,4,18,1215,NULL,163,1,NULL,NULL,NULL,NULL,NULL,NULL,NULL,NULL,NULL,NULL,NULL,NULL,NULL,NULL,4,'2023-09-07',NULL,NULL,NULL,NULL,NULL,NULL,'ext-ct38','2023-09-21 14:03:55'),(295,4,18,1217,NULL,653,1,NULL,NULL,NULL,NULL,NULL,NULL,NULL,NULL,NULL,NULL,NULL,NULL,NULL,NULL,4,'2023-09-07',NULL,NULL,NULL,NULL,NULL,NULL,'ext-ct38','2023-09-21 14:03:55'),(296,4,18,1208,NULL,876,1,NULL,NULL,NULL,NULL,NULL,NULL,NULL,NULL,NULL,NULL,NULL,NULL,NULL,NULL,4,'2023-09-07',NULL,NULL,NULL,NULL,NULL,NULL,'ext-ct38','2023-09-21 14:03:55'),(297,4,18,1182,NULL,521,1,NULL,NULL,NULL,NULL,NULL,NULL,NULL,NULL,NULL,NULL,NULL,NULL,NULL,NULL,4,'2023-09-07',NULL,NULL,NULL,NULL,NULL,NULL,'ext-ct38','2023-09-21 14:03:55'),(298,4,18,1184,NULL,776,1,NULL,NULL,NULL,NULL,NULL,NULL,NULL,NULL,NULL,NULL,NULL,NULL,NULL,NULL,4,'2023-09-07',NULL,NULL,NULL,NULL,NULL,NULL,'ext-ct38','2023-09-21 14:03:55'),(299,4,18,1177,NULL,419,1,NULL,NULL,NULL,NULL,NULL,NULL,NULL,NULL,NULL,NULL,NULL,NULL,NULL,NULL,4,'2023-09-07',NULL,NULL,NULL,NULL,NULL,NULL,'ext-ct38','2023-09-21 14:03:55'),(300,4,18,1178,NULL,569,1,NULL,NULL,NULL,NULL,NULL,NULL,NULL,NULL,NULL,NULL,NULL,NULL,NULL,NULL,4,'2023-09-07',NULL,NULL,NULL,NULL,NULL,NULL,'ext-ct38','2023-09-21 14:03:55'),(301,4,18,1195,NULL,587,1,NULL,NULL,NULL,NULL,NULL,NULL,NULL,NULL,NULL,NULL,NULL,NULL,NULL,NULL,4,'2023-09-07',NULL,NULL,NULL,NULL,NULL,NULL,'ext-ct38','2023-09-21 14:03:55'),(302,4,18,1181,NULL,228,1,NULL,NULL,NULL,NULL,NULL,NULL,NULL,NULL,NULL,NULL,NULL,NULL,NULL,NULL,4,'2023-09-07',NULL,NULL,NULL,NULL,NULL,NULL,'ext-ct38','2023-09-21 14:03:55'),(303,4,18,1194,NULL,181,1,NULL,NULL,NULL,NULL,NULL,NULL,NULL,NULL,NULL,NULL,NULL,NULL,NULL,NULL,4,'2023-09-07',NULL,NULL,NULL,NULL,NULL,NULL,'ext-ct38','2023-09-21 14:03:55'),(304,4,18,1176,NULL,121,1,NULL,NULL,NULL,NULL,NULL,NULL,NULL,NULL,NULL,NULL,NULL,NULL,NULL,NULL,4,'2023-09-07',NULL,NULL,NULL,NULL,NULL,NULL,'ext-ct38','2023-09-21 14:03:55'),(305,4,18,1189,NULL,861,1,NULL,NULL,NULL,NULL,NULL,NULL,NULL,NULL,NULL,NULL,NULL,NULL,NULL,NULL,4,'2023-09-07',NULL,NULL,NULL,NULL,NULL,NULL,'ext-ct38','2023-09-21 14:03:55'),(306,4,18,1185,NULL,245,1,NULL,NULL,NULL,NULL,NULL,NULL,NULL,NULL,NULL,NULL,NULL,NULL,NULL,NULL,4,'2023-09-07',NULL,NULL,NULL,NULL,NULL,NULL,'ext-ct38','2023-09-21 14:03:55'),(307,4,18,1192,NULL,340,1,NULL,NULL,NULL,NULL,NULL,NULL,NULL,NULL,NULL,NULL,NULL,NULL,NULL,NULL,4,'2023-09-07',NULL,NULL,NULL,NULL,NULL,NULL,'ext-ct38','2023-09-21 14:03:55'),(308,4,18,1180,NULL,868,1,NULL,NULL,NULL,NULL,NULL,NULL,NULL,NULL,NULL,NULL,NULL,NULL,NULL,NULL,4,'2023-09-07',NULL,NULL,NULL,NULL,NULL,NULL,'ext-ct38','2023-09-21 14:03:55'),(309,4,18,1200,NULL,521,1,NULL,NULL,NULL,NULL,NULL,NULL,NULL,NULL,NULL,NULL,NULL,NULL,NULL,NULL,4,'2023-09-07',NULL,NULL,NULL,NULL,NULL,NULL,'ext-ct38','2023-09-21 14:03:55'),(310,4,18,1201,NULL,800,1,NULL,NULL,NULL,NULL,NULL,NULL,NULL,NULL,NULL,NULL,NULL,NULL,NULL,NULL,4,'2023-09-07',NULL,NULL,NULL,NULL,NULL,NULL,'ext-ct38','2023-09-21 14:03:55'),(311,4,18,1163,NULL,538,1,NULL,NULL,NULL,NULL,NULL,NULL,NULL,NULL,NULL,NULL,NULL,NULL,NULL,NULL,4,'2023-09-07',NULL,NULL,NULL,NULL,NULL,NULL,'ext-ct38','2023-09-21 14:03:55'),(312,4,18,1168,NULL,191,1,NULL,NULL,NULL,NULL,NULL,NULL,NULL,NULL,NULL,NULL,NULL,NULL,NULL,NULL,4,'2023-09-07',NULL,NULL,NULL,NULL,NULL,NULL,'ext-ct38','2023-09-21 14:03:55'),(313,4,18,1171,NULL,140,1,NULL,NULL,NULL,NULL,NULL,NULL,NULL,NULL,NULL,NULL,NULL,NULL,NULL,NULL,4,'2023-09-07',NULL,NULL,NULL,NULL,NULL,NULL,'ext-ct38','2023-09-21 14:03:55'),(314,4,18,1162,NULL,928,1,NULL,NULL,NULL,NULL,NULL,NULL,NULL,NULL,NULL,NULL,NULL,NULL,NULL,NULL,4,'2023-09-07',NULL,NULL,NULL,NULL,NULL,NULL,'ext-ct38','2023-09-21 14:03:55'),(315,4,18,1167,NULL,520,1,NULL,NULL,NULL,NULL,NULL,NULL,NULL,NULL,NULL,NULL,NULL,NULL,NULL,NULL,4,'2023-09-07',NULL,NULL,NULL,NULL,NULL,NULL,'ext-ct38','2023-09-21 14:03:55'),(316,4,18,1161,NULL,616,1,NULL,NULL,NULL,NULL,NULL,NULL,NULL,NULL,NULL,NULL,NULL,NULL,NULL,NULL,4,'2023-09-07',NULL,NULL,NULL,NULL,NULL,NULL,'ext-ct38','2023-09-21 14:03:55'),(317,4,18,1156,NULL,520,1,NULL,NULL,NULL,NULL,NULL,NULL,NULL,NULL,NULL,NULL,NULL,NULL,NULL,NULL,4,'2023-09-07',NULL,NULL,NULL,NULL,NULL,NULL,'ext-ct38','2023-09-21 14:03:55'),(318,4,18,1175,NULL,652,1,NULL,NULL,NULL,NULL,NULL,NULL,NULL,NULL,NULL,NULL,NULL,NULL,NULL,NULL,4,'2023-09-07',NULL,NULL,NULL,NULL,NULL,NULL,'ext-ct38','2023-09-21 14:03:55'),(319,4,18,1166,NULL,700,1,NULL,NULL,NULL,NULL,NULL,NULL,NULL,NULL,NULL,NULL,NULL,NULL,NULL,NULL,4,'2023-09-07',NULL,NULL,NULL,NULL,NULL,NULL,'ext-ct38','2023-09-21 14:03:55'),(320,4,18,1172,NULL,546,1,NULL,NULL,NULL,NULL,NULL,NULL,NULL,NULL,NULL,NULL,NULL,NULL,NULL,NULL,4,'2023-09-07',NULL,NULL,NULL,NULL,NULL,NULL,'ext-ct38','2023-09-21 14:03:55'),(321,4,18,1173,NULL,530,1,NULL,NULL,NULL,NULL,NULL,NULL,NULL,NULL,NULL,NULL,NULL,NULL,NULL,NULL,4,'2023-09-07',NULL,NULL,NULL,NULL,NULL,NULL,'ext-ct38','2023-09-21 14:03:55'),(322,4,18,1164,NULL,913,1,NULL,NULL,NULL,NULL,NULL,NULL,NULL,NULL,NULL,NULL,NULL,NULL,NULL,NULL,4,'2023-09-07',NULL,NULL,NULL,NULL,NULL,NULL,'ext-ct38','2023-09-21 14:03:55'),(323,4,18,880,NULL,177,3,NULL,NULL,NULL,NULL,NULL,NULL,NULL,NULL,NULL,NULL,NULL,NULL,NULL,NULL,NULL,NULL,NULL,NULL,NULL,NULL,NULL,NULL,'ext-ct38','2023-10-03 09:40:21'),(324,4,18,876,NULL,745,3,NULL,NULL,NULL,NULL,NULL,NULL,NULL,NULL,NULL,NULL,NULL,NULL,NULL,NULL,NULL,NULL,NULL,NULL,NULL,NULL,NULL,NULL,'ext-ct38','2023-10-03 09:40:21'),(325,4,18,836,NULL,394,3,NULL,NULL,NULL,NULL,NULL,NULL,NULL,NULL,NULL,NULL,NULL,NULL,NULL,NULL,NULL,NULL,NULL,NULL,NULL,NULL,NULL,'test2','ext-ct38','2023-10-03 09:40:21'),(326,4,18,824,NULL,537,3,NULL,NULL,NULL,NULL,NULL,NULL,NULL,NULL,NULL,NULL,NULL,NULL,NULL,NULL,NULL,NULL,NULL,NULL,NULL,NULL,NULL,'test3','ext-ct38','2023-10-03 09:40:21'),(327,4,18,803,NULL,504,3,NULL,NULL,NULL,NULL,NULL,NULL,NULL,NULL,NULL,NULL,NULL,NULL,NULL,NULL,NULL,NULL,NULL,NULL,NULL,NULL,NULL,NULL,'ext-ct38','2023-10-03 09:40:21'),(328,4,18,858,NULL,807,3,NULL,NULL,NULL,NULL,NULL,NULL,NULL,NULL,NULL,NULL,NULL,NULL,NULL,NULL,NULL,NULL,NULL,NULL,NULL,NULL,NULL,'test1','ext-ct38','2023-10-03 09:40:21'),(329,4,18,1022,NULL,623,3,NULL,NULL,NULL,NULL,NULL,NULL,NULL,NULL,NULL,NULL,NULL,NULL,NULL,NULL,NULL,NULL,NULL,NULL,NULL,NULL,NULL,NULL,'ext-ct38','2023-10-03 09:40:21'),(330,4,18,1013,NULL,595,1,NULL,NULL,NULL,NULL,NULL,NULL,NULL,NULL,NULL,NULL,NULL,NULL,NULL,NULL,NULL,NULL,NULL,NULL,NULL,NULL,NULL,NULL,'ext-kn1','2023-10-16 15:07:25'),(331,4,18,1014,NULL,109,1,NULL,NULL,NULL,NULL,NULL,NULL,NULL,NULL,NULL,NULL,NULL,NULL,NULL,NULL,NULL,NULL,NULL,NULL,NULL,NULL,NULL,NULL,'ext-kn1','2023-10-16 15:07:25'),(332,4,18,1013,NULL,458,1,NULL,NULL,NULL,NULL,NULL,NULL,NULL,NULL,NULL,NULL,NULL,NULL,NULL,NULL,NULL,NULL,NULL,NULL,NULL,NULL,NULL,NULL,'ext-kn1','2023-10-16 15:12:13'),(333,4,18,1014,NULL,965,1,NULL,NULL,NULL,NULL,NULL,NULL,NULL,NULL,NULL,NULL,NULL,NULL,NULL,NULL,NULL,NULL,NULL,NULL,NULL,NULL,NULL,NULL,'ext-kn1','2023-10-16 15:12:13'),(334,4,18,1013,NULL,652,1,NULL,NULL,NULL,NULL,NULL,NULL,NULL,NULL,NULL,NULL,NULL,NULL,NULL,NULL,NULL,NULL,NULL,NULL,NULL,NULL,NULL,NULL,'ext-kn1','2023-10-16 15:14:49'),(335,4,18,1014,NULL,264,1,NULL,NULL,NULL,NULL,NULL,NULL,NULL,NULL,NULL,NULL,NULL,NULL,NULL,NULL,NULL,NULL,NULL,NULL,NULL,NULL,NULL,NULL,'ext-kn1','2023-10-16 15:14:49'),(336,4,18,1013,NULL,167,1,NULL,NULL,NULL,NULL,NULL,NULL,NULL,NULL,NULL,NULL,NULL,NULL,NULL,NULL,NULL,NULL,NULL,NULL,NULL,NULL,NULL,NULL,'ext-kn1','2023-10-16 15:16:59'),(337,4,18,1014,NULL,841,1,NULL,NULL,NULL,NULL,NULL,NULL,NULL,NULL,NULL,NULL,NULL,NULL,NULL,NULL,NULL,NULL,NULL,NULL,NULL,NULL,NULL,NULL,'ext-kn1','2023-10-16 15:16:59'),(356,4,17,1013,NULL,904,2,NULL,NULL,NULL,NULL,NULL,NULL,NULL,NULL,NULL,NULL,NULL,NULL,NULL,NULL,NULL,NULL,NULL,NULL,NULL,NULL,NULL,NULL,'ext-kn1','2023-10-26 11:34:37'),(359,4,17,1013,NULL,100,3,NULL,NULL,NULL,NULL,NULL,NULL,NULL,NULL,NULL,NULL,NULL,NULL,NULL,NULL,NULL,NULL,NULL,NULL,NULL,NULL,NULL,NULL,'ext-kn1','2023-10-26 14:14:14'),(360,4,17,1013,NULL,388,3,NULL,NULL,NULL,NULL,NULL,NULL,NULL,NULL,NULL,NULL,NULL,NULL,NULL,NULL,NULL,NULL,NULL,NULL,NULL,NULL,NULL,NULL,'ext-kn1','2023-10-26 14:19:07'),(362,4,18,1013,NULL,640,1,NULL,3,NULL,NULL,NULL,NULL,NULL,NULL,NULL,NULL,NULL,NULL,NULL,NULL,NULL,NULL,NULL,NULL,NULL,NULL,NULL,'test','ext-kn1','2023-10-31 08:35:36'),(363,4,18,1014,NULL,135,4,NULL,2,NULL,NULL,NULL,NULL,NULL,NULL,NULL,NULL,NULL,NULL,NULL,NULL,NULL,NULL,NULL,NULL,NULL,NULL,NULL,'ggg','ext-kn1','2023-10-31 08:35:36'),(364,4,18,999,NULL,458,4,NULL,4,NULL,NULL,NULL,NULL,NULL,NULL,NULL,NULL,NULL,NULL,NULL,NULL,NULL,NULL,NULL,NULL,NULL,NULL,NULL,'ggg','ext-kn1','2023-10-31 08:35:36'),(365,4,18,999,NULL,886,5,NULL,2,NULL,NULL,NULL,NULL,NULL,NULL,NULL,NULL,NULL,NULL,NULL,NULL,NULL,NULL,NULL,NULL,NULL,NULL,NULL,'sdsdfsdf','ext-kn1','2023-10-31 08:38:14'),(366,4,18,1013,NULL,257,1,NULL,4,NULL,NULL,NULL,NULL,NULL,NULL,NULL,NULL,NULL,NULL,NULL,NULL,NULL,NULL,NULL,NULL,NULL,NULL,NULL,'ggg','ext-kn1','2023-10-31 08:38:14'),(367,4,18,1014,NULL,329,4,NULL,5,NULL,NULL,NULL,NULL,NULL,NULL,NULL,NULL,NULL,NULL,NULL,NULL,NULL,NULL,NULL,NULL,NULL,NULL,NULL,'fsdfsdf','ext-kn1','2023-10-31 08:38:14'),(368,4,17,1013,NULL,771,3,NULL,NULL,NULL,NULL,NULL,NULL,NULL,NULL,NULL,NULL,NULL,NULL,NULL,NULL,NULL,NULL,NULL,NULL,NULL,NULL,NULL,'123123123','ext-kn1','2023-10-31 08:40:25'),(369,4,17,1014,NULL,968,3,34,NULL,NULL,NULL,NULL,NULL,NULL,NULL,NULL,NULL,NULL,NULL,NULL,NULL,NULL,NULL,NULL,NULL,NULL,NULL,NULL,NULL,'ext-kn1','2023-10-31 08:40:47'),(382,4,17,1013,NULL,629,1,NULL,NULL,NULL,NULL,NULL,NULL,NULL,NULL,NULL,NULL,NULL,NULL,NULL,NULL,NULL,NULL,NULL,NULL,NULL,NULL,NULL,NULL,'ext-kn1','2023-10-31 09:12:30'),(383,4,17,1013,NULL,140,1,NULL,NULL,NULL,NULL,NULL,NULL,NULL,NULL,NULL,NULL,NULL,NULL,NULL,NULL,NULL,NULL,NULL,NULL,NULL,NULL,NULL,NULL,'ext-kn1','2023-10-31 09:12:52'),(384,4,17,1013,NULL,514,1,NULL,NULL,NULL,NULL,NULL,NULL,NULL,NULL,NULL,NULL,NULL,NULL,NULL,NULL,NULL,NULL,NULL,NULL,NULL,NULL,NULL,NULL,'ext-kn1','2023-10-31 09:16:06'),(385,4,17,1013,NULL,253,1,NULL,NULL,NULL,NULL,NULL,NULL,NULL,NULL,NULL,NULL,NULL,NULL,NULL,NULL,NULL,NULL,NULL,NULL,NULL,NULL,NULL,NULL,'ext-kn1','2023-10-31 09:21:28'),(386,4,17,1013,NULL,520,1,NULL,NULL,NULL,NULL,NULL,NULL,NULL,NULL,NULL,NULL,NULL,NULL,NULL,NULL,NULL,NULL,NULL,NULL,NULL,NULL,NULL,NULL,'ext-kn1','2023-10-31 09:32:55'),(387,4,17,1013,NULL,843,1,NULL,NULL,NULL,NULL,NULL,NULL,NULL,NULL,NULL,NULL,NULL,NULL,NULL,NULL,NULL,NULL,NULL,NULL,NULL,NULL,NULL,NULL,'ext-kn1','2023-10-31 09:40:02'),(388,4,17,1013,NULL,757,1,55,NULL,NULL,NULL,NULL,NULL,NULL,NULL,NULL,NULL,NULL,NULL,NULL,NULL,NULL,NULL,NULL,NULL,NULL,NULL,NULL,'sdgdsfgsdfgsdfg','ext-kn1','2023-10-31 09:41:53'),(389,4,17,1013,NULL,255,2,NULL,NULL,NULL,NULL,NULL,NULL,NULL,NULL,NULL,NULL,NULL,NULL,NULL,NULL,NULL,NULL,NULL,NULL,NULL,NULL,NULL,NULL,'ext-kn1','2023-10-31 09:44:31'),(390,4,17,1013,NULL,705,1,NULL,NULL,NULL,NULL,NULL,NULL,NULL,NULL,NULL,NULL,NULL,NULL,NULL,NULL,NULL,NULL,NULL,NULL,NULL,NULL,NULL,'ddsfgsdfgsdfg','ext-kn1','2023-10-31 09:46:17'),(396,4,17,1013,NULL,862,3,NULL,NULL,NULL,NULL,NULL,NULL,NULL,NULL,NULL,NULL,NULL,NULL,NULL,NULL,NULL,NULL,NULL,NULL,NULL,NULL,NULL,NULL,'ext-kn1','2023-10-31 12:32:33'),(397,4,17,1013,NULL,294,3,NULL,NULL,NULL,NULL,NULL,NULL,NULL,NULL,NULL,NULL,NULL,NULL,NULL,NULL,NULL,NULL,NULL,NULL,NULL,NULL,NULL,NULL,'ext-kn1','2023-10-31 12:32:49'),(398,4,17,1013,NULL,583,3,NULL,NULL,NULL,NULL,NULL,NULL,NULL,NULL,NULL,NULL,NULL,NULL,NULL,NULL,NULL,NULL,NULL,NULL,NULL,NULL,NULL,NULL,'ext-kn1','2023-10-31 12:32:58'),(399,4,17,1013,NULL,136,3,NULL,NULL,NULL,NULL,NULL,NULL,NULL,NULL,NULL,NULL,NULL,NULL,NULL,NULL,NULL,NULL,NULL,NULL,NULL,NULL,NULL,NULL,'ext-kn1','2023-10-31 12:38:48'),(440,4,18,1284,NULL,1640,6,NULL,5,NULL,NULL,NULL,NULL,NULL,NULL,NULL,NULL,NULL,NULL,NULL,NULL,NULL,NULL,NULL,NULL,NULL,NULL,NULL,NULL,'ext-ct38','2023-11-21 10:13:34'),(441,4,18,1283,NULL,1440,6,NULL,5,NULL,NULL,NULL,NULL,NULL,NULL,NULL,NULL,NULL,NULL,NULL,NULL,NULL,NULL,NULL,NULL,NULL,NULL,NULL,NULL,'ext-ct38','2023-11-21 10:13:34'),(442,4,18,1293,NULL,1625,6,NULL,6,NULL,NULL,NULL,NULL,NULL,NULL,NULL,NULL,NULL,NULL,NULL,NULL,NULL,NULL,NULL,NULL,NULL,NULL,NULL,NULL,'ext-ct38','2023-11-21 10:13:34'),(443,4,18,1316,NULL,1375,6,NULL,5,NULL,NULL,NULL,NULL,NULL,NULL,NULL,NULL,NULL,NULL,NULL,NULL,NULL,NULL,NULL,NULL,NULL,NULL,NULL,NULL,'ext-ct38','2023-11-21 10:13:34'),(444,4,18,1288,NULL,1455,6,NULL,5,NULL,NULL,NULL,NULL,NULL,NULL,NULL,NULL,NULL,NULL,NULL,NULL,NULL,NULL,NULL,NULL,NULL,NULL,NULL,NULL,'ext-ct38','2023-11-21 10:13:34'),(445,4,18,1305,NULL,1445,NULL,NULL,5,NULL,NULL,NULL,NULL,NULL,NULL,NULL,NULL,NULL,NULL,NULL,NULL,NULL,NULL,NULL,NULL,NULL,NULL,NULL,NULL,'ext-ct38','2023-11-21 10:13:34'),(446,4,18,1317,NULL,1375,6,NULL,5,NULL,NULL,NULL,NULL,NULL,NULL,NULL,NULL,NULL,NULL,NULL,NULL,NULL,NULL,NULL,NULL,NULL,NULL,NULL,NULL,'ext-ct38','2023-11-21 10:13:34'),(447,4,18,1302,NULL,1430,6,NULL,6,NULL,NULL,NULL,NULL,NULL,NULL,NULL,NULL,NULL,NULL,NULL,NULL,NULL,NULL,NULL,NULL,NULL,NULL,NULL,NULL,'ext-ct38','2023-11-21 10:13:34'),(448,4,18,1313,NULL,1616,6,NULL,6,NULL,NULL,NULL,NULL,NULL,NULL,NULL,NULL,NULL,NULL,NULL,NULL,NULL,NULL,NULL,NULL,NULL,NULL,NULL,NULL,'ext-ct38','2023-11-21 10:13:34'),(449,4,18,1297,NULL,1670,6,NULL,5,NULL,NULL,NULL,NULL,NULL,NULL,NULL,NULL,NULL,NULL,NULL,NULL,NULL,NULL,NULL,NULL,NULL,NULL,NULL,NULL,'ext-ct38','2023-11-21 10:13:34'),(450,4,18,1278,NULL,1395,6,NULL,4,NULL,NULL,NULL,NULL,NULL,NULL,NULL,NULL,NULL,NULL,NULL,NULL,NULL,NULL,NULL,NULL,NULL,NULL,NULL,NULL,'ext-ct38','2023-11-21 10:13:34'),(451,4,18,1318,NULL,1380,6,NULL,6,NULL,NULL,NULL,NULL,NULL,NULL,NULL,NULL,NULL,NULL,NULL,NULL,NULL,NULL,NULL,NULL,NULL,NULL,NULL,NULL,'ext-ct38','2023-11-21 10:13:34'),(452,4,18,1312,NULL,1470,6,NULL,6,NULL,NULL,NULL,NULL,NULL,NULL,NULL,NULL,NULL,NULL,NULL,NULL,NULL,NULL,NULL,NULL,NULL,NULL,NULL,NULL,'ext-ct38','2023-11-21 10:13:34'),(453,4,18,1295,NULL,1530,6,NULL,5,NULL,NULL,NULL,NULL,NULL,NULL,NULL,NULL,NULL,NULL,NULL,NULL,NULL,NULL,NULL,NULL,NULL,NULL,NULL,NULL,'ext-ct38','2023-11-21 10:13:34'),(454,4,18,1307,NULL,1275,6,NULL,5,NULL,NULL,NULL,NULL,NULL,NULL,NULL,NULL,NULL,NULL,NULL,NULL,NULL,NULL,NULL,NULL,NULL,NULL,NULL,NULL,'ext-ct38','2023-11-21 10:13:34'),(455,4,18,1275,NULL,1480,6,NULL,6,NULL,NULL,NULL,NULL,NULL,NULL,NULL,NULL,NULL,NULL,NULL,NULL,NULL,NULL,NULL,NULL,NULL,NULL,NULL,NULL,'ext-ct38','2023-11-21 10:13:34'),(456,4,18,1299,NULL,1310,6,NULL,6,NULL,NULL,NULL,NULL,NULL,NULL,NULL,NULL,NULL,NULL,NULL,NULL,NULL,NULL,NULL,NULL,NULL,NULL,NULL,NULL,'ext-ct38','2023-11-21 10:13:34'),(457,4,18,1274,NULL,1465,6,NULL,6,NULL,NULL,NULL,NULL,NULL,NULL,NULL,NULL,NULL,NULL,NULL,NULL,NULL,NULL,NULL,NULL,NULL,NULL,NULL,NULL,'ext-ct38','2023-11-21 10:13:34'),(458,4,18,1301,NULL,1465,6,NULL,5,NULL,NULL,NULL,NULL,NULL,NULL,NULL,NULL,NULL,NULL,NULL,NULL,NULL,NULL,NULL,NULL,NULL,NULL,NULL,NULL,'ext-ct38','2023-11-21 10:13:34'),(459,4,18,1311,NULL,1305,6,NULL,6,NULL,NULL,NULL,NULL,NULL,NULL,NULL,NULL,NULL,NULL,NULL,NULL,NULL,NULL,NULL,NULL,NULL,NULL,NULL,NULL,'ext-ct38','2023-11-21 10:13:34'),(460,4,18,1314,NULL,1690,6,NULL,6,NULL,NULL,NULL,NULL,NULL,NULL,NULL,NULL,NULL,NULL,NULL,NULL,NULL,NULL,NULL,NULL,NULL,NULL,NULL,NULL,'ext-ct38','2023-11-21 10:13:34'),(461,4,18,1303,NULL,1305,6,NULL,5,NULL,NULL,NULL,NULL,NULL,NULL,NULL,NULL,NULL,NULL,NULL,NULL,NULL,NULL,NULL,NULL,NULL,NULL,NULL,NULL,'ext-ct38','2023-11-21 10:13:34'),(462,4,18,1294,NULL,1275,6,NULL,5,NULL,NULL,NULL,NULL,NULL,NULL,NULL,NULL,NULL,NULL,NULL,NULL,NULL,NULL,NULL,NULL,NULL,NULL,NULL,NULL,'ext-ct38','2023-11-21 10:13:34'),(463,4,18,1289,NULL,1465,6,NULL,6,NULL,NULL,NULL,NULL,NULL,NULL,NULL,NULL,NULL,NULL,NULL,NULL,NULL,NULL,NULL,NULL,NULL,NULL,NULL,NULL,'ext-ct38','2023-11-21 10:13:34'),(464,4,18,1300,NULL,1395,6,NULL,6,NULL,NULL,NULL,NULL,NULL,NULL,NULL,NULL,NULL,NULL,NULL,NULL,NULL,NULL,NULL,NULL,NULL,NULL,NULL,NULL,'ext-ct38','2023-11-21 10:13:34'),(465,4,18,1279,NULL,1175,6,NULL,6,NULL,NULL,NULL,NULL,NULL,NULL,NULL,NULL,NULL,NULL,NULL,NULL,NULL,NULL,NULL,NULL,NULL,NULL,NULL,NULL,'ext-ct38','2023-11-21 10:13:34'),(466,4,18,1298,NULL,1415,6,NULL,5,NULL,NULL,NULL,NULL,NULL,NULL,NULL,NULL,NULL,NULL,NULL,NULL,NULL,NULL,NULL,NULL,NULL,NULL,NULL,NULL,'ext-ct38','2023-11-21 10:13:34'),(467,4,18,1296,NULL,1240,6,NULL,6,NULL,NULL,NULL,NULL,NULL,NULL,NULL,NULL,NULL,NULL,NULL,NULL,NULL,NULL,NULL,NULL,NULL,NULL,NULL,NULL,'ext-ct38','2023-11-21 10:13:34'),(468,4,18,1286,NULL,1390,6,NULL,5,NULL,NULL,NULL,NULL,NULL,NULL,NULL,NULL,NULL,NULL,NULL,NULL,NULL,NULL,NULL,NULL,NULL,NULL,NULL,NULL,'ext-ct38','2023-11-21 10:13:34'),(469,4,18,1287,NULL,1255,6,NULL,5,NULL,NULL,NULL,NULL,NULL,NULL,NULL,NULL,NULL,NULL,NULL,NULL,NULL,NULL,NULL,NULL,NULL,NULL,NULL,NULL,'ext-ct38','2023-11-21 10:13:34'),(470,4,18,1281,NULL,1270,6,NULL,5,NULL,NULL,NULL,NULL,NULL,NULL,NULL,NULL,NULL,NULL,NULL,NULL,NULL,NULL,NULL,NULL,NULL,NULL,NULL,NULL,'ext-ct38','2023-11-21 10:13:34'),(471,4,18,1280,NULL,1310,6,NULL,5,NULL,NULL,NULL,NULL,NULL,NULL,NULL,NULL,NULL,NULL,NULL,NULL,NULL,NULL,NULL,NULL,NULL,NULL,NULL,NULL,'ext-ct38','2023-11-21 10:13:34'),(472,4,18,1290,NULL,1180,6,NULL,5,NULL,NULL,NULL,NULL,NULL,NULL,NULL,NULL,NULL,NULL,NULL,NULL,NULL,NULL,NULL,NULL,NULL,NULL,NULL,NULL,'ext-ct38','2023-11-21 10:13:34'),(473,4,18,1308,NULL,1355,6,NULL,5,NULL,NULL,NULL,NULL,NULL,NULL,NULL,NULL,NULL,NULL,NULL,NULL,NULL,NULL,NULL,NULL,NULL,NULL,NULL,NULL,'ext-ct38','2023-11-21 10:13:34'),(474,4,18,1277,NULL,1190,6,NULL,5,NULL,NULL,NULL,NULL,NULL,NULL,NULL,NULL,NULL,NULL,NULL,NULL,NULL,NULL,NULL,NULL,NULL,NULL,NULL,NULL,'ext-ct38','2023-11-21 10:13:34'),(475,4,18,1319,NULL,1180,6,NULL,5,NULL,NULL,NULL,NULL,NULL,NULL,NULL,NULL,NULL,NULL,NULL,NULL,NULL,NULL,NULL,NULL,NULL,NULL,NULL,NULL,'ext-ct38','2023-11-21 10:13:34'),(476,4,18,1285,NULL,1110,6,NULL,4,NULL,NULL,NULL,NULL,NULL,NULL,NULL,NULL,NULL,NULL,NULL,NULL,NULL,NULL,NULL,NULL,NULL,NULL,NULL,NULL,'ext-ct38','2023-11-21 10:13:34'),(477,4,18,1282,NULL,1065,6,NULL,5,NULL,NULL,NULL,NULL,NULL,NULL,NULL,NULL,NULL,NULL,NULL,NULL,NULL,NULL,NULL,NULL,NULL,NULL,NULL,NULL,'ext-ct38','2023-11-21 10:13:34'),(478,4,18,1315,NULL,1085,6,NULL,4,NULL,NULL,NULL,NULL,NULL,NULL,NULL,NULL,NULL,NULL,NULL,NULL,NULL,NULL,NULL,NULL,NULL,NULL,NULL,NULL,'ext-ct38','2023-11-21 10:13:34'),(479,4,18,1292,NULL,1265,6,NULL,5,NULL,NULL,NULL,NULL,NULL,NULL,NULL,NULL,NULL,NULL,NULL,NULL,NULL,NULL,NULL,NULL,NULL,NULL,NULL,NULL,'ext-ct38','2023-11-21 10:13:34'),(480,4,18,1304,NULL,1185,6,NULL,5,NULL,NULL,NULL,NULL,NULL,NULL,NULL,NULL,NULL,NULL,NULL,NULL,NULL,NULL,NULL,NULL,NULL,NULL,NULL,NULL,'ext-ct38','2023-11-21 10:13:34'),(481,4,18,1273,NULL,1205,6,NULL,5,NULL,NULL,NULL,NULL,NULL,NULL,NULL,NULL,NULL,NULL,NULL,NULL,NULL,NULL,NULL,NULL,NULL,NULL,NULL,NULL,'ext-ct38','2023-11-21 10:13:34'),(482,4,18,1291,NULL,1030,6,NULL,4,NULL,NULL,NULL,NULL,NULL,NULL,NULL,NULL,NULL,NULL,NULL,NULL,NULL,NULL,NULL,NULL,NULL,NULL,NULL,NULL,'ext-ct38','2023-11-21 10:13:34'),(483,4,18,1310,NULL,1030,6,NULL,5,NULL,NULL,NULL,NULL,NULL,NULL,NULL,NULL,NULL,NULL,NULL,NULL,NULL,NULL,NULL,NULL,NULL,NULL,NULL,NULL,'ext-ct38','2023-11-21 10:13:34'),(484,4,18,1276,NULL,1010,6,NULL,5,NULL,NULL,NULL,NULL,NULL,NULL,NULL,NULL,NULL,NULL,NULL,NULL,NULL,NULL,NULL,NULL,NULL,NULL,NULL,NULL,'ext-ct38','2023-11-21 10:13:34'),(485,4,18,1333,NULL,1225,6,NULL,5,NULL,NULL,NULL,NULL,NULL,NULL,NULL,NULL,NULL,NULL,NULL,NULL,NULL,NULL,NULL,NULL,NULL,NULL,NULL,NULL,'ext-ct38','2023-11-21 10:13:34'),(486,4,18,1330,NULL,960,6,NULL,6,NULL,NULL,NULL,NULL,NULL,NULL,NULL,NULL,NULL,NULL,NULL,NULL,NULL,NULL,NULL,NULL,NULL,NULL,NULL,NULL,'ext-ct38','2023-11-21 10:13:34'),(487,4,18,1323,NULL,985,6,NULL,5,NULL,NULL,NULL,NULL,NULL,NULL,NULL,NULL,NULL,NULL,NULL,NULL,NULL,NULL,NULL,NULL,NULL,NULL,NULL,NULL,'ext-ct38','2023-11-21 10:13:34'),(488,4,18,1341,NULL,1070,6,NULL,5,NULL,NULL,NULL,NULL,NULL,NULL,NULL,NULL,NULL,NULL,NULL,NULL,NULL,NULL,NULL,NULL,NULL,NULL,NULL,NULL,'ext-ct38','2023-11-21 10:13:34'),(489,4,18,1331,NULL,1110,6,NULL,6,NULL,NULL,NULL,NULL,NULL,NULL,NULL,NULL,NULL,NULL,NULL,NULL,NULL,NULL,NULL,NULL,NULL,NULL,NULL,NULL,'ext-ct38','2023-11-21 10:13:34'),(490,4,18,1340,NULL,1125,6,NULL,5,NULL,NULL,NULL,NULL,NULL,NULL,NULL,NULL,NULL,NULL,NULL,NULL,NULL,NULL,NULL,NULL,NULL,NULL,NULL,NULL,'ext-ct38','2023-11-21 10:13:34'),(491,4,18,1337,NULL,1020,6,NULL,6,NULL,NULL,NULL,NULL,NULL,NULL,NULL,NULL,NULL,NULL,NULL,NULL,NULL,NULL,NULL,NULL,NULL,NULL,NULL,NULL,'ext-ct38','2023-11-21 10:13:34'),(492,4,18,1347,NULL,1285,6,NULL,6,NULL,NULL,NULL,NULL,NULL,NULL,NULL,NULL,NULL,NULL,NULL,NULL,NULL,NULL,NULL,NULL,NULL,NULL,NULL,NULL,'ext-ct38','2023-11-21 10:13:34'),(493,4,18,1320,NULL,1005,6,NULL,5,NULL,NULL,NULL,NULL,NULL,NULL,NULL,NULL,NULL,NULL,NULL,NULL,NULL,NULL,NULL,NULL,NULL,NULL,NULL,NULL,'ext-ct38','2023-11-21 10:13:34'),(494,4,18,1336,NULL,975,6,NULL,5,NULL,NULL,NULL,NULL,NULL,NULL,NULL,NULL,NULL,NULL,NULL,NULL,NULL,NULL,NULL,NULL,NULL,NULL,NULL,NULL,'ext-ct38','2023-11-21 10:13:34'),(495,4,18,1327,NULL,1025,6,NULL,5,NULL,NULL,NULL,NULL,NULL,NULL,NULL,NULL,NULL,NULL,NULL,NULL,NULL,NULL,NULL,NULL,NULL,NULL,NULL,NULL,'ext-ct38','2023-11-21 10:13:34'),(496,4,18,1321,NULL,1020,6,NULL,5,NULL,NULL,NULL,NULL,NULL,NULL,NULL,NULL,NULL,NULL,NULL,NULL,NULL,NULL,NULL,NULL,NULL,NULL,NULL,NULL,'ext-ct38','2023-11-21 10:13:34'),(497,4,18,1322,NULL,1225,6,NULL,5,NULL,NULL,NULL,NULL,NULL,NULL,NULL,NULL,NULL,NULL,NULL,NULL,NULL,NULL,NULL,NULL,NULL,NULL,NULL,NULL,'ext-ct38','2023-11-21 10:13:34'),(498,4,18,1324,NULL,1115,6,NULL,5,NULL,NULL,NULL,NULL,NULL,NULL,NULL,NULL,NULL,NULL,NULL,NULL,NULL,NULL,NULL,NULL,NULL,NULL,NULL,NULL,'ext-ct38','2023-11-21 10:13:34'),(499,4,18,1338,NULL,960,6,NULL,5,NULL,NULL,NULL,NULL,NULL,NULL,NULL,NULL,NULL,NULL,NULL,NULL,NULL,NULL,NULL,NULL,NULL,NULL,NULL,NULL,'ext-ct38','2023-11-21 10:13:34'),(500,4,18,1334,NULL,990,6,NULL,5,NULL,NULL,NULL,NULL,NULL,NULL,NULL,NULL,NULL,NULL,NULL,NULL,NULL,NULL,NULL,NULL,NULL,NULL,NULL,NULL,'ext-ct38','2023-11-21 10:13:34'),(501,4,18,1332,NULL,1175,6,NULL,6,NULL,NULL,NULL,NULL,NULL,NULL,NULL,NULL,NULL,NULL,NULL,NULL,NULL,NULL,NULL,NULL,NULL,NULL,NULL,NULL,'ext-ct38','2023-11-21 10:13:34'),(502,4,18,1346,NULL,1160,6,NULL,5,NULL,NULL,NULL,NULL,NULL,NULL,NULL,NULL,NULL,NULL,NULL,NULL,NULL,NULL,NULL,NULL,NULL,NULL,NULL,NULL,'ext-ct38','2023-11-21 10:13:34'),(503,4,18,1342,NULL,1180,6,NULL,6,NULL,NULL,NULL,NULL,NULL,NULL,NULL,NULL,NULL,NULL,NULL,NULL,NULL,NULL,NULL,NULL,NULL,NULL,NULL,NULL,'ext-ct38','2023-11-21 10:13:34'),(504,4,18,1335,NULL,1040,6,NULL,5,NULL,NULL,NULL,NULL,NULL,NULL,NULL,NULL,NULL,NULL,NULL,NULL,NULL,NULL,NULL,NULL,NULL,NULL,NULL,NULL,'ext-ct38','2023-11-21 10:13:34'),(505,4,18,1345,NULL,1085,6,NULL,6,NULL,NULL,NULL,NULL,NULL,NULL,NULL,NULL,NULL,NULL,NULL,NULL,NULL,NULL,NULL,NULL,NULL,NULL,NULL,NULL,'ext-ct38','2023-11-21 10:13:34'),(506,4,18,1325,NULL,1050,6,NULL,5,NULL,NULL,NULL,NULL,NULL,NULL,NULL,NULL,NULL,NULL,NULL,NULL,NULL,NULL,NULL,NULL,NULL,NULL,NULL,NULL,'ext-ct38','2023-11-21 10:13:34'),(507,4,18,1339,NULL,1130,6,NULL,6,NULL,NULL,NULL,NULL,NULL,NULL,NULL,NULL,NULL,NULL,NULL,NULL,NULL,NULL,NULL,NULL,NULL,NULL,NULL,NULL,'ext-ct38','2023-11-21 10:13:34'),(508,4,18,1328,NULL,1060,6,NULL,6,NULL,NULL,NULL,NULL,NULL,NULL,NULL,NULL,NULL,NULL,NULL,NULL,NULL,NULL,NULL,NULL,NULL,NULL,NULL,NULL,'ext-ct38','2023-11-21 10:13:34'),(509,4,18,1329,NULL,990,6,NULL,5,NULL,NULL,NULL,NULL,NULL,NULL,NULL,NULL,NULL,NULL,NULL,NULL,NULL,NULL,NULL,NULL,NULL,NULL,NULL,NULL,'ext-ct38','2023-11-21 10:13:34'),(510,4,18,1326,NULL,1155,6,NULL,6,NULL,NULL,NULL,NULL,NULL,NULL,NULL,NULL,NULL,NULL,NULL,NULL,NULL,NULL,NULL,NULL,NULL,NULL,NULL,NULL,'ext-ct38','2023-11-21 10:13:34'),(511,4,18,1344,NULL,1055,6,NULL,5,NULL,NULL,NULL,NULL,NULL,NULL,NULL,NULL,NULL,NULL,NULL,NULL,NULL,NULL,NULL,NULL,NULL,NULL,NULL,NULL,'ext-ct38','2023-11-21 10:13:34'),(512,4,18,1343,NULL,1160,6,NULL,5,NULL,NULL,NULL,NULL,NULL,NULL,NULL,NULL,NULL,NULL,NULL,NULL,NULL,NULL,NULL,NULL,NULL,NULL,NULL,NULL,'ext-ct38','2023-11-21 10:13:34'),(513,4,18,1309,NULL,1250,6,NULL,5,NULL,NULL,NULL,NULL,NULL,NULL,NULL,NULL,NULL,NULL,NULL,NULL,NULL,NULL,NULL,NULL,NULL,NULL,NULL,NULL,'ext-ct38','2023-11-21 10:13:34'),(514,4,18,1306,NULL,1370,6,NULL,5,NULL,NULL,NULL,NULL,NULL,NULL,NULL,NULL,NULL,NULL,NULL,NULL,NULL,NULL,NULL,NULL,NULL,NULL,NULL,NULL,'ext-ct38','2023-11-21 10:13:34'),(515,4,18,1399,NULL,NULL,NULL,NULL,4,NULL,NULL,NULL,NULL,NULL,NULL,NULL,NULL,NULL,'open',NULL,NULL,NULL,NULL,NULL,NULL,NULL,NULL,NULL,NULL,'ext-ct38','2023-11-21 14:44:30'),(516,4,18,1482,NULL,NULL,NULL,NULL,5,NULL,NULL,NULL,NULL,NULL,NULL,NULL,NULL,NULL,'pregnant',5.5,'months',NULL,NULL,NULL,NULL,NULL,NULL,NULL,'G?','ext-ct38','2023-11-21 14:44:30'),(517,4,18,1480,NULL,NULL,NULL,NULL,5,NULL,NULL,NULL,NULL,NULL,NULL,NULL,NULL,NULL,'pregnant',6,'months',NULL,NULL,NULL,NULL,NULL,NULL,NULL,NULL,'ext-ct38','2023-11-21 14:44:30'),(518,4,18,1486,NULL,NULL,NULL,NULL,4,NULL,NULL,NULL,NULL,NULL,NULL,NULL,NULL,NULL,'open',NULL,NULL,NULL,NULL,NULL,NULL,NULL,NULL,NULL,NULL,'ext-ct38','2023-11-21 14:44:30'),(519,4,18,1487,NULL,NULL,NULL,NULL,4,NULL,NULL,NULL,NULL,NULL,NULL,NULL,NULL,NULL,'pregnant',5,'months',NULL,NULL,NULL,NULL,NULL,NULL,NULL,NULL,'ext-ct38','2023-11-21 14:44:30'),(520,4,18,1470,NULL,NULL,NULL,NULL,5,NULL,NULL,NULL,NULL,NULL,NULL,NULL,NULL,NULL,'pregnant',5,'months',NULL,NULL,NULL,NULL,NULL,NULL,NULL,NULL,'ext-ct38','2023-11-21 14:44:30'),(521,4,18,1420,NULL,NULL,NULL,NULL,4,NULL,NULL,NULL,NULL,NULL,NULL,NULL,NULL,NULL,'pregnant',5,'months',NULL,NULL,NULL,NULL,NULL,NULL,NULL,NULL,'ext-ct38','2023-11-21 14:44:30'),(522,4,18,1379,NULL,NULL,NULL,NULL,3,NULL,NULL,NULL,NULL,NULL,NULL,NULL,NULL,NULL,'pregnant',6,'months',NULL,NULL,NULL,NULL,NULL,NULL,NULL,NULL,'ext-ct38','2023-11-21 14:44:30'),(523,4,18,1494,NULL,NULL,NULL,NULL,5,NULL,NULL,NULL,NULL,NULL,NULL,NULL,NULL,NULL,'pregnant',5,'months',NULL,NULL,NULL,NULL,NULL,NULL,NULL,NULL,'ext-ct38','2023-11-21 14:44:30'),(524,4,18,1457,NULL,NULL,NULL,NULL,4,NULL,NULL,NULL,NULL,NULL,NULL,NULL,NULL,NULL,'pregnant',5,'months',NULL,NULL,NULL,NULL,NULL,NULL,NULL,NULL,'ext-ct38','2023-11-21 14:44:30'),(525,4,18,1437,NULL,NULL,NULL,NULL,5,NULL,NULL,NULL,NULL,NULL,NULL,NULL,NULL,NULL,'pregnant',6,'months',NULL,NULL,NULL,NULL,NULL,NULL,NULL,NULL,'ext-ct38','2023-11-21 14:44:30'),(526,4,18,1358,NULL,NULL,NULL,NULL,5,NULL,NULL,NULL,NULL,NULL,NULL,NULL,NULL,NULL,'pregnant',6,'months',NULL,NULL,NULL,NULL,NULL,NULL,NULL,NULL,'ext-ct38','2023-11-21 14:44:30'),(527,4,18,1397,NULL,NULL,NULL,NULL,5,NULL,NULL,NULL,NULL,NULL,NULL,NULL,NULL,NULL,'pregnant',6,'months',NULL,NULL,NULL,NULL,NULL,NULL,NULL,NULL,'ext-ct38','2023-11-21 14:44:30'),(528,4,18,1372,NULL,NULL,NULL,NULL,6,NULL,NULL,NULL,NULL,NULL,NULL,NULL,NULL,NULL,'pregnant',6,'months',NULL,NULL,NULL,NULL,NULL,NULL,NULL,NULL,'ext-ct38','2023-11-21 14:44:30'),(529,4,18,1396,NULL,NULL,NULL,NULL,6,NULL,NULL,NULL,NULL,NULL,NULL,NULL,NULL,NULL,'pregnant',5,'months',NULL,NULL,NULL,NULL,NULL,NULL,NULL,NULL,'ext-ct38','2023-11-21 14:44:30'),(530,4,18,1375,NULL,NULL,NULL,NULL,6,NULL,NULL,NULL,NULL,NULL,NULL,NULL,NULL,NULL,'pregnant',4,'months',NULL,NULL,NULL,NULL,NULL,NULL,NULL,NULL,'ext-ct38','2023-11-21 14:44:30'),(531,4,18,1422,NULL,NULL,NULL,NULL,6,NULL,NULL,NULL,NULL,NULL,NULL,NULL,NULL,NULL,'pregnant',5,'months',NULL,NULL,NULL,NULL,NULL,NULL,NULL,NULL,'ext-ct38','2023-11-21 14:44:30'),(532,4,18,1442,NULL,NULL,NULL,NULL,6,NULL,NULL,NULL,NULL,NULL,NULL,NULL,NULL,NULL,'open',NULL,NULL,NULL,NULL,NULL,NULL,NULL,NULL,NULL,NULL,'ext-ct38','2023-11-21 14:44:30'),(533,4,18,1394,NULL,NULL,NULL,NULL,6,NULL,NULL,NULL,NULL,NULL,NULL,NULL,NULL,NULL,'pregnant',6,'months',NULL,NULL,NULL,NULL,NULL,NULL,NULL,NULL,'ext-ct38','2023-11-21 14:44:30'),(534,4,18,1406,NULL,NULL,NULL,NULL,5,NULL,NULL,NULL,NULL,NULL,NULL,NULL,NULL,NULL,'pregnant',6,'months',NULL,NULL,NULL,NULL,NULL,NULL,NULL,NULL,'ext-ct38','2023-11-21 14:44:30'),(535,4,18,1425,NULL,NULL,NULL,NULL,5,NULL,NULL,NULL,NULL,NULL,NULL,NULL,NULL,NULL,'pregnant',5.5,'months',NULL,NULL,NULL,NULL,NULL,NULL,NULL,NULL,'ext-ct38','2023-11-21 14:44:30'),(536,4,18,1353,NULL,NULL,NULL,NULL,5,NULL,NULL,NULL,NULL,NULL,NULL,NULL,NULL,NULL,'pregnant',6,'months',NULL,NULL,NULL,NULL,NULL,NULL,NULL,NULL,'ext-ct38','2023-11-21 14:44:30'),(537,4,18,1455,NULL,NULL,NULL,NULL,6,NULL,NULL,NULL,NULL,NULL,NULL,NULL,NULL,NULL,'pregnant',4,'months',NULL,NULL,NULL,NULL,NULL,NULL,NULL,NULL,'ext-ct38','2023-11-21 14:44:30'),(538,4,18,1489,NULL,NULL,NULL,NULL,9,NULL,NULL,NULL,NULL,NULL,NULL,NULL,NULL,NULL,'open',NULL,NULL,NULL,NULL,NULL,NULL,NULL,NULL,NULL,'BCS score hard to read on hard copy. ','ext-ct38','2023-11-21 14:44:30'),(539,4,18,1401,NULL,NULL,NULL,NULL,5,NULL,NULL,NULL,NULL,NULL,NULL,NULL,NULL,NULL,'pregnant',6,'months',NULL,NULL,NULL,NULL,NULL,NULL,NULL,NULL,'ext-ct38','2023-11-21 14:44:30'),(540,4,18,1404,NULL,NULL,NULL,NULL,5,NULL,NULL,NULL,NULL,NULL,NULL,NULL,NULL,NULL,'open',NULL,NULL,NULL,NULL,NULL,NULL,NULL,NULL,NULL,NULL,'ext-ct38','2023-11-21 14:44:30'),(541,4,18,1426,NULL,NULL,NULL,NULL,6,NULL,NULL,NULL,NULL,NULL,NULL,NULL,NULL,NULL,'pregnant',6,'months',NULL,NULL,NULL,NULL,NULL,NULL,NULL,NULL,'ext-ct38','2023-11-21 14:44:30'),(542,4,18,1428,NULL,NULL,NULL,NULL,6,NULL,NULL,NULL,NULL,NULL,NULL,NULL,NULL,NULL,'pregnant',4,'months',NULL,NULL,NULL,NULL,NULL,NULL,NULL,NULL,'ext-ct38','2023-11-21 14:44:30'),(543,4,18,1456,NULL,NULL,NULL,NULL,5,NULL,NULL,NULL,NULL,NULL,NULL,NULL,NULL,NULL,'pregnant',5,'months',NULL,NULL,NULL,NULL,NULL,NULL,NULL,NULL,'ext-ct38','2023-11-21 14:44:30'),(544,4,18,1350,NULL,NULL,NULL,NULL,6,NULL,NULL,NULL,NULL,NULL,NULL,NULL,NULL,NULL,'pregnant',6,'months',NULL,NULL,NULL,NULL,NULL,NULL,NULL,NULL,'ext-ct38','2023-11-21 14:44:30'),(545,4,18,1463,NULL,NULL,NULL,NULL,6,NULL,NULL,NULL,NULL,NULL,NULL,NULL,NULL,NULL,'pregnant',6,'months',NULL,NULL,NULL,NULL,NULL,NULL,NULL,NULL,'ext-ct38','2023-11-21 14:44:30'),(546,4,18,1467,NULL,NULL,NULL,NULL,5,NULL,NULL,NULL,NULL,NULL,NULL,NULL,NULL,NULL,'pregnant',6,'months',NULL,NULL,NULL,NULL,NULL,NULL,NULL,NULL,'ext-ct38','2023-11-21 14:44:30'),(547,4,18,1385,NULL,NULL,NULL,NULL,6,NULL,NULL,NULL,NULL,NULL,NULL,NULL,NULL,NULL,'pregnant',6,'months',NULL,NULL,NULL,NULL,NULL,NULL,NULL,NULL,'ext-ct38','2023-11-21 14:44:30'),(548,4,18,1364,NULL,NULL,NULL,NULL,5,NULL,NULL,NULL,NULL,NULL,NULL,NULL,NULL,NULL,'pregnant',5,'months',NULL,NULL,NULL,NULL,NULL,NULL,NULL,NULL,'ext-ct38','2023-11-21 14:44:30'),(549,4,18,1360,NULL,NULL,NULL,NULL,6,NULL,NULL,NULL,NULL,NULL,NULL,NULL,NULL,NULL,'pregnant',6,'months',NULL,NULL,NULL,NULL,NULL,NULL,NULL,NULL,'ext-ct38','2023-11-21 14:44:30'),(550,4,18,1393,NULL,NULL,NULL,NULL,5,NULL,NULL,NULL,NULL,NULL,NULL,NULL,NULL,NULL,'pregnant',6,'months',NULL,NULL,NULL,NULL,NULL,NULL,NULL,NULL,'ext-ct38','2023-11-21 14:44:30'),(551,4,18,1357,NULL,NULL,NULL,NULL,6,NULL,NULL,NULL,NULL,NULL,NULL,NULL,NULL,NULL,'pregnant',5,'months',NULL,NULL,NULL,NULL,NULL,NULL,NULL,NULL,'ext-ct38','2023-11-21 14:44:30'),(552,4,18,1485,NULL,NULL,NULL,NULL,6,NULL,NULL,NULL,NULL,NULL,NULL,NULL,NULL,NULL,'pregnant',6,NULL,NULL,NULL,NULL,NULL,NULL,NULL,NULL,'G?','ext-ct38','2023-11-21 14:44:30'),(553,4,18,1433,NULL,NULL,NULL,NULL,6,NULL,NULL,NULL,NULL,NULL,NULL,NULL,NULL,NULL,'open',NULL,NULL,NULL,NULL,NULL,NULL,NULL,NULL,NULL,NULL,'ext-ct38','2023-11-21 14:44:30'),(554,4,18,1405,NULL,NULL,NULL,NULL,5,NULL,NULL,NULL,NULL,NULL,NULL,NULL,NULL,NULL,'pregnant',5,'months',NULL,NULL,NULL,NULL,NULL,NULL,NULL,NULL,'ext-ct38','2023-11-21 14:44:30'),(555,4,18,1400,NULL,NULL,NULL,NULL,7,NULL,NULL,NULL,NULL,NULL,NULL,NULL,NULL,NULL,'pregnant',4,'months',NULL,NULL,NULL,NULL,NULL,NULL,NULL,NULL,'ext-ct38','2023-11-21 14:44:30'),(556,4,18,1371,NULL,NULL,NULL,NULL,5,NULL,NULL,NULL,NULL,NULL,NULL,NULL,NULL,NULL,'pregnant',5,'months',NULL,NULL,NULL,NULL,NULL,NULL,NULL,NULL,'ext-ct38','2023-11-21 14:44:30'),(557,4,18,1411,NULL,NULL,NULL,NULL,5,NULL,NULL,NULL,NULL,NULL,NULL,NULL,NULL,NULL,'pregnant',5,'months',NULL,NULL,NULL,NULL,NULL,NULL,NULL,NULL,'ext-ct38','2023-11-21 14:44:30'),(558,4,18,1474,NULL,NULL,NULL,NULL,5,NULL,NULL,NULL,NULL,NULL,NULL,NULL,NULL,NULL,'pregnant',6,'months',NULL,NULL,NULL,NULL,NULL,NULL,NULL,'G?','ext-ct38','2023-11-21 14:44:30'),(559,4,18,1459,NULL,NULL,NULL,NULL,6,NULL,NULL,NULL,NULL,NULL,NULL,NULL,NULL,NULL,'pregnant',5,'months',NULL,NULL,NULL,NULL,NULL,NULL,NULL,NULL,'ext-ct38','2023-11-21 14:44:30'),(560,4,18,1466,NULL,NULL,NULL,NULL,5,NULL,NULL,NULL,NULL,NULL,NULL,NULL,NULL,NULL,'pregnant',4,'months',NULL,NULL,NULL,NULL,NULL,NULL,NULL,'G?','ext-ct38','2023-11-21 14:44:30'),(561,4,18,1362,NULL,NULL,NULL,NULL,6,NULL,NULL,NULL,NULL,NULL,NULL,NULL,NULL,NULL,'pregnant',5,'months',NULL,NULL,NULL,NULL,NULL,NULL,NULL,NULL,'ext-ct38','2023-11-21 14:44:30'),(562,4,18,1365,NULL,NULL,NULL,NULL,5,NULL,NULL,NULL,NULL,NULL,NULL,NULL,NULL,NULL,'open',NULL,NULL,NULL,NULL,NULL,NULL,NULL,NULL,NULL,NULL,'ext-ct38','2023-11-21 14:44:30'),(563,4,18,1377,NULL,NULL,NULL,NULL,6,NULL,NULL,NULL,NULL,NULL,NULL,NULL,NULL,NULL,'pregnant',5,'months',NULL,NULL,NULL,NULL,NULL,NULL,NULL,NULL,'ext-ct38','2023-11-21 14:44:30'),(564,4,18,1407,NULL,NULL,NULL,NULL,5,NULL,NULL,NULL,NULL,NULL,NULL,NULL,NULL,NULL,'pregnant',4,'months',NULL,NULL,NULL,NULL,NULL,NULL,NULL,NULL,'ext-ct38','2023-11-21 14:44:30'),(565,4,18,1361,NULL,NULL,NULL,NULL,5,NULL,NULL,NULL,NULL,NULL,NULL,NULL,NULL,NULL,'pregnant',6,'months',NULL,NULL,NULL,NULL,NULL,NULL,NULL,NULL,'ext-ct38','2023-11-21 14:44:30'),(566,4,18,1382,NULL,NULL,NULL,NULL,5,NULL,NULL,NULL,NULL,NULL,NULL,NULL,NULL,NULL,'pregnant',4,'months',NULL,NULL,NULL,NULL,NULL,NULL,NULL,NULL,'ext-ct38','2023-11-21 14:44:30'),(567,4,18,1479,NULL,NULL,NULL,NULL,5,NULL,NULL,NULL,NULL,NULL,NULL,NULL,NULL,NULL,'pregnant',6,'months',NULL,NULL,NULL,NULL,NULL,NULL,NULL,'G?','ext-ct38','2023-11-21 14:44:30'),(568,4,18,1389,NULL,NULL,NULL,NULL,6,NULL,NULL,NULL,NULL,NULL,NULL,NULL,NULL,NULL,'pregnant',4,'months',NULL,NULL,NULL,NULL,NULL,NULL,NULL,NULL,'ext-ct38','2023-11-21 14:44:30'),(569,4,18,1416,NULL,NULL,NULL,NULL,5,NULL,NULL,NULL,NULL,NULL,NULL,NULL,NULL,NULL,'pregnant',6,'months',NULL,NULL,NULL,NULL,NULL,NULL,NULL,NULL,'ext-ct38','2023-11-21 14:44:30'),(570,4,18,1475,NULL,NULL,NULL,NULL,5,NULL,NULL,NULL,NULL,NULL,NULL,NULL,NULL,NULL,'pregnant',6,'months',NULL,NULL,NULL,NULL,NULL,NULL,NULL,NULL,'ext-ct38','2023-11-21 14:44:30'),(571,4,18,1354,NULL,NULL,NULL,NULL,6,NULL,NULL,NULL,NULL,NULL,NULL,NULL,NULL,NULL,'pregnant',5,'months',NULL,NULL,NULL,NULL,NULL,NULL,NULL,NULL,'ext-ct38','2023-11-21 14:44:30'),(572,4,18,1373,NULL,NULL,NULL,NULL,5,NULL,NULL,NULL,NULL,NULL,NULL,NULL,NULL,NULL,'pregnant',5.5,'months',NULL,NULL,NULL,NULL,NULL,NULL,NULL,NULL,'ext-ct38','2023-11-21 14:44:30'),(573,4,18,1349,NULL,NULL,NULL,NULL,5,NULL,NULL,NULL,NULL,NULL,NULL,NULL,NULL,NULL,'pregnant',6,'months',NULL,NULL,NULL,NULL,NULL,NULL,NULL,NULL,'ext-ct38','2023-11-21 14:44:30'),(574,4,18,1392,NULL,NULL,NULL,NULL,6,NULL,NULL,NULL,NULL,NULL,NULL,NULL,NULL,NULL,'pregnant',4,'months',NULL,NULL,NULL,NULL,NULL,NULL,NULL,NULL,'ext-ct38','2023-11-21 14:44:30'),(575,4,18,1490,NULL,NULL,NULL,NULL,5,NULL,NULL,NULL,NULL,NULL,NULL,NULL,NULL,NULL,'pregnant',6,'months',NULL,NULL,NULL,NULL,NULL,NULL,NULL,NULL,'ext-ct38','2023-11-21 14:44:30'),(576,4,18,1378,NULL,NULL,NULL,NULL,5,NULL,NULL,NULL,NULL,NULL,NULL,NULL,NULL,NULL,'pregnant',6,'months',NULL,NULL,NULL,NULL,NULL,NULL,NULL,NULL,'ext-ct38','2023-11-21 14:44:30'),(577,4,18,1351,NULL,NULL,NULL,NULL,5,NULL,NULL,NULL,NULL,NULL,NULL,NULL,NULL,NULL,'pregnant',5,'months',NULL,NULL,NULL,NULL,NULL,NULL,NULL,NULL,'ext-ct38','2023-11-21 14:44:30'),(578,4,18,1419,NULL,NULL,NULL,NULL,5,NULL,NULL,NULL,NULL,NULL,NULL,NULL,NULL,NULL,'pregnant',6,'months',NULL,NULL,NULL,NULL,NULL,NULL,NULL,NULL,'ext-ct38','2023-11-21 14:44:30'),(579,4,18,1366,NULL,NULL,NULL,NULL,5,NULL,NULL,NULL,NULL,NULL,NULL,NULL,NULL,NULL,'pregnant',6,'months',NULL,NULL,NULL,NULL,NULL,NULL,NULL,NULL,'ext-ct38','2023-11-21 14:44:30'),(580,4,18,1446,NULL,NULL,NULL,NULL,6,NULL,NULL,NULL,NULL,NULL,NULL,NULL,NULL,NULL,'pregnant',6,'months',NULL,NULL,NULL,NULL,NULL,NULL,NULL,NULL,'ext-ct38','2023-11-21 14:44:30'),(581,4,18,1384,NULL,NULL,NULL,NULL,5,NULL,NULL,NULL,NULL,NULL,NULL,NULL,NULL,NULL,'pregnant',6,'months',NULL,NULL,NULL,NULL,NULL,NULL,NULL,NULL,'ext-ct38','2023-11-21 14:44:30'),(582,4,18,1403,NULL,NULL,NULL,NULL,5,NULL,NULL,NULL,NULL,NULL,NULL,NULL,NULL,NULL,'pregnant',6,'months',NULL,NULL,NULL,NULL,NULL,NULL,NULL,NULL,'ext-ct38','2023-11-21 14:44:30'),(583,4,18,1471,NULL,NULL,NULL,NULL,6,NULL,NULL,NULL,NULL,NULL,NULL,NULL,NULL,NULL,'pregnant',5,'months',NULL,NULL,NULL,NULL,NULL,NULL,NULL,NULL,'ext-ct38','2023-11-21 14:44:30'),(584,4,18,1352,NULL,NULL,NULL,NULL,5,NULL,NULL,NULL,NULL,NULL,NULL,NULL,NULL,NULL,'pregnant',6,'months',NULL,NULL,NULL,NULL,NULL,NULL,NULL,NULL,'ext-ct38','2023-11-21 14:44:30'),(585,4,18,1370,NULL,NULL,NULL,NULL,6,NULL,NULL,NULL,NULL,NULL,NULL,NULL,NULL,NULL,'pregnant',4,'months',NULL,NULL,NULL,NULL,NULL,NULL,NULL,NULL,'ext-ct38','2023-11-21 14:44:30'),(586,4,18,1414,NULL,NULL,NULL,NULL,6,NULL,NULL,NULL,NULL,NULL,NULL,NULL,NULL,NULL,'pregnant',5,'months',NULL,NULL,NULL,NULL,NULL,NULL,NULL,NULL,'ext-ct38','2023-11-21 14:44:30'),(587,4,18,1430,NULL,NULL,NULL,NULL,7,NULL,NULL,NULL,NULL,NULL,NULL,NULL,NULL,NULL,'pregnant',4,'months',NULL,NULL,NULL,NULL,NULL,NULL,NULL,NULL,'ext-ct38','2023-11-21 14:44:30'),(588,4,18,1363,NULL,NULL,NULL,NULL,4,NULL,NULL,NULL,NULL,NULL,NULL,NULL,NULL,NULL,'open',NULL,NULL,NULL,NULL,NULL,NULL,NULL,NULL,NULL,NULL,'ext-ct38','2023-11-21 14:44:30'),(589,4,18,1432,NULL,NULL,NULL,NULL,6,NULL,NULL,NULL,NULL,NULL,NULL,NULL,NULL,NULL,'pregnant',4,'months',NULL,NULL,NULL,NULL,NULL,NULL,NULL,NULL,'ext-ct38','2023-11-21 14:44:30'),(590,4,18,1418,NULL,NULL,NULL,NULL,6,NULL,NULL,NULL,NULL,NULL,NULL,NULL,NULL,NULL,'pregnant',6,'months',NULL,NULL,NULL,NULL,NULL,NULL,NULL,NULL,'ext-ct38','2023-11-21 14:44:30'),(591,4,18,1465,NULL,NULL,NULL,NULL,5,NULL,NULL,NULL,NULL,NULL,NULL,NULL,NULL,NULL,'pregnant',6,'months',NULL,NULL,NULL,NULL,NULL,NULL,NULL,NULL,'ext-ct38','2023-11-21 14:44:30'),(592,4,18,1478,NULL,NULL,NULL,NULL,5,NULL,NULL,NULL,NULL,NULL,NULL,NULL,NULL,NULL,'pregnant',6,'months',NULL,NULL,NULL,NULL,NULL,NULL,NULL,NULL,'ext-ct38','2023-11-21 14:44:30'),(593,4,18,1374,NULL,NULL,NULL,NULL,6,NULL,NULL,NULL,NULL,NULL,NULL,NULL,NULL,NULL,'pregnant',5.5,'months',NULL,NULL,NULL,NULL,NULL,NULL,NULL,NULL,'ext-ct38','2023-11-21 14:44:30'),(594,4,18,1402,NULL,NULL,NULL,NULL,5,NULL,NULL,NULL,NULL,NULL,NULL,NULL,NULL,NULL,'pregnant',5.5,'months',NULL,NULL,NULL,NULL,NULL,NULL,NULL,NULL,'ext-ct38','2023-11-21 14:44:30'),(595,4,18,1367,NULL,NULL,NULL,NULL,5,NULL,NULL,NULL,NULL,NULL,NULL,NULL,NULL,NULL,'pregnant',6,'months',NULL,NULL,NULL,NULL,NULL,NULL,NULL,NULL,'ext-ct38','2023-11-21 14:44:30'),(596,4,18,1445,NULL,NULL,NULL,NULL,5,NULL,NULL,NULL,NULL,NULL,NULL,NULL,NULL,NULL,'pregnant',6,'months',NULL,NULL,NULL,NULL,NULL,NULL,NULL,NULL,'ext-ct38','2023-11-21 14:44:30'),(597,4,18,1439,NULL,NULL,NULL,NULL,6,NULL,NULL,NULL,NULL,NULL,NULL,NULL,NULL,NULL,'pregnant',6,'months',NULL,NULL,NULL,NULL,NULL,NULL,NULL,NULL,'ext-ct38','2023-11-21 14:44:30'),(598,4,18,1477,NULL,NULL,NULL,NULL,5,NULL,NULL,NULL,NULL,NULL,NULL,NULL,NULL,NULL,'open',NULL,NULL,NULL,NULL,NULL,NULL,NULL,NULL,NULL,NULL,'ext-ct38','2023-11-21 14:44:30'),(599,4,18,1462,NULL,NULL,NULL,NULL,6,NULL,NULL,NULL,NULL,NULL,NULL,NULL,NULL,NULL,'pregnant',5,'months',NULL,NULL,NULL,NULL,NULL,NULL,NULL,NULL,'ext-ct38','2023-11-21 14:44:30'),(600,4,18,1438,NULL,NULL,NULL,NULL,6,NULL,NULL,NULL,NULL,NULL,NULL,NULL,NULL,NULL,'pregnant',5,'months',NULL,NULL,NULL,NULL,NULL,NULL,NULL,NULL,'ext-ct38','2023-11-21 14:44:30'),(601,4,18,1434,NULL,NULL,NULL,NULL,7,NULL,NULL,NULL,NULL,NULL,NULL,NULL,NULL,NULL,'pregnant',4,'months',NULL,NULL,NULL,NULL,NULL,NULL,NULL,NULL,'ext-ct38','2023-11-21 14:44:30'),(602,4,18,1483,NULL,NULL,NULL,NULL,7,NULL,NULL,NULL,NULL,NULL,NULL,NULL,NULL,NULL,'open',NULL,NULL,NULL,NULL,NULL,NULL,NULL,NULL,NULL,NULL,'ext-ct38','2023-11-21 14:44:30'),(603,4,18,1493,NULL,NULL,NULL,NULL,5,NULL,NULL,NULL,NULL,NULL,NULL,NULL,NULL,NULL,'pregnant',5,'months',NULL,NULL,NULL,NULL,NULL,NULL,NULL,NULL,'ext-ct38','2023-11-21 14:44:30'),(604,4,18,1469,NULL,NULL,NULL,NULL,6,NULL,NULL,NULL,NULL,NULL,NULL,NULL,NULL,NULL,'open',NULL,NULL,NULL,NULL,NULL,NULL,NULL,NULL,NULL,NULL,'ext-ct38','2023-11-21 14:44:30'),(605,4,18,1413,NULL,NULL,NULL,NULL,6,NULL,NULL,NULL,NULL,NULL,NULL,NULL,NULL,NULL,'pregnant',5.5,'months',NULL,NULL,NULL,NULL,NULL,NULL,NULL,NULL,'ext-ct38','2023-11-21 14:44:30'),(606,4,18,1451,NULL,NULL,NULL,NULL,6,NULL,NULL,NULL,NULL,NULL,NULL,NULL,NULL,NULL,NULL,6,'months',NULL,NULL,NULL,NULL,NULL,NULL,NULL,NULL,'ext-ct38','2023-11-21 14:44:30'),(607,4,18,1484,NULL,NULL,NULL,NULL,5,NULL,NULL,NULL,NULL,NULL,NULL,NULL,NULL,NULL,'pregnant',6,'months',NULL,NULL,NULL,NULL,NULL,NULL,NULL,NULL,'ext-ct38','2023-11-21 14:44:30'),(608,4,18,1450,NULL,NULL,NULL,NULL,7,NULL,NULL,NULL,NULL,NULL,NULL,NULL,NULL,NULL,'pregnant',5,'months',NULL,NULL,NULL,NULL,NULL,NULL,NULL,NULL,'ext-ct38','2023-11-21 14:44:30'),(609,4,18,1398,NULL,NULL,NULL,NULL,7,NULL,NULL,NULL,NULL,NULL,NULL,NULL,NULL,NULL,'pregnant',5.5,'months',NULL,NULL,NULL,NULL,NULL,NULL,NULL,NULL,'ext-ct38','2023-11-21 14:44:30'),(610,4,18,1348,NULL,NULL,NULL,NULL,5,NULL,NULL,NULL,NULL,NULL,NULL,NULL,NULL,NULL,'pregnant',6,'months',NULL,NULL,NULL,NULL,NULL,NULL,NULL,NULL,'ext-ct38','2023-11-21 14:44:30'),(611,4,18,1464,NULL,NULL,NULL,NULL,6,NULL,NULL,NULL,NULL,NULL,NULL,NULL,NULL,NULL,'open',NULL,NULL,NULL,NULL,NULL,NULL,NULL,NULL,NULL,NULL,'ext-ct38','2023-11-21 14:44:30'),(612,4,18,1458,NULL,NULL,NULL,NULL,5,NULL,NULL,NULL,NULL,NULL,NULL,NULL,NULL,NULL,'pregnant',6,'months',NULL,NULL,NULL,NULL,NULL,NULL,NULL,NULL,'ext-ct38','2023-11-21 14:44:30'),(613,4,18,1441,NULL,NULL,NULL,NULL,5,NULL,NULL,NULL,NULL,NULL,NULL,NULL,NULL,NULL,'open',NULL,NULL,NULL,NULL,NULL,NULL,NULL,NULL,NULL,NULL,'ext-ct38','2023-11-21 14:44:30'),(614,4,18,1395,NULL,NULL,NULL,NULL,5,NULL,NULL,NULL,NULL,NULL,NULL,NULL,NULL,NULL,'open',NULL,NULL,NULL,NULL,NULL,NULL,NULL,NULL,NULL,NULL,'ext-ct38','2023-11-21 14:44:30'),(615,4,18,1424,NULL,NULL,NULL,NULL,5,NULL,NULL,NULL,NULL,NULL,NULL,NULL,NULL,NULL,'pregnant',5,'months',NULL,NULL,NULL,NULL,NULL,NULL,NULL,NULL,'ext-ct38','2023-11-21 14:44:30'),(616,4,18,1391,NULL,NULL,NULL,NULL,5,NULL,NULL,NULL,NULL,NULL,NULL,NULL,NULL,NULL,'pregnant',6,'months',NULL,NULL,NULL,NULL,NULL,NULL,NULL,NULL,'ext-ct38','2023-11-21 14:44:30'),(617,4,18,1356,NULL,NULL,NULL,NULL,6,NULL,NULL,NULL,NULL,NULL,NULL,NULL,NULL,NULL,'pregnant',6,'months',NULL,NULL,NULL,NULL,NULL,NULL,NULL,NULL,'ext-ct38','2023-11-21 14:44:30'),(618,4,18,1440,NULL,NULL,NULL,NULL,5,NULL,NULL,NULL,NULL,NULL,NULL,NULL,NULL,NULL,'pregnant',6,'months',NULL,NULL,NULL,NULL,NULL,NULL,NULL,NULL,'ext-ct38','2023-11-21 14:44:30'),(619,4,18,1390,NULL,NULL,NULL,NULL,6,NULL,NULL,NULL,NULL,NULL,NULL,NULL,NULL,NULL,'pregnant',5,'months',NULL,NULL,NULL,NULL,NULL,NULL,NULL,NULL,'ext-ct38','2023-11-21 14:44:30'),(620,4,18,1452,NULL,NULL,NULL,NULL,6,NULL,NULL,NULL,NULL,NULL,NULL,NULL,NULL,NULL,'pregnant',6,'months',NULL,NULL,NULL,NULL,NULL,NULL,NULL,NULL,'ext-ct38','2023-11-21 14:44:30'),(621,4,18,1491,NULL,NULL,NULL,NULL,5,NULL,NULL,NULL,NULL,NULL,NULL,NULL,NULL,NULL,'pregnant',6,'months',NULL,NULL,NULL,NULL,NULL,NULL,NULL,NULL,'ext-ct38','2023-11-21 14:44:30'),(622,4,18,1412,NULL,NULL,NULL,NULL,5,NULL,NULL,NULL,NULL,NULL,NULL,NULL,NULL,NULL,'open',NULL,NULL,NULL,NULL,NULL,NULL,NULL,NULL,NULL,NULL,'ext-ct38','2023-11-21 14:44:30'),(623,4,18,1492,NULL,NULL,NULL,NULL,6,NULL,NULL,NULL,NULL,NULL,NULL,NULL,NULL,NULL,'pregnant',5,'months',NULL,NULL,NULL,NULL,NULL,NULL,NULL,NULL,'ext-ct38','2023-11-21 14:44:30'),(624,4,18,1444,NULL,NULL,NULL,NULL,6,NULL,NULL,NULL,NULL,NULL,NULL,NULL,NULL,NULL,'pregnant',5,'months',NULL,NULL,NULL,NULL,NULL,NULL,NULL,NULL,'ext-ct38','2023-11-21 14:44:30'),(625,4,18,1386,NULL,NULL,NULL,NULL,5,NULL,NULL,NULL,NULL,NULL,NULL,NULL,NULL,NULL,'pregnant',5.5,'months',NULL,NULL,NULL,NULL,NULL,NULL,NULL,NULL,'ext-ct38','2023-11-21 14:44:30'),(626,4,18,1383,NULL,NULL,NULL,NULL,6,NULL,NULL,NULL,NULL,NULL,NULL,NULL,NULL,NULL,'pregnant',6,'months',NULL,NULL,NULL,NULL,NULL,NULL,NULL,NULL,'ext-ct38','2023-11-21 14:44:30'),(627,4,18,1488,NULL,NULL,NULL,NULL,6,NULL,NULL,NULL,NULL,NULL,NULL,NULL,NULL,NULL,'pregnant',5,'months',NULL,NULL,NULL,NULL,NULL,NULL,NULL,NULL,'ext-ct38','2023-11-21 14:44:30'),(628,4,18,1443,NULL,NULL,NULL,NULL,6,NULL,NULL,NULL,NULL,NULL,NULL,NULL,NULL,NULL,'pregnant',5,'months',NULL,NULL,NULL,NULL,NULL,NULL,NULL,NULL,'ext-ct38','2023-11-21 14:44:30'),(629,4,18,1355,NULL,NULL,NULL,NULL,5,NULL,NULL,NULL,NULL,NULL,NULL,NULL,NULL,NULL,'pregnant',6,'months',NULL,NULL,NULL,NULL,NULL,NULL,NULL,NULL,'ext-ct38','2023-11-21 14:44:30'),(630,4,18,1388,NULL,NULL,NULL,NULL,6,NULL,NULL,NULL,NULL,NULL,NULL,NULL,NULL,NULL,'pregnant',4,'months',NULL,NULL,NULL,NULL,NULL,NULL,NULL,NULL,'ext-ct38','2023-11-21 14:44:30'),(631,4,18,1448,NULL,NULL,NULL,NULL,6,NULL,NULL,NULL,NULL,NULL,NULL,NULL,NULL,NULL,'pregnant',6,'months',NULL,NULL,NULL,NULL,NULL,NULL,NULL,NULL,'ext-ct38','2023-11-21 14:44:30'),(632,4,18,1460,NULL,NULL,NULL,NULL,5,NULL,NULL,NULL,NULL,NULL,NULL,NULL,NULL,NULL,'pregnant',4,'months',NULL,NULL,NULL,NULL,NULL,NULL,NULL,NULL,'ext-ct38','2023-11-21 14:44:30'),(633,4,18,1415,NULL,NULL,NULL,NULL,5,NULL,NULL,NULL,NULL,NULL,NULL,NULL,NULL,NULL,'pregnant',5,'months',NULL,NULL,NULL,NULL,NULL,NULL,NULL,NULL,'ext-ct38','2023-11-21 14:44:30'),(634,4,18,1381,NULL,NULL,NULL,NULL,6,NULL,NULL,NULL,NULL,NULL,NULL,NULL,NULL,NULL,'pregnant',6,'months',NULL,NULL,NULL,NULL,NULL,NULL,NULL,NULL,'ext-ct38','2023-11-21 14:44:30'),(635,4,18,1409,NULL,NULL,NULL,NULL,5,NULL,NULL,NULL,NULL,NULL,NULL,NULL,NULL,NULL,'pregnant',5,'months',NULL,NULL,NULL,NULL,NULL,NULL,NULL,NULL,'ext-ct38','2023-11-21 14:44:30'),(636,4,18,1408,NULL,NULL,NULL,NULL,5,NULL,NULL,NULL,NULL,NULL,NULL,NULL,NULL,NULL,'open',NULL,NULL,NULL,NULL,NULL,NULL,NULL,NULL,NULL,NULL,'ext-ct38','2023-11-21 14:44:30'),(637,4,18,1417,NULL,NULL,NULL,NULL,5,NULL,NULL,NULL,NULL,NULL,NULL,NULL,NULL,NULL,'pregnant',5.5,'months',NULL,NULL,NULL,NULL,NULL,NULL,NULL,NULL,'ext-ct38','2023-11-21 14:44:30'),(638,4,18,1461,NULL,NULL,NULL,NULL,4,NULL,NULL,NULL,NULL,NULL,NULL,NULL,NULL,NULL,'open',NULL,NULL,NULL,NULL,NULL,NULL,NULL,NULL,NULL,NULL,'ext-ct38','2023-11-21 14:44:30'),(639,4,18,1517,NULL,NULL,NULL,NULL,6,NULL,NULL,NULL,NULL,NULL,NULL,NULL,NULL,NULL,'pregnant',5,'months',NULL,NULL,NULL,NULL,NULL,NULL,NULL,NULL,'ext-ct38','2023-11-21 14:44:30'),(640,4,18,1495,NULL,NULL,NULL,NULL,6,NULL,NULL,NULL,NULL,NULL,NULL,NULL,NULL,NULL,'pregnant',6,'months',NULL,NULL,NULL,NULL,NULL,NULL,NULL,NULL,'ext-ct38','2023-11-21 14:44:30'),(641,4,18,1481,NULL,NULL,NULL,NULL,5,NULL,NULL,NULL,NULL,NULL,NULL,NULL,NULL,NULL,'open',NULL,NULL,NULL,NULL,NULL,NULL,NULL,NULL,NULL,NULL,'ext-ct38','2023-11-21 14:44:30'),(642,4,18,1476,NULL,NULL,NULL,NULL,5,NULL,NULL,NULL,NULL,NULL,NULL,NULL,NULL,NULL,'open',NULL,NULL,NULL,NULL,NULL,NULL,NULL,NULL,NULL,NULL,'ext-ct38','2023-11-21 14:44:30'),(643,4,18,1376,NULL,NULL,NULL,NULL,5,NULL,NULL,NULL,NULL,NULL,NULL,NULL,NULL,NULL,'open',NULL,NULL,NULL,NULL,NULL,NULL,NULL,NULL,NULL,NULL,'ext-ct38','2023-11-21 14:44:30'),(644,4,18,1436,NULL,NULL,NULL,NULL,6,NULL,NULL,NULL,NULL,NULL,NULL,NULL,NULL,NULL,'open',NULL,NULL,NULL,NULL,NULL,NULL,NULL,NULL,NULL,NULL,'ext-ct38','2023-11-21 14:44:30'),(645,4,18,1359,NULL,NULL,NULL,NULL,5,NULL,NULL,NULL,NULL,NULL,NULL,NULL,NULL,NULL,'open',NULL,NULL,NULL,NULL,NULL,NULL,NULL,NULL,NULL,NULL,'ext-ct38','2023-11-21 14:44:30'),(646,4,18,1468,NULL,NULL,NULL,NULL,6,NULL,NULL,NULL,NULL,NULL,NULL,NULL,NULL,NULL,'pregnant',6,'months',NULL,NULL,NULL,NULL,NULL,NULL,NULL,NULL,'ext-ct38','2023-11-21 14:44:30'),(647,4,18,1431,NULL,NULL,NULL,NULL,5,NULL,NULL,NULL,NULL,NULL,NULL,NULL,NULL,NULL,'pregnant',5,'months',NULL,NULL,NULL,NULL,NULL,NULL,NULL,NULL,'ext-ct38','2023-11-21 14:44:30'),(648,4,18,1472,NULL,NULL,NULL,NULL,5,NULL,NULL,NULL,NULL,NULL,NULL,NULL,NULL,NULL,'pregnant',5,'months',NULL,NULL,NULL,NULL,NULL,NULL,NULL,NULL,'ext-ct38','2023-11-21 14:44:30'),(649,4,18,1453,NULL,NULL,NULL,NULL,5,NULL,NULL,NULL,NULL,NULL,NULL,NULL,NULL,NULL,'open',NULL,NULL,NULL,NULL,NULL,NULL,NULL,NULL,NULL,NULL,'ext-ct38','2023-11-21 14:44:30'),(650,4,18,1435,NULL,NULL,NULL,NULL,5,NULL,NULL,NULL,NULL,NULL,NULL,NULL,NULL,NULL,'open',NULL,NULL,NULL,NULL,NULL,NULL,NULL,NULL,NULL,NULL,'ext-ct38','2023-11-21 14:44:30'),(651,4,18,1429,NULL,NULL,NULL,NULL,6,NULL,NULL,NULL,NULL,NULL,NULL,NULL,NULL,NULL,'open',NULL,NULL,NULL,NULL,NULL,NULL,NULL,NULL,NULL,NULL,'ext-ct38','2023-11-21 14:44:30'),(652,4,18,1473,NULL,NULL,NULL,NULL,5,NULL,NULL,NULL,NULL,NULL,NULL,NULL,NULL,NULL,'open',NULL,NULL,NULL,NULL,NULL,NULL,NULL,NULL,NULL,NULL,'ext-ct38','2023-11-21 14:44:30'),(653,4,18,1421,NULL,NULL,NULL,NULL,5,NULL,NULL,NULL,NULL,NULL,NULL,NULL,NULL,NULL,'pregnant',6,'months',NULL,NULL,NULL,NULL,NULL,NULL,NULL,NULL,'ext-ct38','2023-11-21 14:44:30'),(654,4,18,1368,NULL,NULL,NULL,NULL,5,NULL,NULL,NULL,NULL,NULL,NULL,NULL,NULL,NULL,'pregnant',5,'months',NULL,NULL,NULL,NULL,NULL,NULL,NULL,NULL,'ext-ct38','2023-11-21 14:44:30'),(655,4,18,1427,NULL,NULL,NULL,NULL,5,NULL,NULL,NULL,NULL,NULL,NULL,NULL,NULL,NULL,'open',NULL,NULL,NULL,NULL,NULL,NULL,NULL,NULL,NULL,NULL,'ext-ct38','2023-11-21 14:44:30'),(656,4,18,1387,NULL,NULL,NULL,NULL,5,NULL,NULL,NULL,NULL,NULL,NULL,NULL,NULL,NULL,'pregnant',6,'months',NULL,NULL,NULL,NULL,NULL,NULL,NULL,NULL,'ext-ct38','2023-11-21 14:44:30'),(657,4,18,1447,NULL,NULL,NULL,NULL,6,NULL,NULL,NULL,NULL,NULL,NULL,NULL,NULL,NULL,'pregnant',6,'months',NULL,NULL,NULL,NULL,NULL,NULL,NULL,NULL,'ext-ct38','2023-11-21 14:44:30'),(658,4,18,1454,NULL,NULL,NULL,NULL,5,NULL,NULL,NULL,NULL,NULL,NULL,NULL,NULL,NULL,'pregnant',4,'months',NULL,NULL,NULL,NULL,NULL,NULL,NULL,NULL,'ext-ct38','2023-11-21 14:44:30'),(659,4,18,1369,NULL,NULL,NULL,NULL,5,NULL,NULL,NULL,NULL,NULL,NULL,NULL,NULL,NULL,'pregnant',5.5,'months',NULL,NULL,NULL,NULL,NULL,NULL,NULL,NULL,'ext-ct38','2023-11-21 14:44:30'),(660,4,18,1423,NULL,NULL,NULL,NULL,6,NULL,NULL,NULL,NULL,NULL,NULL,NULL,NULL,NULL,'pregnant',6,'months',NULL,NULL,NULL,NULL,NULL,NULL,NULL,NULL,'ext-ct38','2023-11-21 14:44:30'),(661,4,18,1410,NULL,NULL,NULL,NULL,5,NULL,NULL,NULL,NULL,NULL,NULL,NULL,NULL,NULL,'pregnant',6,'months',NULL,NULL,NULL,NULL,NULL,NULL,NULL,NULL,'ext-ct38','2023-11-21 14:44:30'),(662,4,18,1508,NULL,NULL,NULL,NULL,6,NULL,NULL,NULL,NULL,NULL,NULL,NULL,NULL,NULL,'pregnant',6,'months',NULL,NULL,NULL,NULL,NULL,NULL,NULL,NULL,'ext-ct38','2023-11-21 14:44:30'),(663,4,18,1503,NULL,NULL,NULL,NULL,5,NULL,NULL,NULL,NULL,NULL,NULL,NULL,NULL,NULL,'pregnant',6,'months',NULL,NULL,NULL,NULL,NULL,NULL,NULL,NULL,'ext-ct38','2023-11-21 14:44:30'),(664,4,18,1516,NULL,NULL,NULL,NULL,6,NULL,NULL,NULL,NULL,NULL,NULL,NULL,NULL,NULL,'pregnant',5,'months',NULL,NULL,NULL,NULL,NULL,NULL,NULL,NULL,'ext-ct38','2023-11-21 14:44:30'),(665,4,18,1512,NULL,NULL,NULL,NULL,6,NULL,NULL,NULL,NULL,NULL,NULL,NULL,NULL,NULL,'pregnant',6,'months',NULL,NULL,NULL,NULL,NULL,NULL,NULL,NULL,'ext-ct38','2023-11-21 14:44:30'),(666,4,18,1501,NULL,NULL,NULL,NULL,5,NULL,NULL,NULL,NULL,NULL,NULL,NULL,NULL,NULL,'pregnant',4,'months',NULL,NULL,NULL,NULL,NULL,NULL,NULL,NULL,'ext-ct38','2023-11-21 14:44:30'),(667,4,18,1513,NULL,NULL,NULL,NULL,6,NULL,NULL,NULL,NULL,NULL,NULL,NULL,NULL,NULL,'pregnant',6,'months',NULL,NULL,NULL,NULL,NULL,NULL,NULL,NULL,'ext-ct38','2023-11-21 14:44:30'),(668,4,18,1521,NULL,NULL,NULL,NULL,5,NULL,NULL,NULL,NULL,NULL,NULL,NULL,NULL,NULL,'pregnant',6,'months',NULL,NULL,NULL,NULL,NULL,NULL,NULL,NULL,'ext-ct38','2023-11-21 14:44:30'),(669,4,18,1504,NULL,NULL,NULL,NULL,6,NULL,NULL,NULL,NULL,NULL,NULL,NULL,NULL,NULL,'pregnant',6,'months',NULL,NULL,NULL,NULL,NULL,NULL,NULL,NULL,'ext-ct38','2023-11-21 14:44:30'),(670,4,18,1520,NULL,NULL,NULL,NULL,6,NULL,NULL,NULL,NULL,NULL,NULL,NULL,NULL,NULL,'pregnant',6,'months',NULL,NULL,NULL,NULL,NULL,NULL,NULL,NULL,'ext-ct38','2023-11-21 14:44:30'),(671,4,18,1510,NULL,NULL,NULL,NULL,5,NULL,NULL,NULL,NULL,NULL,NULL,NULL,NULL,NULL,'pregnant',5.5,'months',NULL,NULL,NULL,NULL,NULL,NULL,NULL,NULL,'ext-ct38','2023-11-21 14:44:30'),(672,4,18,1500,NULL,NULL,NULL,NULL,6,NULL,NULL,NULL,NULL,NULL,NULL,NULL,NULL,NULL,'pregnant',6,'months',NULL,NULL,NULL,NULL,NULL,NULL,NULL,NULL,'ext-ct38','2023-11-21 14:44:30'),(673,4,18,1497,NULL,NULL,NULL,NULL,6,NULL,NULL,NULL,NULL,NULL,NULL,NULL,NULL,NULL,'pregnant',6,'months',NULL,NULL,NULL,NULL,NULL,NULL,NULL,NULL,'ext-ct38','2023-11-21 14:44:30'),(674,4,18,1499,NULL,NULL,NULL,NULL,6,NULL,NULL,NULL,NULL,NULL,NULL,NULL,NULL,NULL,'pregnant',6,'months',NULL,NULL,NULL,NULL,NULL,NULL,NULL,NULL,'ext-ct38','2023-11-21 14:44:30'),(675,4,18,1519,NULL,NULL,NULL,NULL,5,NULL,NULL,NULL,NULL,NULL,NULL,NULL,NULL,NULL,'pregnant',6,'months',NULL,NULL,NULL,NULL,NULL,NULL,NULL,NULL,'ext-ct38','2023-11-21 14:44:30'),(676,4,18,1514,NULL,NULL,NULL,NULL,5,NULL,NULL,NULL,NULL,NULL,NULL,NULL,NULL,NULL,'pregnant',5,'months',NULL,NULL,NULL,NULL,NULL,NULL,NULL,NULL,'ext-ct38','2023-11-21 14:44:30'),(677,4,18,1511,NULL,NULL,NULL,NULL,5,NULL,NULL,NULL,NULL,NULL,NULL,NULL,NULL,NULL,'pregnant',6,'months',NULL,NULL,NULL,NULL,NULL,NULL,NULL,NULL,'ext-ct38','2023-11-21 14:44:30'),(678,4,18,1505,NULL,NULL,NULL,NULL,6,NULL,NULL,NULL,NULL,NULL,NULL,NULL,NULL,NULL,'pregnant',6,'months',NULL,NULL,NULL,NULL,NULL,NULL,NULL,NULL,'ext-ct38','2023-11-21 14:44:30'),(679,4,18,1496,NULL,NULL,NULL,NULL,6,NULL,NULL,NULL,NULL,NULL,NULL,NULL,NULL,NULL,'pregnant',6,'months',NULL,NULL,NULL,NULL,NULL,NULL,NULL,NULL,'ext-ct38','2023-11-21 14:44:30'),(680,4,18,1522,NULL,NULL,NULL,NULL,5,NULL,NULL,NULL,NULL,NULL,NULL,NULL,NULL,NULL,'pregnant',6,'months',NULL,NULL,NULL,NULL,NULL,NULL,NULL,NULL,'ext-ct38','2023-11-21 14:44:30'),(681,4,18,1509,NULL,NULL,NULL,NULL,5,NULL,NULL,NULL,NULL,NULL,NULL,NULL,NULL,NULL,'pregnant',6,'months',NULL,NULL,NULL,NULL,NULL,NULL,NULL,NULL,'ext-ct38','2023-11-21 14:44:30'),(682,4,18,1498,NULL,NULL,NULL,NULL,6,NULL,NULL,NULL,NULL,NULL,NULL,NULL,NULL,NULL,'pregnant',6,'months',NULL,NULL,NULL,NULL,NULL,NULL,NULL,NULL,'ext-ct38','2023-11-21 14:44:30'),(683,4,18,1515,NULL,NULL,NULL,NULL,5,NULL,NULL,NULL,NULL,NULL,NULL,NULL,NULL,NULL,'pregnant',6,'months',NULL,NULL,NULL,NULL,NULL,NULL,NULL,NULL,'ext-ct38','2023-11-21 14:44:30'),(684,4,18,1507,NULL,NULL,NULL,NULL,5,NULL,NULL,NULL,NULL,NULL,NULL,NULL,NULL,NULL,'pregnant',6,'months',NULL,NULL,NULL,NULL,NULL,NULL,NULL,NULL,'ext-ct38','2023-11-21 14:44:30'),(685,4,18,1506,NULL,NULL,NULL,NULL,5,NULL,NULL,NULL,NULL,NULL,NULL,NULL,NULL,NULL,'pregnant',6,'months',NULL,NULL,NULL,NULL,NULL,NULL,NULL,NULL,'ext-ct38','2023-11-21 14:44:30'),(686,4,18,1502,NULL,NULL,NULL,NULL,5,NULL,NULL,NULL,NULL,NULL,NULL,NULL,NULL,NULL,'pregnant',5,'months',NULL,NULL,NULL,NULL,NULL,NULL,NULL,NULL,'ext-ct38','2023-11-21 14:44:30'),(687,4,18,1518,NULL,NULL,NULL,NULL,6,NULL,NULL,NULL,NULL,NULL,NULL,NULL,NULL,NULL,'pregnant',5,'months',NULL,NULL,NULL,NULL,NULL,NULL,NULL,NULL,'ext-ct38','2023-11-21 14:44:30'),(688,4,18,1380,NULL,NULL,NULL,NULL,5,NULL,NULL,NULL,NULL,NULL,NULL,NULL,NULL,NULL,'pregnant',5,'months',NULL,NULL,NULL,NULL,NULL,NULL,NULL,NULL,'ext-ct38','2023-11-21 14:44:30'),(689,4,18,1449,NULL,NULL,NULL,NULL,7,NULL,NULL,NULL,NULL,NULL,NULL,NULL,NULL,NULL,'pregnant',4,'months',NULL,NULL,NULL,NULL,NULL,NULL,NULL,NULL,'ext-ct38','2023-11-21 14:44:30');
/*!40000 ALTER TABLE `event_custom` ENABLE KEYS */;
UNLOCK TABLES;

--
