-- Table structure for table `event_health`
--

DROP TABLE IF EXISTS `event_health`;
/*!40101 SET @saved_cs_client     = @@character_set_client */;
 SET character_set_client = utf8mb4 ;
CREATE TABLE `event_health` (
  `id` int(11) NOT NULL AUTO_INCREMENT,
  `action_type_id` int(11) NOT NULL,
  `action_id` int(11) NOT NULL,
  `animal_id` int(11) DEFAULT NULL,
  `group_id` int(11) DEFAULT NULL,
  `date` date NOT NULL,
  `volume` double DEFAULT NULL,
  `units_id` int(255) DEFAULT NULL,
  `product` varchar(255) CHARACTER SET utf8 COLLATE utf8_general_ci DEFAULT NULL,
  `product_other` varchar(255) CHARACTER SET utf8 COLLATE utf8_general_ci DEFAULT NULL,
  `roa_id` int(255) DEFAULT NULL,
  `reason` varchar(255) CHARACTER SET utf8 COLLATE utf8_general_ci DEFAULT NULL,
  `problem_bs` int(11) NOT NULL,
  `problem_bsc` int(11) NOT NULL,
  `weight` decimal(10,0) DEFAULT NULL,
  `notes` varchar(255) CHARACTER SET utf8 COLLATE utf8_general_ci DEFAULT NULL,
  `user_id` varchar(255) CHARACTER SET utf8 COLLATE utf8_general_ci NOT NULL,
  `event_datetime` datetime NOT NULL,
  PRIMARY KEY (`id`)
) ENGINE=InnoDB AUTO_INCREMENT=430 DEFAULT CHARSET=utf8;
/*!40101 SET character_set_client = @saved_cs_client */;

--
-- Dumping data for table `event_health`
--

LOCK TABLES `event_health` WRITE;
/*!40000 ALTER TABLE `event_health` DISABLE KEYS */;
INSERT INTO `event_health` VALUES (1,2,9,753,NULL,'2023-08-08',NULL,NULL,'Cydectin Injectable Solution for Beef and Nonlactating Dairy Cattle',NULL,1,'1',3,34,NULL,NULL,'ext-ct38','2023-08-08 09:17:31'),(2,2,9,851,NULL,'2023-08-08',NULL,NULL,'Cydectin Injectable Solution for Beef and Nonlactating Dairy Cattle',NULL,1,'1',3,34,NULL,NULL,'ext-ct38','2023-08-08 09:17:31'),(3,2,9,1001,NULL,'2022-01-01',NULL,NULL,'Actogain',NULL,3,'3',3,31,NULL,NULL,'ext-kn1','2023-08-22 15:09:21'),(4,2,9,1000,NULL,'2022-01-01',NULL,NULL,'Actogain',NULL,3,'3',3,31,NULL,NULL,'ext-kn1','2023-08-22 15:09:21'),(5,2,9,1014,NULL,'2023-02-02',NULL,NULL,'5% Dextrose',NULL,2,'3',2,9,NULL,NULL,'ext-kn1','2023-08-22 15:11:34'),(6,2,9,999,NULL,'2023-02-02',NULL,NULL,'5% Dextrose',NULL,2,'3',2,9,NULL,NULL,'ext-kn1','2023-08-22 15:11:34'),(7,2,9,1015,NULL,'2023-02-02',NULL,NULL,'5% Dextrose',NULL,2,'3',2,9,NULL,NULL,'ext-kn1','2023-08-22 15:11:34'),(8,2,9,1015,NULL,'2023-08-17',NULL,NULL,'7.5% Hypertonic Saline',NULL,6,'3',4,38,NULL,NULL,'ext-kn1','2023-08-29 10:20:31'),(9,2,9,1001,NULL,'2023-08-17',NULL,NULL,'7.5% Hypertonic Saline',NULL,6,'3',4,38,NULL,NULL,'ext-kn1','2023-08-29 10:20:31'),(10,2,9,768,NULL,'2023-08-17',NULL,NULL,'7.5% Hypertonic Saline',NULL,6,'3',4,38,NULL,NULL,'ext-kn1','2023-08-29 10:20:31'),(11,2,9,1013,NULL,'2023-08-14',NULL,NULL,'7.5% Hypertonic Saline',NULL,4,'2',4,37,NULL,NULL,'ext-kn1','2023-08-29 10:24:23'),(12,2,9,880,NULL,'2023-08-30',NULL,NULL,'Draxxin',NULL,1,'2',1,1,NULL,NULL,'ext-ct38','2023-08-30 11:10:15'),(13,2,9,876,NULL,'2023-08-30',NULL,NULL,'Draxxin',NULL,1,'2',1,1,NULL,NULL,'ext-ct38','2023-08-30 11:10:15'),(14,2,9,824,NULL,'2023-08-30',NULL,NULL,'Draxxin',NULL,1,'2',1,1,NULL,NULL,'ext-ct38','2023-08-30 11:10:15'),(15,2,9,803,NULL,'2023-08-30',NULL,NULL,'Draxxin',NULL,1,'2',1,1,NULL,NULL,'ext-ct38','2023-08-30 11:10:15'),(16,2,9,858,NULL,'2023-08-30',NULL,NULL,'Draxxin',NULL,1,'2',1,1,NULL,NULL,'ext-ct38','2023-08-30 11:10:15'),(17,2,9,1022,NULL,'2023-08-30',NULL,NULL,'Draxxin',NULL,1,'2',1,1,NULL,NULL,'ext-ct38','2023-08-30 11:10:15'),(18,2,9,1027,NULL,'2023-09-05',NULL,NULL,'Vetrimec Plus for Cattle',NULL,1,'2',3,34,NULL,NULL,'ext-ct38','2023-09-05 14:37:08'),(19,2,9,1028,NULL,'2023-09-05',NULL,NULL,'Vetrimec Plus for Cattle',NULL,1,'2',3,34,NULL,NULL,'ext-ct38','2023-09-05 14:37:08'),(21,2,9,1013,NULL,'2023-09-21',NULL,NULL,'23% Calcium Gluconate',NULL,4,'1',3,30,NULL,NULL,'ext-kn1','2023-09-12 14:07:55'),(22,2,9,1014,NULL,'2023-09-21',NULL,NULL,'23% Calcium Gluconate',NULL,4,'1',3,30,NULL,NULL,'ext-kn1','2023-09-12 14:07:55'),(23,2,9,1013,NULL,'2023-09-22',NULL,NULL,'7.5% Hypertonic Saline',NULL,5,'2',4,37,NULL,NULL,'ext-kn1','2023-09-12 14:07:55'),(24,2,9,1014,NULL,'2023-09-22',NULL,NULL,'7.5% Hypertonic Saline',NULL,5,'2',4,37,NULL,NULL,'ext-kn1','2023-09-12 14:07:55'),(25,2,9,1013,NULL,'2023-01-01',NULL,NULL,'Agri-Mectin Pour-On for Cattle',NULL,3,'3',3,31,NULL,NULL,'ext-kn1','2023-09-14 11:14:13'),(26,2,9,1013,NULL,'2022-01-01',NULL,NULL,'Alfa Veterinary 0.9% Sodium Chloride',NULL,4,'3',2,7,NULL,NULL,'ext-kn1','2023-09-14 12:38:22'),(27,2,9,1013,NULL,'2022-01-01',NULL,NULL,'300 PRO LA',NULL,4,'4',3,30,NULL,NULL,'ext-kn1','2023-09-14 12:42:18'),(28,2,9,1014,NULL,'2022-01-01',NULL,NULL,'300 PRO LA',NULL,4,'4',3,30,NULL,NULL,'ext-kn1','2023-09-14 12:42:18'),(29,2,9,1037,NULL,'2023-09-05',10,2,'Vetrimec Plus for Cattle',NULL,1,'2',3,34,NULL,NULL,'ext-ct38','2023-09-19 14:31:52'),(30,2,9,1071,NULL,'2023-09-05',10,2,'Vetrimec Plus for Cattle',NULL,1,'2',3,34,NULL,NULL,'ext-ct38','2023-09-19 14:31:52'),(31,2,9,1045,NULL,'2023-09-05',10,2,'Vetrimec Plus for Cattle',NULL,1,'2',3,34,NULL,NULL,'ext-ct38','2023-09-19 14:31:52'),(32,2,9,1044,NULL,'2023-09-05',10,2,'Vetrimec Plus for Cattle',NULL,1,'2',3,34,NULL,NULL,'ext-ct38','2023-09-19 14:31:52'),(33,2,9,1034,NULL,'2023-09-05',10,2,'Vetrimec Plus for Cattle',NULL,1,'2',3,34,NULL,NULL,'ext-ct38','2023-09-19 14:31:52'),(34,2,9,1053,NULL,'2023-09-05',10,2,'Vetrimec Plus for Cattle',NULL,1,'2',3,34,NULL,NULL,'ext-ct38','2023-09-19 14:31:52'),(35,2,9,1052,NULL,'2023-09-05',10,2,'Vetrimec Plus for Cattle',NULL,1,'2',3,34,NULL,NULL,'ext-ct38','2023-09-19 14:31:52'),(36,2,9,1060,NULL,'2023-09-05',10,2,'Vetrimec Plus for Cattle',NULL,1,'2',3,34,NULL,NULL,'ext-ct38','2023-09-19 14:31:52'),(37,2,9,1027,NULL,'2023-09-05',10,2,'Vetrimec Plus for Cattle',NULL,1,'2',3,34,NULL,NULL,'ext-ct38','2023-09-19 14:31:52'),(38,2,9,1028,NULL,'2023-09-05',10,2,'Vetrimec Plus for Cattle',NULL,1,'2',3,34,NULL,NULL,'ext-ct38','2023-09-19 14:31:52'),(39,2,9,1029,NULL,'2023-09-05',10,2,'Vetrimec Plus for Cattle',NULL,1,'2',3,34,NULL,NULL,'ext-ct38','2023-09-19 14:31:52'),(40,2,9,1030,NULL,'2023-09-05',10,2,'Vetrimec Plus for Cattle',NULL,1,'2',3,34,NULL,NULL,'ext-ct38','2023-09-19 14:31:52'),(41,2,9,1031,NULL,'2023-09-05',10,2,'Vetrimec Plus for Cattle',NULL,1,'2',3,34,NULL,NULL,'ext-ct38','2023-09-19 14:31:52'),(42,2,9,1032,NULL,'2023-09-05',10,2,'Vetrimec Plus for Cattle',NULL,1,'2',3,34,NULL,NULL,'ext-ct38','2023-09-19 14:31:52'),(43,2,9,1033,NULL,'2023-09-05',10,2,'Vetrimec Plus for Cattle',NULL,1,'2',3,34,NULL,NULL,'ext-ct38','2023-09-19 14:31:52'),(44,2,9,1035,NULL,'2023-09-05',10,2,'Vetrimec Plus for Cattle',NULL,1,'2',3,34,NULL,NULL,'ext-ct38','2023-09-19 14:31:52'),(45,2,9,1036,NULL,'2023-09-05',10,2,'Vetrimec Plus for Cattle',NULL,1,'2',3,34,NULL,NULL,'ext-ct38','2023-09-19 14:31:52'),(46,2,9,1038,NULL,'2023-09-05',10,2,'Vetrimec Plus for Cattle',NULL,1,'2',3,34,NULL,NULL,'ext-ct38','2023-09-19 14:31:52'),(47,2,9,1039,NULL,'2023-09-05',10,2,'Vetrimec Plus for Cattle',NULL,1,'2',3,34,NULL,NULL,'ext-ct38','2023-09-19 14:31:52'),(48,2,9,1040,NULL,'2023-09-05',10,2,'Vetrimec Plus for Cattle',NULL,1,'2',3,34,NULL,NULL,'ext-ct38','2023-09-19 14:31:52'),(49,2,9,1041,NULL,'2023-09-05',10,2,'Vetrimec Plus for Cattle',NULL,1,'2',3,34,NULL,NULL,'ext-ct38','2023-09-19 14:31:52'),(50,2,9,1042,NULL,'2023-09-05',10,2,'Vetrimec Plus for Cattle',NULL,1,'2',3,34,NULL,NULL,'ext-ct38','2023-09-19 14:31:52'),(51,2,9,1043,NULL,'2023-09-05',10,2,'Vetrimec Plus for Cattle',NULL,1,'2',3,34,NULL,NULL,'ext-ct38','2023-09-19 14:31:52'),(52,2,9,1046,NULL,'2023-09-05',10,2,'Vetrimec Plus for Cattle',NULL,1,'2',3,34,NULL,NULL,'ext-ct38','2023-09-19 14:31:52'),(53,2,9,1047,NULL,'2023-09-05',10,2,'Vetrimec Plus for Cattle',NULL,1,'2',3,34,NULL,NULL,'ext-ct38','2023-09-19 14:31:52'),(54,2,9,1048,NULL,'2023-09-05',10,2,'Vetrimec Plus for Cattle',NULL,1,'2',3,34,NULL,NULL,'ext-ct38','2023-09-19 14:31:52'),(55,2,9,1049,NULL,'2023-09-05',10,2,'Vetrimec Plus for Cattle',NULL,1,'2',3,34,NULL,NULL,'ext-ct38','2023-09-19 14:31:52'),(56,2,9,1050,NULL,'2023-09-05',10,2,'Vetrimec Plus for Cattle',NULL,1,'2',3,34,NULL,NULL,'ext-ct38','2023-09-19 14:31:52'),(57,2,9,1051,NULL,'2023-09-05',10,2,'Vetrimec Plus for Cattle',NULL,1,'2',3,34,NULL,NULL,'ext-ct38','2023-09-19 14:31:52'),(58,2,9,1054,NULL,'2023-09-05',10,2,'Vetrimec Plus for Cattle',NULL,1,'2',3,34,NULL,NULL,'ext-ct38','2023-09-19 14:31:52'),(59,2,9,1055,NULL,'2023-09-05',10,2,'Vetrimec Plus for Cattle',NULL,1,'2',3,34,NULL,NULL,'ext-ct38','2023-09-19 14:31:52'),(60,2,9,1056,NULL,'2023-09-05',10,2,'Vetrimec Plus for Cattle',NULL,1,'2',3,34,NULL,NULL,'ext-ct38','2023-09-19 14:31:52'),(61,2,9,1057,NULL,'2023-09-05',10,2,'Vetrimec Plus for Cattle',NULL,1,'2',3,34,NULL,NULL,'ext-ct38','2023-09-19 14:31:52'),(62,2,9,1058,NULL,'2023-09-05',10,2,'Vetrimec Plus for Cattle',NULL,1,'2',3,34,NULL,NULL,'ext-ct38','2023-09-19 14:31:52'),(63,2,9,1059,NULL,'2023-09-05',10,2,'Vetrimec Plus for Cattle',NULL,1,'2',3,34,NULL,NULL,'ext-ct38','2023-09-19 14:31:52'),(64,2,9,1061,NULL,'2023-09-05',10,2,'Vetrimec Plus for Cattle',NULL,1,'2',3,34,NULL,NULL,'ext-ct38','2023-09-19 14:31:52'),(65,2,9,1062,NULL,'2023-09-05',10,2,'Vetrimec Plus for Cattle',NULL,1,'2',3,34,NULL,NULL,'ext-ct38','2023-09-19 14:31:52'),(66,2,9,1063,NULL,'2023-09-05',10,2,'Vetrimec Plus for Cattle',NULL,1,'2',3,34,NULL,NULL,'ext-ct38','2023-09-19 14:31:52'),(67,2,9,1064,NULL,'2023-09-05',10,2,'Vetrimec Plus for Cattle',NULL,1,'2',3,34,NULL,NULL,'ext-ct38','2023-09-19 14:31:52'),(68,2,9,1065,NULL,'2023-09-05',10,2,'Vetrimec Plus for Cattle',NULL,1,'2',3,34,NULL,NULL,'ext-ct38','2023-09-19 14:31:52'),(69,2,9,1066,NULL,'2023-09-05',10,2,'Vetrimec Plus for Cattle',NULL,1,'2',3,34,NULL,NULL,'ext-ct38','2023-09-19 14:31:52'),(70,2,9,1067,NULL,'2023-09-05',10,2,'Vetrimec Plus for Cattle',NULL,1,'2',3,34,NULL,NULL,'ext-ct38','2023-09-19 14:31:52'),(71,2,9,1068,NULL,'2023-09-05',10,2,'Vetrimec Plus for Cattle',NULL,1,'2',3,34,NULL,NULL,'ext-ct38','2023-09-19 14:31:52'),(72,2,9,1069,NULL,'2023-09-05',10,2,'Vetrimec Plus for Cattle',NULL,1,'2',3,34,NULL,NULL,'ext-ct38','2023-09-19 14:31:52'),(73,2,9,1070,NULL,'2023-09-05',10,2,'Vetrimec Plus for Cattle',NULL,1,'2',3,34,NULL,NULL,'ext-ct38','2023-09-19 14:31:52'),(74,2,9,1072,NULL,'2023-09-05',10,2,'Vetrimec Plus for Cattle',NULL,1,'2',3,34,NULL,NULL,'ext-ct38','2023-09-19 14:31:52'),(75,2,9,1073,NULL,'2023-09-05',10,2,'Vetrimec Plus for Cattle',NULL,1,'2',3,34,NULL,NULL,'ext-ct38','2023-09-19 14:31:53'),(76,2,9,1074,NULL,'2023-09-05',10,2,'Vetrimec Plus for Cattle',NULL,1,'2',3,34,NULL,NULL,'ext-ct38','2023-09-19 14:31:53'),(77,2,9,1075,NULL,'2023-09-05',10,2,'Vetrimec Plus for Cattle',NULL,1,'2',3,34,NULL,NULL,'ext-ct38','2023-09-19 14:31:53'),(78,2,9,1076,NULL,'2023-09-05',10,2,'Vetrimec Plus for Cattle',NULL,1,'2',3,34,NULL,NULL,'ext-ct38','2023-09-19 14:31:53'),(79,2,9,1077,NULL,'2023-09-05',10,2,'Vetrimec Plus for Cattle',NULL,1,'2',3,34,NULL,NULL,'ext-ct38','2023-09-19 14:31:53'),(80,2,9,1078,NULL,'2023-09-05',10,2,'Vetrimec Plus for Cattle',NULL,1,'2',3,34,NULL,NULL,'ext-ct38','2023-09-19 14:31:53'),(81,2,9,1079,NULL,'2023-09-05',10,2,'Vetrimec Plus for Cattle',NULL,1,'2',3,34,NULL,NULL,'ext-ct38','2023-09-19 14:31:53'),(82,2,9,1080,NULL,'2023-09-05',10,2,'Vetrimec Plus for Cattle',NULL,1,'2',3,34,NULL,NULL,'ext-ct38','2023-09-19 14:31:53'),(83,2,9,1081,NULL,'2023-09-05',10,2,'Vetrimec Plus for Cattle',NULL,1,'2',3,34,NULL,NULL,'ext-ct38','2023-09-19 14:31:53'),(84,2,9,850,NULL,'2023-09-06',10,2,'Vetrimec Plus for Cattle',NULL,1,'2',3,34,NULL,NULL,'ext-ct38','2023-09-19 16:07:46'),(85,2,9,753,NULL,'2023-09-06',10,2,'Vetrimec Plus for Cattle',NULL,1,'2',3,34,NULL,NULL,'ext-ct38','2023-09-19 16:07:46'),(86,2,9,747,NULL,'2023-09-06',10,2,'Vetrimec Plus for Cattle',NULL,1,'2',3,34,NULL,NULL,'ext-ct38','2023-09-19 16:07:46'),(87,2,9,789,NULL,'2023-09-06',10,2,'Vetrimec Plus for Cattle',NULL,1,'2',3,34,NULL,NULL,'ext-ct38','2023-09-19 16:07:46'),(88,2,9,809,NULL,'2023-09-06',10,2,'Vetrimec Plus for Cattle',NULL,1,'2',3,34,NULL,NULL,'ext-ct38','2023-09-19 16:07:46'),(89,2,9,792,NULL,'2023-09-06',10,2,'Vetrimec Plus for Cattle',NULL,1,'2',3,34,NULL,NULL,'ext-ct38','2023-09-19 16:07:46'),(90,2,9,763,NULL,'2023-09-06',10,2,'Vetrimec Plus for Cattle',NULL,1,'2',3,34,NULL,NULL,'ext-ct38','2023-09-19 16:07:46'),(91,2,9,752,NULL,'2023-09-06',10,2,'Vetrimec Plus for Cattle',NULL,1,'2',3,34,NULL,NULL,'ext-ct38','2023-09-19 16:07:46'),(92,2,9,867,NULL,'2023-09-06',10,2,'Vetrimec Plus for Cattle',NULL,1,'2',3,34,NULL,NULL,'ext-ct38','2023-09-19 16:07:46'),(93,2,9,835,NULL,'2023-09-06',10,2,'Vetrimec Plus for Cattle',NULL,1,'2',3,34,NULL,NULL,'ext-ct38','2023-09-19 16:07:46'),(94,2,9,782,NULL,'2023-09-06',10,2,'Vetrimec Plus for Cattle',NULL,1,'2',3,34,NULL,NULL,'ext-ct38','2023-09-19 16:07:46'),(95,2,9,822,NULL,'2023-09-06',10,2,'Vetrimec Plus for Cattle',NULL,1,'2',3,34,NULL,NULL,'ext-ct38','2023-09-19 16:07:46'),(96,2,9,875,NULL,'2023-09-06',10,2,'Vetrimec Plus for Cattle',NULL,1,'2',3,34,NULL,NULL,'ext-ct38','2023-09-19 16:07:46'),(97,2,9,823,NULL,'2023-09-06',10,2,'Vetrimec Plus for Cattle',NULL,1,'2',3,34,NULL,NULL,'ext-ct38','2023-09-19 16:07:46'),(98,2,9,834,NULL,'2023-09-06',10,2,'Vetrimec Plus for Cattle',NULL,1,'2',3,34,NULL,NULL,'ext-ct38','2023-09-19 16:07:46'),(99,2,9,837,NULL,'2023-09-06',10,2,'Vetrimec Plus for Cattle',NULL,1,'2',3,34,NULL,NULL,'ext-ct38','2023-09-19 16:07:46'),(100,2,9,764,NULL,'2023-09-06',10,2,'Vetrimec Plus for Cattle',NULL,1,'2',3,34,NULL,NULL,'ext-ct38','2023-09-19 16:07:46'),(101,2,9,839,NULL,'2023-09-06',10,2,'Vetrimec Plus for Cattle',NULL,1,'2',3,34,NULL,NULL,'ext-ct38','2023-09-19 16:07:46'),(102,2,9,1237,NULL,'2023-09-06',10,2,'Vetrimec Plus for Cattle',NULL,1,'2',3,34,NULL,NULL,'ext-ct38','2023-09-19 16:07:46'),(103,2,9,781,NULL,'2023-09-06',10,2,'Vetrimec Plus for Cattle',NULL,1,'2',3,34,NULL,NULL,'ext-ct38','2023-09-19 16:07:46'),(104,2,9,802,NULL,'2023-09-06',10,2,'Vetrimec Plus for Cattle',NULL,1,'2',3,34,NULL,NULL,'ext-ct38','2023-09-19 16:07:46'),(105,2,9,779,NULL,'2023-09-06',10,2,'Vetrimec Plus for Cattle',NULL,1,'2',3,34,NULL,NULL,'ext-ct38','2023-09-19 16:07:46'),(106,2,9,784,NULL,'2023-09-06',10,2,'Vetrimec Plus for Cattle',NULL,1,'2',3,34,NULL,NULL,'ext-ct38','2023-09-19 16:07:46'),(107,2,9,1230,NULL,'2023-09-06',10,2,'Vetrimec Plus for Cattle',NULL,1,'2',3,34,NULL,NULL,'ext-ct38','2023-09-19 16:07:46'),(108,2,9,787,NULL,'2023-09-06',10,2,'Vetrimec Plus for Cattle',NULL,1,'2',3,34,NULL,NULL,'ext-ct38','2023-09-19 16:07:46'),(109,2,9,840,NULL,'2023-09-06',10,2,'Vetrimec Plus for Cattle',NULL,1,'2',3,34,NULL,NULL,'ext-ct38','2023-09-19 16:07:46'),(110,2,9,748,NULL,'2023-09-06',10,2,'Vetrimec Plus for Cattle',NULL,1,'2',3,34,NULL,NULL,'ext-ct38','2023-09-19 16:07:46'),(111,2,9,761,NULL,'2023-09-06',10,2,'Vetrimec Plus for Cattle',NULL,1,'2',3,34,NULL,NULL,'ext-ct38','2023-09-19 16:07:46'),(112,2,9,746,NULL,'2023-09-06',10,2,'Vetrimec Plus for Cattle',NULL,1,'2',3,34,NULL,NULL,'ext-ct38','2023-09-19 16:07:46'),(113,2,9,794,NULL,'2023-09-06',10,2,'Vetrimec Plus for Cattle',NULL,1,'2',3,34,NULL,NULL,'ext-ct38','2023-09-19 16:07:46'),(114,2,9,847,NULL,'2023-09-06',10,2,'Vetrimec Plus for Cattle',NULL,1,'2',3,34,NULL,NULL,'ext-ct38','2023-09-19 16:07:46'),(115,2,9,1238,NULL,'2023-09-06',10,2,'Vetrimec Plus for Cattle',NULL,1,'2',3,34,NULL,NULL,'ext-ct38','2023-09-19 16:07:46'),(116,2,9,1244,NULL,'2023-09-06',10,2,'Vetrimec Plus for Cattle',NULL,1,'2',3,34,NULL,NULL,'ext-ct38','2023-09-19 16:07:46'),(117,2,9,1241,NULL,'2023-09-06',10,2,'Vetrimec Plus for Cattle',NULL,1,'2',3,34,NULL,NULL,'ext-ct38','2023-09-19 16:07:46'),(118,2,9,852,NULL,'2023-09-06',10,2,'Vetrimec Plus for Cattle',NULL,1,'2',3,34,NULL,NULL,'ext-ct38','2023-09-19 16:07:46'),(119,2,9,796,NULL,'2023-09-06',10,2,'Vetrimec Plus for Cattle',NULL,1,'2',3,34,NULL,NULL,'ext-ct38','2023-09-19 16:07:46'),(120,2,9,845,NULL,'2023-09-06',10,2,'Vetrimec Plus for Cattle',NULL,1,'2',3,34,NULL,NULL,'ext-ct38','2023-09-19 16:07:46'),(121,2,9,1233,NULL,'2023-09-06',10,2,'Vetrimec Plus for Cattle',NULL,1,'2',3,34,NULL,NULL,'ext-ct38','2023-09-19 16:07:46'),(122,2,9,780,NULL,'2023-09-06',10,2,'Vetrimec Plus for Cattle',NULL,1,'2',3,34,NULL,NULL,'ext-ct38','2023-09-19 16:07:46'),(123,2,9,1235,NULL,'2023-09-06',10,2,'Vetrimec Plus for Cattle',NULL,1,'2',3,34,NULL,NULL,'ext-ct38','2023-09-19 16:07:46'),(124,2,9,870,NULL,'2023-09-06',10,2,'Vetrimec Plus for Cattle',NULL,1,'2',3,34,NULL,NULL,'ext-ct38','2023-09-19 16:07:46'),(125,2,9,807,NULL,'2023-09-06',10,2,'Vetrimec Plus for Cattle',NULL,1,'2',3,34,NULL,NULL,'ext-ct38','2023-09-19 16:07:46'),(126,2,9,861,NULL,'2023-09-06',10,2,'Vetrimec Plus for Cattle',NULL,1,'2',3,34,NULL,NULL,'ext-ct38','2023-09-19 16:07:46'),(127,2,9,1229,NULL,'2023-09-06',10,2,'Vetrimec Plus for Cattle',NULL,1,'2',3,34,NULL,NULL,'ext-ct38','2023-09-19 16:07:46'),(128,2,9,1243,NULL,'2023-09-06',10,2,'Vetrimec Plus for Cattle',NULL,1,'2',3,34,NULL,NULL,'ext-ct38','2023-09-19 16:07:46'),(129,2,9,1248,NULL,'2023-09-06',10,2,'Vetrimec Plus for Cattle',NULL,1,'2',3,34,NULL,NULL,'ext-ct38','2023-09-19 16:07:46'),(130,2,9,1239,NULL,'2023-09-06',10,2,'Vetrimec Plus for Cattle',NULL,1,'2',3,34,NULL,NULL,'ext-ct38','2023-09-19 16:07:46'),(131,2,9,1245,NULL,'2023-09-06',10,2,'Vetrimec Plus for Cattle',NULL,1,'2',3,34,NULL,NULL,'ext-ct38','2023-09-19 16:07:46'),(132,2,9,1231,NULL,'2023-09-06',10,2,'Vetrimec Plus for Cattle',NULL,1,'2',3,34,NULL,NULL,'ext-ct38','2023-09-19 16:07:46'),(133,2,9,1234,NULL,'2023-09-06',10,2,'Vetrimec Plus for Cattle',NULL,1,'2',3,34,NULL,NULL,'ext-ct38','2023-09-19 16:07:46'),(134,2,9,1242,NULL,'2023-09-06',10,2,'Vetrimec Plus for Cattle',NULL,1,'2',3,34,NULL,NULL,'ext-ct38','2023-09-19 16:07:46'),(135,2,9,1232,NULL,'2023-09-06',10,2,'Vetrimec Plus for Cattle',NULL,1,'2',3,34,NULL,NULL,'ext-ct38','2023-09-19 16:07:46'),(136,2,9,1236,NULL,'2023-09-06',10,2,'Vetrimec Plus for Cattle',NULL,1,'2',3,34,NULL,NULL,'ext-ct38','2023-09-19 16:07:46'),(137,2,9,1247,NULL,'2023-09-06',10,2,'Vetrimec Plus for Cattle',NULL,1,'2',3,34,NULL,NULL,'ext-ct38','2023-09-19 16:07:46'),(138,2,9,1246,NULL,'2023-09-06',10,2,'Vetrimec Plus for Cattle',NULL,1,'2',3,34,NULL,NULL,'ext-ct38','2023-09-19 16:07:46'),(139,2,9,1240,NULL,'2023-09-06',10,2,'Vetrimec Plus for Cattle',NULL,1,'2',3,34,NULL,NULL,'ext-ct38','2023-09-19 16:07:46'),(140,2,10,1249,NULL,'2023-09-13',NULL,NULL,'Fertagyl',NULL,4,'3',2,20,NULL,NULL,'ext-ct38','2023-09-21 14:33:06'),(141,2,10,1260,NULL,'2023-09-13',NULL,NULL,'Fertagyl',NULL,4,'3',2,20,NULL,NULL,'ext-ct38','2023-09-21 14:33:06'),(142,2,10,1261,NULL,'2023-09-13',NULL,NULL,'Fertagyl',NULL,4,'3',2,20,NULL,NULL,'ext-ct38','2023-09-21 14:33:06'),(143,2,10,1262,NULL,'2023-09-13',NULL,NULL,'Fertagyl',NULL,4,'3',2,20,NULL,NULL,'ext-ct38','2023-09-21 14:33:06'),(144,2,10,1263,NULL,'2023-09-13',NULL,NULL,'Fertagyl',NULL,4,'3',2,20,NULL,NULL,'ext-ct38','2023-09-21 14:33:06'),(145,2,10,1264,NULL,'2023-09-13',NULL,NULL,'Fertagyl',NULL,4,'3',2,20,NULL,NULL,'ext-ct38','2023-09-21 14:33:06'),(146,2,10,1265,NULL,'2023-09-13',NULL,NULL,'Fertagyl',NULL,4,'3',2,20,NULL,NULL,'ext-ct38','2023-09-21 14:33:06'),(147,2,10,1266,NULL,'2023-09-13',NULL,NULL,'Fertagyl',NULL,4,'3',2,20,NULL,NULL,'ext-ct38','2023-09-21 14:33:06'),(148,2,10,1267,NULL,'2023-09-13',NULL,NULL,'Fertagyl',NULL,4,'3',2,20,NULL,NULL,'ext-ct38','2023-09-21 14:33:06'),(149,2,10,1268,NULL,'2023-09-13',NULL,NULL,'Fertagyl',NULL,4,'3',2,20,NULL,NULL,'ext-ct38','2023-09-21 14:33:06'),(150,2,10,1251,NULL,'2023-09-13',NULL,NULL,'Fertagyl',NULL,4,'3',2,20,NULL,NULL,'ext-ct38','2023-09-21 14:33:06'),(151,2,10,1269,NULL,'2023-09-13',NULL,NULL,'Fertagyl',NULL,4,'3',2,20,NULL,NULL,'ext-ct38','2023-09-21 14:33:06'),(152,2,10,1270,NULL,'2023-09-13',NULL,NULL,'Fertagyl',NULL,4,'3',2,20,NULL,NULL,'ext-ct38','2023-09-21 14:33:06'),(153,2,10,1271,NULL,'2023-09-13',NULL,NULL,'Fertagyl',NULL,4,'3',2,20,NULL,NULL,'ext-ct38','2023-09-21 14:33:06'),(154,2,10,1272,NULL,'2023-09-13',NULL,NULL,'Fertagyl',NULL,4,'3',2,20,NULL,NULL,'ext-ct38','2023-09-21 14:33:06'),(155,2,10,1252,NULL,'2023-09-13',NULL,NULL,'Fertagyl',NULL,4,'3',2,20,NULL,NULL,'ext-ct38','2023-09-21 14:33:06'),(156,2,10,1253,NULL,'2023-09-13',NULL,NULL,'Fertagyl',NULL,4,'3',2,20,NULL,NULL,'ext-ct38','2023-09-21 14:33:06'),(157,2,10,1254,NULL,'2023-09-13',NULL,NULL,'Fertagyl',NULL,4,'3',2,20,NULL,NULL,'ext-ct38','2023-09-21 14:33:06'),(158,2,10,1255,NULL,'2023-09-13',NULL,NULL,'Fertagyl',NULL,4,'3',2,20,NULL,NULL,'ext-ct38','2023-09-21 14:33:06'),(159,2,10,1256,NULL,'2023-09-13',NULL,NULL,'Fertagyl',NULL,4,'3',2,20,NULL,NULL,'ext-ct38','2023-09-21 14:33:06'),(160,2,10,1257,NULL,'2023-09-13',NULL,NULL,'Fertagyl',NULL,4,'3',2,20,NULL,NULL,'ext-ct38','2023-09-21 14:33:06'),(161,2,10,1258,NULL,'2023-09-13',NULL,NULL,'Fertagyl',NULL,4,'3',2,20,NULL,NULL,'ext-ct38','2023-09-21 14:33:06'),(162,2,10,1250,NULL,'2023-09-13',NULL,NULL,'Fertagyl',NULL,4,'3',2,20,NULL,NULL,'ext-ct38','2023-09-21 14:33:06'),(163,2,9,880,NULL,'2023-10-03',NULL,NULL,'LongRange',NULL,1,'2',3,34,NULL,NULL,'ext-ct38','2023-10-03 09:40:21'),(164,2,9,876,NULL,'2023-10-03',NULL,NULL,'LongRange',NULL,1,'2',3,34,NULL,NULL,'ext-ct38','2023-10-03 09:40:21'),(165,2,9,836,NULL,'2023-10-03',NULL,NULL,'LongRange',NULL,1,'2',3,34,NULL,NULL,'ext-ct38','2023-10-03 09:40:21'),(166,2,9,824,NULL,'2023-10-03',NULL,NULL,'LongRange',NULL,1,'2',3,34,NULL,NULL,'ext-ct38','2023-10-03 09:40:21'),(167,2,9,803,NULL,'2023-10-03',NULL,NULL,'LongRange',NULL,1,'2',3,34,NULL,NULL,'ext-ct38','2023-10-03 09:40:21'),(168,2,9,858,NULL,'2023-10-03',NULL,NULL,'LongRange',NULL,1,'2',3,34,NULL,NULL,'ext-ct38','2023-10-03 09:40:21'),(169,2,9,1022,NULL,'2023-10-03',NULL,NULL,'LongRange',NULL,1,'2',3,34,NULL,NULL,'ext-ct38','2023-10-03 09:40:21'),(171,4,17,1013,NULL,'2023-01-01',0,0,'AFTER-BIRTH','',3,'2',3,28,0,'','ext-kn1','2023-10-26 14:14:14'),(172,4,17,1013,NULL,'2023-01-01',0,0,'AFTER-BIRTH','',3,'2',3,28,0,'','ext-kn1','2023-10-26 14:19:07'),(178,4,17,1013,NULL,'2023-01-01',0,0,'Acidified Cupric Sulfate','',3,'1',2,9,0,'','ext-kn1','2023-10-31 12:32:33'),(179,4,17,1013,NULL,'2023-01-01',0,0,'Acidified Cupric Sulfate','',3,'1',2,9,0,'','ext-kn1','2023-10-31 12:32:49'),(180,4,18,1284,NULL,'2023-11-13',0,0,'Valbazen','',14,'2',3,34,0,'','ext-ct38','2023-11-21 10:13:34'),(181,4,18,1283,NULL,'2023-11-13',0,0,'Valbazen','',14,'2',3,34,0,'','ext-ct38','2023-11-21 10:13:35'),(182,4,18,1293,NULL,'2023-11-13',0,0,'Valbazen','',14,'2',3,34,0,'','ext-ct38','2023-11-21 10:13:35'),(183,4,18,1316,NULL,'2023-11-13',0,0,'Vetrimec Plus for Cattle','',1,'2',3,34,0,'','ext-ct38','2023-11-21 10:13:35'),(184,4,18,1288,NULL,'2023-11-13',0,0,'Valbazen','',14,'2',3,34,0,'','ext-ct38','2023-11-21 10:13:35'),(185,4,18,1305,NULL,'2023-11-13',0,0,'Vetrimec Plus for Cattle','',1,'2',3,34,0,'','ext-ct38','2023-11-21 10:13:35'),(186,4,18,1317,NULL,'2023-11-13',0,0,'Vetrimec Plus for Cattle','',1,'2',3,34,0,'','ext-ct38','2023-11-21 10:13:35'),(187,4,18,1302,NULL,'2023-11-13',0,0,'Vetrimec Plus for Cattle','',1,'2',3,34,0,'','ext-ct38','2023-11-21 10:13:35'),(188,4,18,1313,NULL,'2023-11-13',0,0,'Vetrimec Plus for Cattle','',1,'2',3,34,0,'','ext-ct38','2023-11-21 10:13:35'),(189,4,18,1297,NULL,'2023-11-13',0,0,'Valbazen','',14,'2',3,34,0,'','ext-ct38','2023-11-21 10:13:35'),(190,4,18,1278,NULL,'2023-11-13',0,0,'Valbazen','',14,'2',3,34,0,'','ext-ct38','2023-11-21 10:13:35'),(191,4,18,1318,NULL,'2023-11-13',0,0,'Vetrimec Plus for Cattle','',1,'2',3,34,0,'','ext-ct38','2023-11-21 10:13:35'),(192,4,18,1312,NULL,'2023-11-13',0,0,'Vetrimec Plus for Cattle','',1,'2',3,34,0,'','ext-ct38','2023-11-21 10:13:35'),(193,4,18,1295,NULL,'2023-11-13',0,0,'Valbazen','',14,'2',3,34,0,'','ext-ct38','2023-11-21 10:13:35'),(194,4,18,1307,NULL,'2023-11-13',0,0,'Vetrimec Plus for Cattle','',1,'2',3,34,0,'','ext-ct38','2023-11-21 10:13:35'),(195,4,18,1275,NULL,'2023-11-13',0,0,'Valbazen','',14,'2',3,34,0,'','ext-ct38','2023-11-21 10:13:35'),(196,4,18,1299,NULL,'2023-11-13',0,0,'Valbazen','',14,'2',3,34,0,'','ext-ct38','2023-11-21 10:13:35'),(197,4,18,1274,NULL,'2023-11-13',0,0,'Valbazen','',14,'2',3,34,0,'','ext-ct38','2023-11-21 10:13:35'),(198,4,18,1301,NULL,'2023-11-13',0,0,'Valbazen','',14,'2',3,34,0,'','ext-ct38','2023-11-21 10:13:35'),(199,4,18,1311,NULL,'2023-11-13',0,0,'Vetrimec Plus for Cattle','',1,'2',3,34,0,'','ext-ct38','2023-11-21 10:13:35'),(200,4,18,1314,NULL,'2023-11-13',0,0,'Vetrimec Plus for Cattle','',1,'2',3,34,0,'','ext-ct38','2023-11-21 10:13:35'),(201,4,18,1303,NULL,'2023-11-13',0,0,'Vetrimec Plus for Cattle','',1,'2',3,34,0,'','ext-ct38','2023-11-21 10:13:35'),(202,4,18,1294,NULL,'2023-11-13',0,0,'Valbazen','',14,'2',3,34,0,'','ext-ct38','2023-11-21 10:13:35'),(203,4,18,1289,NULL,'2023-11-13',0,0,'Valbazen','',14,'2',3,34,0,'','ext-ct38','2023-11-21 10:13:35'),(204,4,18,1300,NULL,'2023-11-13',0,0,'Valbazen','',14,'2',3,34,0,'','ext-ct38','2023-11-21 10:13:35'),(205,4,18,1279,NULL,'2023-11-13',0,0,'Valbazen','',14,'2',3,34,0,'','ext-ct38','2023-11-21 10:13:35'),(206,4,18,1298,NULL,'2023-11-13',0,0,'Valbazen','',14,'2',3,34,0,'','ext-ct38','2023-11-21 10:13:35'),(207,4,18,1296,NULL,'2023-11-13',0,0,'Valbazen','',14,'2',3,34,0,'','ext-ct38','2023-11-21 10:13:35'),(208,4,18,1286,NULL,'2023-11-13',0,0,'Valbazen','',14,'2',3,34,0,'','ext-ct38','2023-11-21 10:13:35'),(209,4,18,1287,NULL,'2023-11-13',0,0,'Valbazen','',14,'2',3,34,0,'','ext-ct38','2023-11-21 10:13:35'),(210,4,18,1281,NULL,'2023-11-13',0,0,'Valbazen','',14,'2',3,34,0,'','ext-ct38','2023-11-21 10:13:35'),(211,4,18,1280,NULL,'2023-11-13',0,0,'Valbazen','',14,'2',3,34,0,'','ext-ct38','2023-11-21 10:13:35'),(212,4,18,1290,NULL,'2023-11-13',0,0,'Valbazen','',14,'2',3,34,0,'','ext-ct38','2023-11-21 10:13:35'),(213,4,18,1308,NULL,'2023-11-13',0,0,'Vetrimec Plus for Cattle','',1,'2',3,34,0,'','ext-ct38','2023-11-21 10:13:35'),(214,4,18,1277,NULL,'2023-11-13',0,0,'Valbazen','',14,'2',3,34,0,'','ext-ct38','2023-11-21 10:13:35'),(215,4,18,1319,NULL,'2023-11-13',0,0,'Vetrimec Plus for Cattle','',1,'2',3,34,0,'','ext-ct38','2023-11-21 10:13:35'),(216,4,18,1285,NULL,'2023-11-13',0,0,'Valbazen','',14,'2',3,34,0,'','ext-ct38','2023-11-21 10:13:35'),(217,4,18,1282,NULL,'2023-11-13',0,0,'Valbazen','',14,'2',3,34,0,'','ext-ct38','2023-11-21 10:13:35'),(218,4,18,1315,NULL,'2023-11-13',0,0,'Vetrimec Plus for Cattle','',1,'2',3,34,0,'','ext-ct38','2023-11-21 10:13:35'),(219,4,18,1292,NULL,'2023-11-13',0,0,'Valbazen','',14,'2',3,34,0,'','ext-ct38','2023-11-21 10:13:35'),(220,4,18,1304,NULL,'2023-11-13',0,0,'Vetrimec Plus for Cattle','',1,'2',3,34,0,'','ext-ct38','2023-11-21 10:13:35'),(221,4,18,1273,NULL,'2023-11-13',0,0,'Valbazen','',14,'2',3,34,0,'','ext-ct38','2023-11-21 10:13:35'),(222,4,18,1291,NULL,'2023-11-13',0,0,'Valbazen','',14,'2',3,34,0,'','ext-ct38','2023-11-21 10:13:35'),(223,4,18,1310,NULL,'2023-11-13',0,0,'Vetrimec Plus for Cattle','',1,'2',3,34,0,'','ext-ct38','2023-11-21 10:13:35'),(224,4,18,1276,NULL,'2023-11-13',0,0,'Valbazen','',14,'2',3,34,0,'','ext-ct38','2023-11-21 10:13:35'),(225,4,18,1333,NULL,'2023-11-13',0,0,'Vetrimec Plus for Cattle','',1,'2',3,34,0,'','ext-ct38','2023-11-21 10:13:35'),(226,4,18,1330,NULL,'2023-11-13',0,0,'Vetrimec Plus for Cattle','',1,'2',3,34,0,'','ext-ct38','2023-11-21 10:13:35'),(227,4,18,1323,NULL,'2023-11-13',0,0,'Vetrimec Plus for Cattle','',1,'2',3,34,0,'','ext-ct38','2023-11-21 10:13:35'),(228,4,18,1341,NULL,'2023-11-13',0,0,'Vetrimec Plus for Cattle','',1,'2',3,34,0,'','ext-ct38','2023-11-21 10:13:35'),(229,4,18,1331,NULL,'2023-11-13',0,0,'Vetrimec Plus for Cattle','',1,'2',3,34,0,'','ext-ct38','2023-11-21 10:13:35'),(230,4,18,1340,NULL,'2023-11-13',0,0,'Vetrimec Plus for Cattle','',1,'2',3,34,0,'','ext-ct38','2023-11-21 10:13:35'),(231,4,18,1337,NULL,'2023-11-13',0,0,'Vetrimec Plus for Cattle','',1,'2',3,34,0,'','ext-ct38','2023-11-21 10:13:35'),(232,4,18,1347,NULL,'2023-11-13',0,0,'Vetrimec Plus for Cattle','',1,'2',3,34,0,'','ext-ct38','2023-11-21 10:13:35'),(233,4,18,1320,NULL,'2023-11-13',0,0,'Vetrimec Plus for Cattle','',1,'2',3,34,0,'','ext-ct38','2023-11-21 10:13:35'),(234,4,18,1336,NULL,'2023-11-13',0,0,'Vetrimec Plus for Cattle','',1,'2',3,34,0,'','ext-ct38','2023-11-21 10:13:35'),(235,4,18,1327,NULL,'2023-11-13',0,0,'Vetrimec Plus for Cattle','',1,'2',3,34,0,'','ext-ct38','2023-11-21 10:13:35'),(236,4,18,1321,NULL,'2023-11-13',0,0,'Vetrimec Plus for Cattle','',1,'2',3,34,0,'','ext-ct38','2023-11-21 10:13:35'),(237,4,18,1322,NULL,'2023-11-13',0,0,'Vetrimec Plus for Cattle','',1,'2',3,34,0,'','ext-ct38','2023-11-21 10:13:35'),(238,4,18,1324,NULL,'2023-11-13',0,0,'Vetrimec Plus for Cattle','',1,'2',3,34,0,'','ext-ct38','2023-11-21 10:13:35'),(239,4,18,1338,NULL,'2023-11-13',0,0,'Vetrimec Plus for Cattle','',1,'2',3,34,0,'','ext-ct38','2023-11-21 10:13:35'),(240,4,18,1334,NULL,'2023-11-13',0,0,'Vetrimec Plus for Cattle','',1,'2',3,34,0,'','ext-ct38','2023-11-21 10:13:35'),(241,4,18,1332,NULL,'2023-11-13',0,0,'Vetrimec Plus for Cattle','',1,'2',3,34,0,'','ext-ct38','2023-11-21 10:13:35'),(242,4,18,1346,NULL,'2023-11-13',0,0,'Vetrimec Plus for Cattle','',1,'2',3,34,0,'','ext-ct38','2023-11-21 10:13:35'),(243,4,18,1342,NULL,'2023-11-13',0,0,'Vetrimec Plus for Cattle','',1,'2',3,34,0,'','ext-ct38','2023-11-21 10:13:35'),(244,4,18,1335,NULL,'2023-11-13',0,0,'Vetrimec Plus for Cattle','',1,'2',3,34,0,'','ext-ct38','2023-11-21 10:13:35'),(245,4,18,1345,NULL,'2023-11-13',0,0,'Vetrimec Plus for Cattle','',1,'2',3,34,0,'','ext-ct38','2023-11-21 10:13:35'),(246,4,18,1325,NULL,'2023-11-13',0,0,'Vetrimec Plus for Cattle','',1,'2',3,34,0,'','ext-ct38','2023-11-21 10:13:35'),(247,4,18,1339,NULL,'2023-11-13',0,0,'Vetrimec Plus for Cattle','',1,'2',3,34,0,'','ext-ct38','2023-11-21 10:13:35'),(248,4,18,1328,NULL,'2023-11-13',0,0,'Vetrimec Plus for Cattle','',1,'2',3,34,0,'','ext-ct38','2023-11-21 10:13:35'),(249,4,18,1329,NULL,'2023-11-13',0,0,'Vetrimec Plus for Cattle','',1,'2',3,34,0,'','ext-ct38','2023-11-21 10:13:35'),(250,4,18,1326,NULL,'2023-11-13',0,0,'Vetrimec Plus for Cattle','',1,'2',3,34,0,'','ext-ct38','2023-11-21 10:13:35'),(251,4,18,1344,NULL,'2023-11-13',0,0,'Vetrimec Plus for Cattle','',1,'2',3,34,0,'','ext-ct38','2023-11-21 10:13:35'),(252,4,18,1343,NULL,'2023-11-13',0,0,'Vetrimec Plus for Cattle','',1,'2',3,34,0,'','ext-ct38','2023-11-21 10:13:35'),(253,4,18,1309,NULL,'2023-11-13',0,0,'Vetrimec Plus for Cattle','',1,'2',3,34,0,'','ext-ct38','2023-11-21 10:13:35'),(254,4,18,1306,NULL,'2023-11-13',0,0,'Vetrimec Plus for Cattle','',1,'2',3,34,0,'','ext-ct38','2023-11-21 10:13:35'),(255,4,18,1399,NULL,'2023-11-09',0,0,'Valbazen','',1,'2',3,34,0,'','ext-ct38','2023-11-21 14:44:30'),(256,4,18,1482,NULL,'2023-11-09',0,0,'Valbazen','',1,'2',3,34,0,'','ext-ct38','2023-11-21 14:44:30'),(257,4,18,1480,NULL,'2023-11-09',0,0,'Valbazen','',1,'2',3,34,0,'','ext-ct38','2023-11-21 14:44:30'),(258,4,18,1486,NULL,'2023-11-09',0,0,'Valbazen','',1,'2',3,34,0,'','ext-ct38','2023-11-21 14:44:30'),(259,4,18,1487,NULL,'2023-11-09',0,0,'Valbazen','',1,'2',3,34,0,'','ext-ct38','2023-11-21 14:44:30'),(260,4,18,1470,NULL,'2023-11-09',0,0,'Valbazen','',1,'2',3,34,0,'','ext-ct38','2023-11-21 14:44:30'),(261,4,18,1420,NULL,'2023-11-09',0,0,'Valbazen','',1,'2',3,34,0,'','ext-ct38','2023-11-21 14:44:30'),(262,4,18,1379,NULL,'2023-11-09',0,0,'Valbazen','',1,'2',3,34,0,'','ext-ct38','2023-11-21 14:44:30'),(263,4,18,1494,NULL,'2023-11-09',0,0,'Valbazen','',1,'2',3,34,0,'','ext-ct38','2023-11-21 14:44:30'),(264,4,18,1457,NULL,'2023-11-09',0,0,'Valbazen','',1,'2',3,34,0,'','ext-ct38','2023-11-21 14:44:30'),(265,4,18,1437,NULL,'2023-11-09',0,0,'Valbazen','',1,'2',3,34,0,'','ext-ct38','2023-11-21 14:44:30'),(266,4,18,1358,NULL,'2023-11-09',0,0,'Valbazen','',1,'2',3,34,0,'','ext-ct38','2023-11-21 14:44:30'),(267,4,18,1397,NULL,'2023-11-09',0,0,'Valbazen','',1,'2',3,34,0,'','ext-ct38','2023-11-21 14:44:30'),(268,4,18,1372,NULL,'2023-11-09',0,0,'Valbazen','',1,'2',3,34,0,'','ext-ct38','2023-11-21 14:44:30'),(269,4,18,1396,NULL,'2023-11-09',0,0,'Valbazen','',1,'2',3,34,0,'','ext-ct38','2023-11-21 14:44:30'),(270,4,18,1375,NULL,'2023-11-09',0,0,'Valbazen','',1,'2',3,34,0,'','ext-ct38','2023-11-21 14:44:30'),(271,4,18,1422,NULL,'2023-11-09',0,0,'Valbazen','',1,'2',3,34,0,'','ext-ct38','2023-11-21 14:44:30'),(272,4,18,1442,NULL,'2023-11-09',0,0,'Valbazen','',1,'2',3,34,0,'','ext-ct38','2023-11-21 14:44:30'),(273,4,18,1394,NULL,'2023-11-09',0,0,'Valbazen','',1,'2',3,34,0,'','ext-ct38','2023-11-21 14:44:30'),(274,4,18,1406,NULL,'2023-11-09',0,0,'Valbazen','',1,'2',3,34,0,'','ext-ct38','2023-11-21 14:44:30'),(275,4,18,1425,NULL,'2023-11-09',0,0,'Valbazen','',1,'2',3,34,0,'','ext-ct38','2023-11-21 14:44:30'),(276,4,18,1353,NULL,'2023-11-09',0,0,'Valbazen','',1,'2',3,34,0,'','ext-ct38','2023-11-21 14:44:30'),(277,4,18,1455,NULL,'2023-11-09',0,0,'Valbazen','',1,'2',3,34,0,'','ext-ct38','2023-11-21 14:44:30'),(278,4,18,1489,NULL,'2023-11-09',0,0,'Valbazen','',1,'2',3,34,0,'','ext-ct38','2023-11-21 14:44:30'),(279,4,18,1401,NULL,'2023-11-09',0,0,'Valbazen','',1,'2',3,34,0,'','ext-ct38','2023-11-21 14:44:30'),(280,4,18,1404,NULL,'2023-11-09',0,0,'Valbazen','',1,'2',3,34,0,'','ext-ct38','2023-11-21 14:44:30'),(281,4,18,1426,NULL,'2023-11-09',0,0,'Valbazen','',1,'2',3,34,0,'','ext-ct38','2023-11-21 14:44:30'),(282,4,18,1428,NULL,'2023-11-09',0,0,'Valbazen','',1,'2',3,34,0,'','ext-ct38','2023-11-21 14:44:30'),(283,4,18,1456,NULL,'2023-11-09',0,0,'Valbazen','',1,'2',3,34,0,'','ext-ct38','2023-11-21 14:44:30'),(284,4,18,1350,NULL,'2023-11-09',0,0,'Valbazen','',1,'2',3,34,0,'','ext-ct38','2023-11-21 14:44:30'),(285,4,18,1463,NULL,'2023-11-09',0,0,'Valbazen','',1,'2',3,34,0,'','ext-ct38','2023-11-21 14:44:30'),(286,4,18,1467,NULL,'2023-11-09',0,0,'Valbazen','',1,'2',3,34,0,'','ext-ct38','2023-11-21 14:44:30'),(287,4,18,1385,NULL,'2023-11-09',0,0,'Valbazen','',1,'2',3,34,0,'','ext-ct38','2023-11-21 14:44:30'),(288,4,18,1364,NULL,'2023-11-09',0,0,'Valbazen','',1,'2',3,34,0,'','ext-ct38','2023-11-21 14:44:30'),(289,4,18,1360,NULL,'2023-11-09',0,0,'Valbazen','',1,'2',3,34,0,'','ext-ct38','2023-11-21 14:44:30'),(290,4,18,1393,NULL,'2023-11-09',0,0,'Valbazen','',1,'2',3,34,0,'','ext-ct38','2023-11-21 14:44:30'),(291,4,18,1357,NULL,'2023-11-09',0,0,'Valbazen','',1,'2',3,34,0,'','ext-ct38','2023-11-21 14:44:30'),(292,4,18,1485,NULL,'2023-11-09',0,0,'Valbazen','',1,'2',3,34,0,'','ext-ct38','2023-11-21 14:44:30'),(293,4,18,1433,NULL,'2023-11-09',0,0,'Valbazen','',1,'2',3,34,0,'','ext-ct38','2023-11-21 14:44:30'),(294,4,18,1405,NULL,'2023-11-09',0,0,'Valbazen','',1,'2',3,34,0,'','ext-ct38','2023-11-21 14:44:30'),(295,4,18,1400,NULL,'2023-11-09',0,0,'Valbazen','',1,'2',3,34,0,'','ext-ct38','2023-11-21 14:44:30'),(296,4,18,1371,NULL,'2023-11-09',0,0,'Valbazen','',1,'2',3,34,0,'','ext-ct38','2023-11-21 14:44:30'),(297,4,18,1411,NULL,'2023-11-09',0,0,'Valbazen','',1,'2',3,34,0,'','ext-ct38','2023-11-21 14:44:30'),(298,4,18,1474,NULL,'2023-11-09',0,0,'Valbazen','',1,'2',3,34,0,'','ext-ct38','2023-11-21 14:44:30'),(299,4,18,1459,NULL,'2023-11-09',0,0,'Valbazen','',1,'2',3,34,0,'','ext-ct38','2023-11-21 14:44:30'),(300,4,18,1466,NULL,'2023-11-09',0,0,'Valbazen','',1,'2',3,34,0,'','ext-ct38','2023-11-21 14:44:30'),(301,4,18,1362,NULL,'2023-11-09',0,0,'Valbazen','',1,'2',3,34,0,'','ext-ct38','2023-11-21 14:44:30'),(302,4,18,1365,NULL,'2023-11-09',0,0,'Valbazen','',1,'2',3,34,0,'','ext-ct38','2023-11-21 14:44:30'),(303,4,18,1377,NULL,'2023-11-09',0,0,'Valbazen','',1,'2',3,34,0,'','ext-ct38','2023-11-21 14:44:30'),(304,4,18,1407,NULL,'2023-11-09',0,0,'Valbazen','',1,'2',3,34,0,'','ext-ct38','2023-11-21 14:44:30'),(305,4,18,1361,NULL,'2023-11-09',0,0,'Valbazen','',1,'2',3,34,0,'','ext-ct38','2023-11-21 14:44:30'),(306,4,18,1382,NULL,'2023-11-09',0,0,'Valbazen','',1,'2',3,34,0,'','ext-ct38','2023-11-21 14:44:30'),(307,4,18,1479,NULL,'2023-11-09',0,0,'Valbazen','',1,'2',3,34,0,'','ext-ct38','2023-11-21 14:44:30'),(308,4,18,1389,NULL,'2023-11-09',0,0,'Valbazen','',1,'2',3,34,0,'','ext-ct38','2023-11-21 14:44:30'),(309,4,18,1416,NULL,'2023-11-09',0,0,'Valbazen','',1,'2',3,34,0,'','ext-ct38','2023-11-21 14:44:30'),(310,4,18,1475,NULL,'2023-11-09',0,0,'Valbazen','',1,'2',3,34,0,'','ext-ct38','2023-11-21 14:44:30'),(311,4,18,1354,NULL,'2023-11-09',0,0,'Valbazen','',1,'2',3,34,0,'','ext-ct38','2023-11-21 14:44:30'),(312,4,18,1373,NULL,'2023-11-09',0,0,'Valbazen','',1,'2',3,34,0,'','ext-ct38','2023-11-21 14:44:30'),(313,4,18,1349,NULL,'2023-11-09',0,0,'Valbazen','',1,'2',3,34,0,'','ext-ct38','2023-11-21 14:44:30'),(314,4,18,1392,NULL,'2023-11-09',0,0,'Valbazen','',1,'2',3,34,0,'','ext-ct38','2023-11-21 14:44:30'),(315,4,18,1490,NULL,'2023-11-09',0,0,'Valbazen','',1,'2',3,34,0,'','ext-ct38','2023-11-21 14:44:30'),(316,4,18,1378,NULL,'2023-11-09',0,0,'Valbazen','',1,'2',3,34,0,'','ext-ct38','2023-11-21 14:44:30'),(317,4,18,1351,NULL,'2023-11-09',0,0,'Valbazen','',1,'2',3,34,0,'','ext-ct38','2023-11-21 14:44:30'),(318,4,18,1419,NULL,'2023-11-09',0,0,'Valbazen','',1,'2',3,34,0,'','ext-ct38','2023-11-21 14:44:30'),(319,4,18,1366,NULL,'2023-11-09',0,0,'Valbazen','',1,'2',3,34,0,'','ext-ct38','2023-11-21 14:44:30'),(320,4,18,1446,NULL,'2023-11-09',0,0,'Valbazen','',1,'2',3,34,0,'','ext-ct38','2023-11-21 14:44:30'),(321,4,18,1384,NULL,'2023-11-09',0,0,'Valbazen','',1,'2',3,34,0,'','ext-ct38','2023-11-21 14:44:30'),(322,4,18,1403,NULL,'2023-11-09',0,0,'Valbazen','',1,'2',3,34,0,'','ext-ct38','2023-11-21 14:44:30'),(323,4,18,1471,NULL,'2023-11-09',0,0,'Valbazen','',1,'2',3,34,0,'','ext-ct38','2023-11-21 14:44:30'),(324,4,18,1352,NULL,'2023-11-09',0,0,'Valbazen','',1,'2',3,34,0,'','ext-ct38','2023-11-21 14:44:30'),(325,4,18,1370,NULL,'2023-11-09',0,0,'Valbazen','',1,'2',3,34,0,'','ext-ct38','2023-11-21 14:44:30'),(326,4,18,1414,NULL,'2023-11-09',0,0,'Valbazen','',1,'2',3,34,0,'','ext-ct38','2023-11-21 14:44:30'),(327,4,18,1430,NULL,'2023-11-09',0,0,'Valbazen','',1,'2',3,34,0,'','ext-ct38','2023-11-21 14:44:30'),(328,4,18,1363,NULL,'2023-11-09',0,0,'Valbazen','',1,'2',3,34,0,'','ext-ct38','2023-11-21 14:44:30'),(329,4,18,1432,NULL,'2023-11-09',0,0,'Valbazen','',1,'2',3,34,0,'','ext-ct38','2023-11-21 14:44:30'),(330,4,18,1418,NULL,'2023-11-09',0,0,'Valbazen','',1,'2',3,34,0,'','ext-ct38','2023-11-21 14:44:30'),(331,4,18,1465,NULL,'2023-11-09',0,0,'Valbazen','',1,'2',3,34,0,'','ext-ct38','2023-11-21 14:44:30'),(332,4,18,1478,NULL,'2023-11-09',0,0,'Valbazen','',1,'2',3,34,0,'','ext-ct38','2023-11-21 14:44:30'),(333,4,18,1374,NULL,'2023-11-09',0,0,'Valbazen','',1,'2',3,34,0,'','ext-ct38','2023-11-21 14:44:30'),(334,4,18,1402,NULL,'2023-11-09',0,0,'Valbazen','',1,'2',3,34,0,'','ext-ct38','2023-11-21 14:44:30'),(335,4,18,1367,NULL,'2023-11-09',0,0,'Valbazen','',1,'2',3,34,0,'','ext-ct38','2023-11-21 14:44:30'),(336,4,18,1445,NULL,'2023-11-09',0,0,'Valbazen','',1,'2',3,34,0,'','ext-ct38','2023-11-21 14:44:30'),(337,4,18,1439,NULL,'2023-11-09',0,0,'Valbazen','',1,'2',3,34,0,'','ext-ct38','2023-11-21 14:44:30'),(338,4,18,1477,NULL,'2023-11-09',0,0,'Valbazen','',1,'2',3,34,0,'','ext-ct38','2023-11-21 14:44:30'),(339,4,18,1462,NULL,'2023-11-09',0,0,'Valbazen','',1,'2',3,34,0,'','ext-ct38','2023-11-21 14:44:30'),(340,4,18,1438,NULL,'2023-11-09',0,0,'Valbazen','',1,'2',3,34,0,'','ext-ct38','2023-11-21 14:44:30'),(341,4,18,1434,NULL,'2023-11-09',0,0,'Valbazen','',1,'2',3,34,0,'','ext-ct38','2023-11-21 14:44:30'),(342,4,18,1483,NULL,'2023-11-09',0,0,'Valbazen','',1,'2',3,34,0,'','ext-ct38','2023-11-21 14:44:30'),(343,4,18,1493,NULL,'2023-11-09',0,0,'Valbazen','',1,'2',3,34,0,'','ext-ct38','2023-11-21 14:44:30'),(344,4,18,1469,NULL,'2023-11-09',0,0,'Valbazen','',1,'2',3,34,0,'','ext-ct38','2023-11-21 14:44:30'),(345,4,18,1413,NULL,'2023-11-09',0,0,'Valbazen','',1,'2',3,34,0,'','ext-ct38','2023-11-21 14:44:30'),(346,4,18,1451,NULL,'2023-11-09',0,0,'Valbazen','',1,'2',3,34,0,'','ext-ct38','2023-11-21 14:44:30'),(347,4,18,1484,NULL,'2023-11-09',0,0,'Valbazen','',1,'2',3,34,0,'','ext-ct38','2023-11-21 14:44:30'),(348,4,18,1450,NULL,'2023-11-09',0,0,'Valbazen','',1,'2',3,34,0,'','ext-ct38','2023-11-21 14:44:30'),(349,4,18,1398,NULL,'2023-11-09',0,0,'Valbazen','',1,'2',3,34,0,'','ext-ct38','2023-11-21 14:44:30'),(350,4,18,1348,NULL,'2023-11-09',0,0,'Valbazen','',1,'2',3,34,0,'','ext-ct38','2023-11-21 14:44:30'),(351,4,18,1464,NULL,'2023-11-09',0,0,'Valbazen','',1,'2',3,34,0,'','ext-ct38','2023-11-21 14:44:30'),(352,4,18,1458,NULL,'2023-11-09',0,0,'Valbazen','',1,'2',3,34,0,'','ext-ct38','2023-11-21 14:44:30'),(353,4,18,1441,NULL,'2023-11-09',0,0,'Valbazen','',1,'2',3,34,0,'','ext-ct38','2023-11-21 14:44:30'),(354,4,18,1395,NULL,'2023-11-09',0,0,'Valbazen','',1,'2',3,34,0,'','ext-ct38','2023-11-21 14:44:30'),(355,4,18,1424,NULL,'2023-11-09',0,0,'Valbazen','',1,'2',3,34,0,'','ext-ct38','2023-11-21 14:44:30'),(356,4,18,1391,NULL,'2023-11-09',0,0,'Valbazen','',1,'2',3,34,0,'','ext-ct38','2023-11-21 14:44:30'),(357,4,18,1356,NULL,'2023-11-09',0,0,'Valbazen','',1,'2',3,34,0,'','ext-ct38','2023-11-21 14:44:30'),(358,4,18,1440,NULL,'2023-11-09',0,0,'Valbazen','',1,'2',3,34,0,'','ext-ct38','2023-11-21 14:44:30'),(359,4,18,1390,NULL,'2023-11-09',0,0,'Valbazen','',1,'2',3,34,0,'','ext-ct38','2023-11-21 14:44:30'),(360,4,18,1452,NULL,'2023-11-09',0,0,'Valbazen','',1,'2',3,34,0,'','ext-ct38','2023-11-21 14:44:30'),(361,4,18,1491,NULL,'2023-11-09',0,0,'Valbazen','',1,'2',3,34,0,'','ext-ct38','2023-11-21 14:44:30'),(362,4,18,1412,NULL,'2023-11-09',0,0,'Valbazen','',1,'2',3,34,0,'','ext-ct38','2023-11-21 14:44:30'),(363,4,18,1492,NULL,'2023-11-09',0,0,'Valbazen','',1,'2',3,34,0,'','ext-ct38','2023-11-21 14:44:30'),(364,4,18,1444,NULL,'2023-11-09',0,0,'Valbazen','',1,'2',3,34,0,'','ext-ct38','2023-11-21 14:44:30'),(365,4,18,1386,NULL,'2023-11-09',0,0,'Valbazen','',1,'2',3,34,0,'','ext-ct38','2023-11-21 14:44:30'),(366,4,18,1383,NULL,'2023-11-09',0,0,'Valbazen','',1,'2',3,34,0,'','ext-ct38','2023-11-21 14:44:30'),(367,4,18,1488,NULL,'2023-11-09',0,0,'Valbazen','',1,'2',3,34,0,'','ext-ct38','2023-11-21 14:44:30'),(368,4,18,1443,NULL,'2023-11-09',0,0,'Valbazen','',1,'2',3,34,0,'','ext-ct38','2023-11-21 14:44:30'),(369,4,18,1355,NULL,'2023-11-09',0,0,'Valbazen','',1,'2',3,34,0,'','ext-ct38','2023-11-21 14:44:30'),(370,4,18,1388,NULL,'2023-11-09',0,0,'Valbazen','',1,'2',3,34,0,'','ext-ct38','2023-11-21 14:44:30'),(371,4,18,1448,NULL,'2023-11-09',0,0,'Valbazen','',1,'2',3,34,0,'','ext-ct38','2023-11-21 14:44:30'),(372,4,18,1460,NULL,'2023-11-09',0,0,'Valbazen','',1,'2',3,34,0,'','ext-ct38','2023-11-21 14:44:30'),(373,4,18,1415,NULL,'2023-11-09',0,0,'Valbazen','',1,'2',3,34,0,'','ext-ct38','2023-11-21 14:44:30'),(374,4,18,1381,NULL,'2023-11-09',0,0,'Valbazen','',1,'2',3,34,0,'','ext-ct38','2023-11-21 14:44:30'),(375,4,18,1409,NULL,'2023-11-09',0,0,'Valbazen','',1,'2',3,34,0,'','ext-ct38','2023-11-21 14:44:30'),(376,4,18,1408,NULL,'2023-11-09',0,0,'Valbazen','',1,'2',3,34,0,'','ext-ct38','2023-11-21 14:44:30'),(377,4,18,1417,NULL,'2023-11-09',0,0,'Valbazen','',1,'2',3,34,0,'','ext-ct38','2023-11-21 14:44:30'),(378,4,18,1461,NULL,'2023-11-09',0,0,'Valbazen','',1,'2',3,34,0,'','ext-ct38','2023-11-21 14:44:30'),(379,4,18,1517,NULL,'2023-11-09',0,0,'Valbazen','',1,'2',3,34,0,'','ext-ct38','2023-11-21 14:44:30'),(380,4,18,1495,NULL,'2023-11-09',0,0,'Valbazen','',1,'2',3,34,0,'','ext-ct38','2023-11-21 14:44:30'),(381,4,18,1481,NULL,'2023-11-09',0,0,'Valbazen','',1,'2',3,34,0,'','ext-ct38','2023-11-21 14:44:30'),(382,4,18,1476,NULL,'2023-11-09',0,0,'Valbazen','',1,'2',3,34,0,'','ext-ct38','2023-11-21 14:44:30'),(383,4,18,1376,NULL,'2023-11-09',0,0,'Valbazen','',1,'2',3,34,0,'','ext-ct38','2023-11-21 14:44:30'),(384,4,18,1436,NULL,'2023-11-09',0,0,'Valbazen','',1,'2',3,34,0,'','ext-ct38','2023-11-21 14:44:30'),(385,4,18,1359,NULL,'2023-11-09',0,0,'Valbazen','',1,'2',3,34,0,'','ext-ct38','2023-11-21 14:44:30'),(386,4,18,1468,NULL,'2023-11-09',0,0,'Valbazen','',1,'2',3,34,0,'','ext-ct38','2023-11-21 14:44:30'),(387,4,18,1431,NULL,'2023-11-09',0,0,'Valbazen','',1,'2',3,34,0,'','ext-ct38','2023-11-21 14:44:30'),(388,4,18,1472,NULL,'2023-11-09',0,0,'Valbazen','',1,'2',3,34,0,'','ext-ct38','2023-11-21 14:44:30'),(389,4,18,1453,NULL,'2023-11-09',0,0,'Valbazen','',1,'2',3,34,0,'','ext-ct38','2023-11-21 14:44:30'),(390,4,18,1435,NULL,'2023-11-09',0,0,'Valbazen','',1,'2',3,34,0,'','ext-ct38','2023-11-21 14:44:30'),(391,4,18,1429,NULL,'2023-11-09',0,0,'Valbazen','',1,'2',3,34,0,'','ext-ct38','2023-11-21 14:44:30'),(392,4,18,1421,NULL,'2023-11-09',0,0,'Valbazen','',1,'2',3,34,0,'','ext-ct38','2023-11-21 14:44:30'),(393,4,18,1368,NULL,'2023-11-09',0,0,'Valbazen','',1,'2',3,34,0,'','ext-ct38','2023-11-21 14:44:30'),(394,4,18,1427,NULL,'2023-11-09',0,0,'Valbazen','',1,'2',3,34,0,'','ext-ct38','2023-11-21 14:44:30'),(395,4,18,1387,NULL,'2023-11-09',0,0,'Valbazen','',1,'2',3,34,0,'','ext-ct38','2023-11-21 14:44:30'),(396,4,18,1447,NULL,'2023-11-09',0,0,'Valbazen','',1,'2',3,34,0,'','ext-ct38','2023-11-21 14:44:30'),(397,4,18,1454,NULL,'2023-11-09',0,0,'Valbazen','',1,'2',3,34,0,'','ext-ct38','2023-11-21 14:44:30'),(398,4,18,1369,NULL,'2023-11-09',0,0,'Valbazen','',1,'2',3,34,0,'','ext-ct38','2023-11-21 14:44:30'),(399,4,18,1423,NULL,'2023-11-09',0,0,'Valbazen','',1,'2',3,34,0,'','ext-ct38','2023-11-21 14:44:30'),(400,4,18,1410,NULL,'2023-11-09',0,0,'Valbazen','',1,'2',3,34,0,'','ext-ct38','2023-11-21 14:44:30'),(401,4,18,1508,NULL,'2023-11-09',0,0,'Valbazen','',1,'2',3,34,0,'','ext-ct38','2023-11-21 14:44:30'),(402,4,18,1503,NULL,'2023-11-09',0,0,'Valbazen','',1,'2',3,34,0,'','ext-ct38','2023-11-21 14:44:30'),(403,4,18,1516,NULL,'2023-11-09',0,0,'Valbazen','',1,'2',3,34,0,'','ext-ct38','2023-11-21 14:44:30'),(404,4,18,1512,NULL,'2023-11-09',0,0,'Valbazen','',1,'2',3,34,0,'','ext-ct38','2023-11-21 14:44:30'),(405,4,18,1501,NULL,'2023-11-09',0,0,'Valbazen','',1,'2',3,34,0,'','ext-ct38','2023-11-21 14:44:30'),(406,4,18,1513,NULL,'2023-11-09',0,0,'Valbazen','',1,'2',3,34,0,'','ext-ct38','2023-11-21 14:44:30'),(407,4,18,1521,NULL,'2023-11-09',0,0,'Valbazen','',1,'2',3,34,0,'','ext-ct38','2023-11-21 14:44:30'),(408,4,18,1504,NULL,'2023-11-09',0,0,'Valbazen','',1,'2',3,34,0,'','ext-ct38','2023-11-21 14:44:30'),(409,4,18,1520,NULL,'2023-11-09',0,0,'Valbazen','',1,'2',3,34,0,'','ext-ct38','2023-11-21 14:44:30'),(410,4,18,1510,NULL,'2023-11-09',0,0,'Valbazen','',1,'2',3,34,0,'','ext-ct38','2023-11-21 14:44:30'),(411,4,18,1500,NULL,'2023-11-09',0,0,'Valbazen','',1,'2',3,34,0,'','ext-ct38','2023-11-21 14:44:30'),(412,4,18,1497,NULL,'2023-11-09',0,0,'Valbazen','',1,'2',3,34,0,'','ext-ct38','2023-11-21 14:44:30'),(413,4,18,1499,NULL,'2023-11-09',0,0,'Valbazen','',1,'2',3,34,0,'','ext-ct38','2023-11-21 14:44:30'),(414,4,18,1519,NULL,'2023-11-09',0,0,'Valbazen','',1,'2',3,34,0,'','ext-ct38','2023-11-21 14:44:30'),(415,4,18,1514,NULL,'2023-11-09',0,0,'Valbazen','',1,'2',3,34,0,'','ext-ct38','2023-11-21 14:44:30'),(416,4,18,1511,NULL,'2023-11-09',0,0,'Valbazen','',1,'2',3,34,0,'','ext-ct38','2023-11-21 14:44:30'),(417,4,18,1505,NULL,'2023-11-09',0,0,'Valbazen','',1,'2',3,34,0,'','ext-ct38','2023-11-21 14:44:30'),(418,4,18,1496,NULL,'2023-11-09',0,0,'Valbazen','',1,'2',3,34,0,'','ext-ct38','2023-11-21 14:44:30'),(419,4,18,1522,NULL,'2023-11-09',0,0,'Valbazen','',1,'2',3,34,0,'','ext-ct38','2023-11-21 14:44:30'),(420,4,18,1509,NULL,'2023-11-09',0,0,'Valbazen','',1,'2',3,34,0,'','ext-ct38','2023-11-21 14:44:30'),(421,4,18,1498,NULL,'2023-11-09',0,0,'Valbazen','',1,'2',3,34,0,'','ext-ct38','2023-11-21 14:44:30'),(422,4,18,1515,NULL,'2023-11-09',0,0,'Valbazen','',1,'2',3,34,0,'','ext-ct38','2023-11-21 14:44:30'),(423,4,18,1507,NULL,'2023-11-09',0,0,'Valbazen','',1,'2',3,34,0,'','ext-ct38','2023-11-21 14:44:30'),(424,4,18,1506,NULL,'2023-11-09',0,0,'Valbazen','',1,'2',3,34,0,'','ext-ct38','2023-11-21 14:44:30'),(425,4,18,1502,NULL,'2023-11-09',0,0,'Valbazen','',1,'2',3,34,0,'','ext-ct38','2023-11-21 14:44:30'),(426,4,18,1518,NULL,'2023-11-09',0,0,'Valbazen','',1,'2',3,34,0,'','ext-ct38','2023-11-21 14:44:30'),(427,4,18,1380,NULL,'2023-11-09',0,0,'Valbazen','',1,'2',3,34,0,'','ext-ct38','2023-11-21 14:44:30'),(428,4,18,1449,NULL,'2023-11-09',0,0,'Valbazen','',1,'2',3,34,0,'','ext-ct38','2023-11-21 14:44:30'),(429,2,9,878,NULL,'2024-03-12',NULL,NULL,'Nuflor',NULL,1,'3',1,1,NULL,NULL,'ext-ct38','2024-03-12 12:49:29');
/*!40000 ALTER TABLE `event_health` ENABLE KEYS */;
UNLOCK TABLES;

--
-- Table structure for table `event_health_mapping`
--

DROP TABLE IF EXISTS `event_health_mapping`;
/*!40101 SET @saved_cs_client     = @@character_set_client */;
 SET character_set_client = utf8mb4 ;
CREATE TABLE `event_health_mapping` (
  `id` int(11) NOT NULL AUTO_INCREMENT,
  `event_id` int(11) DEFAULT NULL,
  `health_id` int(11) DEFAULT NULL,
  `event_datetime` datetime DEFAULT NULL,
  PRIMARY KEY (`id`),
  KEY `event_id` (`event_id`),
  KEY `health_id` (`health_id`),
  CONSTRAINT `event_health_mapping_ibfk_1` FOREIGN KEY (`event_id`) REFERENCES `event_custom` (`id`),
  CONSTRAINT `event_health_mapping_ibfk_2` FOREIGN KEY (`health_id`) REFERENCES `event_health` (`id`)
) ENGINE=InnoDB AUTO_INCREMENT=406 DEFAULT CHARSET=utf8;
/*!40101 SET character_set_client = @saved_cs_client */;

--
-- Dumping data for table `event_health_mapping`
--

LOCK TABLES `event_health_mapping` WRITE;
/*!40000 ALTER TABLE `event_health_mapping` DISABLE KEYS */;
INSERT INTO `event_health_mapping` VALUES (1,1,1,NULL),(2,25,2,NULL),(3,32,3,NULL),(4,33,4,NULL),(5,35,5,NULL),(6,36,6,NULL),(7,39,7,NULL),(8,40,8,NULL),(9,41,9,NULL),(10,42,10,NULL),(11,44,11,'2023-08-29 10:24:23'),(12,45,12,'2023-08-30 11:10:15'),(13,46,13,'2023-08-30 11:10:15'),(14,48,14,'2023-08-30 11:10:15'),(15,49,15,'2023-08-30 11:10:15'),(16,50,16,'2023-08-30 11:10:15'),(17,51,17,'2023-08-30 11:10:15'),(18,52,18,'2023-09-05 14:37:08'),(19,53,19,'2023-09-05 14:37:08'),(21,55,21,'2023-09-12 14:07:55'),(22,56,22,'2023-09-12 14:07:55'),(23,55,23,'2023-09-12 14:07:55'),(24,56,24,'2023-09-12 14:07:55'),(25,57,25,'2023-09-14 11:14:13'),(26,59,26,'2023-09-14 12:38:22'),(27,61,27,'2023-09-14 12:42:18'),(28,62,28,'2023-09-14 12:42:18'),(29,63,29,'2023-09-19 14:31:52'),(30,64,30,'2023-09-19 14:31:52'),(31,65,31,'2023-09-19 14:31:52'),(32,66,32,'2023-09-19 14:31:52'),(33,67,33,'2023-09-19 14:31:52'),(34,68,34,'2023-09-19 14:31:52'),(35,69,35,'2023-09-19 14:31:52'),(36,70,36,'2023-09-19 14:31:52'),(37,82,37,'2023-09-19 14:31:52'),(38,85,38,'2023-09-19 14:31:52'),(39,100,39,'2023-09-19 14:31:52'),(40,89,40,'2023-09-19 14:31:52'),(41,106,41,'2023-09-19 14:31:52'),(42,73,42,'2023-09-19 14:31:52'),(43,93,43,'2023-09-19 14:31:52'),(44,90,44,'2023-09-19 14:31:52'),(45,111,45,'2023-09-19 14:31:52'),(46,76,46,'2023-09-19 14:31:52'),(47,80,47,'2023-09-19 14:31:52'),(48,74,48,'2023-09-19 14:31:52'),(49,99,49,'2023-09-19 14:31:52'),(50,81,50,'2023-09-19 14:31:52'),(51,102,51,'2023-09-19 14:31:52'),(52,105,52,'2023-09-19 14:31:52'),(53,75,53,'2023-09-19 14:31:52'),(54,84,54,'2023-09-19 14:31:52'),(55,83,55,'2023-09-19 14:31:52'),(56,117,56,'2023-09-19 14:31:52'),(57,79,57,'2023-09-19 14:31:52'),(58,103,58,'2023-09-19 14:31:52'),(59,116,59,'2023-09-19 14:31:52'),(60,113,60,'2023-09-19 14:31:52'),(61,86,61,'2023-09-19 14:31:52'),(62,71,62,'2023-09-19 14:31:52'),(63,78,63,'2023-09-19 14:31:52'),(64,114,64,'2023-09-19 14:31:52'),(65,92,65,'2023-09-19 14:31:52'),(66,72,66,'2023-09-19 14:31:52'),(67,96,67,'2023-09-19 14:31:52'),(68,107,68,'2023-09-19 14:31:52'),(69,104,69,'2023-09-19 14:31:52'),(70,109,70,'2023-09-19 14:31:52'),(71,108,71,'2023-09-19 14:31:52'),(72,115,72,'2023-09-19 14:31:52'),(73,94,73,'2023-09-19 14:31:52'),(74,98,74,'2023-09-19 14:31:52'),(75,87,75,'2023-09-19 14:31:53'),(76,110,76,'2023-09-19 14:31:53'),(77,88,77,'2023-09-19 14:31:53'),(78,97,78,'2023-09-19 14:31:53'),(79,95,79,'2023-09-19 14:31:53'),(80,77,80,'2023-09-19 14:31:53'),(81,91,81,'2023-09-19 14:31:53'),(82,101,82,'2023-09-19 14:31:53'),(83,112,83,'2023-09-19 14:31:53'),(84,118,84,'2023-09-19 16:07:46'),(85,143,85,'2023-09-19 16:07:46'),(86,119,86,'2023-09-19 16:07:46'),(87,120,87,'2023-09-19 16:07:46'),(88,121,88,'2023-09-19 16:07:46'),(89,122,89,'2023-09-19 16:07:46'),(90,123,90,'2023-09-19 16:07:46'),(91,124,91,'2023-09-19 16:07:46'),(92,125,92,'2023-09-19 16:07:46'),(93,126,93,'2023-09-19 16:07:46'),(94,127,94,'2023-09-19 16:07:46'),(95,128,95,'2023-09-19 16:07:46'),(96,129,96,'2023-09-19 16:07:46'),(97,130,97,'2023-09-19 16:07:46'),(98,131,98,'2023-09-19 16:07:46'),(99,132,99,'2023-09-19 16:07:46'),(100,133,100,'2023-09-19 16:07:46'),(101,134,101,'2023-09-19 16:07:46'),(102,135,102,'2023-09-19 16:07:46'),(103,136,103,'2023-09-19 16:07:46'),(104,137,104,'2023-09-19 16:07:46'),(105,138,105,'2023-09-19 16:07:46'),(106,139,106,'2023-09-19 16:07:46'),(107,140,107,'2023-09-19 16:07:46'),(108,141,108,'2023-09-19 16:07:46'),(109,142,109,'2023-09-19 16:07:46'),(110,144,110,'2023-09-19 16:07:46'),(111,145,111,'2023-09-19 16:07:46'),(112,146,112,'2023-09-19 16:07:46'),(113,147,113,'2023-09-19 16:07:46'),(114,148,114,'2023-09-19 16:07:46'),(115,149,115,'2023-09-19 16:07:46'),(116,150,116,'2023-09-19 16:07:46'),(117,151,117,'2023-09-19 16:07:46'),(118,152,118,'2023-09-19 16:07:46'),(119,153,119,'2023-09-19 16:07:46'),(120,154,120,'2023-09-19 16:07:46'),(121,155,121,'2023-09-19 16:07:46'),(122,156,122,'2023-09-19 16:07:46'),(123,157,123,'2023-09-19 16:07:46'),(124,158,124,'2023-09-19 16:07:46'),(125,159,125,'2023-09-19 16:07:46'),(126,160,126,'2023-09-19 16:07:46'),(127,161,127,'2023-09-19 16:07:46'),(128,162,128,'2023-09-19 16:07:46'),(129,163,129,'2023-09-19 16:07:46'),(130,164,130,'2023-09-19 16:07:46'),(131,165,131,'2023-09-19 16:07:46'),(132,166,132,'2023-09-19 16:07:46'),(133,167,133,'2023-09-19 16:07:46'),(134,168,134,'2023-09-19 16:07:46'),(135,169,135,'2023-09-19 16:07:46'),(136,170,136,'2023-09-19 16:07:46'),(137,171,137,'2023-09-19 16:07:46'),(138,172,138,'2023-09-19 16:07:46'),(139,173,139,'2023-09-19 16:07:46'),(140,323,163,'2023-10-03 09:40:21'),(141,324,164,'2023-10-03 09:40:21'),(142,325,165,'2023-10-03 09:40:21'),(143,326,166,'2023-10-03 09:40:21'),(144,327,167,'2023-10-03 09:40:21'),(145,328,168,'2023-10-03 09:40:21'),(146,329,169,'2023-10-03 09:40:21'),(148,359,171,'2023-10-26 14:14:14'),(149,360,172,'2023-10-26 14:19:07'),(155,396,178,'2023-10-31 12:32:33'),(156,397,179,'2023-10-31 12:32:49'),(157,440,180,'2023-11-21 10:13:34'),(158,441,181,'2023-11-21 10:13:35'),(159,442,182,'2023-11-21 10:13:35'),(160,443,183,'2023-11-21 10:13:35'),(161,444,184,'2023-11-21 10:13:35'),(162,445,185,'2023-11-21 10:13:35'),(163,446,186,'2023-11-21 10:13:35'),(164,447,187,'2023-11-21 10:13:35'),(165,448,188,'2023-11-21 10:13:35'),(166,449,189,'2023-11-21 10:13:35'),(167,450,190,'2023-11-21 10:13:35'),(168,451,191,'2023-11-21 10:13:35'),(169,452,192,'2023-11-21 10:13:35'),(170,453,193,'2023-11-21 10:13:35'),(171,454,194,'2023-11-21 10:13:35'),(172,455,195,'2023-11-21 10:13:35'),(173,456,196,'2023-11-21 10:13:35'),(174,457,197,'2023-11-21 10:13:35'),(175,458,198,'2023-11-21 10:13:35'),(176,459,199,'2023-11-21 10:13:35'),(177,460,200,'2023-11-21 10:13:35'),(178,461,201,'2023-11-21 10:13:35'),(179,462,202,'2023-11-21 10:13:35'),(180,463,203,'2023-11-21 10:13:35'),(181,464,204,'2023-11-21 10:13:35'),(182,465,205,'2023-11-21 10:13:35'),(183,466,206,'2023-11-21 10:13:35'),(184,467,207,'2023-11-21 10:13:35'),(185,468,208,'2023-11-21 10:13:35'),(186,469,209,'2023-11-21 10:13:35'),(187,470,210,'2023-11-21 10:13:35'),(188,471,211,'2023-11-21 10:13:35'),(189,472,212,'2023-11-21 10:13:35'),(190,473,213,'2023-11-21 10:13:35'),(191,474,214,'2023-11-21 10:13:35'),(192,475,215,'2023-11-21 10:13:35'),(193,476,216,'2023-11-21 10:13:35'),(194,477,217,'2023-11-21 10:13:35'),(195,478,218,'2023-11-21 10:13:35'),(196,479,219,'2023-11-21 10:13:35'),(197,480,220,'2023-11-21 10:13:35'),(198,481,221,'2023-11-21 10:13:35'),(199,482,222,'2023-11-21 10:13:35'),(200,483,223,'2023-11-21 10:13:35'),(201,484,224,'2023-11-21 10:13:35'),(202,485,225,'2023-11-21 10:13:35'),(203,486,226,'2023-11-21 10:13:35'),(204,487,227,'2023-11-21 10:13:35'),(205,488,228,'2023-11-21 10:13:35'),(206,489,229,'2023-11-21 10:13:35'),(207,490,230,'2023-11-21 10:13:35'),(208,491,231,'2023-11-21 10:13:35'),(209,492,232,'2023-11-21 10:13:35'),(210,493,233,'2023-11-21 10:13:35'),(211,494,234,'2023-11-21 10:13:35'),(212,495,235,'2023-11-21 10:13:35'),(213,496,236,'2023-11-21 10:13:35'),(214,497,237,'2023-11-21 10:13:35'),(215,498,238,'2023-11-21 10:13:35'),(216,499,239,'2023-11-21 10:13:35'),(217,500,240,'2023-11-21 10:13:35'),(218,501,241,'2023-11-21 10:13:35'),(219,502,242,'2023-11-21 10:13:35'),(220,503,243,'2023-11-21 10:13:35'),(221,504,244,'2023-11-21 10:13:35'),(222,505,245,'2023-11-21 10:13:35'),(223,506,246,'2023-11-21 10:13:35'),(224,507,247,'2023-11-21 10:13:35'),(225,508,248,'2023-11-21 10:13:35'),(226,509,249,'2023-11-21 10:13:35'),(227,510,250,'2023-11-21 10:13:35'),(228,511,251,'2023-11-21 10:13:35'),(229,512,252,'2023-11-21 10:13:35'),(230,513,253,'2023-11-21 10:13:35'),(231,514,254,'2023-11-21 10:13:35'),(232,515,255,'2023-11-21 14:44:30'),(233,516,256,'2023-11-21 14:44:30'),(234,517,257,'2023-11-21 14:44:30'),(235,518,258,'2023-11-21 14:44:30'),(236,519,259,'2023-11-21 14:44:30'),(237,520,260,'2023-11-21 14:44:30'),(238,521,261,'2023-11-21 14:44:30'),(239,522,262,'2023-11-21 14:44:30'),(240,523,263,'2023-11-21 14:44:30'),(241,524,264,'2023-11-21 14:44:30'),(242,525,265,'2023-11-21 14:44:30'),(243,526,266,'2023-11-21 14:44:30'),(244,527,267,'2023-11-21 14:44:30'),(245,528,268,'2023-11-21 14:44:30'),(246,529,269,'2023-11-21 14:44:30'),(247,530,270,'2023-11-21 14:44:30'),(248,531,271,'2023-11-21 14:44:30'),(249,532,272,'2023-11-21 14:44:30'),(250,533,273,'2023-11-21 14:44:30'),(251,534,274,'2023-11-21 14:44:30'),(252,535,275,'2023-11-21 14:44:30'),(253,536,276,'2023-11-21 14:44:30'),(254,537,277,'2023-11-21 14:44:30'),(255,538,278,'2023-11-21 14:44:30'),(256,539,279,'2023-11-21 14:44:30'),(257,540,280,'2023-11-21 14:44:30'),(258,541,281,'2023-11-21 14:44:30'),(259,542,282,'2023-11-21 14:44:30'),(260,543,283,'2023-11-21 14:44:30'),(261,544,284,'2023-11-21 14:44:30'),(262,545,285,'2023-11-21 14:44:30'),(263,546,286,'2023-11-21 14:44:30'),(264,547,287,'2023-11-21 14:44:30'),(265,548,288,'2023-11-21 14:44:30'),(266,549,289,'2023-11-21 14:44:30'),(267,550,290,'2023-11-21 14:44:30'),(268,551,291,'2023-11-21 14:44:30'),(269,552,292,'2023-11-21 14:44:30'),(270,553,293,'2023-11-21 14:44:30'),(271,554,294,'2023-11-21 14:44:30'),(272,555,295,'2023-11-21 14:44:30'),(273,556,296,'2023-11-21 14:44:30'),(274,557,297,'2023-11-21 14:44:30'),(275,558,298,'2023-11-21 14:44:30'),(276,559,299,'2023-11-21 14:44:30'),(277,560,300,'2023-11-21 14:44:30'),(278,561,301,'2023-11-21 14:44:30'),(279,562,302,'2023-11-21 14:44:30'),(280,563,303,'2023-11-21 14:44:30'),(281,564,304,'2023-11-21 14:44:30'),(282,565,305,'2023-11-21 14:44:30'),(283,566,306,'2023-11-21 14:44:30'),(284,567,307,'2023-11-21 14:44:30'),(285,568,308,'2023-11-21 14:44:30'),(286,569,309,'2023-11-21 14:44:30'),(287,570,310,'2023-11-21 14:44:30'),(288,571,311,'2023-11-21 14:44:30'),(289,572,312,'2023-11-21 14:44:30'),(290,573,313,'2023-11-21 14:44:30'),(291,574,314,'2023-11-21 14:44:30'),(292,575,315,'2023-11-21 14:44:30'),(293,576,316,'2023-11-21 14:44:30'),(294,577,317,'2023-11-21 14:44:30'),(295,578,318,'2023-11-21 14:44:30'),(296,579,319,'2023-11-21 14:44:30'),(297,580,320,'2023-11-21 14:44:30'),(298,581,321,'2023-11-21 14:44:30'),(299,582,322,'2023-11-21 14:44:30'),(300,583,323,'2023-11-21 14:44:30'),(301,584,324,'2023-11-21 14:44:30'),(302,585,325,'2023-11-21 14:44:30'),(303,586,326,'2023-11-21 14:44:30'),(304,587,327,'2023-11-21 14:44:30'),(305,588,328,'2023-11-21 14:44:30'),(306,589,329,'2023-11-21 14:44:30'),(307,590,330,'2023-11-21 14:44:30'),(308,591,331,'2023-11-21 14:44:30'),(309,592,332,'2023-11-21 14:44:30'),(310,593,333,'2023-11-21 14:44:30'),(311,594,334,'2023-11-21 14:44:30'),(312,595,335,'2023-11-21 14:44:30'),(313,596,336,'2023-11-21 14:44:30'),(314,597,337,'2023-11-21 14:44:30'),(315,598,338,'2023-11-21 14:44:30'),(316,599,339,'2023-11-21 14:44:30'),(317,600,340,'2023-11-21 14:44:30'),(318,601,341,'2023-11-21 14:44:30'),(319,602,342,'2023-11-21 14:44:30'),(320,603,343,'2023-11-21 14:44:30'),(321,604,344,'2023-11-21 14:44:30'),(322,605,345,'2023-11-21 14:44:30'),(323,606,346,'2023-11-21 14:44:30'),(324,607,347,'2023-11-21 14:44:30'),(325,608,348,'2023-11-21 14:44:30'),(326,609,349,'2023-11-21 14:44:30'),(327,610,350,'2023-11-21 14:44:30'),(328,611,351,'2023-11-21 14:44:30'),(329,612,352,'2023-11-21 14:44:30'),(330,613,353,'2023-11-21 14:44:30'),(331,614,354,'2023-11-21 14:44:30'),(332,615,355,'2023-11-21 14:44:30'),(333,616,356,'2023-11-21 14:44:30'),(334,617,357,'2023-11-21 14:44:30'),(335,618,358,'2023-11-21 14:44:30'),(336,619,359,'2023-11-21 14:44:30'),(337,620,360,'2023-11-21 14:44:30'),(338,621,361,'2023-11-21 14:44:30'),(339,622,362,'2023-11-21 14:44:30'),(340,623,363,'2023-11-21 14:44:30'),(341,624,364,'2023-11-21 14:44:30'),(342,625,365,'2023-11-21 14:44:30'),(343,626,366,'2023-11-21 14:44:30'),(344,627,367,'2023-11-21 14:44:30'),(345,628,368,'2023-11-21 14:44:30'),(346,629,369,'2023-11-21 14:44:30'),(347,630,370,'2023-11-21 14:44:30'),(348,631,371,'2023-11-21 14:44:30'),(349,632,372,'2023-11-21 14:44:30'),(350,633,373,'2023-11-21 14:44:30'),(351,634,374,'2023-11-21 14:44:30'),(352,635,375,'2023-11-21 14:44:30'),(353,636,376,'2023-11-21 14:44:30'),(354,637,377,'2023-11-21 14:44:30'),(355,638,378,'2023-11-21 14:44:30'),(356,639,379,'2023-11-21 14:44:30'),(357,640,380,'2023-11-21 14:44:30'),(358,641,381,'2023-11-21 14:44:30'),(359,642,382,'2023-11-21 14:44:30'),(360,643,383,'2023-11-21 14:44:30'),(361,644,384,'2023-11-21 14:44:30'),(362,645,385,'2023-11-21 14:44:30'),(363,646,386,'2023-11-21 14:44:30'),(364,647,387,'2023-11-21 14:44:30'),(365,648,388,'2023-11-21 14:44:30'),(366,649,389,'2023-11-21 14:44:30'),(367,650,390,'2023-11-21 14:44:30'),(368,651,391,'2023-11-21 14:44:30'),(369,653,392,'2023-11-21 14:44:30'),(370,654,393,'2023-11-21 14:44:30'),(371,655,394,'2023-11-21 14:44:30'),(372,656,395,'2023-11-21 14:44:30'),(373,657,396,'2023-11-21 14:44:30'),(374,658,397,'2023-11-21 14:44:30'),(375,659,398,'2023-11-21 14:44:30'),(376,660,399,'2023-11-21 14:44:30'),(377,661,400,'2023-11-21 14:44:30'),(378,662,401,'2023-11-21 14:44:30'),(379,663,402,'2023-11-21 14:44:30'),(380,664,403,'2023-11-21 14:44:30'),(381,665,404,'2023-11-21 14:44:30'),(382,666,405,'2023-11-21 14:44:30'),(383,667,406,'2023-11-21 14:44:30'),(384,668,407,'2023-11-21 14:44:30'),(385,669,408,'2023-11-21 14:44:30'),(386,670,409,'2023-11-21 14:44:30'),(387,671,410,'2023-11-21 14:44:30'),(388,672,411,'2023-11-21 14:44:30'),(389,673,412,'2023-11-21 14:44:30'),(390,674,413,'2023-11-21 14:44:30'),(391,675,414,'2023-11-21 14:44:30'),(392,676,415,'2023-11-21 14:44:30'),(393,677,416,'2023-11-21 14:44:30'),(394,678,417,'2023-11-21 14:44:30'),(395,679,418,'2023-11-21 14:44:30'),(396,680,419,'2023-11-21 14:44:30'),(397,681,420,'2023-11-21 14:44:30'),(398,682,421,'2023-11-21 14:44:30'),(399,683,422,'2023-11-21 14:44:30'),(400,684,423,'2023-11-21 14:44:30'),(401,685,424,'2023-11-21 14:44:30'),(402,686,425,'2023-11-21 14:44:30'),(403,687,426,'2023-11-21 14:44:30'),(404,688,427,'2023-11-21 14:44:30'),(405,689,428,'2023-11-21 14:44:30');
/*!40000 ALTER TABLE `event_health_mapping` ENABLE KEYS */;
UNLOCK TABLES;

--
-- Table structure for table `event_move`
--

DROP TABLE IF EXISTS `event_move`;
/*!40101 SET @saved_cs_client     = @@character_set_client */;
 SET character_set_client = utf8mb4 ;
CREATE TABLE `event_move` (
  `id` int(11) NOT NULL AUTO_INCREMENT,
  `action_type_id` int(11) NOT NULL,
  `actions_id` int(11) NOT NULL,
  `current_group_id` int(11) DEFAULT NULL,
  `previous_group_id` int(11) DEFAULT NULL,
  `animal_id` int(11) DEFAULT NULL,
  `user_id` varchar(255) NOT NULL,
  `event_datetime` datetime NOT NULL,
  PRIMARY KEY (`id`)
) ENGINE=InnoDB AUTO_INCREMENT=37 DEFAULT CHARSET=utf8;
/*!40101 SET character_set_client = @saved_cs_client */;

--
-- Dumping data for table `event_move`
--

LOCK TABLES `event_move` WRITE;
/*!40000 ALTER TABLE `event_move` DISABLE KEYS */;
INSERT INTO `event_move` VALUES (1,1,1,74,51,850,'ext-ct38','2023-09-19 14:36:37'),(2,1,1,74,57,753,'ext-ct38','2023-09-19 14:44:47'),(3,1,1,74,58,747,'ext-ct38','2023-09-19 14:45:55'),(4,1,1,74,58,752,'ext-ct38','2023-09-19 14:45:55'),(5,1,1,74,58,792,'ext-ct38','2023-09-19 14:45:55'),(6,1,1,74,58,763,'ext-ct38','2023-09-19 14:45:55'),(7,1,1,74,58,809,'ext-ct38','2023-09-19 14:45:55'),(8,1,1,74,58,789,'ext-ct38','2023-09-19 14:45:55'),(9,1,1,74,58,823,'ext-ct38','2023-09-19 14:47:17'),(10,1,1,74,58,782,'ext-ct38','2023-09-19 14:47:17'),(11,1,1,74,58,834,'ext-ct38','2023-09-19 14:47:17'),(12,1,1,74,58,822,'ext-ct38','2023-09-19 14:47:17'),(13,1,1,74,58,867,'ext-ct38','2023-09-19 14:47:17'),(14,1,1,74,58,875,'ext-ct38','2023-09-19 14:47:17'),(15,1,1,74,58,837,'ext-ct38','2023-09-19 14:47:17'),(16,1,1,74,58,835,'ext-ct38','2023-09-19 14:47:17'),(17,1,2,74,58,764,'ext-ct38','2023-09-19 14:51:38'),(18,1,2,74,58,839,'ext-ct38','2023-09-19 14:51:38'),(19,1,2,74,58,840,'ext-ct38','2023-09-19 14:51:38'),(20,1,2,74,58,784,'ext-ct38','2023-09-19 14:51:38'),(21,1,2,74,58,779,'ext-ct38','2023-09-19 14:51:38'),(22,1,2,74,58,787,'ext-ct38','2023-09-19 14:51:38'),(23,1,2,74,58,802,'ext-ct38','2023-09-19 14:51:38'),(24,1,2,74,58,781,'ext-ct38','2023-09-19 14:51:38'),(25,1,2,74,57,746,'ext-ct38','2023-09-19 14:51:38'),(26,1,2,74,57,847,'ext-ct38','2023-09-19 14:51:38'),(27,1,2,74,57,748,'ext-ct38','2023-09-19 14:51:38'),(28,1,2,74,57,794,'ext-ct38','2023-09-19 14:51:38'),(29,1,2,74,57,761,'ext-ct38','2023-09-19 14:51:38'),(30,1,2,74,57,780,'ext-ct38','2023-09-19 14:51:38'),(31,1,2,74,57,807,'ext-ct38','2023-09-19 14:51:38'),(32,1,2,74,57,845,'ext-ct38','2023-09-19 14:51:38'),(33,1,2,74,57,861,'ext-ct38','2023-09-19 14:51:38'),(34,1,2,74,57,852,'ext-ct38','2023-09-19 14:51:38'),(35,1,2,74,57,870,'ext-ct38','2023-09-19 14:51:38'),(36,1,2,74,57,796,'ext-ct38','2023-09-19 14:51:38');
/*!40000 ALTER TABLE `event_move` ENABLE KEYS */;
UNLOCK TABLES;

--
-- Table structure for table `event_vaccination`
--

DROP TABLE IF EXISTS `event_vaccination`;
/*!40101 SET @saved_cs_client     = @@character_set_client */;
 SET character_set_client = utf8mb4 ;
CREATE TABLE `event_vaccination` (
  `id` int(11) NOT NULL AUTO_INCREMENT,
  `action_type_id` int(11) NOT NULL,
  `action_id` int(11) NOT NULL,
  `animal_id` int(11) DEFAULT NULL,
  `group_id` int(11) DEFAULT NULL,
  `date` date DEFAULT NULL,
  `volume` double DEFAULT NULL,
  `units_id` int(255) DEFAULT NULL,
  `vaccine` varchar(255) CHARACTER SET utf8 COLLATE utf8_general_ci DEFAULT NULL,
  `vaccine_other` varchar(255) CHARACTER SET utf8 COLLATE utf8_general_ci DEFAULT NULL,
  `roa_id` int(255) DEFAULT NULL,
  `serial_number` varchar(255) CHARACTER SET utf8 COLLATE utf8_general_ci DEFAULT NULL,
  `expiration_date` date DEFAULT NULL,
  `user_id` varchar(255) NOT NULL,
  `event_datetime` datetime NOT NULL,
  PRIMARY KEY (`id`)
) ENGINE=InnoDB AUTO_INCREMENT=1029 DEFAULT CHARSET=utf8;
/*!40101 SET character_set_client = @saved_cs_client */;

--
-- Dumping data for table `event_vaccination`
--

LOCK TABLES `event_vaccination` WRITE;
/*!40000 ALTER TABLE `event_vaccination` DISABLE KEYS */;
INSERT INTO `event_vaccination` VALUES (1,3,13,753,NULL,'2023-08-08',NULL,1,'Vira Shield™ 6+L5 HB',NULL,1,NULL,NULL,'ext-ct38','2023-08-08 09:17:31'),(2,3,13,851,NULL,'2023-08-08',NULL,1,'Vira Shield™ 6+L5 HB',NULL,1,NULL,NULL,'ext-ct38','2023-08-08 09:17:31'),(3,3,13,753,NULL,'2023-08-08',NULL,2,'Ultrabac® 8',NULL,1,NULL,NULL,'ext-ct38','2023-08-08 09:17:31'),(4,3,13,851,NULL,'2023-08-08',NULL,2,'Ultrabac® 8',NULL,1,NULL,NULL,'ext-ct38','2023-08-08 09:17:31'),(5,3,13,1013,NULL,'2022-01-01',NULL,3,'Bovi-Shield GOLD® FP® 5 L5',NULL,3,NULL,NULL,'ext-kn1','2023-08-22 15:11:34'),(6,3,13,999,NULL,'2022-01-01',NULL,3,'Bovi-Shield GOLD® FP® 5 L5',NULL,3,NULL,NULL,'ext-kn1','2023-08-22 15:11:34'),(7,3,13,1001,NULL,'2022-01-01',NULL,3,'Bovi-Shield GOLD® FP® 5 L5',NULL,3,NULL,NULL,'ext-kn1','2023-08-22 15:11:34'),(8,3,13,1015,NULL,'2023-08-31',NULL,3,'Bovi-Shield GOLD® FP® 5 L5 HB',NULL,3,NULL,NULL,'ext-kn1','2023-08-29 10:20:31'),(9,3,13,1001,NULL,'2023-08-31',NULL,3,'Bovi-Shield GOLD® FP® 5 L5 HB',NULL,3,NULL,NULL,'ext-kn1','2023-08-29 10:20:31'),(10,3,13,1024,NULL,'2023-08-31',NULL,3,'Bovi-Shield GOLD® FP® 5 L5 HB',NULL,3,NULL,NULL,'ext-kn1','2023-08-29 10:20:31'),(11,3,13,880,NULL,'2023-08-30',NULL,1,'Covexin® 8',NULL,1,NULL,NULL,'ext-ct38','2023-08-30 11:10:15'),(12,3,13,876,NULL,'2023-08-30',NULL,1,'Covexin® 8',NULL,1,NULL,NULL,'ext-ct38','2023-08-30 11:10:15'),(13,3,13,836,NULL,'2023-08-30',NULL,1,'Covexin® 8',NULL,1,NULL,NULL,'ext-ct38','2023-08-30 11:10:15'),(14,3,13,824,NULL,'2023-08-30',NULL,1,'Covexin® 8',NULL,1,NULL,NULL,'ext-ct38','2023-08-30 11:10:15'),(15,3,13,803,NULL,'2023-08-30',NULL,1,'Covexin® 8',NULL,1,NULL,NULL,'ext-ct38','2023-08-30 11:10:15'),(16,3,13,858,NULL,'2023-08-30',NULL,1,'Covexin® 8',NULL,1,NULL,NULL,'ext-ct38','2023-08-30 11:10:15'),(17,3,13,1027,NULL,'2023-09-05',5,1,'Ultrabac® 8',NULL,1,'632230C','2025-05-04','ext-ct38','2023-09-05 14:37:08'),(18,3,13,1028,NULL,'2023-09-05',5,1,'Ultrabac® 8',NULL,1,'632230C','2025-05-04','ext-ct38','2023-09-05 14:37:08'),(19,3,13,1027,NULL,'2023-09-05',2,2,'StayBred™ VL5',NULL,1,NULL,NULL,'ext-ct38','2023-09-05 14:37:08'),(20,3,13,1028,NULL,'2023-09-05',2,2,'StayBred™ VL5',NULL,1,NULL,NULL,'ext-ct38','2023-09-05 14:37:08'),(21,3,13,1013,NULL,'2023-02-02',NULL,5,'Bovi-Shield GOLD® FP® 5 L5',NULL,2,NULL,NULL,'ext-kn1','2023-09-14 12:42:18'),(22,3,13,1037,NULL,'2023-09-05',NULL,2,'Ultrabac® 8',NULL,1,'632230C','2025-05-04','ext-ct38','2023-09-19 14:31:53'),(23,3,13,1071,NULL,'2023-09-05',NULL,2,'Ultrabac® 8',NULL,1,'632230C','2025-05-04','ext-ct38','2023-09-19 14:31:53'),(24,3,13,1045,NULL,'2023-09-05',NULL,2,'Ultrabac® 8',NULL,1,'632230C','2025-05-04','ext-ct38','2023-09-19 14:31:53'),(25,3,13,1044,NULL,'2023-09-05',NULL,2,'Ultrabac® 8',NULL,1,'632230C','2025-05-04','ext-ct38','2023-09-19 14:31:53'),(26,3,13,1034,NULL,'2023-09-05',NULL,2,'Ultrabac® 8',NULL,1,'632230C','2025-05-04','ext-ct38','2023-09-19 14:31:53'),(27,3,13,1053,NULL,'2023-09-05',NULL,2,'Ultrabac® 8',NULL,1,'632230C','2025-05-04','ext-ct38','2023-09-19 14:31:53'),(28,3,13,1052,NULL,'2023-09-05',NULL,2,'Ultrabac® 8',NULL,1,'632230C','2025-05-04','ext-ct38','2023-09-19 14:31:53'),(29,3,13,1060,NULL,'2023-09-05',NULL,2,'Ultrabac® 8',NULL,1,'632230C','2025-05-04','ext-ct38','2023-09-19 14:31:53'),(30,3,13,1027,NULL,'2023-09-05',NULL,2,'Ultrabac® 8',NULL,1,'632230C','2025-05-04','ext-ct38','2023-09-19 14:31:53'),(31,3,13,1028,NULL,'2023-09-05',NULL,2,'Ultrabac® 8',NULL,1,'632230C','2025-05-04','ext-ct38','2023-09-19 14:31:53'),(32,3,13,1029,NULL,'2023-09-05',NULL,2,'Ultrabac® 8',NULL,1,'632230C','2025-05-04','ext-ct38','2023-09-19 14:31:53'),(33,3,13,1030,NULL,'2023-09-05',NULL,2,'Ultrabac® 8',NULL,1,'632230C','2025-05-04','ext-ct38','2023-09-19 14:31:53'),(34,3,13,1031,NULL,'2023-09-05',NULL,2,'Ultrabac® 8',NULL,1,'632230C','2025-05-04','ext-ct38','2023-09-19 14:31:53'),(35,3,13,1032,NULL,'2023-09-05',NULL,2,'Ultrabac® 8',NULL,1,'632230C','2025-05-04','ext-ct38','2023-09-19 14:31:53'),(36,3,13,1033,NULL,'2023-09-05',NULL,2,'Ultrabac® 8',NULL,1,'632230C','2025-05-04','ext-ct38','2023-09-19 14:31:53'),(37,3,13,1035,NULL,'2023-09-05',NULL,2,'Ultrabac® 8',NULL,1,'632230C','2025-05-04','ext-ct38','2023-09-19 14:31:53'),(38,3,13,1036,NULL,'2023-09-05',NULL,2,'Ultrabac® 8',NULL,1,'632230C','2025-05-04','ext-ct38','2023-09-19 14:31:53'),(39,3,13,1038,NULL,'2023-09-05',NULL,2,'Ultrabac® 8',NULL,1,'632230C','2025-05-04','ext-ct38','2023-09-19 14:31:53'),(40,3,13,1039,NULL,'2023-09-05',NULL,2,'Ultrabac® 8',NULL,1,'632230C','2025-05-04','ext-ct38','2023-09-19 14:31:53'),(41,3,13,1040,NULL,'2023-09-05',NULL,2,'Ultrabac® 8',NULL,1,'632230C','2025-05-04','ext-ct38','2023-09-19 14:31:53'),(42,3,13,1041,NULL,'2023-09-05',NULL,2,'Ultrabac® 8',NULL,1,'632230C','2025-05-04','ext-ct38','2023-09-19 14:31:53'),(43,3,13,1042,NULL,'2023-09-05',NULL,2,'Ultrabac® 8',NULL,1,'632230C','2025-05-04','ext-ct38','2023-09-19 14:31:53'),(44,3,13,1043,NULL,'2023-09-05',NULL,2,'Ultrabac® 8',NULL,1,'632230C','2025-05-04','ext-ct38','2023-09-19 14:31:53'),(45,3,13,1046,NULL,'2023-09-05',NULL,2,'Ultrabac® 8',NULL,1,'632230C','2025-05-04','ext-ct38','2023-09-19 14:31:53'),(46,3,13,1047,NULL,'2023-09-05',NULL,2,'Ultrabac® 8',NULL,1,'632230C','2025-05-04','ext-ct38','2023-09-19 14:31:53'),(47,3,13,1048,NULL,'2023-09-05',NULL,2,'Ultrabac® 8',NULL,1,'632230C','2025-05-04','ext-ct38','2023-09-19 14:31:53'),(48,3,13,1049,NULL,'2023-09-05',NULL,2,'Ultrabac® 8',NULL,1,'632230C','2025-05-04','ext-ct38','2023-09-19 14:31:53'),(49,3,13,1050,NULL,'2023-09-05',NULL,2,'Ultrabac® 8',NULL,1,'632230C','2025-05-04','ext-ct38','2023-09-19 14:31:53'),(50,3,13,1051,NULL,'2023-09-05',NULL,2,'Ultrabac® 8',NULL,1,'632230C','2025-05-04','ext-ct38','2023-09-19 14:31:53'),(51,3,13,1054,NULL,'2023-09-05',NULL,2,'Ultrabac® 8',NULL,1,'632230C','2025-05-04','ext-ct38','2023-09-19 14:31:53'),(52,3,13,1055,NULL,'2023-09-05',NULL,2,'Ultrabac® 8',NULL,1,'632230C','2025-05-04','ext-ct38','2023-09-19 14:31:53'),(53,3,13,1056,NULL,'2023-09-05',NULL,2,'Ultrabac® 8',NULL,1,'632230C','2025-05-04','ext-ct38','2023-09-19 14:31:53'),(54,3,13,1057,NULL,'2023-09-05',NULL,2,'Ultrabac® 8',NULL,1,'632230C','2025-05-04','ext-ct38','2023-09-19 14:31:53'),(55,3,13,1058,NULL,'2023-09-05',NULL,2,'Ultrabac® 8',NULL,1,'632230C','2025-05-04','ext-ct38','2023-09-19 14:31:53'),(56,3,13,1059,NULL,'2023-09-05',NULL,2,'Ultrabac® 8',NULL,1,'632230C','2025-05-04','ext-ct38','2023-09-19 14:31:53'),(57,3,13,1061,NULL,'2023-09-05',NULL,2,'Ultrabac® 8',NULL,1,'632230C','2025-05-04','ext-ct38','2023-09-19 14:31:53'),(58,3,13,1062,NULL,'2023-09-05',NULL,2,'Ultrabac® 8',NULL,1,'632230C','2025-05-04','ext-ct38','2023-09-19 14:31:53'),(59,3,13,1063,NULL,'2023-09-05',NULL,2,'Ultrabac® 8',NULL,1,'632230C','2025-05-04','ext-ct38','2023-09-19 14:31:53'),(60,3,13,1064,NULL,'2023-09-05',NULL,2,'Ultrabac® 8',NULL,1,'632230C','2025-05-04','ext-ct38','2023-09-19 14:31:53'),(61,3,13,1065,NULL,'2023-09-05',NULL,2,'Ultrabac® 8',NULL,1,'632230C','2025-05-04','ext-ct38','2023-09-19 14:31:53'),(62,3,13,1066,NULL,'2023-09-05',NULL,2,'Ultrabac® 8',NULL,1,'632230C','2025-05-04','ext-ct38','2023-09-19 14:31:53'),(63,3,13,1067,NULL,'2023-09-05',NULL,2,'Ultrabac® 8',NULL,1,'632230C','2025-05-04','ext-ct38','2023-09-19 14:31:53'),(64,3,13,1068,NULL,'2023-09-05',NULL,2,'Ultrabac® 8',NULL,1,'632230C','2025-05-04','ext-ct38','2023-09-19 14:31:53'),(65,3,13,1069,NULL,'2023-09-05',NULL,2,'Ultrabac® 8',NULL,1,'632230C','2025-05-04','ext-ct38','2023-09-19 14:31:53'),(66,3,13,1070,NULL,'2023-09-05',NULL,2,'Ultrabac® 8',NULL,1,'632230C','2025-05-04','ext-ct38','2023-09-19 14:31:53'),(67,3,13,1072,NULL,'2023-09-05',NULL,2,'Ultrabac® 8',NULL,1,'632230C','2025-05-04','ext-ct38','2023-09-19 14:31:53'),(68,3,13,1073,NULL,'2023-09-05',NULL,2,'Ultrabac® 8',NULL,1,'632230C','2025-05-04','ext-ct38','2023-09-19 14:31:53'),(69,3,13,1074,NULL,'2023-09-05',NULL,2,'Ultrabac® 8',NULL,1,'632230C','2025-05-04','ext-ct38','2023-09-19 14:31:53'),(70,3,13,1075,NULL,'2023-09-05',NULL,2,'Ultrabac® 8',NULL,1,'632230C','2025-05-04','ext-ct38','2023-09-19 14:31:53'),(71,3,13,1076,NULL,'2023-09-05',NULL,2,'Ultrabac® 8',NULL,1,'632230C','2025-05-04','ext-ct38','2023-09-19 14:31:53'),(72,3,13,1077,NULL,'2023-09-05',NULL,2,'Ultrabac® 8',NULL,1,'632230C','2025-05-04','ext-ct38','2023-09-19 14:31:53'),(73,3,13,1078,NULL,'2023-09-05',NULL,2,'Ultrabac® 8',NULL,1,'632230C','2025-05-04','ext-ct38','2023-09-19 14:31:53'),(74,3,13,1079,NULL,'2023-09-05',NULL,2,'Ultrabac® 8',NULL,1,'632230C','2025-05-04','ext-ct38','2023-09-19 14:31:53'),(75,3,13,1080,NULL,'2023-09-05',NULL,2,'Ultrabac® 8',NULL,1,'632230C','2025-05-04','ext-ct38','2023-09-19 14:31:53'),(76,3,13,1081,NULL,'2023-09-05',NULL,2,'Ultrabac® 8',NULL,1,'632230C','2025-05-04','ext-ct38','2023-09-19 14:31:53'),(77,3,13,1037,NULL,'2023-09-05',2,2,'StayBred™ VL5',NULL,1,'656319','2025-09-10','ext-ct38','2023-09-19 14:31:53'),(78,3,13,1071,NULL,'2023-09-05',2,2,'StayBred™ VL5',NULL,1,'656319','2025-09-10','ext-ct38','2023-09-19 14:31:53'),(79,3,13,1045,NULL,'2023-09-05',2,2,'StayBred™ VL5',NULL,1,'656319','2025-09-10','ext-ct38','2023-09-19 14:31:53'),(80,3,13,1044,NULL,'2023-09-05',2,2,'StayBred™ VL5',NULL,1,'656319','2025-09-10','ext-ct38','2023-09-19 14:31:53'),(81,3,13,1034,NULL,'2023-09-05',2,2,'StayBred™ VL5',NULL,1,'656319','2025-09-10','ext-ct38','2023-09-19 14:31:53'),(82,3,13,1053,NULL,'2023-09-05',2,2,'StayBred™ VL5',NULL,1,'656319','2025-09-10','ext-ct38','2023-09-19 14:31:53'),(83,3,13,1052,NULL,'2023-09-05',2,2,'StayBred™ VL5',NULL,1,'656319','2025-09-10','ext-ct38','2023-09-19 14:31:53'),(84,3,13,1060,NULL,'2023-09-05',2,2,'StayBred™ VL5',NULL,1,'656319','2025-09-10','ext-ct38','2023-09-19 14:31:53'),(85,3,13,1027,NULL,'2023-09-05',2,2,'StayBred™ VL5',NULL,1,'656319','2025-09-10','ext-ct38','2023-09-19 14:31:53'),(86,3,13,1028,NULL,'2023-09-05',2,2,'StayBred™ VL5',NULL,1,'656319','2025-09-10','ext-ct38','2023-09-19 14:31:53'),(87,3,13,1029,NULL,'2023-09-05',2,2,'StayBred™ VL5',NULL,1,'656319','2025-09-10','ext-ct38','2023-09-19 14:31:53'),(88,3,13,1030,NULL,'2023-09-05',2,2,'StayBred™ VL5',NULL,1,'656319','2025-09-10','ext-ct38','2023-09-19 14:31:53'),(89,3,13,1031,NULL,'2023-09-05',2,2,'StayBred™ VL5',NULL,1,'656319','2025-09-10','ext-ct38','2023-09-19 14:31:53'),(90,3,13,1032,NULL,'2023-09-05',2,2,'StayBred™ VL5',NULL,1,'656319','2025-09-10','ext-ct38','2023-09-19 14:31:53'),(91,3,13,1033,NULL,'2023-09-05',2,2,'StayBred™ VL5',NULL,1,'656319','2025-09-10','ext-ct38','2023-09-19 14:31:53'),(92,3,13,1035,NULL,'2023-09-05',2,2,'StayBred™ VL5',NULL,1,'656319','2025-09-10','ext-ct38','2023-09-19 14:31:53'),(93,3,13,1036,NULL,'2023-09-05',2,2,'StayBred™ VL5',NULL,1,'656319','2025-09-10','ext-ct38','2023-09-19 14:31:53'),(94,3,13,1038,NULL,'2023-09-05',2,2,'StayBred™ VL5',NULL,1,'656319','2025-09-10','ext-ct38','2023-09-19 14:31:53'),(95,3,13,1039,NULL,'2023-09-05',2,2,'StayBred™ VL5',NULL,1,'656319','2025-09-10','ext-ct38','2023-09-19 14:31:53'),(96,3,13,1040,NULL,'2023-09-05',2,2,'StayBred™ VL5',NULL,1,'656319','2025-09-10','ext-ct38','2023-09-19 14:31:53'),(97,3,13,1041,NULL,'2023-09-05',2,2,'StayBred™ VL5',NULL,1,'656319','2025-09-10','ext-ct38','2023-09-19 14:31:53'),(98,3,13,1042,NULL,'2023-09-05',2,2,'StayBred™ VL5',NULL,1,'656319','2025-09-10','ext-ct38','2023-09-19 14:31:53'),(99,3,13,1043,NULL,'2023-09-05',2,2,'StayBred™ VL5',NULL,1,'656319','2025-09-10','ext-ct38','2023-09-19 14:31:53'),(100,3,13,1046,NULL,'2023-09-05',2,2,'StayBred™ VL5',NULL,1,'656319','2025-09-10','ext-ct38','2023-09-19 14:31:53'),(101,3,13,1047,NULL,'2023-09-05',2,2,'StayBred™ VL5',NULL,1,'656319','2025-09-10','ext-ct38','2023-09-19 14:31:53'),(102,3,13,1048,NULL,'2023-09-05',2,2,'StayBred™ VL5',NULL,1,'656319','2025-09-10','ext-ct38','2023-09-19 14:31:53'),(103,3,13,1049,NULL,'2023-09-05',2,2,'StayBred™ VL5',NULL,1,'656319','2025-09-10','ext-ct38','2023-09-19 14:31:53'),(104,3,13,1050,NULL,'2023-09-05',2,2,'StayBred™ VL5',NULL,1,'656319','2025-09-10','ext-ct38','2023-09-19 14:31:53'),(105,3,13,1051,NULL,'2023-09-05',2,2,'StayBred™ VL5',NULL,1,'656319','2025-09-10','ext-ct38','2023-09-19 14:31:53'),(106,3,13,1054,NULL,'2023-09-05',2,2,'StayBred™ VL5',NULL,1,'656319','2025-09-10','ext-ct38','2023-09-19 14:31:53'),(107,3,13,1055,NULL,'2023-09-05',2,2,'StayBred™ VL5',NULL,1,'656319','2025-09-10','ext-ct38','2023-09-19 14:31:53'),(108,3,13,1056,NULL,'2023-09-05',2,2,'StayBred™ VL5',NULL,1,'656319','2025-09-10','ext-ct38','2023-09-19 14:31:53'),(109,3,13,1057,NULL,'2023-09-05',2,2,'StayBred™ VL5',NULL,1,'656319','2025-09-10','ext-ct38','2023-09-19 14:31:53'),(110,3,13,1058,NULL,'2023-09-05',2,2,'StayBred™ VL5',NULL,1,'656319','2025-09-10','ext-ct38','2023-09-19 14:31:53'),(111,3,13,1059,NULL,'2023-09-05',2,2,'StayBred™ VL5',NULL,1,'656319','2025-09-10','ext-ct38','2023-09-19 14:31:53'),(112,3,13,1061,NULL,'2023-09-05',2,2,'StayBred™ VL5',NULL,1,'656319','2025-09-10','ext-ct38','2023-09-19 14:31:53'),(113,3,13,1062,NULL,'2023-09-05',2,2,'StayBred™ VL5',NULL,1,'656319','2025-09-10','ext-ct38','2023-09-19 14:31:53'),(114,3,13,1063,NULL,'2023-09-05',2,2,'StayBred™ VL5',NULL,1,'656319','2025-09-10','ext-ct38','2023-09-19 14:31:53'),(115,3,13,1064,NULL,'2023-09-05',2,2,'StayBred™ VL5',NULL,1,'656319','2025-09-10','ext-ct38','2023-09-19 14:31:53'),(116,3,13,1065,NULL,'2023-09-05',2,2,'StayBred™ VL5',NULL,1,'656319','2025-09-10','ext-ct38','2023-09-19 14:31:53'),(117,3,13,1066,NULL,'2023-09-05',2,2,'StayBred™ VL5',NULL,1,'656319','2025-09-10','ext-ct38','2023-09-19 14:31:53'),(118,3,13,1067,NULL,'2023-09-05',2,2,'StayBred™ VL5',NULL,1,'656319','2025-09-10','ext-ct38','2023-09-19 14:31:53'),(119,3,13,1068,NULL,'2023-09-05',2,2,'StayBred™ VL5',NULL,1,'656319','2025-09-10','ext-ct38','2023-09-19 14:31:53'),(120,3,13,1069,NULL,'2023-09-05',2,2,'StayBred™ VL5',NULL,1,'656319','2025-09-10','ext-ct38','2023-09-19 14:31:53'),(121,3,13,1070,NULL,'2023-09-05',2,2,'StayBred™ VL5',NULL,1,'656319','2025-09-10','ext-ct38','2023-09-19 14:31:53'),(122,3,13,1072,NULL,'2023-09-05',2,2,'StayBred™ VL5',NULL,1,'656319','2025-09-10','ext-ct38','2023-09-19 14:31:53'),(123,3,13,1073,NULL,'2023-09-05',2,2,'StayBred™ VL5',NULL,1,'656319','2025-09-10','ext-ct38','2023-09-19 14:31:53'),(124,3,13,1074,NULL,'2023-09-05',2,2,'StayBred™ VL5',NULL,1,'656319','2025-09-10','ext-ct38','2023-09-19 14:31:53'),(125,3,13,1075,NULL,'2023-09-05',2,2,'StayBred™ VL5',NULL,1,'656319','2025-09-10','ext-ct38','2023-09-19 14:31:53'),(126,3,13,1076,NULL,'2023-09-05',2,2,'StayBred™ VL5',NULL,1,'656319','2025-09-10','ext-ct38','2023-09-19 14:31:53'),(127,3,13,1077,NULL,'2023-09-05',2,2,'StayBred™ VL5',NULL,1,'656319','2025-09-10','ext-ct38','2023-09-19 14:31:53'),(128,3,13,1078,NULL,'2023-09-05',2,2,'StayBred™ VL5',NULL,1,'656319','2025-09-10','ext-ct38','2023-09-19 14:31:53'),(129,3,13,1079,NULL,'2023-09-05',2,2,'StayBred™ VL5',NULL,1,'656319','2025-09-10','ext-ct38','2023-09-19 14:31:53'),(130,3,13,1080,NULL,'2023-09-05',2,2,'StayBred™ VL5',NULL,1,'656319','2025-09-10','ext-ct38','2023-09-19 14:31:53'),(131,3,13,1081,NULL,'2023-09-05',2,2,'StayBred™ VL5',NULL,1,'656319','2025-09-10','ext-ct38','2023-09-19 14:31:53'),(132,3,13,850,NULL,'2023-09-06',5,2,'Ultrabac® 8',NULL,1,'632230C','2025-05-04','ext-ct38','2023-09-19 16:07:46'),(133,3,13,753,NULL,'2023-09-06',5,2,'Ultrabac® 8',NULL,1,'632230C','2025-05-04','ext-ct38','2023-09-19 16:07:46'),(134,3,13,747,NULL,'2023-09-06',5,2,'Ultrabac® 8',NULL,1,'632230C','2025-05-04','ext-ct38','2023-09-19 16:07:46'),(135,3,13,789,NULL,'2023-09-06',5,2,'Ultrabac® 8',NULL,1,'632230C','2025-05-04','ext-ct38','2023-09-19 16:07:46'),(136,3,13,809,NULL,'2023-09-06',5,2,'Ultrabac® 8',NULL,1,'632230C','2025-05-04','ext-ct38','2023-09-19 16:07:46'),(137,3,13,792,NULL,'2023-09-06',5,2,'Ultrabac® 8',NULL,1,'632230C','2025-05-04','ext-ct38','2023-09-19 16:07:46'),(138,3,13,763,NULL,'2023-09-06',5,2,'Ultrabac® 8',NULL,1,'632230C','2025-05-04','ext-ct38','2023-09-19 16:07:46'),(139,3,13,752,NULL,'2023-09-06',5,2,'Ultrabac® 8',NULL,1,'632230C','2025-05-04','ext-ct38','2023-09-19 16:07:46'),(140,3,13,867,NULL,'2023-09-06',5,2,'Ultrabac® 8',NULL,1,'632230C','2025-05-04','ext-ct38','2023-09-19 16:07:46'),(141,3,13,835,NULL,'2023-09-06',5,2,'Ultrabac® 8',NULL,1,'632230C','2025-05-04','ext-ct38','2023-09-19 16:07:46'),(142,3,13,782,NULL,'2023-09-06',5,2,'Ultrabac® 8',NULL,1,'632230C','2025-05-04','ext-ct38','2023-09-19 16:07:46'),(143,3,13,822,NULL,'2023-09-06',5,2,'Ultrabac® 8',NULL,1,'632230C','2025-05-04','ext-ct38','2023-09-19 16:07:46'),(144,3,13,875,NULL,'2023-09-06',5,2,'Ultrabac® 8',NULL,1,'632230C','2025-05-04','ext-ct38','2023-09-19 16:07:46'),(145,3,13,823,NULL,'2023-09-06',5,2,'Ultrabac® 8',NULL,1,'632230C','2025-05-04','ext-ct38','2023-09-19 16:07:46'),(146,3,13,834,NULL,'2023-09-06',5,2,'Ultrabac® 8',NULL,1,'632230C','2025-05-04','ext-ct38','2023-09-19 16:07:46'),(147,3,13,837,NULL,'2023-09-06',5,2,'Ultrabac® 8',NULL,1,'632230C','2025-05-04','ext-ct38','2023-09-19 16:07:46'),(148,3,13,764,NULL,'2023-09-06',5,2,'Ultrabac® 8',NULL,1,'632230C','2025-05-04','ext-ct38','2023-09-19 16:07:46'),(149,3,13,839,NULL,'2023-09-06',5,2,'Ultrabac® 8',NULL,1,'632230C','2025-05-04','ext-ct38','2023-09-19 16:07:46'),(150,3,13,1237,NULL,'2023-09-06',5,2,'Ultrabac® 8',NULL,1,'632230C','2025-05-04','ext-ct38','2023-09-19 16:07:46'),(151,3,13,781,NULL,'2023-09-06',5,2,'Ultrabac® 8',NULL,1,'632230C','2025-05-04','ext-ct38','2023-09-19 16:07:46'),(152,3,13,802,NULL,'2023-09-06',5,2,'Ultrabac® 8',NULL,1,'632230C','2025-05-04','ext-ct38','2023-09-19 16:07:46'),(153,3,13,779,NULL,'2023-09-06',5,2,'Ultrabac® 8',NULL,1,'632230C','2025-05-04','ext-ct38','2023-09-19 16:07:46'),(154,3,13,784,NULL,'2023-09-06',5,2,'Ultrabac® 8',NULL,1,'632230C','2025-05-04','ext-ct38','2023-09-19 16:07:46'),(155,3,13,1230,NULL,'2023-09-06',5,2,'Ultrabac® 8',NULL,1,'632230C','2025-05-04','ext-ct38','2023-09-19 16:07:46'),(156,3,13,787,NULL,'2023-09-06',5,2,'Ultrabac® 8',NULL,1,'632230C','2025-05-04','ext-ct38','2023-09-19 16:07:46'),(157,3,13,840,NULL,'2023-09-06',5,2,'Ultrabac® 8',NULL,1,'632230C','2025-05-04','ext-ct38','2023-09-19 16:07:46'),(158,3,13,748,NULL,'2023-09-06',5,2,'Ultrabac® 8',NULL,1,'632230C','2025-05-04','ext-ct38','2023-09-19 16:07:46'),(159,3,13,761,NULL,'2023-09-06',5,2,'Ultrabac® 8',NULL,1,'632230C','2025-05-04','ext-ct38','2023-09-19 16:07:46'),(160,3,13,746,NULL,'2023-09-06',5,2,'Ultrabac® 8',NULL,1,'632230C','2025-05-04','ext-ct38','2023-09-19 16:07:46'),(161,3,13,794,NULL,'2023-09-06',5,2,'Ultrabac® 8',NULL,1,'632230C','2025-05-04','ext-ct38','2023-09-19 16:07:46'),(162,3,13,847,NULL,'2023-09-06',5,2,'Ultrabac® 8',NULL,1,'632230C','2025-05-04','ext-ct38','2023-09-19 16:07:46'),(163,3,13,1238,NULL,'2023-09-06',5,2,'Ultrabac® 8',NULL,1,'632230C','2025-05-04','ext-ct38','2023-09-19 16:07:46'),(164,3,13,1244,NULL,'2023-09-06',5,2,'Ultrabac® 8',NULL,1,'632230C','2025-05-04','ext-ct38','2023-09-19 16:07:47'),(165,3,13,1241,NULL,'2023-09-06',5,2,'Ultrabac® 8',NULL,1,'632230C','2025-05-04','ext-ct38','2023-09-19 16:07:47'),(166,3,13,852,NULL,'2023-09-06',5,2,'Ultrabac® 8',NULL,1,'632230C','2025-05-04','ext-ct38','2023-09-19 16:07:47'),(167,3,13,796,NULL,'2023-09-06',5,2,'Ultrabac® 8',NULL,1,'632230C','2025-05-04','ext-ct38','2023-09-19 16:07:47'),(168,3,13,845,NULL,'2023-09-06',5,2,'Ultrabac® 8',NULL,1,'632230C','2025-05-04','ext-ct38','2023-09-19 16:07:47'),(169,3,13,1233,NULL,'2023-09-06',5,2,'Ultrabac® 8',NULL,1,'632230C','2025-05-04','ext-ct38','2023-09-19 16:07:47'),(170,3,13,780,NULL,'2023-09-06',5,2,'Ultrabac® 8',NULL,1,'632230C','2025-05-04','ext-ct38','2023-09-19 16:07:47'),(171,3,13,1235,NULL,'2023-09-06',5,2,'Ultrabac® 8',NULL,1,'632230C','2025-05-04','ext-ct38','2023-09-19 16:07:47'),(172,3,13,870,NULL,'2023-09-06',5,2,'Ultrabac® 8',NULL,1,'632230C','2025-05-04','ext-ct38','2023-09-19 16:07:47'),(173,3,13,807,NULL,'2023-09-06',5,2,'Ultrabac® 8',NULL,1,'632230C','2025-05-04','ext-ct38','2023-09-19 16:07:47'),(174,3,13,861,NULL,'2023-09-06',5,2,'Ultrabac® 8',NULL,1,'632230C','2025-05-04','ext-ct38','2023-09-19 16:07:47'),(175,3,13,1229,NULL,'2023-09-06',5,2,'Ultrabac® 8',NULL,1,'632230C','2025-05-04','ext-ct38','2023-09-19 16:07:47'),(176,3,13,1243,NULL,'2023-09-06',5,2,'Ultrabac® 8',NULL,1,'632230C','2025-05-04','ext-ct38','2023-09-19 16:07:47'),(177,3,13,1248,NULL,'2023-09-06',5,2,'Ultrabac® 8',NULL,1,'632230C','2025-05-04','ext-ct38','2023-09-19 16:07:47'),(178,3,13,1239,NULL,'2023-09-06',5,2,'Ultrabac® 8',NULL,1,'632230C','2025-05-04','ext-ct38','2023-09-19 16:07:47'),(179,3,13,1245,NULL,'2023-09-06',5,2,'Ultrabac® 8',NULL,1,'632230C','2025-05-04','ext-ct38','2023-09-19 16:07:47'),(180,3,13,1231,NULL,'2023-09-06',5,2,'Ultrabac® 8',NULL,1,'632230C','2025-05-04','ext-ct38','2023-09-19 16:07:47'),(181,3,13,1234,NULL,'2023-09-06',5,2,'Ultrabac® 8',NULL,1,'632230C','2025-05-04','ext-ct38','2023-09-19 16:07:47'),(182,3,13,1242,NULL,'2023-09-06',5,2,'Ultrabac® 8',NULL,1,'632230C','2025-05-04','ext-ct38','2023-09-19 16:07:47'),(183,3,13,1232,NULL,'2023-09-06',5,2,'Ultrabac® 8',NULL,1,'632230C','2025-05-04','ext-ct38','2023-09-19 16:07:47'),(184,3,13,1236,NULL,'2023-09-06',5,2,'Ultrabac® 8',NULL,1,'632230C','2025-05-04','ext-ct38','2023-09-19 16:07:47'),(185,3,13,1247,NULL,'2023-09-06',5,2,'Ultrabac® 8',NULL,1,'632230C','2025-05-04','ext-ct38','2023-09-19 16:07:47'),(186,3,13,1246,NULL,'2023-09-06',5,2,'Ultrabac® 8',NULL,1,'632230C','2025-05-04','ext-ct38','2023-09-19 16:07:47'),(187,3,13,1240,NULL,'2023-09-06',5,2,'Ultrabac® 8',NULL,1,'632230C','2025-05-04','ext-ct38','2023-09-19 16:07:47'),(188,3,13,850,NULL,'2023-09-06',2,2,'StayBred™ VL5',NULL,1,'656319','2025-09-10','ext-ct38','2023-09-19 16:07:47'),(189,3,13,753,NULL,'2023-09-06',2,2,'StayBred™ VL5',NULL,1,'656319','2025-09-10','ext-ct38','2023-09-19 16:07:47'),(190,3,13,747,NULL,'2023-09-06',2,2,'StayBred™ VL5',NULL,1,'656319','2025-09-10','ext-ct38','2023-09-19 16:07:47'),(191,3,13,789,NULL,'2023-09-06',2,2,'StayBred™ VL5',NULL,1,'656319','2025-09-10','ext-ct38','2023-09-19 16:07:47'),(192,3,13,809,NULL,'2023-09-06',2,2,'StayBred™ VL5',NULL,1,'656319','2025-09-10','ext-ct38','2023-09-19 16:07:47'),(193,3,13,792,NULL,'2023-09-06',2,2,'StayBred™ VL5',NULL,1,'656319','2025-09-10','ext-ct38','2023-09-19 16:07:47'),(194,3,13,763,NULL,'2023-09-06',2,2,'StayBred™ VL5',NULL,1,'656319','2025-09-10','ext-ct38','2023-09-19 16:07:47'),(195,3,13,752,NULL,'2023-09-06',2,2,'StayBred™ VL5',NULL,1,'656319','2025-09-10','ext-ct38','2023-09-19 16:07:47'),(196,3,13,867,NULL,'2023-09-06',2,2,'StayBred™ VL5',NULL,1,'656319','2025-09-10','ext-ct38','2023-09-19 16:07:47'),(197,3,13,835,NULL,'2023-09-06',2,2,'StayBred™ VL5',NULL,1,'656319','2025-09-10','ext-ct38','2023-09-19 16:07:47'),(198,3,13,782,NULL,'2023-09-06',2,2,'StayBred™ VL5',NULL,1,'656319','2025-09-10','ext-ct38','2023-09-19 16:07:47'),(199,3,13,822,NULL,'2023-09-06',2,2,'StayBred™ VL5',NULL,1,'656319','2025-09-10','ext-ct38','2023-09-19 16:07:47'),(200,3,13,875,NULL,'2023-09-06',2,2,'StayBred™ VL5',NULL,1,'656319','2025-09-10','ext-ct38','2023-09-19 16:07:47'),(201,3,13,823,NULL,'2023-09-06',2,2,'StayBred™ VL5',NULL,1,'656319','2025-09-10','ext-ct38','2023-09-19 16:07:47'),(202,3,13,834,NULL,'2023-09-06',2,2,'StayBred™ VL5',NULL,1,'656319','2025-09-10','ext-ct38','2023-09-19 16:07:47'),(203,3,13,837,NULL,'2023-09-06',2,2,'StayBred™ VL5',NULL,1,'656319','2025-09-10','ext-ct38','2023-09-19 16:07:47'),(204,3,13,764,NULL,'2023-09-06',2,2,'StayBred™ VL5',NULL,1,'656319','2025-09-10','ext-ct38','2023-09-19 16:07:47'),(205,3,13,839,NULL,'2023-09-06',2,2,'StayBred™ VL5',NULL,1,'656319','2025-09-10','ext-ct38','2023-09-19 16:07:47'),(206,3,13,1237,NULL,'2023-09-06',2,2,'StayBred™ VL5',NULL,1,'656319','2025-09-10','ext-ct38','2023-09-19 16:07:47'),(207,3,13,781,NULL,'2023-09-06',2,2,'StayBred™ VL5',NULL,1,'656319','2025-09-10','ext-ct38','2023-09-19 16:07:47'),(208,3,13,802,NULL,'2023-09-06',2,2,'StayBred™ VL5',NULL,1,'656319','2025-09-10','ext-ct38','2023-09-19 16:07:47'),(209,3,13,779,NULL,'2023-09-06',2,2,'StayBred™ VL5',NULL,1,'656319','2025-09-10','ext-ct38','2023-09-19 16:07:47'),(210,3,13,784,NULL,'2023-09-06',2,2,'StayBred™ VL5',NULL,1,'656319','2025-09-10','ext-ct38','2023-09-19 16:07:47'),(211,3,13,1230,NULL,'2023-09-06',2,2,'StayBred™ VL5',NULL,1,'656319','2025-09-10','ext-ct38','2023-09-19 16:07:47'),(212,3,13,787,NULL,'2023-09-06',2,2,'StayBred™ VL5',NULL,1,'656319','2025-09-10','ext-ct38','2023-09-19 16:07:47'),(213,3,13,840,NULL,'2023-09-06',2,2,'StayBred™ VL5',NULL,1,'656319','2025-09-10','ext-ct38','2023-09-19 16:07:47'),(214,3,13,748,NULL,'2023-09-06',2,2,'StayBred™ VL5',NULL,1,'656319','2025-09-10','ext-ct38','2023-09-19 16:07:47'),(215,3,13,761,NULL,'2023-09-06',2,2,'StayBred™ VL5',NULL,1,'656319','2025-09-10','ext-ct38','2023-09-19 16:07:47'),(216,3,13,746,NULL,'2023-09-06',2,2,'StayBred™ VL5',NULL,1,'656319','2025-09-10','ext-ct38','2023-09-19 16:07:47'),(217,3,13,794,NULL,'2023-09-06',2,2,'StayBred™ VL5',NULL,1,'656319','2025-09-10','ext-ct38','2023-09-19 16:07:47'),(218,3,13,847,NULL,'2023-09-06',2,2,'StayBred™ VL5',NULL,1,'656319','2025-09-10','ext-ct38','2023-09-19 16:07:47'),(219,3,13,1238,NULL,'2023-09-06',2,2,'StayBred™ VL5',NULL,1,'656319','2025-09-10','ext-ct38','2023-09-19 16:07:47'),(220,3,13,1244,NULL,'2023-09-06',2,2,'StayBred™ VL5',NULL,1,'656319','2025-09-10','ext-ct38','2023-09-19 16:07:47'),(221,3,13,1241,NULL,'2023-09-06',2,2,'StayBred™ VL5',NULL,1,'656319','2025-09-10','ext-ct38','2023-09-19 16:07:47'),(222,3,13,852,NULL,'2023-09-06',2,2,'StayBred™ VL5',NULL,1,'656319','2025-09-10','ext-ct38','2023-09-19 16:07:47'),(223,3,13,796,NULL,'2023-09-06',2,2,'StayBred™ VL5',NULL,1,'656319','2025-09-10','ext-ct38','2023-09-19 16:07:47'),(224,3,13,845,NULL,'2023-09-06',2,2,'StayBred™ VL5',NULL,1,'656319','2025-09-10','ext-ct38','2023-09-19 16:07:47'),(225,3,13,1233,NULL,'2023-09-06',2,2,'StayBred™ VL5',NULL,1,'656319','2025-09-10','ext-ct38','2023-09-19 16:07:47'),(226,3,13,780,NULL,'2023-09-06',2,2,'StayBred™ VL5',NULL,1,'656319','2025-09-10','ext-ct38','2023-09-19 16:07:47'),(227,3,13,1235,NULL,'2023-09-06',2,2,'StayBred™ VL5',NULL,1,'656319','2025-09-10','ext-ct38','2023-09-19 16:07:47'),(228,3,13,870,NULL,'2023-09-06',2,2,'StayBred™ VL5',NULL,1,'656319','2025-09-10','ext-ct38','2023-09-19 16:07:47'),(229,3,13,807,NULL,'2023-09-06',2,2,'StayBred™ VL5',NULL,1,'656319','2025-09-10','ext-ct38','2023-09-19 16:07:47'),(230,3,13,861,NULL,'2023-09-06',2,2,'StayBred™ VL5',NULL,1,'656319','2025-09-10','ext-ct38','2023-09-19 16:07:47'),(231,3,13,1229,NULL,'2023-09-06',2,2,'StayBred™ VL5',NULL,1,'656319','2025-09-10','ext-ct38','2023-09-19 16:07:47'),(232,3,13,1243,NULL,'2023-09-06',2,2,'StayBred™ VL5',NULL,1,'656319','2025-09-10','ext-ct38','2023-09-19 16:07:47'),(233,3,13,1248,NULL,'2023-09-06',2,2,'StayBred™ VL5',NULL,1,'656319','2025-09-10','ext-ct38','2023-09-19 16:07:47'),(234,3,13,1239,NULL,'2023-09-06',2,2,'StayBred™ VL5',NULL,1,'656319','2025-09-10','ext-ct38','2023-09-19 16:07:47'),(235,3,13,1245,NULL,'2023-09-06',2,2,'StayBred™ VL5',NULL,1,'656319','2025-09-10','ext-ct38','2023-09-19 16:07:47'),(236,3,13,1231,NULL,'2023-09-06',2,2,'StayBred™ VL5',NULL,1,'656319','2025-09-10','ext-ct38','2023-09-19 16:07:47'),(237,3,13,1234,NULL,'2023-09-06',2,2,'StayBred™ VL5',NULL,1,'656319','2025-09-10','ext-ct38','2023-09-19 16:07:47'),(238,3,13,1242,NULL,'2023-09-06',2,2,'StayBred™ VL5',NULL,1,'656319','2025-09-10','ext-ct38','2023-09-19 16:07:47'),(239,3,13,1232,NULL,'2023-09-06',2,2,'StayBred™ VL5',NULL,1,'656319','2025-09-10','ext-ct38','2023-09-19 16:07:47'),(240,3,13,1236,NULL,'2023-09-06',2,2,'StayBred™ VL5',NULL,1,'656319','2025-09-10','ext-ct38','2023-09-19 16:07:47'),(241,3,13,1247,NULL,'2023-09-06',2,2,'StayBred™ VL5',NULL,1,'656319','2025-09-10','ext-ct38','2023-09-19 16:07:47'),(242,3,13,1246,NULL,'2023-09-06',2,2,'StayBred™ VL5',NULL,1,'656319','2025-09-10','ext-ct38','2023-09-19 16:07:47'),(243,3,13,1240,NULL,'2023-09-06',2,2,'StayBred™ VL5',NULL,1,'656319','2025-09-10','ext-ct38','2023-09-19 16:07:47'),(244,3,13,1100,NULL,'2023-09-06',2,2,'Other','Bovilis Vision 8 w/ Spur',1,'0959A051B','2024-11-15','ext-ct38','2023-09-19 16:34:23'),(245,3,13,1104,NULL,'2023-09-06',2,2,'Other','Bovilis Vision 8 w/ Spur',1,'0959A051B','2024-11-15','ext-ct38','2023-09-19 16:34:23'),(246,3,13,1101,NULL,'2023-09-06',2,2,'Other','Bovilis Vision 8 w/ Spur',1,'0959A051B','2024-11-15','ext-ct38','2023-09-19 16:34:23'),(247,3,13,1088,NULL,'2023-09-06',2,2,'Other','Bovilis Vision 8 w/ Spur',1,'0959A051B','2024-11-15','ext-ct38','2023-09-19 16:34:23'),(248,3,13,1090,NULL,'2023-09-06',2,2,'Other','Bovilis Vision 8 w/ Spur',1,'0959A051B','2024-11-15','ext-ct38','2023-09-19 16:34:23'),(249,3,13,1096,NULL,'2023-09-06',2,2,'Other','Bovilis Vision 8 w/ Spur',1,'0959A051B','2024-11-15','ext-ct38','2023-09-19 16:34:23'),(250,3,13,1099,NULL,'2023-09-06',2,2,'Other','Bovilis Vision 8 w/ Spur',1,'0959A051B','2024-11-15','ext-ct38','2023-09-19 16:34:23'),(251,3,13,1091,NULL,'2023-09-06',2,2,'Other','Bovilis Vision 8 w/ Spur',1,'0959A051B','2024-11-15','ext-ct38','2023-09-19 16:34:23'),(252,3,13,1102,NULL,'2023-09-06',2,2,'Other','Bovilis Vision 8 w/ Spur',1,'0959A051B','2024-11-15','ext-ct38','2023-09-19 16:34:24'),(253,3,13,1103,NULL,'2023-09-06',2,2,'Other','Bovilis Vision 8 w/ Spur',1,'0959A051B','2024-11-15','ext-ct38','2023-09-19 16:34:24'),(254,3,13,1092,NULL,'2023-09-06',2,2,'Other','Bovilis Vision 8 w/ Spur',1,'0959A051B','2024-11-15','ext-ct38','2023-09-19 16:34:24'),(255,3,13,1083,NULL,'2023-09-06',2,2,'Other','Bovilis Vision 8 w/ Spur',1,'0959A051B','2024-11-15','ext-ct38','2023-09-19 16:34:24'),(256,3,13,1094,NULL,'2023-09-06',2,2,'Other','Bovilis Vision 8 w/ Spur',1,'0959A051B','2024-11-15','ext-ct38','2023-09-19 16:34:24'),(257,3,13,1097,NULL,'2023-09-06',2,2,'Other','Bovilis Vision 8 w/ Spur',1,'0959A051B','2024-11-15','ext-ct38','2023-09-19 16:34:24'),(258,3,13,1085,NULL,'2023-09-06',2,2,'Other','Bovilis Vision 8 w/ Spur',1,'0959A051B','2024-11-15','ext-ct38','2023-09-19 16:34:24'),(259,3,13,1093,NULL,'2023-09-06',2,2,'Other','Bovilis Vision 8 w/ Spur',1,'0959A051B','2024-11-15','ext-ct38','2023-09-19 16:34:24'),(260,3,13,1089,NULL,'2023-09-06',2,2,'Other','Bovilis Vision 8 w/ Spur',1,'0959A051B','2024-11-15','ext-ct38','2023-09-19 16:34:24'),(261,3,13,1095,NULL,'2023-09-06',2,2,'Other','Bovilis Vision 8 w/ Spur',1,'0959A051B','2024-11-15','ext-ct38','2023-09-19 16:34:24'),(262,3,13,1082,NULL,'2023-09-06',2,2,'Other','Bovilis Vision 8 w/ Spur',1,'0959A051B','2024-11-15','ext-ct38','2023-09-19 16:34:24'),(263,3,13,1098,NULL,'2023-09-06',2,2,'Other','Bovilis Vision 8 w/ Spur',1,'0959A051B','2024-11-15','ext-ct38','2023-09-19 16:34:24'),(264,3,13,1084,NULL,'2023-09-06',2,2,'Other','Bovilis Vision 8 w/ Spur',1,'0959A051B','2024-11-15','ext-ct38','2023-09-19 16:34:24'),(265,3,13,1087,NULL,'2023-09-06',2,2,'Other','Bovilis Vision 8 w/ Spur',1,'0959A051B','2024-11-15','ext-ct38','2023-09-19 16:34:24'),(266,3,13,1086,NULL,'2023-09-06',2,2,'Other','Bovilis Vision 8 w/ Spur',1,'0959A051B','2024-11-15','ext-ct38','2023-09-19 16:34:24'),(267,3,13,1100,NULL,'2023-09-06',2,2,'Other','Bovilis Vista Once SQ',1,'90268528-9101A083','2024-12-01','ext-ct38','2023-09-19 16:34:24'),(268,3,13,1104,NULL,'2023-09-06',2,2,'Other','Bovilis Vista Once SQ',1,'90268528-9101A083','2024-12-01','ext-ct38','2023-09-19 16:34:24'),(269,3,13,1101,NULL,'2023-09-06',2,2,'Other','Bovilis Vista Once SQ',1,'90268528-9101A083','2024-12-01','ext-ct38','2023-09-19 16:34:24'),(270,3,13,1088,NULL,'2023-09-06',2,2,'Other','Bovilis Vista Once SQ',1,'90268528-9101A083','2024-12-01','ext-ct38','2023-09-19 16:34:24'),(271,3,13,1090,NULL,'2023-09-06',2,2,'Other','Bovilis Vista Once SQ',1,'90268528-9101A083','2024-12-01','ext-ct38','2023-09-19 16:34:24'),(272,3,13,1096,NULL,'2023-09-06',2,2,'Other','Bovilis Vista Once SQ',1,'90268528-9101A083','2024-12-01','ext-ct38','2023-09-19 16:34:24'),(273,3,13,1099,NULL,'2023-09-06',2,2,'Other','Bovilis Vista Once SQ',1,'90268528-9101A083','2024-12-01','ext-ct38','2023-09-19 16:34:24'),(274,3,13,1091,NULL,'2023-09-06',2,2,'Other','Bovilis Vista Once SQ',1,'90268528-9101A083','2024-12-01','ext-ct38','2023-09-19 16:34:24'),(275,3,13,1102,NULL,'2023-09-06',2,2,'Other','Bovilis Vista Once SQ',1,'90268528-9101A083','2024-12-01','ext-ct38','2023-09-19 16:34:24'),(276,3,13,1103,NULL,'2023-09-06',2,2,'Other','Bovilis Vista Once SQ',1,'90268528-9101A083','2024-12-01','ext-ct38','2023-09-19 16:34:24'),(277,3,13,1092,NULL,'2023-09-06',2,2,'Other','Bovilis Vista Once SQ',1,'90268528-9101A083','2024-12-01','ext-ct38','2023-09-19 16:34:24'),(278,3,13,1083,NULL,'2023-09-06',2,2,'Other','Bovilis Vista Once SQ',1,'90268528-9101A083','2024-12-01','ext-ct38','2023-09-19 16:34:24'),(279,3,13,1094,NULL,'2023-09-06',2,2,'Other','Bovilis Vista Once SQ',1,'90268528-9101A083','2024-12-01','ext-ct38','2023-09-19 16:34:24'),(280,3,13,1097,NULL,'2023-09-06',2,2,'Other','Bovilis Vista Once SQ',1,'90268528-9101A083','2024-12-01','ext-ct38','2023-09-19 16:34:24'),(281,3,13,1085,NULL,'2023-09-06',2,2,'Other','Bovilis Vista Once SQ',1,'90268528-9101A083','2024-12-01','ext-ct38','2023-09-19 16:34:24'),(282,3,13,1093,NULL,'2023-09-06',2,2,'Other','Bovilis Vista Once SQ',1,'90268528-9101A083','2024-12-01','ext-ct38','2023-09-19 16:34:24'),(283,3,13,1089,NULL,'2023-09-06',2,2,'Other','Bovilis Vista Once SQ',1,'90268528-9101A083','2024-12-01','ext-ct38','2023-09-19 16:34:24'),(284,3,13,1095,NULL,'2023-09-06',2,2,'Other','Bovilis Vista Once SQ',1,'90268528-9101A083','2024-12-01','ext-ct38','2023-09-19 16:34:24'),(285,3,13,1082,NULL,'2023-09-06',2,2,'Other','Bovilis Vista Once SQ',1,'90268528-9101A083','2024-12-01','ext-ct38','2023-09-19 16:34:24'),(286,3,13,1098,NULL,'2023-09-06',2,2,'Other','Bovilis Vista Once SQ',1,'90268528-9101A083','2024-12-01','ext-ct38','2023-09-19 16:34:24'),(287,3,13,1084,NULL,'2023-09-06',2,2,'Other','Bovilis Vista Once SQ',1,'90268528-9101A083','2024-12-01','ext-ct38','2023-09-19 16:34:24'),(288,3,13,1087,NULL,'2023-09-06',2,2,'Other','Bovilis Vista Once SQ',1,'90268528-9101A083','2024-12-01','ext-ct38','2023-09-19 16:34:24'),(289,3,13,1086,NULL,'2023-09-06',2,2,'Other','Bovilis Vista Once SQ',1,'90268528-9101A083','2024-12-01','ext-ct38','2023-09-19 16:34:24'),(290,3,13,1132,NULL,'2023-09-07',NULL,2,'Other','Bovilis Vista Once SQ',1,'90268528-9101A083','2024-12-01','ext-ct38','2023-09-21 13:41:55'),(291,3,13,1146,NULL,'2023-09-07',NULL,2,'Other','Bovilis Vista Once SQ',1,'90268528-9101A083','2024-12-01','ext-ct38','2023-09-21 13:41:55'),(292,3,13,1125,NULL,'2023-09-07',NULL,2,'Other','Bovilis Vista Once SQ',1,'90268528-9101A083','2024-12-01','ext-ct38','2023-09-21 13:41:55'),(293,3,13,1148,NULL,'2023-09-07',NULL,2,'Other','Bovilis Vista Once SQ',1,'90268528-9101A083','2024-12-01','ext-ct38','2023-09-21 13:41:55'),(294,3,13,1140,NULL,'2023-09-07',NULL,2,'Other','Bovilis Vista Once SQ',1,'90268528-9101A083','2024-12-01','ext-ct38','2023-09-21 13:41:55'),(295,3,13,1204,NULL,'2023-09-07',NULL,2,'Other','Bovilis Vista Once SQ',1,'90268528-9101A083','2024-12-01','ext-ct38','2023-09-21 13:41:55'),(296,3,13,1203,NULL,'2023-09-07',NULL,2,'Other','Bovilis Vista Once SQ',1,'90268528-9101A083','2024-12-01','ext-ct38','2023-09-21 13:41:55'),(297,3,13,1218,NULL,'2023-09-07',NULL,2,'Other','Bovilis Vista Once SQ',1,'90268528-9101A083','2024-12-01','ext-ct38','2023-09-21 13:41:55'),(298,3,13,1214,NULL,'2023-09-07',NULL,2,'Other','Bovilis Vista Once SQ',1,'90268528-9101A083','2024-12-01','ext-ct38','2023-09-21 13:41:55'),(299,3,13,1205,NULL,'2023-09-07',NULL,2,'Other','Bovilis Vista Once SQ',1,'90268528-9101A083','2024-12-01','ext-ct38','2023-09-21 13:41:55'),(300,3,13,1228,NULL,'2023-09-07',NULL,2,'Other','Bovilis Vista Once SQ',1,'90268528-9101A083','2024-12-01','ext-ct38','2023-09-21 13:41:55'),(301,3,13,1219,NULL,'2023-09-07',NULL,2,'Other','Bovilis Vista Once SQ',1,'90268528-9101A083','2024-12-01','ext-ct38','2023-09-21 13:41:55'),(302,3,13,1213,NULL,'2023-09-07',NULL,2,'Other','Bovilis Vista Once SQ',1,'90268528-9101A083','2024-12-01','ext-ct38','2023-09-21 13:41:55'),(303,3,13,1207,NULL,'2023-09-07',NULL,2,'Other','Bovilis Vista Once SQ',1,'90268528-9101A083','2024-12-01','ext-ct38','2023-09-21 13:41:55'),(304,3,13,1212,NULL,'2023-09-07',NULL,2,'Other','Bovilis Vista Once SQ',1,'90268528-9101A083','2024-12-01','ext-ct38','2023-09-21 13:41:55'),(305,3,13,1187,NULL,'2023-09-07',NULL,2,'Other','Bovilis Vista Once SQ',1,'90268528-9101A083','2024-12-01','ext-ct38','2023-09-21 13:41:55'),(306,3,13,1191,NULL,'2023-09-07',NULL,2,'Other','Bovilis Vista Once SQ',1,'90268528-9101A083','2024-12-01','ext-ct38','2023-09-21 13:41:55'),(307,3,13,1183,NULL,'2023-09-07',NULL,2,'Other','Bovilis Vista Once SQ',1,'90268528-9101A083','2024-12-01','ext-ct38','2023-09-21 13:41:55'),(308,3,13,1179,NULL,'2023-09-07',NULL,2,'Other','Bovilis Vista Once SQ',1,'90268528-9101A083','2024-12-01','ext-ct38','2023-09-21 13:41:55'),(309,3,13,1196,NULL,'2023-09-07',NULL,2,'Other','Bovilis Vista Once SQ',1,'90268528-9101A083','2024-12-01','ext-ct38','2023-09-21 13:41:55'),(310,3,13,1190,NULL,'2023-09-07',NULL,2,'Other','Bovilis Vista Once SQ',1,'90268528-9101A083','2024-12-01','ext-ct38','2023-09-21 13:41:55'),(311,3,13,1193,NULL,'2023-09-07',NULL,2,'Other','Bovilis Vista Once SQ',1,'90268528-9101A083','2024-12-01','ext-ct38','2023-09-21 13:41:55'),(312,3,13,1198,NULL,'2023-09-07',NULL,2,'Other','Bovilis Vista Once SQ',1,'90268528-9101A083','2024-12-01','ext-ct38','2023-09-21 13:41:55'),(313,3,13,1188,NULL,'2023-09-07',NULL,2,'Other','Bovilis Vista Once SQ',1,'90268528-9101A083','2024-12-01','ext-ct38','2023-09-21 13:41:55'),(314,3,13,1197,NULL,'2023-09-07',NULL,2,'Other','Bovilis Vista Once SQ',1,'90268528-9101A083','2024-12-01','ext-ct38','2023-09-21 13:41:55'),(315,3,13,1186,NULL,'2023-09-07',NULL,2,'Other','Bovilis Vista Once SQ',1,'90268528-9101A083','2024-12-01','ext-ct38','2023-09-21 13:41:55'),(316,3,13,1199,NULL,'2023-09-07',NULL,2,'Other','Bovilis Vista Once SQ',1,'90268528-9101A083','2024-12-01','ext-ct38','2023-09-21 13:41:55'),(317,3,13,1169,NULL,'2023-09-07',NULL,2,'Other','Bovilis Vista Once SQ',1,'90268528-9101A083','2024-12-01','ext-ct38','2023-09-21 13:41:55'),(318,3,13,1157,NULL,'2023-09-07',NULL,2,'Other','Bovilis Vista Once SQ',1,'90268528-9101A083','2024-12-01','ext-ct38','2023-09-21 13:41:55'),(319,3,13,1152,NULL,'2023-09-07',NULL,2,'Other','Bovilis Vista Once SQ',1,'90268528-9101A083','2024-12-01','ext-ct38','2023-09-21 13:41:55'),(320,3,13,1159,NULL,'2023-09-07',NULL,2,'Other','Bovilis Vista Once SQ',1,'90268528-9101A083','2024-12-01','ext-ct38','2023-09-21 13:41:55'),(321,3,13,1170,NULL,'2023-09-07',NULL,2,'Other','Bovilis Vista Once SQ',1,'90268528-9101A083','2024-12-01','ext-ct38','2023-09-21 13:41:55'),(322,3,13,1154,NULL,'2023-09-07',NULL,2,'Other','Bovilis Vista Once SQ',1,'90268528-9101A083','2024-12-01','ext-ct38','2023-09-21 13:41:55'),(323,3,13,1153,NULL,'2023-09-07',NULL,2,'Other','Bovilis Vista Once SQ',1,'90268528-9101A083','2024-12-01','ext-ct38','2023-09-21 13:41:55'),(324,3,13,1158,NULL,'2023-09-07',NULL,2,'Other','Bovilis Vista Once SQ',1,'90268528-9101A083','2024-12-01','ext-ct38','2023-09-21 13:41:55'),(325,3,13,1155,NULL,'2023-09-07',NULL,2,'Other','Bovilis Vista Once SQ',1,'90268528-9101A083','2024-12-01','ext-ct38','2023-09-21 13:41:55'),(326,3,13,1160,NULL,'2023-09-07',NULL,2,'Other','Bovilis Vista Once SQ',1,'90268528-9101A083','2024-12-01','ext-ct38','2023-09-21 13:41:55'),(327,3,13,1174,NULL,'2023-09-07',NULL,2,'Other','Bovilis Vista Once SQ',1,'90268528-9101A083','2024-12-01','ext-ct38','2023-09-21 13:41:55'),(328,3,13,1165,NULL,'2023-09-07',NULL,2,'Other','Bovilis Vista Once SQ',1,'90268528-9101A083','2024-12-01','ext-ct38','2023-09-21 13:41:55'),(329,3,13,1132,NULL,'2023-09-07',NULL,2,'Other','Bovilis Vision 8 w/ Spur',1,'0959A051B','2024-11-15','ext-ct38','2023-09-21 13:41:55'),(330,3,13,1146,NULL,'2023-09-07',NULL,2,'Other','Bovilis Vision 8 w/ Spur',1,'0959A051B','2024-11-15','ext-ct38','2023-09-21 13:41:56'),(331,3,13,1125,NULL,'2023-09-07',NULL,2,'Other','Bovilis Vision 8 w/ Spur',1,'0959A051B','2024-11-15','ext-ct38','2023-09-21 13:41:56'),(332,3,13,1148,NULL,'2023-09-07',NULL,2,'Other','Bovilis Vision 8 w/ Spur',1,'0959A051B','2024-11-15','ext-ct38','2023-09-21 13:41:56'),(333,3,13,1140,NULL,'2023-09-07',NULL,2,'Other','Bovilis Vision 8 w/ Spur',1,'0959A051B','2024-11-15','ext-ct38','2023-09-21 13:41:56'),(334,3,13,1204,NULL,'2023-09-07',NULL,2,'Other','Bovilis Vision 8 w/ Spur',1,'0959A051B','2024-11-15','ext-ct38','2023-09-21 13:41:56'),(335,3,13,1203,NULL,'2023-09-07',NULL,2,'Other','Bovilis Vision 8 w/ Spur',1,'0959A051B','2024-11-15','ext-ct38','2023-09-21 13:41:56'),(336,3,13,1218,NULL,'2023-09-07',NULL,2,'Other','Bovilis Vision 8 w/ Spur',1,'0959A051B','2024-11-15','ext-ct38','2023-09-21 13:41:56'),(337,3,13,1214,NULL,'2023-09-07',NULL,2,'Other','Bovilis Vision 8 w/ Spur',1,'0959A051B','2024-11-15','ext-ct38','2023-09-21 13:41:56'),(338,3,13,1205,NULL,'2023-09-07',NULL,2,'Other','Bovilis Vision 8 w/ Spur',1,'0959A051B','2024-11-15','ext-ct38','2023-09-21 13:41:56'),(339,3,13,1228,NULL,'2023-09-07',NULL,2,'Other','Bovilis Vision 8 w/ Spur',1,'0959A051B','2024-11-15','ext-ct38','2023-09-21 13:41:56'),(340,3,13,1219,NULL,'2023-09-07',NULL,2,'Other','Bovilis Vision 8 w/ Spur',1,'0959A051B','2024-11-15','ext-ct38','2023-09-21 13:41:56'),(341,3,13,1213,NULL,'2023-09-07',NULL,2,'Other','Bovilis Vision 8 w/ Spur',1,'0959A051B','2024-11-15','ext-ct38','2023-09-21 13:41:56'),(342,3,13,1207,NULL,'2023-09-07',NULL,2,'Other','Bovilis Vision 8 w/ Spur',1,'0959A051B','2024-11-15','ext-ct38','2023-09-21 13:41:56'),(343,3,13,1212,NULL,'2023-09-07',NULL,2,'Other','Bovilis Vision 8 w/ Spur',1,'0959A051B','2024-11-15','ext-ct38','2023-09-21 13:41:56'),(344,3,13,1187,NULL,'2023-09-07',NULL,2,'Other','Bovilis Vision 8 w/ Spur',1,'0959A051B','2024-11-15','ext-ct38','2023-09-21 13:41:56'),(345,3,13,1191,NULL,'2023-09-07',NULL,2,'Other','Bovilis Vision 8 w/ Spur',1,'0959A051B','2024-11-15','ext-ct38','2023-09-21 13:41:56'),(346,3,13,1183,NULL,'2023-09-07',NULL,2,'Other','Bovilis Vision 8 w/ Spur',1,'0959A051B','2024-11-15','ext-ct38','2023-09-21 13:41:56'),(347,3,13,1179,NULL,'2023-09-07',NULL,2,'Other','Bovilis Vision 8 w/ Spur',1,'0959A051B','2024-11-15','ext-ct38','2023-09-21 13:41:56'),(348,3,13,1196,NULL,'2023-09-07',NULL,2,'Other','Bovilis Vision 8 w/ Spur',1,'0959A051B','2024-11-15','ext-ct38','2023-09-21 13:41:56'),(349,3,13,1190,NULL,'2023-09-07',NULL,2,'Other','Bovilis Vision 8 w/ Spur',1,'0959A051B','2024-11-15','ext-ct38','2023-09-21 13:41:56'),(350,3,13,1193,NULL,'2023-09-07',NULL,2,'Other','Bovilis Vision 8 w/ Spur',1,'0959A051B','2024-11-15','ext-ct38','2023-09-21 13:41:56'),(351,3,13,1198,NULL,'2023-09-07',NULL,2,'Other','Bovilis Vision 8 w/ Spur',1,'0959A051B','2024-11-15','ext-ct38','2023-09-21 13:41:56'),(352,3,13,1188,NULL,'2023-09-07',NULL,2,'Other','Bovilis Vision 8 w/ Spur',1,'0959A051B','2024-11-15','ext-ct38','2023-09-21 13:41:56'),(353,3,13,1197,NULL,'2023-09-07',NULL,2,'Other','Bovilis Vision 8 w/ Spur',1,'0959A051B','2024-11-15','ext-ct38','2023-09-21 13:41:56'),(354,3,13,1186,NULL,'2023-09-07',NULL,2,'Other','Bovilis Vision 8 w/ Spur',1,'0959A051B','2024-11-15','ext-ct38','2023-09-21 13:41:56'),(355,3,13,1199,NULL,'2023-09-07',NULL,2,'Other','Bovilis Vision 8 w/ Spur',1,'0959A051B','2024-11-15','ext-ct38','2023-09-21 13:41:56'),(356,3,13,1169,NULL,'2023-09-07',NULL,2,'Other','Bovilis Vision 8 w/ Spur',1,'0959A051B','2024-11-15','ext-ct38','2023-09-21 13:41:56'),(357,3,13,1157,NULL,'2023-09-07',NULL,2,'Other','Bovilis Vision 8 w/ Spur',1,'0959A051B','2024-11-15','ext-ct38','2023-09-21 13:41:56'),(358,3,13,1152,NULL,'2023-09-07',NULL,2,'Other','Bovilis Vision 8 w/ Spur',1,'0959A051B','2024-11-15','ext-ct38','2023-09-21 13:41:56'),(359,3,13,1159,NULL,'2023-09-07',NULL,2,'Other','Bovilis Vision 8 w/ Spur',1,'0959A051B','2024-11-15','ext-ct38','2023-09-21 13:41:56'),(360,3,13,1170,NULL,'2023-09-07',NULL,2,'Other','Bovilis Vision 8 w/ Spur',1,'0959A051B','2024-11-15','ext-ct38','2023-09-21 13:41:56'),(361,3,13,1154,NULL,'2023-09-07',NULL,2,'Other','Bovilis Vision 8 w/ Spur',1,'0959A051B','2024-11-15','ext-ct38','2023-09-21 13:41:56'),(362,3,13,1153,NULL,'2023-09-07',NULL,2,'Other','Bovilis Vision 8 w/ Spur',1,'0959A051B','2024-11-15','ext-ct38','2023-09-21 13:41:56'),(363,3,13,1158,NULL,'2023-09-07',NULL,2,'Other','Bovilis Vision 8 w/ Spur',1,'0959A051B','2024-11-15','ext-ct38','2023-09-21 13:41:56'),(364,3,13,1155,NULL,'2023-09-07',NULL,2,'Other','Bovilis Vision 8 w/ Spur',1,'0959A051B','2024-11-15','ext-ct38','2023-09-21 13:41:56'),(365,3,13,1160,NULL,'2023-09-07',NULL,2,'Other','Bovilis Vision 8 w/ Spur',1,'0959A051B','2024-11-15','ext-ct38','2023-09-21 13:41:56'),(366,3,13,1174,NULL,'2023-09-07',NULL,2,'Other','Bovilis Vision 8 w/ Spur',1,'0959A051B','2024-11-15','ext-ct38','2023-09-21 13:41:56'),(367,3,13,1165,NULL,'2023-09-07',NULL,2,'Other','Bovilis Vision 8 w/ Spur',1,'0959A051B','2024-11-15','ext-ct38','2023-09-21 13:41:56'),(368,3,13,1142,NULL,'2023-09-07',NULL,2,'Other','Bovilis Vista Once SQ',1,'90268528-9101A083','2024-12-01','ext-ct38','2023-09-21 14:03:55'),(369,3,13,1133,NULL,'2023-09-07',NULL,2,'Other','Bovilis Vista Once SQ',1,'90268528-9101A083','2024-12-01','ext-ct38','2023-09-21 14:03:55'),(370,3,13,1141,NULL,'2023-09-07',NULL,2,'Other','Bovilis Vista Once SQ',1,'90268528-9101A083','2024-12-01','ext-ct38','2023-09-21 14:03:55'),(371,3,13,1130,NULL,'2023-09-07',NULL,2,'Other','Bovilis Vista Once SQ',1,'90268528-9101A083','2024-12-01','ext-ct38','2023-09-21 14:03:55'),(372,3,13,1127,NULL,'2023-09-07',NULL,2,'Other','Bovilis Vista Once SQ',1,'90268528-9101A083','2024-12-01','ext-ct38','2023-09-21 14:03:55'),(373,3,13,1139,NULL,'2023-09-07',NULL,2,'Other','Bovilis Vista Once SQ',1,'90268528-9101A083','2024-12-01','ext-ct38','2023-09-21 14:03:55'),(374,3,13,1129,NULL,'2023-09-07',NULL,2,'Other','Bovilis Vista Once SQ',1,'90268528-9101A083','2024-12-01','ext-ct38','2023-09-21 14:03:55'),(375,3,13,1131,NULL,'2023-09-07',NULL,2,'Other','Bovilis Vista Once SQ',1,'90268528-9101A083','2024-12-01','ext-ct38','2023-09-21 14:03:55'),(376,3,13,1143,NULL,'2023-09-07',NULL,2,'Other','Bovilis Vista Once SQ',1,'90268528-9101A083','2024-12-01','ext-ct38','2023-09-21 14:03:55'),(377,3,13,1138,NULL,'2023-09-07',NULL,2,'Other','Bovilis Vista Once SQ',1,'90268528-9101A083','2024-12-01','ext-ct38','2023-09-21 14:03:55'),(378,3,13,1128,NULL,'2023-09-07',NULL,2,'Other','Bovilis Vista Once SQ',1,'90268528-9101A083','2024-12-01','ext-ct38','2023-09-21 14:03:55'),(379,3,13,1136,NULL,'2023-09-07',NULL,2,'Other','Bovilis Vista Once SQ',1,'90268528-9101A083','2024-12-01','ext-ct38','2023-09-21 14:03:55'),(380,3,13,1149,NULL,'2023-09-07',NULL,2,'Other','Bovilis Vista Once SQ',1,'90268528-9101A083','2024-12-01','ext-ct38','2023-09-21 14:03:55'),(381,3,13,1145,NULL,'2023-09-07',NULL,2,'Other','Bovilis Vista Once SQ',1,'90268528-9101A083','2024-12-01','ext-ct38','2023-09-21 14:03:55'),(382,3,13,1151,NULL,'2023-09-07',NULL,2,'Other','Bovilis Vista Once SQ',1,'90268528-9101A083','2024-12-01','ext-ct38','2023-09-21 14:03:55'),(383,3,13,1134,NULL,'2023-09-07',NULL,2,'Other','Bovilis Vista Once SQ',1,'90268528-9101A083','2024-12-01','ext-ct38','2023-09-21 14:03:55'),(384,3,13,1147,NULL,'2023-09-07',NULL,2,'Other','Bovilis Vista Once SQ',1,'90268528-9101A083','2024-12-01','ext-ct38','2023-09-21 14:03:55'),(385,3,13,1126,NULL,'2023-09-07',NULL,2,'Other','Bovilis Vista Once SQ',1,'90268528-9101A083','2024-12-01','ext-ct38','2023-09-21 14:03:55'),(386,3,13,1150,NULL,'2023-09-07',NULL,2,'Other','Bovilis Vista Once SQ',1,'90268528-9101A083','2024-12-01','ext-ct38','2023-09-21 14:03:55'),(387,3,13,1144,NULL,'2023-09-07',NULL,2,'Other','Bovilis Vista Once SQ',1,'90268528-9101A083','2024-12-01','ext-ct38','2023-09-21 14:03:55'),(388,3,13,1135,NULL,'2023-09-07',NULL,2,'Other','Bovilis Vista Once SQ',1,'90268528-9101A083','2024-12-01','ext-ct38','2023-09-21 14:03:55'),(389,3,13,1137,NULL,'2023-09-07',NULL,2,'Other','Bovilis Vista Once SQ',1,'90268528-9101A083','2024-12-01','ext-ct38','2023-09-21 14:03:55'),(390,3,13,1211,NULL,'2023-09-07',NULL,2,'Other','Bovilis Vista Once SQ',1,'90268528-9101A083','2024-12-01','ext-ct38','2023-09-21 14:03:55'),(391,3,13,1209,NULL,'2023-09-07',NULL,2,'Other','Bovilis Vista Once SQ',1,'90268528-9101A083','2024-12-01','ext-ct38','2023-09-21 14:03:55'),(392,3,13,1224,NULL,'2023-09-07',NULL,2,'Other','Bovilis Vista Once SQ',1,'90268528-9101A083','2024-12-01','ext-ct38','2023-09-21 14:03:55'),(393,3,13,1226,NULL,'2023-09-07',NULL,2,'Other','Bovilis Vista Once SQ',1,'90268528-9101A083','2024-12-01','ext-ct38','2023-09-21 14:03:55'),(394,3,13,1220,NULL,'2023-09-07',NULL,2,'Other','Bovilis Vista Once SQ',1,'90268528-9101A083','2024-12-01','ext-ct38','2023-09-21 14:03:55'),(395,3,13,1227,NULL,'2023-09-07',NULL,2,'Other','Bovilis Vista Once SQ',1,'90268528-9101A083','2024-12-01','ext-ct38','2023-09-21 14:03:55'),(396,3,13,1206,NULL,'2023-09-07',NULL,2,'Other','Bovilis Vista Once SQ',1,'90268528-9101A083','2024-12-01','ext-ct38','2023-09-21 14:03:55'),(397,3,13,1222,NULL,'2023-09-07',NULL,2,'Other','Bovilis Vista Once SQ',1,'90268528-9101A083','2024-12-01','ext-ct38','2023-09-21 14:03:55'),(398,3,13,1225,NULL,'2023-09-07',NULL,2,'Other','Bovilis Vista Once SQ',1,'90268528-9101A083','2024-12-01','ext-ct38','2023-09-21 14:03:55'),(399,3,13,1216,NULL,'2023-09-07',NULL,2,'Other','Bovilis Vista Once SQ',1,'90268528-9101A083','2024-12-01','ext-ct38','2023-09-21 14:03:55'),(400,3,13,1202,NULL,'2023-09-07',NULL,2,'Other','Bovilis Vista Once SQ',1,'90268528-9101A083','2024-12-01','ext-ct38','2023-09-21 14:03:55'),(401,3,13,1221,NULL,'2023-09-07',NULL,2,'Other','Bovilis Vista Once SQ',1,'90268528-9101A083','2024-12-01','ext-ct38','2023-09-21 14:03:55'),(402,3,13,1210,NULL,'2023-09-07',NULL,2,'Other','Bovilis Vista Once SQ',1,'90268528-9101A083','2024-12-01','ext-ct38','2023-09-21 14:03:55'),(403,3,13,1223,NULL,'2023-09-07',NULL,2,'Other','Bovilis Vista Once SQ',1,'90268528-9101A083','2024-12-01','ext-ct38','2023-09-21 14:03:55'),(404,3,13,1215,NULL,'2023-09-07',NULL,2,'Other','Bovilis Vista Once SQ',1,'90268528-9101A083','2024-12-01','ext-ct38','2023-09-21 14:03:55'),(405,3,13,1217,NULL,'2023-09-07',NULL,2,'Other','Bovilis Vista Once SQ',1,'90268528-9101A083','2024-12-01','ext-ct38','2023-09-21 14:03:55'),(406,3,13,1208,NULL,'2023-09-07',NULL,2,'Other','Bovilis Vista Once SQ',1,'90268528-9101A083','2024-12-01','ext-ct38','2023-09-21 14:03:55'),(407,3,13,1182,NULL,'2023-09-07',NULL,2,'Other','Bovilis Vista Once SQ',1,'90268528-9101A083','2024-12-01','ext-ct38','2023-09-21 14:03:55'),(408,3,13,1184,NULL,'2023-09-07',NULL,2,'Other','Bovilis Vista Once SQ',1,'90268528-9101A083','2024-12-01','ext-ct38','2023-09-21 14:03:55'),(409,3,13,1177,NULL,'2023-09-07',NULL,2,'Other','Bovilis Vista Once SQ',1,'90268528-9101A083','2024-12-01','ext-ct38','2023-09-21 14:03:55'),(410,3,13,1178,NULL,'2023-09-07',NULL,2,'Other','Bovilis Vista Once SQ',1,'90268528-9101A083','2024-12-01','ext-ct38','2023-09-21 14:03:55'),(411,3,13,1195,NULL,'2023-09-07',NULL,2,'Other','Bovilis Vista Once SQ',1,'90268528-9101A083','2024-12-01','ext-ct38','2023-09-21 14:03:55'),(412,3,13,1181,NULL,'2023-09-07',NULL,2,'Other','Bovilis Vista Once SQ',1,'90268528-9101A083','2024-12-01','ext-ct38','2023-09-21 14:03:55'),(413,3,13,1194,NULL,'2023-09-07',NULL,2,'Other','Bovilis Vista Once SQ',1,'90268528-9101A083','2024-12-01','ext-ct38','2023-09-21 14:03:55'),(414,3,13,1176,NULL,'2023-09-07',NULL,2,'Other','Bovilis Vista Once SQ',1,'90268528-9101A083','2024-12-01','ext-ct38','2023-09-21 14:03:55'),(415,3,13,1189,NULL,'2023-09-07',NULL,2,'Other','Bovilis Vista Once SQ',1,'90268528-9101A083','2024-12-01','ext-ct38','2023-09-21 14:03:55'),(416,3,13,1185,NULL,'2023-09-07',NULL,2,'Other','Bovilis Vista Once SQ',1,'90268528-9101A083','2024-12-01','ext-ct38','2023-09-21 14:03:55'),(417,3,13,1192,NULL,'2023-09-07',NULL,2,'Other','Bovilis Vista Once SQ',1,'90268528-9101A083','2024-12-01','ext-ct38','2023-09-21 14:03:55'),(418,3,13,1180,NULL,'2023-09-07',NULL,2,'Other','Bovilis Vista Once SQ',1,'90268528-9101A083','2024-12-01','ext-ct38','2023-09-21 14:03:55'),(419,3,13,1200,NULL,'2023-09-07',NULL,2,'Other','Bovilis Vista Once SQ',1,'90268528-9101A083','2024-12-01','ext-ct38','2023-09-21 14:03:55'),(420,3,13,1201,NULL,'2023-09-07',NULL,2,'Other','Bovilis Vista Once SQ',1,'90268528-9101A083','2024-12-01','ext-ct38','2023-09-21 14:03:55'),(421,3,13,1163,NULL,'2023-09-07',NULL,2,'Other','Bovilis Vista Once SQ',1,'90268528-9101A083','2024-12-01','ext-ct38','2023-09-21 14:03:55'),(422,3,13,1168,NULL,'2023-09-07',NULL,2,'Other','Bovilis Vista Once SQ',1,'90268528-9101A083','2024-12-01','ext-ct38','2023-09-21 14:03:55'),(423,3,13,1171,NULL,'2023-09-07',NULL,2,'Other','Bovilis Vista Once SQ',1,'90268528-9101A083','2024-12-01','ext-ct38','2023-09-21 14:03:55'),(424,3,13,1162,NULL,'2023-09-07',NULL,2,'Other','Bovilis Vista Once SQ',1,'90268528-9101A083','2024-12-01','ext-ct38','2023-09-21 14:03:55'),(425,3,13,1167,NULL,'2023-09-07',NULL,2,'Other','Bovilis Vista Once SQ',1,'90268528-9101A083','2024-12-01','ext-ct38','2023-09-21 14:03:55'),(426,3,13,1161,NULL,'2023-09-07',NULL,2,'Other','Bovilis Vista Once SQ',1,'90268528-9101A083','2024-12-01','ext-ct38','2023-09-21 14:03:55'),(427,3,13,1156,NULL,'2023-09-07',NULL,2,'Other','Bovilis Vista Once SQ',1,'90268528-9101A083','2024-12-01','ext-ct38','2023-09-21 14:03:55'),(428,3,13,1175,NULL,'2023-09-07',NULL,2,'Other','Bovilis Vista Once SQ',1,'90268528-9101A083','2024-12-01','ext-ct38','2023-09-21 14:03:55'),(429,3,13,1166,NULL,'2023-09-07',NULL,2,'Other','Bovilis Vista Once SQ',1,'90268528-9101A083','2024-12-01','ext-ct38','2023-09-21 14:03:55'),(430,3,13,1172,NULL,'2023-09-07',NULL,2,'Other','Bovilis Vista Once SQ',1,'90268528-9101A083','2024-12-01','ext-ct38','2023-09-21 14:03:55'),(431,3,13,1173,NULL,'2023-09-07',NULL,2,'Other','Bovilis Vista Once SQ',1,'90268528-9101A083','2024-12-01','ext-ct38','2023-09-21 14:03:55'),(432,3,13,1164,NULL,'2023-09-07',NULL,2,'Other','Bovilis Vista Once SQ',1,'90268528-9101A083','2024-12-01','ext-ct38','2023-09-21 14:03:55'),(433,3,13,1142,NULL,'2023-09-07',NULL,2,'Other','Bovilis Vision 8 w/ Spur',1,'0959A051B','2024-11-15','ext-ct38','2023-09-21 14:03:55'),(434,3,13,1133,NULL,'2023-09-07',NULL,2,'Other','Bovilis Vision 8 w/ Spur',1,'0959A051B','2024-11-15','ext-ct38','2023-09-21 14:03:55'),(435,3,13,1141,NULL,'2023-09-07',NULL,2,'Other','Bovilis Vision 8 w/ Spur',1,'0959A051B','2024-11-15','ext-ct38','2023-09-21 14:03:55'),(436,3,13,1130,NULL,'2023-09-07',NULL,2,'Other','Bovilis Vision 8 w/ Spur',1,'0959A051B','2024-11-15','ext-ct38','2023-09-21 14:03:55'),(437,3,13,1127,NULL,'2023-09-07',NULL,2,'Other','Bovilis Vision 8 w/ Spur',1,'0959A051B','2024-11-15','ext-ct38','2023-09-21 14:03:55'),(438,3,13,1139,NULL,'2023-09-07',NULL,2,'Other','Bovilis Vision 8 w/ Spur',1,'0959A051B','2024-11-15','ext-ct38','2023-09-21 14:03:55'),(439,3,13,1129,NULL,'2023-09-07',NULL,2,'Other','Bovilis Vision 8 w/ Spur',1,'0959A051B','2024-11-15','ext-ct38','2023-09-21 14:03:55'),(440,3,13,1131,NULL,'2023-09-07',NULL,2,'Other','Bovilis Vision 8 w/ Spur',1,'0959A051B','2024-11-15','ext-ct38','2023-09-21 14:03:55'),(441,3,13,1143,NULL,'2023-09-07',NULL,2,'Other','Bovilis Vision 8 w/ Spur',1,'0959A051B','2024-11-15','ext-ct38','2023-09-21 14:03:55'),(442,3,13,1138,NULL,'2023-09-07',NULL,2,'Other','Bovilis Vision 8 w/ Spur',1,'0959A051B','2024-11-15','ext-ct38','2023-09-21 14:03:55'),(443,3,13,1128,NULL,'2023-09-07',NULL,2,'Other','Bovilis Vision 8 w/ Spur',1,'0959A051B','2024-11-15','ext-ct38','2023-09-21 14:03:55'),(444,3,13,1136,NULL,'2023-09-07',NULL,2,'Other','Bovilis Vision 8 w/ Spur',1,'0959A051B','2024-11-15','ext-ct38','2023-09-21 14:03:55'),(445,3,13,1149,NULL,'2023-09-07',NULL,2,'Other','Bovilis Vision 8 w/ Spur',1,'0959A051B','2024-11-15','ext-ct38','2023-09-21 14:03:55'),(446,3,13,1145,NULL,'2023-09-07',NULL,2,'Other','Bovilis Vision 8 w/ Spur',1,'0959A051B','2024-11-15','ext-ct38','2023-09-21 14:03:55'),(447,3,13,1151,NULL,'2023-09-07',NULL,2,'Other','Bovilis Vision 8 w/ Spur',1,'0959A051B','2024-11-15','ext-ct38','2023-09-21 14:03:55'),(448,3,13,1134,NULL,'2023-09-07',NULL,2,'Other','Bovilis Vision 8 w/ Spur',1,'0959A051B','2024-11-15','ext-ct38','2023-09-21 14:03:55'),(449,3,13,1147,NULL,'2023-09-07',NULL,2,'Other','Bovilis Vision 8 w/ Spur',1,'0959A051B','2024-11-15','ext-ct38','2023-09-21 14:03:55'),(450,3,13,1126,NULL,'2023-09-07',NULL,2,'Other','Bovilis Vision 8 w/ Spur',1,'0959A051B','2024-11-15','ext-ct38','2023-09-21 14:03:55'),(451,3,13,1150,NULL,'2023-09-07',NULL,2,'Other','Bovilis Vision 8 w/ Spur',1,'0959A051B','2024-11-15','ext-ct38','2023-09-21 14:03:55'),(452,3,13,1144,NULL,'2023-09-07',NULL,2,'Other','Bovilis Vision 8 w/ Spur',1,'0959A051B','2024-11-15','ext-ct38','2023-09-21 14:03:55'),(453,3,13,1135,NULL,'2023-09-07',NULL,2,'Other','Bovilis Vision 8 w/ Spur',1,'0959A051B','2024-11-15','ext-ct38','2023-09-21 14:03:55'),(454,3,13,1137,NULL,'2023-09-07',NULL,2,'Other','Bovilis Vision 8 w/ Spur',1,'0959A051B','2024-11-15','ext-ct38','2023-09-21 14:03:55'),(455,3,13,1211,NULL,'2023-09-07',NULL,2,'Other','Bovilis Vision 8 w/ Spur',1,'0959A051B','2024-11-15','ext-ct38','2023-09-21 14:03:55'),(456,3,13,1209,NULL,'2023-09-07',NULL,2,'Other','Bovilis Vision 8 w/ Spur',1,'0959A051B','2024-11-15','ext-ct38','2023-09-21 14:03:55'),(457,3,13,1224,NULL,'2023-09-07',NULL,2,'Other','Bovilis Vision 8 w/ Spur',1,'0959A051B','2024-11-15','ext-ct38','2023-09-21 14:03:55'),(458,3,13,1226,NULL,'2023-09-07',NULL,2,'Other','Bovilis Vision 8 w/ Spur',1,'0959A051B','2024-11-15','ext-ct38','2023-09-21 14:03:55'),(459,3,13,1220,NULL,'2023-09-07',NULL,2,'Other','Bovilis Vision 8 w/ Spur',1,'0959A051B','2024-11-15','ext-ct38','2023-09-21 14:03:55'),(460,3,13,1227,NULL,'2023-09-07',NULL,2,'Other','Bovilis Vision 8 w/ Spur',1,'0959A051B','2024-11-15','ext-ct38','2023-09-21 14:03:55'),(461,3,13,1206,NULL,'2023-09-07',NULL,2,'Other','Bovilis Vision 8 w/ Spur',1,'0959A051B','2024-11-15','ext-ct38','2023-09-21 14:03:55'),(462,3,13,1222,NULL,'2023-09-07',NULL,2,'Other','Bovilis Vision 8 w/ Spur',1,'0959A051B','2024-11-15','ext-ct38','2023-09-21 14:03:55'),(463,3,13,1225,NULL,'2023-09-07',NULL,2,'Other','Bovilis Vision 8 w/ Spur',1,'0959A051B','2024-11-15','ext-ct38','2023-09-21 14:03:55'),(464,3,13,1216,NULL,'2023-09-07',NULL,2,'Other','Bovilis Vision 8 w/ Spur',1,'0959A051B','2024-11-15','ext-ct38','2023-09-21 14:03:55'),(465,3,13,1202,NULL,'2023-09-07',NULL,2,'Other','Bovilis Vision 8 w/ Spur',1,'0959A051B','2024-11-15','ext-ct38','2023-09-21 14:03:55'),(466,3,13,1221,NULL,'2023-09-07',NULL,2,'Other','Bovilis Vision 8 w/ Spur',1,'0959A051B','2024-11-15','ext-ct38','2023-09-21 14:03:55'),(467,3,13,1210,NULL,'2023-09-07',NULL,2,'Other','Bovilis Vision 8 w/ Spur',1,'0959A051B','2024-11-15','ext-ct38','2023-09-21 14:03:55'),(468,3,13,1223,NULL,'2023-09-07',NULL,2,'Other','Bovilis Vision 8 w/ Spur',1,'0959A051B','2024-11-15','ext-ct38','2023-09-21 14:03:55'),(469,3,13,1215,NULL,'2023-09-07',NULL,2,'Other','Bovilis Vision 8 w/ Spur',1,'0959A051B','2024-11-15','ext-ct38','2023-09-21 14:03:56'),(470,3,13,1217,NULL,'2023-09-07',NULL,2,'Other','Bovilis Vision 8 w/ Spur',1,'0959A051B','2024-11-15','ext-ct38','2023-09-21 14:03:56'),(471,3,13,1208,NULL,'2023-09-07',NULL,2,'Other','Bovilis Vision 8 w/ Spur',1,'0959A051B','2024-11-15','ext-ct38','2023-09-21 14:03:56'),(472,3,13,1182,NULL,'2023-09-07',NULL,2,'Other','Bovilis Vision 8 w/ Spur',1,'0959A051B','2024-11-15','ext-ct38','2023-09-21 14:03:56'),(473,3,13,1184,NULL,'2023-09-07',NULL,2,'Other','Bovilis Vision 8 w/ Spur',1,'0959A051B','2024-11-15','ext-ct38','2023-09-21 14:03:56'),(474,3,13,1177,NULL,'2023-09-07',NULL,2,'Other','Bovilis Vision 8 w/ Spur',1,'0959A051B','2024-11-15','ext-ct38','2023-09-21 14:03:56'),(475,3,13,1178,NULL,'2023-09-07',NULL,2,'Other','Bovilis Vision 8 w/ Spur',1,'0959A051B','2024-11-15','ext-ct38','2023-09-21 14:03:56'),(476,3,13,1195,NULL,'2023-09-07',NULL,2,'Other','Bovilis Vision 8 w/ Spur',1,'0959A051B','2024-11-15','ext-ct38','2023-09-21 14:03:56'),(477,3,13,1181,NULL,'2023-09-07',NULL,2,'Other','Bovilis Vision 8 w/ Spur',1,'0959A051B','2024-11-15','ext-ct38','2023-09-21 14:03:56'),(478,3,13,1194,NULL,'2023-09-07',NULL,2,'Other','Bovilis Vision 8 w/ Spur',1,'0959A051B','2024-11-15','ext-ct38','2023-09-21 14:03:56'),(479,3,13,1176,NULL,'2023-09-07',NULL,2,'Other','Bovilis Vision 8 w/ Spur',1,'0959A051B','2024-11-15','ext-ct38','2023-09-21 14:03:56'),(480,3,13,1189,NULL,'2023-09-07',NULL,2,'Other','Bovilis Vision 8 w/ Spur',1,'0959A051B','2024-11-15','ext-ct38','2023-09-21 14:03:56'),(481,3,13,1185,NULL,'2023-09-07',NULL,2,'Other','Bovilis Vision 8 w/ Spur',1,'0959A051B','2024-11-15','ext-ct38','2023-09-21 14:03:56'),(482,3,13,1192,NULL,'2023-09-07',NULL,2,'Other','Bovilis Vision 8 w/ Spur',1,'0959A051B','2024-11-15','ext-ct38','2023-09-21 14:03:56'),(483,3,13,1180,NULL,'2023-09-07',NULL,2,'Other','Bovilis Vision 8 w/ Spur',1,'0959A051B','2024-11-15','ext-ct38','2023-09-21 14:03:56'),(484,3,13,1200,NULL,'2023-09-07',NULL,2,'Other','Bovilis Vision 8 w/ Spur',1,'0959A051B','2024-11-15','ext-ct38','2023-09-21 14:03:56'),(485,3,13,1201,NULL,'2023-09-07',NULL,2,'Other','Bovilis Vision 8 w/ Spur',1,'0959A051B','2024-11-15','ext-ct38','2023-09-21 14:03:56'),(486,3,13,1163,NULL,'2023-09-07',NULL,2,'Other','Bovilis Vision 8 w/ Spur',1,'0959A051B','2024-11-15','ext-ct38','2023-09-21 14:03:56'),(487,3,13,1168,NULL,'2023-09-07',NULL,2,'Other','Bovilis Vision 8 w/ Spur',1,'0959A051B','2024-11-15','ext-ct38','2023-09-21 14:03:56'),(488,3,13,1171,NULL,'2023-09-07',NULL,2,'Other','Bovilis Vision 8 w/ Spur',1,'0959A051B','2024-11-15','ext-ct38','2023-09-21 14:03:56'),(489,3,13,1162,NULL,'2023-09-07',NULL,2,'Other','Bovilis Vision 8 w/ Spur',1,'0959A051B','2024-11-15','ext-ct38','2023-09-21 14:03:56'),(490,3,13,1167,NULL,'2023-09-07',NULL,2,'Other','Bovilis Vision 8 w/ Spur',1,'0959A051B','2024-11-15','ext-ct38','2023-09-21 14:03:56'),(491,3,13,1161,NULL,'2023-09-07',NULL,2,'Other','Bovilis Vision 8 w/ Spur',1,'0959A051B','2024-11-15','ext-ct38','2023-09-21 14:03:56'),(492,3,13,1156,NULL,'2023-09-07',NULL,2,'Other','Bovilis Vision 8 w/ Spur',1,'0959A051B','2024-11-15','ext-ct38','2023-09-21 14:03:56'),(493,3,13,1175,NULL,'2023-09-07',NULL,2,'Other','Bovilis Vision 8 w/ Spur',1,'0959A051B','2024-11-15','ext-ct38','2023-09-21 14:03:56'),(494,3,13,1166,NULL,'2023-09-07',NULL,2,'Other','Bovilis Vision 8 w/ Spur',1,'0959A051B','2024-11-15','ext-ct38','2023-09-21 14:03:56'),(495,3,13,1172,NULL,'2023-09-07',NULL,2,'Other','Bovilis Vision 8 w/ Spur',1,'0959A051B','2024-11-15','ext-ct38','2023-09-21 14:03:56'),(496,3,13,1173,NULL,'2023-09-07',NULL,2,'Other','Bovilis Vision 8 w/ Spur',1,'0959A051B','2024-11-15','ext-ct38','2023-09-21 14:03:56'),(497,3,13,1164,NULL,'2023-09-07',NULL,2,'Other','Bovilis Vision 8 w/ Spur',1,'0959A051B','2024-11-15','ext-ct38','2023-09-21 14:03:56'),(498,3,14,1249,NULL,'2023-09-14',NULL,NULL,'Anthrax Spore Vaccine',NULL,NULL,NULL,NULL,'ext-ct38','2023-09-21 14:34:17'),(499,3,14,1260,NULL,'2023-09-14',NULL,NULL,'Anthrax Spore Vaccine',NULL,NULL,NULL,NULL,'ext-ct38','2023-09-21 14:34:17'),(500,3,14,1261,NULL,'2023-09-14',NULL,NULL,'Anthrax Spore Vaccine',NULL,NULL,NULL,NULL,'ext-ct38','2023-09-21 14:34:17'),(501,3,14,1262,NULL,'2023-09-14',NULL,NULL,'Anthrax Spore Vaccine',NULL,NULL,NULL,NULL,'ext-ct38','2023-09-21 14:34:17'),(502,3,14,1263,NULL,'2023-09-14',NULL,NULL,'Anthrax Spore Vaccine',NULL,NULL,NULL,NULL,'ext-ct38','2023-09-21 14:34:17'),(503,3,14,1264,NULL,'2023-09-14',NULL,NULL,'Anthrax Spore Vaccine',NULL,NULL,NULL,NULL,'ext-ct38','2023-09-21 14:34:17'),(504,3,14,1265,NULL,'2023-09-14',NULL,NULL,'Anthrax Spore Vaccine',NULL,NULL,NULL,NULL,'ext-ct38','2023-09-21 14:34:17'),(505,3,14,1266,NULL,'2023-09-14',NULL,NULL,'Anthrax Spore Vaccine',NULL,NULL,NULL,NULL,'ext-ct38','2023-09-21 14:34:17'),(506,3,14,1267,NULL,'2023-09-14',NULL,NULL,'Anthrax Spore Vaccine',NULL,NULL,NULL,NULL,'ext-ct38','2023-09-21 14:34:17'),(507,3,14,1268,NULL,'2023-09-14',NULL,NULL,'Anthrax Spore Vaccine',NULL,NULL,NULL,NULL,'ext-ct38','2023-09-21 14:34:17'),(508,3,14,1251,NULL,'2023-09-14',NULL,NULL,'Anthrax Spore Vaccine',NULL,NULL,NULL,NULL,'ext-ct38','2023-09-21 14:34:17'),(509,3,14,1269,NULL,'2023-09-14',NULL,NULL,'Anthrax Spore Vaccine',NULL,NULL,NULL,NULL,'ext-ct38','2023-09-21 14:34:17'),(510,3,14,1270,NULL,'2023-09-14',NULL,NULL,'Anthrax Spore Vaccine',NULL,NULL,NULL,NULL,'ext-ct38','2023-09-21 14:34:17'),(511,3,14,1271,NULL,'2023-09-14',NULL,NULL,'Anthrax Spore Vaccine',NULL,NULL,NULL,NULL,'ext-ct38','2023-09-21 14:34:17'),(512,3,14,1272,NULL,'2023-09-14',NULL,NULL,'Anthrax Spore Vaccine',NULL,NULL,NULL,NULL,'ext-ct38','2023-09-21 14:34:17'),(513,3,14,1252,NULL,'2023-09-14',NULL,NULL,'Anthrax Spore Vaccine',NULL,NULL,NULL,NULL,'ext-ct38','2023-09-21 14:34:17'),(514,3,14,1253,NULL,'2023-09-14',NULL,NULL,'Anthrax Spore Vaccine',NULL,NULL,NULL,NULL,'ext-ct38','2023-09-21 14:34:17'),(515,3,14,1254,NULL,'2023-09-14',NULL,NULL,'Anthrax Spore Vaccine',NULL,NULL,NULL,NULL,'ext-ct38','2023-09-21 14:34:17'),(516,3,14,1255,NULL,'2023-09-14',NULL,NULL,'Anthrax Spore Vaccine',NULL,NULL,NULL,NULL,'ext-ct38','2023-09-21 14:34:17'),(517,3,14,1256,NULL,'2023-09-14',NULL,NULL,'Anthrax Spore Vaccine',NULL,NULL,NULL,NULL,'ext-ct38','2023-09-21 14:34:17'),(518,3,14,1257,NULL,'2023-09-14',NULL,NULL,'Anthrax Spore Vaccine',NULL,NULL,NULL,NULL,'ext-ct38','2023-09-21 14:34:17'),(519,3,14,1258,NULL,'2023-09-14',NULL,NULL,'Anthrax Spore Vaccine',NULL,NULL,NULL,NULL,'ext-ct38','2023-09-21 14:34:17'),(520,3,14,1250,NULL,'2023-09-14',NULL,NULL,'Anthrax Spore Vaccine',NULL,NULL,NULL,NULL,'ext-ct38','2023-09-21 14:34:17'),(521,3,13,880,NULL,'2023-10-03',2,2,'Vista® 3 VL5 SQ',NULL,1,NULL,NULL,'ext-ct38','2023-10-03 09:40:21'),(522,3,13,876,NULL,'2023-10-03',2,2,'Vista® 3 VL5 SQ',NULL,1,NULL,NULL,'ext-ct38','2023-10-03 09:40:21'),(523,3,13,836,NULL,'2023-10-03',2,2,'Vista® 3 VL5 SQ',NULL,1,NULL,NULL,'ext-ct38','2023-10-03 09:40:21'),(524,3,13,824,NULL,'2023-10-03',2,2,'Vista® 3 VL5 SQ',NULL,1,NULL,NULL,'ext-ct38','2023-10-03 09:40:21'),(525,3,13,803,NULL,'2023-10-03',2,2,'Vista® 3 VL5 SQ',NULL,1,NULL,NULL,'ext-ct38','2023-10-03 09:40:21'),(526,3,13,858,NULL,'2023-10-03',2,2,'Vista® 3 VL5 SQ',NULL,1,NULL,NULL,'ext-ct38','2023-10-03 09:40:21'),(527,3,13,1022,NULL,'2023-10-03',2,2,'Vista® 3 VL5 SQ',NULL,1,NULL,NULL,'ext-ct38','2023-10-03 09:40:21'),(528,4,17,1013,NULL,'2023-02-05',0,1,'Bovilis® Vista® BVD CFP','',1,'',NULL,'ext-kn1','2023-10-31 12:32:33'),(529,4,17,1013,NULL,'2023-02-05',0,1,'Bovilis® Vista® BVD CFP','',1,'',NULL,'ext-kn1','2023-10-31 12:32:58'),(530,4,17,1013,NULL,'2023-02-05',0,1,'Bovilis® Vista® BVD CFP','',1,'',NULL,'ext-kn1','2023-10-31 12:38:48'),(531,4,18,1284,NULL,'2023-11-13',0,2,'Other','Pyramid 5',1,'',NULL,'ext-ct38','2023-11-21 10:13:34'),(532,4,18,1284,NULL,'2023-11-13',0,2,'StayBred™ VL5','',1,'',NULL,'ext-ct38','2023-11-21 10:13:34'),(533,4,18,1283,NULL,'2023-11-13',0,2,'Other','Pyramid 5',1,'',NULL,'ext-ct38','2023-11-21 10:13:35'),(534,4,18,1283,NULL,'2023-11-13',0,2,'StayBred™ VL5','',1,'',NULL,'ext-ct38','2023-11-21 10:13:35'),(535,4,18,1293,NULL,'2023-11-13',0,2,'Other','Pyramid 5',1,'',NULL,'ext-ct38','2023-11-21 10:13:35'),(536,4,18,1293,NULL,'2023-11-13',0,2,'StayBred™ VL5','',1,'',NULL,'ext-ct38','2023-11-21 10:13:35'),(537,4,18,1316,NULL,'2023-11-13',0,2,'Other','Pyramid 5',1,'',NULL,'ext-ct38','2023-11-21 10:13:35'),(538,4,18,1316,NULL,'2023-11-13',0,2,'StayBred™ VL5','',1,'',NULL,'ext-ct38','2023-11-21 10:13:35'),(539,4,18,1288,NULL,'2023-11-13',0,2,'Other','Pyramid 5',1,'',NULL,'ext-ct38','2023-11-21 10:13:35'),(540,4,18,1288,NULL,'2023-11-13',0,2,'StayBred™ VL5','',1,'',NULL,'ext-ct38','2023-11-21 10:13:35'),(541,4,18,1305,NULL,'2023-11-13',0,2,'Other','Pyramid 5',1,'',NULL,'ext-ct38','2023-11-21 10:13:35'),(542,4,18,1305,NULL,'2023-11-13',0,2,'StayBred™ VL5','',1,'',NULL,'ext-ct38','2023-11-21 10:13:35'),(543,4,18,1317,NULL,'2023-11-13',0,2,'Other','Pyramid 5',1,'',NULL,'ext-ct38','2023-11-21 10:13:35'),(544,4,18,1317,NULL,'2023-11-13',0,2,'StayBred™ VL5','',1,'',NULL,'ext-ct38','2023-11-21 10:13:35'),(545,4,18,1302,NULL,'2023-11-13',0,2,'Other','Pyramid 5',1,'',NULL,'ext-ct38','2023-11-21 10:13:35'),(546,4,18,1302,NULL,'2023-11-13',0,2,'StayBred™ VL5','',1,'',NULL,'ext-ct38','2023-11-21 10:13:35'),(547,4,18,1313,NULL,'2023-11-13',0,2,'Other','Pyramid 5',1,'',NULL,'ext-ct38','2023-11-21 10:13:35'),(548,4,18,1313,NULL,'2023-11-13',0,2,'StayBred™ VL5','',1,'',NULL,'ext-ct38','2023-11-21 10:13:35'),(549,4,18,1297,NULL,'2023-11-13',0,2,'Other','Pyramid 5',1,'',NULL,'ext-ct38','2023-11-21 10:13:35'),(550,4,18,1297,NULL,'2023-11-13',0,2,'StayBred™ VL5','',1,'',NULL,'ext-ct38','2023-11-21 10:13:35'),(551,4,18,1278,NULL,'2023-11-13',0,2,'Other','Pyramid 5',1,'',NULL,'ext-ct38','2023-11-21 10:13:35'),(552,4,18,1278,NULL,'2023-11-13',0,2,'StayBred™ VL5','',1,'',NULL,'ext-ct38','2023-11-21 10:13:35'),(553,4,18,1318,NULL,'2023-11-13',0,2,'Other','Pyramid 5',1,'',NULL,'ext-ct38','2023-11-21 10:13:35'),(554,4,18,1318,NULL,'2023-11-13',0,2,'StayBred™ VL5','',1,'',NULL,'ext-ct38','2023-11-21 10:13:35'),(555,4,18,1312,NULL,'2023-11-13',0,2,'Other','Pyramid 5',1,'',NULL,'ext-ct38','2023-11-21 10:13:35'),(556,4,18,1312,NULL,'2023-11-13',0,2,'StayBred™ VL5','',1,'',NULL,'ext-ct38','2023-11-21 10:13:35'),(557,4,18,1295,NULL,'2023-11-13',0,2,'Other','Pyramid 5',1,'',NULL,'ext-ct38','2023-11-21 10:13:35'),(558,4,18,1295,NULL,'2023-11-13',0,2,'StayBred™ VL5','',1,'',NULL,'ext-ct38','2023-11-21 10:13:35'),(559,4,18,1307,NULL,'2023-11-13',0,2,'Other','Pyramid 5',1,'',NULL,'ext-ct38','2023-11-21 10:13:35'),(560,4,18,1307,NULL,'2023-11-13',0,2,'StayBred™ VL5','',1,'',NULL,'ext-ct38','2023-11-21 10:13:35'),(561,4,18,1275,NULL,'2023-11-13',0,2,'Other','Pyramid 5',1,'',NULL,'ext-ct38','2023-11-21 10:13:35'),(562,4,18,1275,NULL,'2023-11-13',0,2,'StayBred™ VL5','',1,'',NULL,'ext-ct38','2023-11-21 10:13:35'),(563,4,18,1299,NULL,'2023-11-13',0,2,'Other','Pyramid 5',1,'',NULL,'ext-ct38','2023-11-21 10:13:35'),(564,4,18,1299,NULL,'2023-11-13',0,2,'StayBred™ VL5','',1,'',NULL,'ext-ct38','2023-11-21 10:13:35'),(565,4,18,1274,NULL,'2023-11-13',0,2,'Other','Pyramid 5',1,'',NULL,'ext-ct38','2023-11-21 10:13:35'),(566,4,18,1274,NULL,'2023-11-13',0,2,'StayBred™ VL5','',1,'',NULL,'ext-ct38','2023-11-21 10:13:35'),(567,4,18,1301,NULL,'2023-11-13',0,2,'Other','Pyramid 5',1,'',NULL,'ext-ct38','2023-11-21 10:13:35'),(568,4,18,1301,NULL,'2023-11-13',0,2,'StayBred™ VL5','',1,'',NULL,'ext-ct38','2023-11-21 10:13:35'),(569,4,18,1311,NULL,'2023-11-13',0,2,'Other','Pyramid 5',1,'',NULL,'ext-ct38','2023-11-21 10:13:35'),(570,4,18,1311,NULL,'2023-11-13',0,2,'StayBred™ VL5','',1,'',NULL,'ext-ct38','2023-11-21 10:13:35'),(571,4,18,1314,NULL,'2023-11-13',0,2,'Other','Pyramid 5',1,'',NULL,'ext-ct38','2023-11-21 10:13:35'),(572,4,18,1314,NULL,'2023-11-13',0,2,'StayBred™ VL5','',1,'',NULL,'ext-ct38','2023-11-21 10:13:35'),(573,4,18,1303,NULL,'2023-11-13',0,2,'Other','Pyramid 5',1,'',NULL,'ext-ct38','2023-11-21 10:13:35'),(574,4,18,1303,NULL,'2023-11-13',0,2,'StayBred™ VL5','',1,'',NULL,'ext-ct38','2023-11-21 10:13:35'),(575,4,18,1294,NULL,'2023-11-13',0,2,'Other','Pyramid 5',1,'',NULL,'ext-ct38','2023-11-21 10:13:35'),(576,4,18,1294,NULL,'2023-11-13',0,2,'StayBred™ VL5','',1,'',NULL,'ext-ct38','2023-11-21 10:13:35'),(577,4,18,1289,NULL,'2023-11-13',0,2,'Other','Pyramid 5',1,'',NULL,'ext-ct38','2023-11-21 10:13:35'),(578,4,18,1289,NULL,'2023-11-13',0,2,'StayBred™ VL5','',1,'',NULL,'ext-ct38','2023-11-21 10:13:35'),(579,4,18,1300,NULL,'2023-11-13',0,2,'Other','Pyramid 5',1,'',NULL,'ext-ct38','2023-11-21 10:13:35'),(580,4,18,1300,NULL,'2023-11-13',0,2,'StayBred™ VL5','',1,'',NULL,'ext-ct38','2023-11-21 10:13:35'),(581,4,18,1279,NULL,'2023-11-13',0,2,'Other','Pyramid 5',1,'',NULL,'ext-ct38','2023-11-21 10:13:35'),(582,4,18,1279,NULL,'2023-11-13',0,2,'StayBred™ VL5','',1,'',NULL,'ext-ct38','2023-11-21 10:13:35'),(583,4,18,1298,NULL,'2023-11-13',0,2,'Other','Pyramid 5',1,'',NULL,'ext-ct38','2023-11-21 10:13:35'),(584,4,18,1298,NULL,'2023-11-13',0,2,'StayBred™ VL5','',1,'',NULL,'ext-ct38','2023-11-21 10:13:35'),(585,4,18,1296,NULL,'2023-11-13',0,2,'Other','Pyramid 5',1,'',NULL,'ext-ct38','2023-11-21 10:13:35'),(586,4,18,1296,NULL,'2023-11-13',0,2,'StayBred™ VL5','',1,'',NULL,'ext-ct38','2023-11-21 10:13:35'),(587,4,18,1286,NULL,'2023-11-13',0,2,'Other','Pyramid 5',1,'',NULL,'ext-ct38','2023-11-21 10:13:35'),(588,4,18,1286,NULL,'2023-11-13',0,2,'StayBred™ VL5','',1,'',NULL,'ext-ct38','2023-11-21 10:13:35'),(589,4,18,1287,NULL,'2023-11-13',0,2,'Other','Pyramid 5',1,'',NULL,'ext-ct38','2023-11-21 10:13:35'),(590,4,18,1287,NULL,'2023-11-13',0,2,'StayBred™ VL5','',1,'',NULL,'ext-ct38','2023-11-21 10:13:35'),(591,4,18,1281,NULL,'2023-11-13',0,2,'Other','Pyramid 5',1,'',NULL,'ext-ct38','2023-11-21 10:13:35'),(592,4,18,1281,NULL,'2023-11-13',0,2,'StayBred™ VL5','',1,'',NULL,'ext-ct38','2023-11-21 10:13:35'),(593,4,18,1280,NULL,'2023-11-13',0,2,'Other','Pyramid 5',1,'',NULL,'ext-ct38','2023-11-21 10:13:35'),(594,4,18,1280,NULL,'2023-11-13',0,2,'StayBred™ VL5','',1,'',NULL,'ext-ct38','2023-11-21 10:13:35'),(595,4,18,1290,NULL,'2023-11-13',0,2,'Other','Pyramid 5',1,'',NULL,'ext-ct38','2023-11-21 10:13:35'),(596,4,18,1290,NULL,'2023-11-13',0,2,'StayBred™ VL5','',1,'',NULL,'ext-ct38','2023-11-21 10:13:35'),(597,4,18,1308,NULL,'2023-11-13',0,2,'Other','Pyramid 5',1,'',NULL,'ext-ct38','2023-11-21 10:13:35'),(598,4,18,1308,NULL,'2023-11-13',0,2,'StayBred™ VL5','',1,'',NULL,'ext-ct38','2023-11-21 10:13:35'),(599,4,18,1277,NULL,'2023-11-13',0,2,'Other','Pyramid 5',1,'',NULL,'ext-ct38','2023-11-21 10:13:35'),(600,4,18,1277,NULL,'2023-11-13',0,2,'StayBred™ VL5','',1,'',NULL,'ext-ct38','2023-11-21 10:13:35'),(601,4,18,1319,NULL,'2023-11-13',0,2,'Other','Pyramid 5',1,'',NULL,'ext-ct38','2023-11-21 10:13:35'),(602,4,18,1319,NULL,'2023-11-13',0,2,'StayBred™ VL5','',1,'',NULL,'ext-ct38','2023-11-21 10:13:35'),(603,4,18,1285,NULL,'2023-11-13',0,2,'Other','Pyramid 5',1,'',NULL,'ext-ct38','2023-11-21 10:13:35'),(604,4,18,1285,NULL,'2023-11-13',0,2,'StayBred™ VL5','',1,'',NULL,'ext-ct38','2023-11-21 10:13:35'),(605,4,18,1282,NULL,'2023-11-13',0,2,'Other','Pyramid 5',1,'',NULL,'ext-ct38','2023-11-21 10:13:35'),(606,4,18,1282,NULL,'2023-11-13',0,2,'StayBred™ VL5','',1,'',NULL,'ext-ct38','2023-11-21 10:13:35'),(607,4,18,1315,NULL,'2023-11-13',0,2,'Other','Pyramid 5',1,'',NULL,'ext-ct38','2023-11-21 10:13:35'),(608,4,18,1315,NULL,'2023-11-13',0,2,'StayBred™ VL5','',1,'',NULL,'ext-ct38','2023-11-21 10:13:35'),(609,4,18,1292,NULL,'2023-11-13',0,2,'Other','Pyramid 5',1,'',NULL,'ext-ct38','2023-11-21 10:13:35'),(610,4,18,1292,NULL,'2023-11-13',0,2,'StayBred™ VL5','',1,'',NULL,'ext-ct38','2023-11-21 10:13:35'),(611,4,18,1304,NULL,'2023-11-13',0,2,'Other','Pyramid 5',1,'',NULL,'ext-ct38','2023-11-21 10:13:35'),(612,4,18,1304,NULL,'2023-11-13',0,2,'StayBred™ VL5','',1,'',NULL,'ext-ct38','2023-11-21 10:13:35'),(613,4,18,1273,NULL,'2023-11-13',0,2,'Other','Pyramid 5',1,'',NULL,'ext-ct38','2023-11-21 10:13:35'),(614,4,18,1273,NULL,'2023-11-13',0,2,'StayBred™ VL5','',1,'',NULL,'ext-ct38','2023-11-21 10:13:35'),(615,4,18,1291,NULL,'2023-11-13',0,2,'Other','Pyramid 5',1,'',NULL,'ext-ct38','2023-11-21 10:13:35'),(616,4,18,1291,NULL,'2023-11-13',0,2,'StayBred™ VL5','',1,'',NULL,'ext-ct38','2023-11-21 10:13:35'),(617,4,18,1310,NULL,'2023-11-13',0,2,'Other','Pyramid 5',1,'',NULL,'ext-ct38','2023-11-21 10:13:35'),(618,4,18,1310,NULL,'2023-11-13',0,2,'StayBred™ VL5','',1,'',NULL,'ext-ct38','2023-11-21 10:13:35'),(619,4,18,1276,NULL,'2023-11-13',0,2,'Other','Pyramid 5',1,'',NULL,'ext-ct38','2023-11-21 10:13:35'),(620,4,18,1276,NULL,'2023-11-13',0,2,'StayBred™ VL5','',1,'',NULL,'ext-ct38','2023-11-21 10:13:35'),(621,4,18,1333,NULL,'2023-11-13',0,2,'Other','Pyramid 5',1,'',NULL,'ext-ct38','2023-11-21 10:13:35'),(622,4,18,1333,NULL,'2023-11-13',0,2,'StayBred™ VL5','',1,'',NULL,'ext-ct38','2023-11-21 10:13:35'),(623,4,18,1330,NULL,'2023-11-13',0,2,'Other','Pyramid 5',1,'',NULL,'ext-ct38','2023-11-21 10:13:35'),(624,4,18,1330,NULL,'2023-11-13',0,2,'StayBred™ VL5','',1,'',NULL,'ext-ct38','2023-11-21 10:13:35'),(625,4,18,1323,NULL,'2023-11-13',0,2,'StayBred™ VL5','',1,'',NULL,'ext-ct38','2023-11-21 10:13:35'),(626,4,18,1323,NULL,'2023-11-13',0,2,'Other','Pyramid 5',1,'',NULL,'ext-ct38','2023-11-21 10:13:35'),(627,4,18,1341,NULL,'2023-11-13',0,2,'Other','Pyramid 5',1,'',NULL,'ext-ct38','2023-11-21 10:13:35'),(628,4,18,1341,NULL,'2023-11-13',0,2,'StayBred™ VL5','',1,'',NULL,'ext-ct38','2023-11-21 10:13:35'),(629,4,18,1331,NULL,'2023-11-13',0,2,'Other','Pyramid 5',1,'',NULL,'ext-ct38','2023-11-21 10:13:35'),(630,4,18,1331,NULL,'2023-11-13',0,2,'StayBred™ VL5','',1,'',NULL,'ext-ct38','2023-11-21 10:13:35'),(631,4,18,1340,NULL,'2023-11-13',0,2,'Other','Pyramid 5',1,'',NULL,'ext-ct38','2023-11-21 10:13:35'),(632,4,18,1340,NULL,'2023-11-13',0,2,'StayBred™ VL5','',1,'',NULL,'ext-ct38','2023-11-21 10:13:35'),(633,4,18,1337,NULL,'2023-11-13',0,2,'Other','Pyramid 5',1,'',NULL,'ext-ct38','2023-11-21 10:13:35'),(634,4,18,1337,NULL,'2023-11-13',0,2,'StayBred™ VL5','',1,'',NULL,'ext-ct38','2023-11-21 10:13:35'),(635,4,18,1347,NULL,'2023-11-13',0,2,'Other','Pyramid 5',1,'',NULL,'ext-ct38','2023-11-21 10:13:35'),(636,4,18,1347,NULL,'2023-11-13',0,2,'StayBred™ VL5','',1,'',NULL,'ext-ct38','2023-11-21 10:13:35'),(637,4,18,1320,NULL,'2023-11-13',0,2,'Other','Pyramid 5',1,'',NULL,'ext-ct38','2023-11-21 10:13:35'),(638,4,18,1320,NULL,'2023-11-13',0,2,'StayBred™ VL5','',1,'',NULL,'ext-ct38','2023-11-21 10:13:35'),(639,4,18,1336,NULL,'2023-11-13',0,2,'Other','Pyramid 5',1,'',NULL,'ext-ct38','2023-11-21 10:13:35'),(640,4,18,1336,NULL,'2023-11-13',0,2,'StayBred™ VL5','',1,'',NULL,'ext-ct38','2023-11-21 10:13:35'),(641,4,18,1327,NULL,'2023-11-13',0,2,'Other','Pyramid 5',1,'',NULL,'ext-ct38','2023-11-21 10:13:35'),(642,4,18,1327,NULL,'2023-11-13',0,2,'StayBred™ VL5','',1,'',NULL,'ext-ct38','2023-11-21 10:13:35'),(643,4,18,1321,NULL,'2023-11-13',0,2,'Other','Pyramid 5',1,'',NULL,'ext-ct38','2023-11-21 10:13:35'),(644,4,18,1321,NULL,'2023-11-13',0,2,'StayBred™ VL5','',1,'',NULL,'ext-ct38','2023-11-21 10:13:35'),(645,4,18,1322,NULL,'2023-11-13',0,2,'Other','Pyramid 5',1,'',NULL,'ext-ct38','2023-11-21 10:13:35'),(646,4,18,1322,NULL,'2023-11-13',0,2,'StayBred™ VL5','',1,'',NULL,'ext-ct38','2023-11-21 10:13:35'),(647,4,18,1324,NULL,'2023-11-13',0,2,'Other','Pyramid 5',1,'',NULL,'ext-ct38','2023-11-21 10:13:35'),(648,4,18,1324,NULL,'2023-11-13',0,2,'StayBred™ VL5','',1,'',NULL,'ext-ct38','2023-11-21 10:13:35'),(649,4,18,1338,NULL,'2023-11-13',0,2,'Other','Pyramid 5',1,'',NULL,'ext-ct38','2023-11-21 10:13:35'),(650,4,18,1338,NULL,'2023-11-13',0,2,'StayBred™ VL5','',1,'',NULL,'ext-ct38','2023-11-21 10:13:35'),(651,4,18,1334,NULL,'2023-11-13',0,2,'Other','Pyramid 5',1,'',NULL,'ext-ct38','2023-11-21 10:13:35'),(652,4,18,1334,NULL,'2023-11-13',0,2,'StayBred™ VL5','',1,'',NULL,'ext-ct38','2023-11-21 10:13:35'),(653,4,18,1332,NULL,'2023-11-13',0,2,'Other','Pyramid 5',1,'',NULL,'ext-ct38','2023-11-21 10:13:35'),(654,4,18,1332,NULL,'2023-11-13',0,2,'StayBred™ VL5','',1,'',NULL,'ext-ct38','2023-11-21 10:13:35'),(655,4,18,1346,NULL,'2023-11-13',0,2,'Other','Pyramid 5',1,'',NULL,'ext-ct38','2023-11-21 10:13:35'),(656,4,18,1346,NULL,'2023-11-13',0,2,'StayBred™ VL5','',1,'',NULL,'ext-ct38','2023-11-21 10:13:35'),(657,4,18,1342,NULL,'2023-11-13',0,2,'Other','Pyramid 5',1,'',NULL,'ext-ct38','2023-11-21 10:13:35'),(658,4,18,1342,NULL,'2023-11-13',0,2,'StayBred™ VL5','',1,'',NULL,'ext-ct38','2023-11-21 10:13:35'),(659,4,18,1335,NULL,'2023-11-13',0,2,'Other','Pyramid 5',1,'',NULL,'ext-ct38','2023-11-21 10:13:35'),(660,4,18,1335,NULL,'2023-11-13',0,2,'StayBred™ VL5','',1,'',NULL,'ext-ct38','2023-11-21 10:13:35'),(661,4,18,1345,NULL,'2023-11-13',0,2,'Other','Pyramid 5',1,'',NULL,'ext-ct38','2023-11-21 10:13:35'),(662,4,18,1345,NULL,'2023-11-13',0,2,'StayBred™ VL5','',1,'',NULL,'ext-ct38','2023-11-21 10:13:35'),(663,4,18,1325,NULL,'2023-11-13',0,2,'Other','Pyramid 5',1,'',NULL,'ext-ct38','2023-11-21 10:13:35'),(664,4,18,1325,NULL,'2023-11-13',0,2,'StayBred™ VL5','',1,'',NULL,'ext-ct38','2023-11-21 10:13:35'),(665,4,18,1339,NULL,'2023-11-13',0,2,'Other','Pyramid 5',1,'',NULL,'ext-ct38','2023-11-21 10:13:35'),(666,4,18,1339,NULL,'2023-11-13',0,2,'StayBred™ VL5','',1,'',NULL,'ext-ct38','2023-11-21 10:13:35'),(667,4,18,1328,NULL,'2023-11-13',0,2,'Other','Pyramid 5',1,'',NULL,'ext-ct38','2023-11-21 10:13:35'),(668,4,18,1328,NULL,'2023-11-13',0,2,'StayBred™ VL5','',1,'',NULL,'ext-ct38','2023-11-21 10:13:35'),(669,4,18,1329,NULL,'2023-11-13',0,2,'Other','Pyramid 5',1,'',NULL,'ext-ct38','2023-11-21 10:13:35'),(670,4,18,1329,NULL,'2023-11-13',0,2,'StayBred™ VL5','',1,'',NULL,'ext-ct38','2023-11-21 10:13:35'),(671,4,18,1326,NULL,'2023-11-13',0,2,'Other','Pyramid 5',1,'',NULL,'ext-ct38','2023-11-21 10:13:35'),(672,4,18,1326,NULL,'2023-11-13',0,2,'StayBred™ VL5','',1,'',NULL,'ext-ct38','2023-11-21 10:13:35'),(673,4,18,1344,NULL,'2023-11-13',0,2,'Other','Pyramid 5',1,'',NULL,'ext-ct38','2023-11-21 10:13:35'),(674,4,18,1344,NULL,'2023-11-13',0,2,'StayBred™ VL5','',1,'',NULL,'ext-ct38','2023-11-21 10:13:35'),(675,4,18,1343,NULL,'2023-11-13',0,2,'Other','Pyramid 5',1,'',NULL,'ext-ct38','2023-11-21 10:13:35'),(676,4,18,1343,NULL,'2023-11-13',0,2,'StayBred™ VL5','',1,'',NULL,'ext-ct38','2023-11-21 10:13:35'),(677,4,18,1309,NULL,'2023-11-13',0,2,'Other','Pyramid 5',1,'',NULL,'ext-ct38','2023-11-21 10:13:35'),(678,4,18,1309,NULL,'2023-11-13',0,2,'StayBred™ VL5','',1,'',NULL,'ext-ct38','2023-11-21 10:13:35'),(679,4,18,1306,NULL,'2023-11-13',0,2,'Other','Pyramid 5',1,'',NULL,'ext-ct38','2023-11-21 10:13:35'),(680,4,18,1306,NULL,'2023-11-13',0,2,'StayBred™ VL5','',1,'',NULL,'ext-ct38','2023-11-21 10:13:35'),(681,4,18,1399,NULL,'2023-11-09',0,2,'Ultrabac® 8','',1,'',NULL,'ext-ct38','2023-11-21 14:44:30'),(682,4,18,1399,NULL,'2023-11-09',0,2,'StayBred™ VL5','',2,'',NULL,'ext-ct38','2023-11-21 14:44:30'),(683,4,18,1482,NULL,'2023-11-09',0,2,'Ultrabac® 8','',1,'',NULL,'ext-ct38','2023-11-21 14:44:30'),(684,4,18,1482,NULL,'2023-11-09',0,2,'StayBred™ VL5','',2,'',NULL,'ext-ct38','2023-11-21 14:44:30'),(685,4,18,1480,NULL,'2023-11-09',0,2,'Ultrabac® 8','',1,'',NULL,'ext-ct38','2023-11-21 14:44:30'),(686,4,18,1480,NULL,'2023-11-09',0,2,'StayBred™ VL5','',2,'',NULL,'ext-ct38','2023-11-21 14:44:30'),(687,4,18,1486,NULL,'2023-11-09',0,2,'Ultrabac® 8','',1,'',NULL,'ext-ct38','2023-11-21 14:44:30'),(688,4,18,1486,NULL,'2023-11-09',0,2,'StayBred™ VL5','',2,'',NULL,'ext-ct38','2023-11-21 14:44:30'),(689,4,18,1487,NULL,'2023-11-09',0,2,'Ultrabac® 8','',1,'',NULL,'ext-ct38','2023-11-21 14:44:30'),(690,4,18,1487,NULL,'2023-11-09',0,2,'StayBred™ VL5','',2,'',NULL,'ext-ct38','2023-11-21 14:44:30'),(691,4,18,1470,NULL,'2023-11-09',0,2,'Ultrabac® 8','',1,'',NULL,'ext-ct38','2023-11-21 14:44:30'),(692,4,18,1470,NULL,'2023-11-09',0,2,'StayBred™ VL5','',2,'',NULL,'ext-ct38','2023-11-21 14:44:30'),(693,4,18,1420,NULL,'2023-11-09',0,2,'Ultrabac® 8','',1,'',NULL,'ext-ct38','2023-11-21 14:44:30'),(694,4,18,1420,NULL,'2023-11-09',0,2,'StayBred™ VL5','',2,'',NULL,'ext-ct38','2023-11-21 14:44:30'),(695,4,18,1379,NULL,'2023-11-09',0,2,'Ultrabac® 8','',1,'',NULL,'ext-ct38','2023-11-21 14:44:30'),(696,4,18,1379,NULL,'2023-11-09',0,2,'StayBred™ VL5','',2,'',NULL,'ext-ct38','2023-11-21 14:44:30'),(697,4,18,1494,NULL,'2023-11-09',0,2,'Ultrabac® 8','',1,'',NULL,'ext-ct38','2023-11-21 14:44:30'),(698,4,18,1494,NULL,'2023-11-09',0,2,'StayBred™ VL5','',2,'',NULL,'ext-ct38','2023-11-21 14:44:30'),(699,4,18,1457,NULL,'2023-11-09',0,2,'Ultrabac® 8','',1,'',NULL,'ext-ct38','2023-11-21 14:44:30'),(700,4,18,1457,NULL,'2023-11-09',0,2,'StayBred™ VL5','',2,'',NULL,'ext-ct38','2023-11-21 14:44:30'),(701,4,18,1437,NULL,'2023-11-09',0,2,'Ultrabac® 8','',1,'',NULL,'ext-ct38','2023-11-21 14:44:30'),(702,4,18,1437,NULL,'2023-11-09',0,2,'StayBred™ VL5','',2,'',NULL,'ext-ct38','2023-11-21 14:44:30'),(703,4,18,1358,NULL,'2023-11-09',0,2,'Ultrabac® 8','',1,'',NULL,'ext-ct38','2023-11-21 14:44:30'),(704,4,18,1358,NULL,'2023-11-09',0,2,'StayBred™ VL5','',2,'',NULL,'ext-ct38','2023-11-21 14:44:30'),(705,4,18,1397,NULL,'2023-11-09',0,2,'Ultrabac® 8','',1,'',NULL,'ext-ct38','2023-11-21 14:44:30'),(706,4,18,1397,NULL,'2023-11-09',0,2,'StayBred™ VL5','',2,'',NULL,'ext-ct38','2023-11-21 14:44:30'),(707,4,18,1372,NULL,'2023-11-09',0,2,'Ultrabac® 8','',1,'',NULL,'ext-ct38','2023-11-21 14:44:30'),(708,4,18,1372,NULL,'2023-11-09',0,2,'StayBred™ VL5','',2,'',NULL,'ext-ct38','2023-11-21 14:44:30'),(709,4,18,1396,NULL,'2023-11-09',0,2,'Ultrabac® 8','',1,'',NULL,'ext-ct38','2023-11-21 14:44:30'),(710,4,18,1396,NULL,'2023-11-09',0,2,'StayBred™ VL5','',2,'',NULL,'ext-ct38','2023-11-21 14:44:30'),(711,4,18,1375,NULL,'2023-11-09',0,2,'Ultrabac® 8','',1,'',NULL,'ext-ct38','2023-11-21 14:44:30'),(712,4,18,1375,NULL,'2023-11-09',0,2,'StayBred™ VL5','',2,'',NULL,'ext-ct38','2023-11-21 14:44:30'),(713,4,18,1422,NULL,'2023-11-09',0,2,'Ultrabac® 8','',1,'',NULL,'ext-ct38','2023-11-21 14:44:30'),(714,4,18,1422,NULL,'2023-11-09',0,2,'StayBred™ VL5','',2,'',NULL,'ext-ct38','2023-11-21 14:44:30'),(715,4,18,1442,NULL,'2023-11-09',0,2,'Ultrabac® 8','',1,'',NULL,'ext-ct38','2023-11-21 14:44:30'),(716,4,18,1442,NULL,'2023-11-09',0,2,'StayBred™ VL5','',2,'',NULL,'ext-ct38','2023-11-21 14:44:30'),(717,4,18,1394,NULL,'2023-11-09',0,2,'Ultrabac® 8','',1,'',NULL,'ext-ct38','2023-11-21 14:44:30'),(718,4,18,1394,NULL,'2023-11-09',0,2,'StayBred™ VL5','',2,'',NULL,'ext-ct38','2023-11-21 14:44:30'),(719,4,18,1406,NULL,'2023-11-09',0,2,'Ultrabac® 8','',1,'',NULL,'ext-ct38','2023-11-21 14:44:30'),(720,4,18,1406,NULL,'2023-11-09',0,2,'StayBred™ VL5','',2,'',NULL,'ext-ct38','2023-11-21 14:44:30'),(721,4,18,1425,NULL,'2023-11-09',0,2,'Ultrabac® 8','',1,'',NULL,'ext-ct38','2023-11-21 14:44:30'),(722,4,18,1425,NULL,'2023-11-09',0,2,'StayBred™ VL5','',2,'',NULL,'ext-ct38','2023-11-21 14:44:30'),(723,4,18,1353,NULL,'2023-11-09',0,2,'Ultrabac® 8','',1,'',NULL,'ext-ct38','2023-11-21 14:44:30'),(724,4,18,1353,NULL,'2023-11-09',0,2,'StayBred™ VL5','',2,'',NULL,'ext-ct38','2023-11-21 14:44:30'),(725,4,18,1455,NULL,'2023-11-09',0,2,'Ultrabac® 8','',1,'',NULL,'ext-ct38','2023-11-21 14:44:30'),(726,4,18,1455,NULL,'2023-11-09',0,2,'StayBred™ VL5','',2,'',NULL,'ext-ct38','2023-11-21 14:44:30'),(727,4,18,1489,NULL,'2023-11-09',0,2,'Ultrabac® 8','',1,'',NULL,'ext-ct38','2023-11-21 14:44:30'),(728,4,18,1489,NULL,'2023-11-09',0,2,'StayBred™ VL5','',2,'',NULL,'ext-ct38','2023-11-21 14:44:30'),(729,4,18,1401,NULL,'2023-11-09',0,2,'Ultrabac® 8','',1,'',NULL,'ext-ct38','2023-11-21 14:44:30'),(730,4,18,1401,NULL,'2023-11-09',0,2,'StayBred™ VL5','',2,'',NULL,'ext-ct38','2023-11-21 14:44:30'),(731,4,18,1404,NULL,'2023-11-09',0,2,'Ultrabac® 8','',1,'',NULL,'ext-ct38','2023-11-21 14:44:30'),(732,4,18,1404,NULL,'2023-11-09',0,2,'StayBred™ VL5','',2,'',NULL,'ext-ct38','2023-11-21 14:44:30'),(733,4,18,1426,NULL,'2023-11-09',0,2,'Ultrabac® 8','',1,'',NULL,'ext-ct38','2023-11-21 14:44:30'),(734,4,18,1426,NULL,'2023-11-09',0,2,'StayBred™ VL5','',2,'',NULL,'ext-ct38','2023-11-21 14:44:30'),(735,4,18,1428,NULL,'2023-11-09',0,2,'Ultrabac® 8','',1,'',NULL,'ext-ct38','2023-11-21 14:44:30'),(736,4,18,1428,NULL,'2023-11-09',0,2,'StayBred™ VL5','',2,'',NULL,'ext-ct38','2023-11-21 14:44:30'),(737,4,18,1456,NULL,'2023-11-09',0,2,'Ultrabac® 8','',1,'',NULL,'ext-ct38','2023-11-21 14:44:30'),(738,4,18,1456,NULL,'2023-11-09',0,2,'StayBred™ VL5','',2,'',NULL,'ext-ct38','2023-11-21 14:44:30'),(739,4,18,1350,NULL,'2023-11-09',0,2,'Ultrabac® 8','',1,'',NULL,'ext-ct38','2023-11-21 14:44:30'),(740,4,18,1350,NULL,'2023-11-09',0,2,'StayBred™ VL5','',2,'',NULL,'ext-ct38','2023-11-21 14:44:30'),(741,4,18,1463,NULL,'2023-11-09',0,2,'Ultrabac® 8','',1,'',NULL,'ext-ct38','2023-11-21 14:44:30'),(742,4,18,1463,NULL,'2023-11-09',0,2,'StayBred™ VL5','',2,'',NULL,'ext-ct38','2023-11-21 14:44:30'),(743,4,18,1467,NULL,'2023-11-09',0,2,'Ultrabac® 8','',1,'',NULL,'ext-ct38','2023-11-21 14:44:30'),(744,4,18,1467,NULL,'2023-11-09',0,2,'StayBred™ VL5','',2,'',NULL,'ext-ct38','2023-11-21 14:44:30'),(745,4,18,1385,NULL,'2023-11-09',0,2,'Ultrabac® 8','',1,'',NULL,'ext-ct38','2023-11-21 14:44:30'),(746,4,18,1385,NULL,'2023-11-09',0,2,'StayBred™ VL5','',2,'',NULL,'ext-ct38','2023-11-21 14:44:30'),(747,4,18,1364,NULL,'2023-11-09',0,2,'Ultrabac® 8','',1,'',NULL,'ext-ct38','2023-11-21 14:44:30'),(748,4,18,1364,NULL,'2023-11-09',0,2,'StayBred™ VL5','',2,'',NULL,'ext-ct38','2023-11-21 14:44:30'),(749,4,18,1360,NULL,'2023-11-09',0,2,'Ultrabac® 8','',1,'',NULL,'ext-ct38','2023-11-21 14:44:30'),(750,4,18,1360,NULL,'2023-11-09',0,2,'StayBred™ VL5','',2,'',NULL,'ext-ct38','2023-11-21 14:44:30'),(751,4,18,1393,NULL,'2023-11-09',0,2,'Ultrabac® 8','',1,'',NULL,'ext-ct38','2023-11-21 14:44:30'),(752,4,18,1393,NULL,'2023-11-09',0,2,'StayBred™ VL5','',2,'',NULL,'ext-ct38','2023-11-21 14:44:30'),(753,4,18,1357,NULL,'2023-11-09',0,2,'Ultrabac® 8','',1,'',NULL,'ext-ct38','2023-11-21 14:44:30'),(754,4,18,1357,NULL,'2023-11-09',0,2,'StayBred™ VL5','',2,'',NULL,'ext-ct38','2023-11-21 14:44:30'),(755,4,18,1485,NULL,'2023-11-09',0,2,'Ultrabac® 8','',1,'',NULL,'ext-ct38','2023-11-21 14:44:30'),(756,4,18,1485,NULL,'2023-11-09',0,2,'StayBred™ VL5','',2,'',NULL,'ext-ct38','2023-11-21 14:44:30'),(757,4,18,1433,NULL,'2023-11-09',0,2,'Ultrabac® 8','',1,'',NULL,'ext-ct38','2023-11-21 14:44:30'),(758,4,18,1433,NULL,'2023-11-09',0,2,'StayBred™ VL5','',2,'',NULL,'ext-ct38','2023-11-21 14:44:30'),(759,4,18,1405,NULL,'2023-11-09',0,2,'Ultrabac® 8','',1,'',NULL,'ext-ct38','2023-11-21 14:44:30'),(760,4,18,1405,NULL,'2023-11-09',0,2,'StayBred™ VL5','',2,'',NULL,'ext-ct38','2023-11-21 14:44:30'),(761,4,18,1400,NULL,'2023-11-09',0,2,'Ultrabac® 8','',1,'',NULL,'ext-ct38','2023-11-21 14:44:30'),(762,4,18,1400,NULL,'2023-11-09',0,2,'StayBred™ VL5','',2,'',NULL,'ext-ct38','2023-11-21 14:44:30'),(763,4,18,1371,NULL,'2023-11-09',0,2,'Ultrabac® 8','',1,'',NULL,'ext-ct38','2023-11-21 14:44:30'),(764,4,18,1371,NULL,'2023-11-09',0,2,'StayBred™ VL5','',2,'',NULL,'ext-ct38','2023-11-21 14:44:30'),(765,4,18,1411,NULL,'2023-11-09',0,2,'Ultrabac® 8','',1,'',NULL,'ext-ct38','2023-11-21 14:44:30'),(766,4,18,1411,NULL,'2023-11-09',0,2,'StayBred™ VL5','',2,'',NULL,'ext-ct38','2023-11-21 14:44:30'),(767,4,18,1474,NULL,'2023-11-09',0,2,'Ultrabac® 8','',1,'',NULL,'ext-ct38','2023-11-21 14:44:30'),(768,4,18,1474,NULL,'2023-11-09',0,2,'StayBred™ VL5','',2,'',NULL,'ext-ct38','2023-11-21 14:44:30'),(769,4,18,1459,NULL,'2023-11-09',0,2,'Ultrabac® 8','',1,'',NULL,'ext-ct38','2023-11-21 14:44:30'),(770,4,18,1459,NULL,'2023-11-09',0,2,'StayBred™ VL5','',2,'',NULL,'ext-ct38','2023-11-21 14:44:30'),(771,4,18,1466,NULL,'2023-11-09',0,2,'Ultrabac® 8','',1,'',NULL,'ext-ct38','2023-11-21 14:44:30'),(772,4,18,1466,NULL,'2023-11-09',0,2,'StayBred™ VL5','',2,'',NULL,'ext-ct38','2023-11-21 14:44:30'),(773,4,18,1362,NULL,'2023-11-09',0,2,'Ultrabac® 8','',1,'',NULL,'ext-ct38','2023-11-21 14:44:30'),(774,4,18,1362,NULL,'2023-11-09',0,2,'StayBred™ VL5','',2,'',NULL,'ext-ct38','2023-11-21 14:44:30'),(775,4,18,1365,NULL,'2023-11-09',0,2,'Ultrabac® 8','',1,'',NULL,'ext-ct38','2023-11-21 14:44:30'),(776,4,18,1365,NULL,'2023-11-09',0,2,'StayBred™ VL5','',2,'',NULL,'ext-ct38','2023-11-21 14:44:30'),(777,4,18,1377,NULL,'2023-11-09',0,2,'Ultrabac® 8','',1,'',NULL,'ext-ct38','2023-11-21 14:44:30'),(778,4,18,1377,NULL,'2023-11-09',0,2,'StayBred™ VL5','',2,'',NULL,'ext-ct38','2023-11-21 14:44:30'),(779,4,18,1407,NULL,'2023-11-09',0,2,'Ultrabac® 8','',1,'',NULL,'ext-ct38','2023-11-21 14:44:30'),(780,4,18,1407,NULL,'2023-11-09',0,2,'StayBred™ VL5','',2,'',NULL,'ext-ct38','2023-11-21 14:44:30'),(781,4,18,1361,NULL,'2023-11-09',0,2,'Ultrabac® 8','',1,'',NULL,'ext-ct38','2023-11-21 14:44:30'),(782,4,18,1361,NULL,'2023-11-09',0,2,'StayBred™ VL5','',2,'',NULL,'ext-ct38','2023-11-21 14:44:30'),(783,4,18,1382,NULL,'2023-11-09',0,2,'Ultrabac® 8','',1,'',NULL,'ext-ct38','2023-11-21 14:44:30'),(784,4,18,1382,NULL,'2023-11-09',0,2,'StayBred™ VL5','',2,'',NULL,'ext-ct38','2023-11-21 14:44:30'),(785,4,18,1479,NULL,'2023-11-09',0,2,'Ultrabac® 8','',1,'',NULL,'ext-ct38','2023-11-21 14:44:30'),(786,4,18,1479,NULL,'2023-11-09',0,2,'StayBred™ VL5','',2,'',NULL,'ext-ct38','2023-11-21 14:44:30'),(787,4,18,1389,NULL,'2023-11-09',0,2,'Ultrabac® 8','',1,'',NULL,'ext-ct38','2023-11-21 14:44:30'),(788,4,18,1389,NULL,'2023-11-09',0,2,'StayBred™ VL5','',2,'',NULL,'ext-ct38','2023-11-21 14:44:30'),(789,4,18,1416,NULL,'2023-11-09',0,2,'Ultrabac® 8','',1,'',NULL,'ext-ct38','2023-11-21 14:44:30'),(790,4,18,1416,NULL,'2023-11-09',0,2,'StayBred™ VL5','',2,'',NULL,'ext-ct38','2023-11-21 14:44:30'),(791,4,18,1475,NULL,'2023-11-09',0,2,'Ultrabac® 8','',1,'',NULL,'ext-ct38','2023-11-21 14:44:30'),(792,4,18,1475,NULL,'2023-11-09',0,2,'StayBred™ VL5','',2,'',NULL,'ext-ct38','2023-11-21 14:44:30'),(793,4,18,1354,NULL,'2023-11-09',0,2,'Ultrabac® 8','',1,'',NULL,'ext-ct38','2023-11-21 14:44:30'),(794,4,18,1354,NULL,'2023-11-09',0,2,'StayBred™ VL5','',2,'',NULL,'ext-ct38','2023-11-21 14:44:30'),(795,4,18,1373,NULL,'2023-11-09',0,2,'Ultrabac® 8','',1,'',NULL,'ext-ct38','2023-11-21 14:44:30'),(796,4,18,1373,NULL,'2023-11-09',0,2,'StayBred™ VL5','',2,'',NULL,'ext-ct38','2023-11-21 14:44:30'),(797,4,18,1349,NULL,'2023-11-09',0,2,'Ultrabac® 8','',1,'',NULL,'ext-ct38','2023-11-21 14:44:30'),(798,4,18,1349,NULL,'2023-11-09',0,2,'StayBred™ VL5','',2,'',NULL,'ext-ct38','2023-11-21 14:44:30'),(799,4,18,1392,NULL,'2023-11-09',0,2,'Ultrabac® 8','',1,'',NULL,'ext-ct38','2023-11-21 14:44:30'),(800,4,18,1392,NULL,'2023-11-09',0,2,'StayBred™ VL5','',2,'',NULL,'ext-ct38','2023-11-21 14:44:30'),(801,4,18,1490,NULL,'2023-11-09',0,2,'Ultrabac® 8','',1,'',NULL,'ext-ct38','2023-11-21 14:44:30'),(802,4,18,1490,NULL,'2023-11-09',0,2,'StayBred™ VL5','',2,'',NULL,'ext-ct38','2023-11-21 14:44:30'),(803,4,18,1378,NULL,'2023-11-09',0,2,'Ultrabac® 8','',1,'',NULL,'ext-ct38','2023-11-21 14:44:30'),(804,4,18,1378,NULL,'2023-11-09',0,2,'StayBred™ VL5','',2,'',NULL,'ext-ct38','2023-11-21 14:44:30'),(805,4,18,1351,NULL,'2023-11-09',0,2,'Ultrabac® 8','',1,'',NULL,'ext-ct38','2023-11-21 14:44:30'),(806,4,18,1351,NULL,'2023-11-09',0,2,'StayBred™ VL5','',2,'',NULL,'ext-ct38','2023-11-21 14:44:30'),(807,4,18,1419,NULL,'2023-11-09',0,2,'Ultrabac® 8','',1,'',NULL,'ext-ct38','2023-11-21 14:44:30'),(808,4,18,1419,NULL,'2023-11-09',0,2,'StayBred™ VL5','',2,'',NULL,'ext-ct38','2023-11-21 14:44:30'),(809,4,18,1366,NULL,'2023-11-09',0,2,'Ultrabac® 8','',1,'',NULL,'ext-ct38','2023-11-21 14:44:30'),(810,4,18,1366,NULL,'2023-11-09',0,2,'StayBred™ VL5','',2,'',NULL,'ext-ct38','2023-11-21 14:44:30'),(811,4,18,1446,NULL,'2023-11-09',0,2,'Ultrabac® 8','',1,'',NULL,'ext-ct38','2023-11-21 14:44:30'),(812,4,18,1446,NULL,'2023-11-09',0,2,'StayBred™ VL5','',2,'',NULL,'ext-ct38','2023-11-21 14:44:30'),(813,4,18,1384,NULL,'2023-11-09',0,2,'Ultrabac® 8','',1,'',NULL,'ext-ct38','2023-11-21 14:44:30'),(814,4,18,1384,NULL,'2023-11-09',0,2,'StayBred™ VL5','',2,'',NULL,'ext-ct38','2023-11-21 14:44:30'),(815,4,18,1403,NULL,'2023-11-09',0,2,'Ultrabac® 8','',1,'',NULL,'ext-ct38','2023-11-21 14:44:30'),(816,4,18,1403,NULL,'2023-11-09',0,2,'StayBred™ VL5','',2,'',NULL,'ext-ct38','2023-11-21 14:44:30'),(817,4,18,1471,NULL,'2023-11-09',0,2,'Ultrabac® 8','',1,'',NULL,'ext-ct38','2023-11-21 14:44:30'),(818,4,18,1471,NULL,'2023-11-09',0,2,'StayBred™ VL5','',2,'',NULL,'ext-ct38','2023-11-21 14:44:30'),(819,4,18,1352,NULL,'2023-11-09',0,2,'Ultrabac® 8','',1,'',NULL,'ext-ct38','2023-11-21 14:44:30'),(820,4,18,1352,NULL,'2023-11-09',0,2,'StayBred™ VL5','',2,'',NULL,'ext-ct38','2023-11-21 14:44:30'),(821,4,18,1370,NULL,'2023-11-09',0,2,'Ultrabac® 8','',1,'',NULL,'ext-ct38','2023-11-21 14:44:30'),(822,4,18,1370,NULL,'2023-11-09',0,2,'StayBred™ VL5','',2,'',NULL,'ext-ct38','2023-11-21 14:44:30'),(823,4,18,1414,NULL,'2023-11-09',0,2,'Ultrabac® 8','',1,'',NULL,'ext-ct38','2023-11-21 14:44:30'),(824,4,18,1414,NULL,'2023-11-09',0,2,'StayBred™ VL5','',2,'',NULL,'ext-ct38','2023-11-21 14:44:30'),(825,4,18,1430,NULL,'2023-11-09',0,2,'Ultrabac® 8','',1,'',NULL,'ext-ct38','2023-11-21 14:44:30'),(826,4,18,1430,NULL,'2023-11-09',0,2,'StayBred™ VL5','',2,'',NULL,'ext-ct38','2023-11-21 14:44:30'),(827,4,18,1363,NULL,'2023-11-09',0,2,'Ultrabac® 8','',1,'',NULL,'ext-ct38','2023-11-21 14:44:30'),(828,4,18,1363,NULL,'2023-11-09',0,2,'StayBred™ VL5','',2,'',NULL,'ext-ct38','2023-11-21 14:44:30'),(829,4,18,1432,NULL,'2023-11-09',0,2,'Ultrabac® 8','',1,'',NULL,'ext-ct38','2023-11-21 14:44:30'),(830,4,18,1432,NULL,'2023-11-09',0,2,'StayBred™ VL5','',2,'',NULL,'ext-ct38','2023-11-21 14:44:30'),(831,4,18,1418,NULL,'2023-11-09',0,2,'Ultrabac® 8','',1,'',NULL,'ext-ct38','2023-11-21 14:44:30'),(832,4,18,1418,NULL,'2023-11-09',0,2,'StayBred™ VL5','',2,'',NULL,'ext-ct38','2023-11-21 14:44:30'),(833,4,18,1465,NULL,'2023-11-09',0,2,'Ultrabac® 8','',1,'',NULL,'ext-ct38','2023-11-21 14:44:30'),(834,4,18,1465,NULL,'2023-11-09',0,2,'StayBred™ VL5','',2,'',NULL,'ext-ct38','2023-11-21 14:44:30'),(835,4,18,1478,NULL,'2023-11-09',0,2,'Ultrabac® 8','',1,'',NULL,'ext-ct38','2023-11-21 14:44:30'),(836,4,18,1478,NULL,'2023-11-09',0,2,'StayBred™ VL5','',2,'',NULL,'ext-ct38','2023-11-21 14:44:30'),(837,4,18,1374,NULL,'2023-11-09',0,2,'Ultrabac® 8','',1,'',NULL,'ext-ct38','2023-11-21 14:44:30'),(838,4,18,1374,NULL,'2023-11-09',0,2,'StayBred™ VL5','',2,'',NULL,'ext-ct38','2023-11-21 14:44:30'),(839,4,18,1402,NULL,'2023-11-09',0,2,'Ultrabac® 8','',1,'',NULL,'ext-ct38','2023-11-21 14:44:30'),(840,4,18,1402,NULL,'2023-11-09',0,2,'StayBred™ VL5','',2,'',NULL,'ext-ct38','2023-11-21 14:44:30'),(841,4,18,1367,NULL,'2023-11-09',0,2,'Ultrabac® 8','',1,'',NULL,'ext-ct38','2023-11-21 14:44:30'),(842,4,18,1367,NULL,'2023-11-09',0,2,'StayBred™ VL5','',2,'',NULL,'ext-ct38','2023-11-21 14:44:30'),(843,4,18,1445,NULL,'2023-11-09',0,2,'Ultrabac® 8','',1,'',NULL,'ext-ct38','2023-11-21 14:44:30'),(844,4,18,1445,NULL,'2023-11-09',0,2,'StayBred™ VL5','',2,'',NULL,'ext-ct38','2023-11-21 14:44:30'),(845,4,18,1439,NULL,'2023-11-09',0,2,'Ultrabac® 8','',1,'',NULL,'ext-ct38','2023-11-21 14:44:30'),(846,4,18,1439,NULL,'2023-11-09',0,2,'StayBred™ VL5','',2,'',NULL,'ext-ct38','2023-11-21 14:44:30'),(847,4,18,1477,NULL,'2023-11-09',0,2,'Ultrabac® 8','',1,'',NULL,'ext-ct38','2023-11-21 14:44:30'),(848,4,18,1477,NULL,'2023-11-09',0,2,'StayBred™ VL5','',2,'',NULL,'ext-ct38','2023-11-21 14:44:30'),(849,4,18,1462,NULL,'2023-11-09',0,2,'Ultrabac® 8','',1,'',NULL,'ext-ct38','2023-11-21 14:44:30'),(850,4,18,1462,NULL,'2023-11-09',0,2,'StayBred™ VL5','',2,'',NULL,'ext-ct38','2023-11-21 14:44:30'),(851,4,18,1438,NULL,'2023-11-09',0,2,'Ultrabac® 8','',1,'',NULL,'ext-ct38','2023-11-21 14:44:30'),(852,4,18,1438,NULL,'2023-11-09',0,2,'StayBred™ VL5','',2,'',NULL,'ext-ct38','2023-11-21 14:44:30'),(853,4,18,1434,NULL,'2023-11-09',0,2,'Ultrabac® 8','',1,'',NULL,'ext-ct38','2023-11-21 14:44:30'),(854,4,18,1434,NULL,'2023-11-09',0,2,'StayBred™ VL5','',2,'',NULL,'ext-ct38','2023-11-21 14:44:30'),(855,4,18,1483,NULL,'2023-11-09',0,2,'Ultrabac® 8','',1,'',NULL,'ext-ct38','2023-11-21 14:44:30'),(856,4,18,1483,NULL,'2023-11-09',0,2,'StayBred™ VL5','',2,'',NULL,'ext-ct38','2023-11-21 14:44:30'),(857,4,18,1493,NULL,'2023-11-09',0,2,'Ultrabac® 8','',1,'',NULL,'ext-ct38','2023-11-21 14:44:30'),(858,4,18,1493,NULL,'2023-11-09',0,2,'StayBred™ VL5','',2,'',NULL,'ext-ct38','2023-11-21 14:44:30'),(859,4,18,1469,NULL,'2023-11-09',0,2,'Ultrabac® 8','',1,'',NULL,'ext-ct38','2023-11-21 14:44:30'),(860,4,18,1469,NULL,'2023-11-09',0,2,'StayBred™ VL5','',2,'',NULL,'ext-ct38','2023-11-21 14:44:30'),(861,4,18,1413,NULL,'2023-11-09',0,2,'Ultrabac® 8','',1,'',NULL,'ext-ct38','2023-11-21 14:44:30'),(862,4,18,1413,NULL,'2023-11-09',0,2,'StayBred™ VL5','',2,'',NULL,'ext-ct38','2023-11-21 14:44:30'),(863,4,18,1451,NULL,'2023-11-09',0,2,'Ultrabac® 8','',1,'',NULL,'ext-ct38','2023-11-21 14:44:30'),(864,4,18,1451,NULL,'2023-11-09',0,2,'StayBred™ VL5','',2,'',NULL,'ext-ct38','2023-11-21 14:44:30'),(865,4,18,1484,NULL,'2023-11-09',0,2,'Ultrabac® 8','',1,'',NULL,'ext-ct38','2023-11-21 14:44:30'),(866,4,18,1484,NULL,'2023-11-09',0,2,'StayBred™ VL5','',2,'',NULL,'ext-ct38','2023-11-21 14:44:30'),(867,4,18,1450,NULL,'2023-11-09',0,2,'Ultrabac® 8','',1,'',NULL,'ext-ct38','2023-11-21 14:44:30'),(868,4,18,1450,NULL,'2023-11-09',0,2,'StayBred™ VL5','',2,'',NULL,'ext-ct38','2023-11-21 14:44:30'),(869,4,18,1398,NULL,'2023-11-09',0,2,'Ultrabac® 8','',1,'',NULL,'ext-ct38','2023-11-21 14:44:30'),(870,4,18,1398,NULL,'2023-11-09',0,2,'StayBred™ VL5','',2,'',NULL,'ext-ct38','2023-11-21 14:44:30'),(871,4,18,1348,NULL,'2023-11-09',0,2,'Ultrabac® 8','',1,'',NULL,'ext-ct38','2023-11-21 14:44:30'),(872,4,18,1348,NULL,'2023-11-09',0,2,'StayBred™ VL5','',2,'',NULL,'ext-ct38','2023-11-21 14:44:30'),(873,4,18,1464,NULL,'2023-11-09',0,2,'Ultrabac® 8','',1,'',NULL,'ext-ct38','2023-11-21 14:44:30'),(874,4,18,1464,NULL,'2023-11-09',0,2,'StayBred™ VL5','',2,'',NULL,'ext-ct38','2023-11-21 14:44:30'),(875,4,18,1458,NULL,'2023-11-09',0,2,'Ultrabac® 8','',1,'',NULL,'ext-ct38','2023-11-21 14:44:30'),(876,4,18,1458,NULL,'2023-11-09',0,2,'StayBred™ VL5','',2,'',NULL,'ext-ct38','2023-11-21 14:44:30'),(877,4,18,1441,NULL,'2023-11-09',0,2,'Ultrabac® 8','',1,'',NULL,'ext-ct38','2023-11-21 14:44:30'),(878,4,18,1441,NULL,'2023-11-09',0,2,'StayBred™ VL5','',2,'',NULL,'ext-ct38','2023-11-21 14:44:30'),(879,4,18,1395,NULL,'2023-11-09',0,2,'Ultrabac® 8','',1,'',NULL,'ext-ct38','2023-11-21 14:44:30'),(880,4,18,1395,NULL,'2023-11-09',0,2,'StayBred™ VL5','',2,'',NULL,'ext-ct38','2023-11-21 14:44:30'),(881,4,18,1424,NULL,'2023-11-09',0,2,'Ultrabac® 8','',1,'',NULL,'ext-ct38','2023-11-21 14:44:30'),(882,4,18,1424,NULL,'2023-11-09',0,2,'StayBred™ VL5','',2,'',NULL,'ext-ct38','2023-11-21 14:44:30'),(883,4,18,1391,NULL,'2023-11-09',0,2,'Ultrabac® 8','',1,'',NULL,'ext-ct38','2023-11-21 14:44:30'),(884,4,18,1391,NULL,'2023-11-09',0,2,'StayBred™ VL5','',2,'',NULL,'ext-ct38','2023-11-21 14:44:30'),(885,4,18,1356,NULL,'2023-11-09',0,2,'Ultrabac® 8','',1,'',NULL,'ext-ct38','2023-11-21 14:44:30'),(886,4,18,1356,NULL,'2023-11-09',0,2,'StayBred™ VL5','',2,'',NULL,'ext-ct38','2023-11-21 14:44:30'),(887,4,18,1440,NULL,'2023-11-09',0,2,'Ultrabac® 8','',1,'',NULL,'ext-ct38','2023-11-21 14:44:30'),(888,4,18,1440,NULL,'2023-11-09',0,2,'StayBred™ VL5','',2,'',NULL,'ext-ct38','2023-11-21 14:44:30'),(889,4,18,1390,NULL,'2023-11-09',0,2,'Ultrabac® 8','',1,'',NULL,'ext-ct38','2023-11-21 14:44:30'),(890,4,18,1390,NULL,'2023-11-09',0,2,'StayBred™ VL5','',2,'',NULL,'ext-ct38','2023-11-21 14:44:30'),(891,4,18,1452,NULL,'2023-11-09',0,2,'Ultrabac® 8','',1,'',NULL,'ext-ct38','2023-11-21 14:44:30'),(892,4,18,1452,NULL,'2023-11-09',0,2,'StayBred™ VL5','',2,'',NULL,'ext-ct38','2023-11-21 14:44:30'),(893,4,18,1491,NULL,'2023-11-09',0,2,'Ultrabac® 8','',1,'',NULL,'ext-ct38','2023-11-21 14:44:30'),(894,4,18,1491,NULL,'2023-11-09',0,2,'StayBred™ VL5','',2,'',NULL,'ext-ct38','2023-11-21 14:44:30'),(895,4,18,1412,NULL,'2023-11-09',0,2,'Ultrabac® 8','',1,'',NULL,'ext-ct38','2023-11-21 14:44:30'),(896,4,18,1412,NULL,'2023-11-09',0,2,'StayBred™ VL5','',2,'',NULL,'ext-ct38','2023-11-21 14:44:30'),(897,4,18,1492,NULL,'2023-11-09',0,2,'Ultrabac® 8','',1,'',NULL,'ext-ct38','2023-11-21 14:44:30'),(898,4,18,1492,NULL,'2023-11-09',0,2,'StayBred™ VL5','',2,'',NULL,'ext-ct38','2023-11-21 14:44:30'),(899,4,18,1444,NULL,'2023-11-09',0,2,'Ultrabac® 8','',1,'',NULL,'ext-ct38','2023-11-21 14:44:30'),(900,4,18,1444,NULL,'2023-11-09',0,2,'StayBred™ VL5','',2,'',NULL,'ext-ct38','2023-11-21 14:44:30'),(901,4,18,1386,NULL,'2023-11-09',0,2,'Ultrabac® 8','',1,'',NULL,'ext-ct38','2023-11-21 14:44:30'),(902,4,18,1386,NULL,'2023-11-09',0,2,'StayBred™ VL5','',2,'',NULL,'ext-ct38','2023-11-21 14:44:30'),(903,4,18,1383,NULL,'2023-11-09',0,2,'Ultrabac® 8','',1,'',NULL,'ext-ct38','2023-11-21 14:44:30'),(904,4,18,1383,NULL,'2023-11-09',0,2,'StayBred™ VL5','',2,'',NULL,'ext-ct38','2023-11-21 14:44:30'),(905,4,18,1488,NULL,'2023-11-09',0,2,'Ultrabac® 8','',1,'',NULL,'ext-ct38','2023-11-21 14:44:30'),(906,4,18,1488,NULL,'2023-11-09',0,2,'StayBred™ VL5','',2,'',NULL,'ext-ct38','2023-11-21 14:44:30'),(907,4,18,1443,NULL,'2023-11-09',0,2,'Ultrabac® 8','',1,'',NULL,'ext-ct38','2023-11-21 14:44:30'),(908,4,18,1443,NULL,'2023-11-09',0,2,'StayBred™ VL5','',2,'',NULL,'ext-ct38','2023-11-21 14:44:30'),(909,4,18,1355,NULL,'2023-11-09',0,2,'Ultrabac® 8','',1,'',NULL,'ext-ct38','2023-11-21 14:44:30'),(910,4,18,1355,NULL,'2023-11-09',0,2,'StayBred™ VL5','',2,'',NULL,'ext-ct38','2023-11-21 14:44:30'),(911,4,18,1388,NULL,'2023-11-09',0,2,'Ultrabac® 8','',1,'',NULL,'ext-ct38','2023-11-21 14:44:30'),(912,4,18,1388,NULL,'2023-11-09',0,2,'StayBred™ VL5','',2,'',NULL,'ext-ct38','2023-11-21 14:44:30'),(913,4,18,1448,NULL,'2023-11-09',0,2,'Ultrabac® 8','',1,'',NULL,'ext-ct38','2023-11-21 14:44:30'),(914,4,18,1448,NULL,'2023-11-09',0,2,'StayBred™ VL5','',2,'',NULL,'ext-ct38','2023-11-21 14:44:30'),(915,4,18,1460,NULL,'2023-11-09',0,2,'Ultrabac® 8','',1,'',NULL,'ext-ct38','2023-11-21 14:44:30'),(916,4,18,1460,NULL,'2023-11-09',0,2,'StayBred™ VL5','',2,'',NULL,'ext-ct38','2023-11-21 14:44:30'),(917,4,18,1415,NULL,'2023-11-09',0,2,'Ultrabac® 8','',1,'',NULL,'ext-ct38','2023-11-21 14:44:30'),(918,4,18,1415,NULL,'2023-11-09',0,2,'StayBred™ VL5','',2,'',NULL,'ext-ct38','2023-11-21 14:44:30'),(919,4,18,1381,NULL,'2023-11-09',0,2,'Ultrabac® 8','',1,'',NULL,'ext-ct38','2023-11-21 14:44:30'),(920,4,18,1381,NULL,'2023-11-09',0,2,'StayBred™ VL5','',2,'',NULL,'ext-ct38','2023-11-21 14:44:30'),(921,4,18,1409,NULL,'2023-11-09',0,2,'Ultrabac® 8','',1,'',NULL,'ext-ct38','2023-11-21 14:44:30'),(922,4,18,1409,NULL,'2023-11-09',0,2,'StayBred™ VL5','',2,'',NULL,'ext-ct38','2023-11-21 14:44:30'),(923,4,18,1408,NULL,'2023-11-09',0,2,'Ultrabac® 8','',1,'',NULL,'ext-ct38','2023-11-21 14:44:30'),(924,4,18,1408,NULL,'2023-11-09',0,2,'StayBred™ VL5','',2,'',NULL,'ext-ct38','2023-11-21 14:44:30'),(925,4,18,1417,NULL,'2023-11-09',0,2,'Ultrabac® 8','',1,'',NULL,'ext-ct38','2023-11-21 14:44:30'),(926,4,18,1417,NULL,'2023-11-09',0,2,'StayBred™ VL5','',2,'',NULL,'ext-ct38','2023-11-21 14:44:30'),(927,4,18,1461,NULL,'2023-11-09',0,2,'Ultrabac® 8','',1,'',NULL,'ext-ct38','2023-11-21 14:44:30'),(928,4,18,1461,NULL,'2023-11-09',0,2,'StayBred™ VL5','',2,'',NULL,'ext-ct38','2023-11-21 14:44:30'),(929,4,18,1517,NULL,'2023-11-09',0,2,'Ultrabac® 8','',1,'',NULL,'ext-ct38','2023-11-21 14:44:30'),(930,4,18,1517,NULL,'2023-11-09',0,2,'StayBred™ VL5','',2,'',NULL,'ext-ct38','2023-11-21 14:44:30'),(931,4,18,1495,NULL,'2023-11-09',0,2,'Ultrabac® 8','',1,'',NULL,'ext-ct38','2023-11-21 14:44:30'),(932,4,18,1495,NULL,'2023-11-09',0,2,'StayBred™ VL5','',2,'',NULL,'ext-ct38','2023-11-21 14:44:30'),(933,4,18,1481,NULL,'2023-11-09',0,2,'Ultrabac® 8','',1,'',NULL,'ext-ct38','2023-11-21 14:44:30'),(934,4,18,1481,NULL,'2023-11-09',0,2,'StayBred™ VL5','',2,'',NULL,'ext-ct38','2023-11-21 14:44:30'),(935,4,18,1476,NULL,'2023-11-09',0,2,'Ultrabac® 8','',1,'',NULL,'ext-ct38','2023-11-21 14:44:30'),(936,4,18,1476,NULL,'2023-11-09',0,2,'StayBred™ VL5','',2,'',NULL,'ext-ct38','2023-11-21 14:44:30'),(937,4,18,1376,NULL,'2023-11-09',0,2,'Ultrabac® 8','',1,'',NULL,'ext-ct38','2023-11-21 14:44:30'),(938,4,18,1376,NULL,'2023-11-09',0,2,'StayBred™ VL5','',2,'',NULL,'ext-ct38','2023-11-21 14:44:30'),(939,4,18,1436,NULL,'2023-11-09',0,2,'Ultrabac® 8','',1,'',NULL,'ext-ct38','2023-11-21 14:44:30'),(940,4,18,1436,NULL,'2023-11-09',0,2,'StayBred™ VL5','',2,'',NULL,'ext-ct38','2023-11-21 14:44:30'),(941,4,18,1359,NULL,'2023-11-09',0,2,'Ultrabac® 8','',1,'',NULL,'ext-ct38','2023-11-21 14:44:30'),(942,4,18,1359,NULL,'2023-11-09',0,2,'StayBred™ VL5','',2,'',NULL,'ext-ct38','2023-11-21 14:44:30'),(943,4,18,1468,NULL,'2023-11-09',0,2,'Ultrabac® 8','',1,'',NULL,'ext-ct38','2023-11-21 14:44:30'),(944,4,18,1468,NULL,'2023-11-09',0,2,'StayBred™ VL5','',2,'',NULL,'ext-ct38','2023-11-21 14:44:30'),(945,4,18,1431,NULL,'2023-11-09',0,2,'Ultrabac® 8','',1,'',NULL,'ext-ct38','2023-11-21 14:44:30'),(946,4,18,1431,NULL,'2023-11-09',0,2,'StayBred™ VL5','',2,'',NULL,'ext-ct38','2023-11-21 14:44:30'),(947,4,18,1472,NULL,'2023-11-09',0,2,'Ultrabac® 8','',1,'',NULL,'ext-ct38','2023-11-21 14:44:30'),(948,4,18,1472,NULL,'2023-11-09',0,2,'StayBred™ VL5','',2,'',NULL,'ext-ct38','2023-11-21 14:44:30'),(949,4,18,1453,NULL,'2023-11-09',0,2,'Ultrabac® 8','',1,'',NULL,'ext-ct38','2023-11-21 14:44:30'),(950,4,18,1453,NULL,'2023-11-09',0,2,'StayBred™ VL5','',2,'',NULL,'ext-ct38','2023-11-21 14:44:30'),(951,4,18,1435,NULL,'2023-11-09',0,2,'Ultrabac® 8','',1,'',NULL,'ext-ct38','2023-11-21 14:44:30'),(952,4,18,1435,NULL,'2023-11-09',0,2,'StayBred™ VL5','',2,'',NULL,'ext-ct38','2023-11-21 14:44:30'),(953,4,18,1429,NULL,'2023-11-09',0,2,'Ultrabac® 8','',1,'',NULL,'ext-ct38','2023-11-21 14:44:30'),(954,4,18,1429,NULL,'2023-11-09',0,2,'StayBred™ VL5','',2,'',NULL,'ext-ct38','2023-11-21 14:44:30'),(955,4,18,1421,NULL,'2023-11-09',0,2,'Ultrabac® 8','',1,'',NULL,'ext-ct38','2023-11-21 14:44:30'),(956,4,18,1421,NULL,'2023-11-09',0,2,'StayBred™ VL5','',2,'',NULL,'ext-ct38','2023-11-21 14:44:30'),(957,4,18,1368,NULL,'2023-11-09',0,2,'Ultrabac® 8','',1,'',NULL,'ext-ct38','2023-11-21 14:44:30'),(958,4,18,1368,NULL,'2023-11-09',0,2,'StayBred™ VL5','',2,'',NULL,'ext-ct38','2023-11-21 14:44:30'),(959,4,18,1427,NULL,'2023-11-09',0,2,'Ultrabac® 8','',1,'',NULL,'ext-ct38','2023-11-21 14:44:30'),(960,4,18,1427,NULL,'2023-11-09',0,2,'StayBred™ VL5','',2,'',NULL,'ext-ct38','2023-11-21 14:44:30'),(961,4,18,1387,NULL,'2023-11-09',0,2,'Ultrabac® 8','',1,'',NULL,'ext-ct38','2023-11-21 14:44:30'),(962,4,18,1387,NULL,'2023-11-09',0,2,'StayBred™ VL5','',2,'',NULL,'ext-ct38','2023-11-21 14:44:30'),(963,4,18,1447,NULL,'2023-11-09',0,2,'Ultrabac® 8','',1,'',NULL,'ext-ct38','2023-11-21 14:44:30'),(964,4,18,1447,NULL,'2023-11-09',0,2,'StayBred™ VL5','',2,'',NULL,'ext-ct38','2023-11-21 14:44:30'),(965,4,18,1454,NULL,'2023-11-09',0,2,'Ultrabac® 8','',1,'',NULL,'ext-ct38','2023-11-21 14:44:30'),(966,4,18,1454,NULL,'2023-11-09',0,2,'StayBred™ VL5','',2,'',NULL,'ext-ct38','2023-11-21 14:44:30'),(967,4,18,1369,NULL,'2023-11-09',0,2,'Ultrabac® 8','',1,'',NULL,'ext-ct38','2023-11-21 14:44:30'),(968,4,18,1369,NULL,'2023-11-09',0,2,'StayBred™ VL5','',2,'',NULL,'ext-ct38','2023-11-21 14:44:30'),(969,4,18,1423,NULL,'2023-11-09',0,2,'Ultrabac® 8','',1,'',NULL,'ext-ct38','2023-11-21 14:44:30'),(970,4,18,1423,NULL,'2023-11-09',0,2,'StayBred™ VL5','',2,'',NULL,'ext-ct38','2023-11-21 14:44:30'),(971,4,18,1410,NULL,'2023-11-09',0,2,'Ultrabac® 8','',1,'',NULL,'ext-ct38','2023-11-21 14:44:30'),(972,4,18,1410,NULL,'2023-11-09',0,2,'StayBred™ VL5','',2,'',NULL,'ext-ct38','2023-11-21 14:44:30'),(973,4,18,1508,NULL,'2023-11-09',0,2,'Ultrabac® 8','',1,'',NULL,'ext-ct38','2023-11-21 14:44:30'),(974,4,18,1508,NULL,'2023-11-09',0,2,'StayBred™ VL5','',2,'',NULL,'ext-ct38','2023-11-21 14:44:30'),(975,4,18,1503,NULL,'2023-11-09',0,2,'Ultrabac® 8','',1,'',NULL,'ext-ct38','2023-11-21 14:44:30'),(976,4,18,1503,NULL,'2023-11-09',0,2,'StayBred™ VL5','',2,'',NULL,'ext-ct38','2023-11-21 14:44:30'),(977,4,18,1516,NULL,'2023-11-09',0,2,'Ultrabac® 8','',1,'',NULL,'ext-ct38','2023-11-21 14:44:30'),(978,4,18,1516,NULL,'2023-11-09',0,2,'StayBred™ VL5','',2,'',NULL,'ext-ct38','2023-11-21 14:44:30'),(979,4,18,1512,NULL,'2023-11-09',0,2,'Ultrabac® 8','',1,'',NULL,'ext-ct38','2023-11-21 14:44:30'),(980,4,18,1512,NULL,'2023-11-09',0,2,'StayBred™ VL5','',2,'',NULL,'ext-ct38','2023-11-21 14:44:30'),(981,4,18,1501,NULL,'2023-11-09',0,2,'Ultrabac® 8','',1,'',NULL,'ext-ct38','2023-11-21 14:44:30'),(982,4,18,1501,NULL,'2023-11-09',0,2,'StayBred™ VL5','',2,'',NULL,'ext-ct38','2023-11-21 14:44:30'),(983,4,18,1513,NULL,'2023-11-09',0,2,'Ultrabac® 8','',1,'',NULL,'ext-ct38','2023-11-21 14:44:30'),(984,4,18,1513,NULL,'2023-11-09',0,2,'StayBred™ VL5','',2,'',NULL,'ext-ct38','2023-11-21 14:44:30'),(985,4,18,1521,NULL,'2023-11-09',0,2,'Ultrabac® 8','',1,'',NULL,'ext-ct38','2023-11-21 14:44:30'),(986,4,18,1521,NULL,'2023-11-09',0,2,'StayBred™ VL5','',2,'',NULL,'ext-ct38','2023-11-21 14:44:30'),(987,4,18,1504,NULL,'2023-11-09',0,2,'Ultrabac® 8','',1,'',NULL,'ext-ct38','2023-11-21 14:44:30'),(988,4,18,1504,NULL,'2023-11-09',0,2,'StayBred™ VL5','',2,'',NULL,'ext-ct38','2023-11-21 14:44:30'),(989,4,18,1520,NULL,'2023-11-09',0,2,'Ultrabac® 8','',1,'',NULL,'ext-ct38','2023-11-21 14:44:30'),(990,4,18,1520,NULL,'2023-11-09',0,2,'StayBred™ VL5','',2,'',NULL,'ext-ct38','2023-11-21 14:44:30'),(991,4,18,1510,NULL,'2023-11-09',0,2,'Ultrabac® 8','',1,'',NULL,'ext-ct38','2023-11-21 14:44:30'),(992,4,18,1510,NULL,'2023-11-09',0,2,'StayBred™ VL5','',2,'',NULL,'ext-ct38','2023-11-21 14:44:30'),(993,4,18,1500,NULL,'2023-11-09',0,2,'Ultrabac® 8','',1,'',NULL,'ext-ct38','2023-11-21 14:44:30'),(994,4,18,1500,NULL,'2023-11-09',0,2,'StayBred™ VL5','',2,'',NULL,'ext-ct38','2023-11-21 14:44:30'),(995,4,18,1497,NULL,'2023-11-09',0,2,'Ultrabac® 8','',1,'',NULL,'ext-ct38','2023-11-21 14:44:30'),(996,4,18,1497,NULL,'2023-11-09',0,2,'StayBred™ VL5','',2,'',NULL,'ext-ct38','2023-11-21 14:44:30'),(997,4,18,1499,NULL,'2023-11-09',0,2,'Ultrabac® 8','',1,'',NULL,'ext-ct38','2023-11-21 14:44:30'),(998,4,18,1499,NULL,'2023-11-09',0,2,'StayBred™ VL5','',2,'',NULL,'ext-ct38','2023-11-21 14:44:30'),(999,4,18,1519,NULL,'2023-11-09',0,2,'Ultrabac® 8','',1,'',NULL,'ext-ct38','2023-11-21 14:44:30'),(1000,4,18,1519,NULL,'2023-11-09',0,2,'StayBred™ VL5','',2,'',NULL,'ext-ct38','2023-11-21 14:44:30'),(1001,4,18,1514,NULL,'2023-11-09',0,2,'Ultrabac® 8','',1,'',NULL,'ext-ct38','2023-11-21 14:44:30'),(1002,4,18,1514,NULL,'2023-11-09',0,2,'StayBred™ VL5','',2,'',NULL,'ext-ct38','2023-11-21 14:44:30'),(1003,4,18,1511,NULL,'2023-11-09',0,2,'Ultrabac® 8','',1,'',NULL,'ext-ct38','2023-11-21 14:44:30'),(1004,4,18,1511,NULL,'2023-11-09',0,2,'StayBred™ VL5','',2,'',NULL,'ext-ct38','2023-11-21 14:44:30'),(1005,4,18,1505,NULL,'2023-11-09',0,2,'Ultrabac® 8','',1,'',NULL,'ext-ct38','2023-11-21 14:44:30'),(1006,4,18,1505,NULL,'2023-11-09',0,2,'StayBred™ VL5','',2,'',NULL,'ext-ct38','2023-11-21 14:44:30'),(1007,4,18,1496,NULL,'2023-11-09',0,2,'Ultrabac® 8','',1,'',NULL,'ext-ct38','2023-11-21 14:44:30'),(1008,4,18,1496,NULL,'2023-11-09',0,2,'StayBred™ VL5','',2,'',NULL,'ext-ct38','2023-11-21 14:44:30'),(1009,4,18,1522,NULL,'2023-11-09',0,2,'Ultrabac® 8','',1,'',NULL,'ext-ct38','2023-11-21 14:44:30'),(1010,4,18,1522,NULL,'2023-11-09',0,2,'StayBred™ VL5','',2,'',NULL,'ext-ct38','2023-11-21 14:44:30'),(1011,4,18,1509,NULL,'2023-11-09',0,2,'Ultrabac® 8','',1,'',NULL,'ext-ct38','2023-11-21 14:44:30'),(1012,4,18,1509,NULL,'2023-11-09',0,2,'StayBred™ VL5','',2,'',NULL,'ext-ct38','2023-11-21 14:44:30'),(1013,4,18,1498,NULL,'2023-11-09',0,2,'Ultrabac® 8','',1,'',NULL,'ext-ct38','2023-11-21 14:44:30'),(1014,4,18,1498,NULL,'2023-11-09',0,2,'StayBred™ VL5','',2,'',NULL,'ext-ct38','2023-11-21 14:44:30'),(1015,4,18,1515,NULL,'2023-11-09',0,2,'Ultrabac® 8','',1,'',NULL,'ext-ct38','2023-11-21 14:44:30'),(1016,4,18,1515,NULL,'2023-11-09',0,2,'StayBred™ VL5','',2,'',NULL,'ext-ct38','2023-11-21 14:44:30'),(1017,4,18,1507,NULL,'2023-11-09',0,2,'Ultrabac® 8','',1,'',NULL,'ext-ct38','2023-11-21 14:44:30'),(1018,4,18,1507,NULL,'2023-11-09',0,2,'StayBred™ VL5','',2,'',NULL,'ext-ct38','2023-11-21 14:44:30'),(1019,4,18,1506,NULL,'2023-11-09',0,2,'Ultrabac® 8','',1,'',NULL,'ext-ct38','2023-11-21 14:44:30'),(1020,4,18,1506,NULL,'2023-11-09',0,2,'StayBred™ VL5','',2,'',NULL,'ext-ct38','2023-11-21 14:44:30'),(1021,4,18,1502,NULL,'2023-11-09',0,2,'Ultrabac® 8','',1,'',NULL,'ext-ct38','2023-11-21 14:44:30'),(1022,4,18,1502,NULL,'2023-11-09',0,2,'StayBred™ VL5','',2,'',NULL,'ext-ct38','2023-11-21 14:44:30'),(1023,4,18,1518,NULL,'2023-11-09',0,2,'Ultrabac® 8','',1,'',NULL,'ext-ct38','2023-11-21 14:44:30'),(1024,4,18,1518,NULL,'2023-11-09',0,2,'StayBred™ VL5','',2,'',NULL,'ext-ct38','2023-11-21 14:44:30'),(1025,4,18,1380,NULL,'2023-11-09',0,2,'Ultrabac® 8','',1,'',NULL,'ext-ct38','2023-11-21 14:44:30'),(1026,4,18,1380,NULL,'2023-11-09',0,2,'StayBred™ VL5','',2,'',NULL,'ext-ct38','2023-11-21 14:44:30'),(1027,4,18,1449,NULL,'2023-11-09',0,2,'Ultrabac® 8','',1,'',NULL,'ext-ct38','2023-11-21 14:44:30'),(1028,4,18,1449,NULL,'2023-11-09',0,2,'StayBred™ VL5','',2,'',NULL,'ext-ct38','2023-11-21 14:44:30');
/*!40000 ALTER TABLE `event_vaccination` ENABLE KEYS */;
UNLOCK TABLES;

--
-- Table structure for table `event_vaccination_mapping`
--

DROP TABLE IF EXISTS `event_vaccination_mapping`;
/*!40101 SET @saved_cs_client     = @@character_set_client */;
 SET character_set_client = utf8mb4 ;
CREATE TABLE `event_vaccination_mapping` (
  `id` int(11) NOT NULL AUTO_INCREMENT,
  `event_id` int(11) DEFAULT NULL,
  `vaccination_id` int(11) DEFAULT NULL,
  `event_datetime` datetime DEFAULT NULL,
  PRIMARY KEY (`id`),
  KEY `event_id` (`event_id`),
  KEY `vaccination_id` (`vaccination_id`),
  CONSTRAINT `event_vaccination_mapping_ibfk_1` FOREIGN KEY (`event_id`) REFERENCES `event_custom` (`id`),
  CONSTRAINT `event_vaccination_mapping_ibfk_2` FOREIGN KEY (`vaccination_id`) REFERENCES `event_vaccination` (`id`)
) ENGINE=InnoDB AUTO_INCREMENT=1006 DEFAULT CHARSET=utf8;
/*!40101 SET character_set_client = @saved_cs_client */;

--
-- Dumping data for table `event_vaccination_mapping`
--

LOCK TABLES `event_vaccination_mapping` WRITE;
/*!40000 ALTER TABLE `event_vaccination_mapping` DISABLE KEYS */;
INSERT INTO `event_vaccination_mapping` VALUES (1,1,1,NULL),(2,25,2,NULL),(3,1,3,NULL),(4,25,4,NULL),(5,34,5,NULL),(6,36,6,NULL),(7,38,7,NULL),(8,40,8,NULL),(9,41,9,NULL),(10,43,10,NULL),(11,45,11,'2023-08-30 11:10:15'),(12,46,12,'2023-08-30 11:10:15'),(13,47,13,'2023-08-30 11:10:15'),(14,48,14,'2023-08-30 11:10:15'),(15,49,15,'2023-08-30 11:10:15'),(16,50,16,'2023-08-30 11:10:15'),(17,52,17,'2023-09-05 14:37:08'),(18,53,18,'2023-09-05 14:37:08'),(19,52,19,'2023-09-05 14:37:08'),(20,53,20,'2023-09-05 14:37:08'),(21,61,21,'2023-09-14 12:42:18'),(22,63,22,'2023-09-19 14:31:53'),(23,64,23,'2023-09-19 14:31:53'),(24,65,24,'2023-09-19 14:31:53'),(25,66,25,'2023-09-19 14:31:53'),(26,67,26,'2023-09-19 14:31:53'),(27,68,27,'2023-09-19 14:31:53'),(28,69,28,'2023-09-19 14:31:53'),(29,70,29,'2023-09-19 14:31:53'),(30,82,30,'2023-09-19 14:31:53'),(31,85,31,'2023-09-19 14:31:53'),(32,100,32,'2023-09-19 14:31:53'),(33,89,33,'2023-09-19 14:31:53'),(34,106,34,'2023-09-19 14:31:53'),(35,73,35,'2023-09-19 14:31:53'),(36,93,36,'2023-09-19 14:31:53'),(37,90,37,'2023-09-19 14:31:53'),(38,111,38,'2023-09-19 14:31:53'),(39,76,39,'2023-09-19 14:31:53'),(40,80,40,'2023-09-19 14:31:53'),(41,74,41,'2023-09-19 14:31:53'),(42,99,42,'2023-09-19 14:31:53'),(43,81,43,'2023-09-19 14:31:53'),(44,102,44,'2023-09-19 14:31:53'),(45,105,45,'2023-09-19 14:31:53'),(46,75,46,'2023-09-19 14:31:53'),(47,84,47,'2023-09-19 14:31:53'),(48,83,48,'2023-09-19 14:31:53'),(49,117,49,'2023-09-19 14:31:53'),(50,79,50,'2023-09-19 14:31:53'),(51,103,51,'2023-09-19 14:31:53'),(52,116,52,'2023-09-19 14:31:53'),(53,113,53,'2023-09-19 14:31:53'),(54,86,54,'2023-09-19 14:31:53'),(55,71,55,'2023-09-19 14:31:53'),(56,78,56,'2023-09-19 14:31:53'),(57,114,57,'2023-09-19 14:31:53'),(58,92,58,'2023-09-19 14:31:53'),(59,72,59,'2023-09-19 14:31:53'),(60,96,60,'2023-09-19 14:31:53'),(61,107,61,'2023-09-19 14:31:53'),(62,104,62,'2023-09-19 14:31:53'),(63,109,63,'2023-09-19 14:31:53'),(64,108,64,'2023-09-19 14:31:53'),(65,115,65,'2023-09-19 14:31:53'),(66,94,66,'2023-09-19 14:31:53'),(67,98,67,'2023-09-19 14:31:53'),(68,87,68,'2023-09-19 14:31:53'),(69,110,69,'2023-09-19 14:31:53'),(70,88,70,'2023-09-19 14:31:53'),(71,97,71,'2023-09-19 14:31:53'),(72,95,72,'2023-09-19 14:31:53'),(73,77,73,'2023-09-19 14:31:53'),(74,91,74,'2023-09-19 14:31:53'),(75,101,75,'2023-09-19 14:31:53'),(76,112,76,'2023-09-19 14:31:53'),(77,63,77,'2023-09-19 14:31:53'),(78,64,78,'2023-09-19 14:31:53'),(79,65,79,'2023-09-19 14:31:53'),(80,66,80,'2023-09-19 14:31:53'),(81,67,81,'2023-09-19 14:31:53'),(82,68,82,'2023-09-19 14:31:53'),(83,69,83,'2023-09-19 14:31:53'),(84,70,84,'2023-09-19 14:31:53'),(85,82,85,'2023-09-19 14:31:53'),(86,85,86,'2023-09-19 14:31:53'),(87,100,87,'2023-09-19 14:31:53'),(88,89,88,'2023-09-19 14:31:53'),(89,106,89,'2023-09-19 14:31:53'),(90,73,90,'2023-09-19 14:31:53'),(91,93,91,'2023-09-19 14:31:53'),(92,90,92,'2023-09-19 14:31:53'),(93,111,93,'2023-09-19 14:31:53'),(94,76,94,'2023-09-19 14:31:53'),(95,80,95,'2023-09-19 14:31:53'),(96,74,96,'2023-09-19 14:31:53'),(97,99,97,'2023-09-19 14:31:53'),(98,81,98,'2023-09-19 14:31:53'),(99,102,99,'2023-09-19 14:31:53'),(100,105,100,'2023-09-19 14:31:53'),(101,75,101,'2023-09-19 14:31:53'),(102,84,102,'2023-09-19 14:31:53'),(103,83,103,'2023-09-19 14:31:53'),(104,117,104,'2023-09-19 14:31:53'),(105,79,105,'2023-09-19 14:31:53'),(106,103,106,'2023-09-19 14:31:53'),(107,116,107,'2023-09-19 14:31:53'),(108,113,108,'2023-09-19 14:31:53'),(109,86,109,'2023-09-19 14:31:53'),(110,71,110,'2023-09-19 14:31:53'),(111,78,111,'2023-09-19 14:31:53'),(112,114,112,'2023-09-19 14:31:53'),(113,92,113,'2023-09-19 14:31:53'),(114,72,114,'2023-09-19 14:31:53'),(115,96,115,'2023-09-19 14:31:53'),(116,107,116,'2023-09-19 14:31:53'),(117,104,117,'2023-09-19 14:31:53'),(118,109,118,'2023-09-19 14:31:53'),(119,108,119,'2023-09-19 14:31:53'),(120,115,120,'2023-09-19 14:31:53'),(121,94,121,'2023-09-19 14:31:53'),(122,98,122,'2023-09-19 14:31:53'),(123,87,123,'2023-09-19 14:31:53'),(124,110,124,'2023-09-19 14:31:53'),(125,88,125,'2023-09-19 14:31:53'),(126,97,126,'2023-09-19 14:31:53'),(127,95,127,'2023-09-19 14:31:53'),(128,77,128,'2023-09-19 14:31:53'),(129,91,129,'2023-09-19 14:31:53'),(130,101,130,'2023-09-19 14:31:53'),(131,112,131,'2023-09-19 14:31:53'),(132,118,132,'2023-09-19 16:07:46'),(133,143,133,'2023-09-19 16:07:46'),(134,119,134,'2023-09-19 16:07:46'),(135,120,135,'2023-09-19 16:07:46'),(136,121,136,'2023-09-19 16:07:46'),(137,122,137,'2023-09-19 16:07:46'),(138,123,138,'2023-09-19 16:07:46'),(139,124,139,'2023-09-19 16:07:46'),(140,125,140,'2023-09-19 16:07:46'),(141,126,141,'2023-09-19 16:07:46'),(142,127,142,'2023-09-19 16:07:46'),(143,128,143,'2023-09-19 16:07:46'),(144,129,144,'2023-09-19 16:07:46'),(145,130,145,'2023-09-19 16:07:46'),(146,131,146,'2023-09-19 16:07:46'),(147,132,147,'2023-09-19 16:07:46'),(148,133,148,'2023-09-19 16:07:46'),(149,134,149,'2023-09-19 16:07:46'),(150,135,150,'2023-09-19 16:07:46'),(151,136,151,'2023-09-19 16:07:46'),(152,137,152,'2023-09-19 16:07:46'),(153,138,153,'2023-09-19 16:07:46'),(154,139,154,'2023-09-19 16:07:46'),(155,140,155,'2023-09-19 16:07:46'),(156,141,156,'2023-09-19 16:07:46'),(157,142,157,'2023-09-19 16:07:46'),(158,144,158,'2023-09-19 16:07:46'),(159,145,159,'2023-09-19 16:07:46'),(160,146,160,'2023-09-19 16:07:46'),(161,147,161,'2023-09-19 16:07:46'),(162,148,162,'2023-09-19 16:07:46'),(163,149,163,'2023-09-19 16:07:46'),(164,150,164,'2023-09-19 16:07:47'),(165,151,165,'2023-09-19 16:07:47'),(166,152,166,'2023-09-19 16:07:47'),(167,153,167,'2023-09-19 16:07:47'),(168,154,168,'2023-09-19 16:07:47'),(169,155,169,'2023-09-19 16:07:47'),(170,156,170,'2023-09-19 16:07:47'),(171,157,171,'2023-09-19 16:07:47'),(172,158,172,'2023-09-19 16:07:47'),(173,159,173,'2023-09-19 16:07:47'),(174,160,174,'2023-09-19 16:07:47'),(175,161,175,'2023-09-19 16:07:47'),(176,162,176,'2023-09-19 16:07:47'),(177,163,177,'2023-09-19 16:07:47'),(178,164,178,'2023-09-19 16:07:47'),(179,165,179,'2023-09-19 16:07:47'),(180,166,180,'2023-09-19 16:07:47'),(181,167,181,'2023-09-19 16:07:47'),(182,168,182,'2023-09-19 16:07:47'),(183,169,183,'2023-09-19 16:07:47'),(184,170,184,'2023-09-19 16:07:47'),(185,171,185,'2023-09-19 16:07:47'),(186,172,186,'2023-09-19 16:07:47'),(187,173,187,'2023-09-19 16:07:47'),(188,118,188,'2023-09-19 16:07:47'),(189,143,189,'2023-09-19 16:07:47'),(190,119,190,'2023-09-19 16:07:47'),(191,120,191,'2023-09-19 16:07:47'),(192,121,192,'2023-09-19 16:07:47'),(193,122,193,'2023-09-19 16:07:47'),(194,123,194,'2023-09-19 16:07:47'),(195,124,195,'2023-09-19 16:07:47'),(196,125,196,'2023-09-19 16:07:47'),(197,126,197,'2023-09-19 16:07:47'),(198,127,198,'2023-09-19 16:07:47'),(199,128,199,'2023-09-19 16:07:47'),(200,129,200,'2023-09-19 16:07:47'),(201,130,201,'2023-09-19 16:07:47'),(202,131,202,'2023-09-19 16:07:47'),(203,132,203,'2023-09-19 16:07:47'),(204,133,204,'2023-09-19 16:07:47'),(205,134,205,'2023-09-19 16:07:47'),(206,135,206,'2023-09-19 16:07:47'),(207,136,207,'2023-09-19 16:07:47'),(208,137,208,'2023-09-19 16:07:47'),(209,138,209,'2023-09-19 16:07:47'),(210,139,210,'2023-09-19 16:07:47'),(211,140,211,'2023-09-19 16:07:47'),(212,141,212,'2023-09-19 16:07:47'),(213,142,213,'2023-09-19 16:07:47'),(214,144,214,'2023-09-19 16:07:47'),(215,145,215,'2023-09-19 16:07:47'),(216,146,216,'2023-09-19 16:07:47'),(217,147,217,'2023-09-19 16:07:47'),(218,148,218,'2023-09-19 16:07:47'),(219,149,219,'2023-09-19 16:07:47'),(220,150,220,'2023-09-19 16:07:47'),(221,151,221,'2023-09-19 16:07:47'),(222,152,222,'2023-09-19 16:07:47'),(223,153,223,'2023-09-19 16:07:47'),(224,154,224,'2023-09-19 16:07:47'),(225,155,225,'2023-09-19 16:07:47'),(226,156,226,'2023-09-19 16:07:47'),(227,157,227,'2023-09-19 16:07:47'),(228,158,228,'2023-09-19 16:07:47'),(229,159,229,'2023-09-19 16:07:47'),(230,160,230,'2023-09-19 16:07:47'),(231,161,231,'2023-09-19 16:07:47'),(232,162,232,'2023-09-19 16:07:47'),(233,163,233,'2023-09-19 16:07:47'),(234,164,234,'2023-09-19 16:07:47'),(235,165,235,'2023-09-19 16:07:47'),(236,166,236,'2023-09-19 16:07:47'),(237,167,237,'2023-09-19 16:07:47'),(238,168,238,'2023-09-19 16:07:47'),(239,169,239,'2023-09-19 16:07:47'),(240,170,240,'2023-09-19 16:07:47'),(241,171,241,'2023-09-19 16:07:47'),(242,172,242,'2023-09-19 16:07:47'),(243,173,243,'2023-09-19 16:07:47'),(244,194,244,'2023-09-19 16:34:23'),(245,195,245,'2023-09-19 16:34:23'),(246,196,246,'2023-09-19 16:34:23'),(247,197,247,'2023-09-19 16:34:23'),(248,198,248,'2023-09-19 16:34:23'),(249,199,249,'2023-09-19 16:34:23'),(250,200,250,'2023-09-19 16:34:23'),(251,201,251,'2023-09-19 16:34:23'),(252,202,252,'2023-09-19 16:34:24'),(253,203,253,'2023-09-19 16:34:24'),(254,204,254,'2023-09-19 16:34:24'),(255,205,255,'2023-09-19 16:34:24'),(256,206,256,'2023-09-19 16:34:24'),(257,207,257,'2023-09-19 16:34:24'),(258,208,258,'2023-09-19 16:34:24'),(259,209,259,'2023-09-19 16:34:24'),(260,210,260,'2023-09-19 16:34:24'),(261,211,261,'2023-09-19 16:34:24'),(262,212,262,'2023-09-19 16:34:24'),(263,213,263,'2023-09-19 16:34:24'),(264,214,264,'2023-09-19 16:34:24'),(265,215,265,'2023-09-19 16:34:24'),(266,216,266,'2023-09-19 16:34:24'),(267,194,267,'2023-09-19 16:34:24'),(268,195,268,'2023-09-19 16:34:24'),(269,196,269,'2023-09-19 16:34:24'),(270,197,270,'2023-09-19 16:34:24'),(271,198,271,'2023-09-19 16:34:24'),(272,199,272,'2023-09-19 16:34:24'),(273,200,273,'2023-09-19 16:34:24'),(274,201,274,'2023-09-19 16:34:24'),(275,202,275,'2023-09-19 16:34:24'),(276,203,276,'2023-09-19 16:34:24'),(277,204,277,'2023-09-19 16:34:24'),(278,205,278,'2023-09-19 16:34:24'),(279,206,279,'2023-09-19 16:34:24'),(280,207,280,'2023-09-19 16:34:24'),(281,208,281,'2023-09-19 16:34:24'),(282,209,282,'2023-09-19 16:34:24'),(283,210,283,'2023-09-19 16:34:24'),(284,211,284,'2023-09-19 16:34:24'),(285,212,285,'2023-09-19 16:34:24'),(286,213,286,'2023-09-19 16:34:24'),(287,214,287,'2023-09-19 16:34:24'),(288,215,288,'2023-09-19 16:34:24'),(289,216,289,'2023-09-19 16:34:24'),(290,217,290,'2023-09-21 13:41:55'),(291,219,291,'2023-09-21 13:41:55'),(292,221,292,'2023-09-21 13:41:55'),(293,222,293,'2023-09-21 13:41:55'),(294,223,294,'2023-09-21 13:41:55'),(295,224,295,'2023-09-21 13:41:55'),(296,225,296,'2023-09-21 13:41:55'),(297,226,297,'2023-09-21 13:41:55'),(298,227,298,'2023-09-21 13:41:55'),(299,228,299,'2023-09-21 13:41:55'),(300,229,300,'2023-09-21 13:41:55'),(301,230,301,'2023-09-21 13:41:55'),(302,231,302,'2023-09-21 13:41:55'),(303,232,303,'2023-09-21 13:41:55'),(304,233,304,'2023-09-21 13:41:55'),(305,234,305,'2023-09-21 13:41:55'),(306,235,306,'2023-09-21 13:41:55'),(307,236,307,'2023-09-21 13:41:55'),(308,237,308,'2023-09-21 13:41:55'),(309,238,309,'2023-09-21 13:41:55'),(310,239,310,'2023-09-21 13:41:55'),(311,240,311,'2023-09-21 13:41:55'),(312,241,312,'2023-09-21 13:41:55'),(313,242,313,'2023-09-21 13:41:55'),(314,243,314,'2023-09-21 13:41:55'),(315,244,315,'2023-09-21 13:41:55'),(316,245,316,'2023-09-21 13:41:55'),(317,246,317,'2023-09-21 13:41:55'),(318,247,318,'2023-09-21 13:41:55'),(319,248,319,'2023-09-21 13:41:55'),(320,249,320,'2023-09-21 13:41:55'),(321,250,321,'2023-09-21 13:41:55'),(322,251,322,'2023-09-21 13:41:55'),(323,252,323,'2023-09-21 13:41:55'),(324,253,324,'2023-09-21 13:41:55'),(325,254,325,'2023-09-21 13:41:55'),(326,255,326,'2023-09-21 13:41:55'),(327,256,327,'2023-09-21 13:41:55'),(328,257,328,'2023-09-21 13:41:55'),(329,217,329,'2023-09-21 13:41:56'),(330,219,330,'2023-09-21 13:41:56'),(331,221,331,'2023-09-21 13:41:56'),(332,222,332,'2023-09-21 13:41:56'),(333,223,333,'2023-09-21 13:41:56'),(334,224,334,'2023-09-21 13:41:56'),(335,225,335,'2023-09-21 13:41:56'),(336,226,336,'2023-09-21 13:41:56'),(337,227,337,'2023-09-21 13:41:56'),(338,228,338,'2023-09-21 13:41:56'),(339,229,339,'2023-09-21 13:41:56'),(340,230,340,'2023-09-21 13:41:56'),(341,231,341,'2023-09-21 13:41:56'),(342,232,342,'2023-09-21 13:41:56'),(343,233,343,'2023-09-21 13:41:56'),(344,234,344,'2023-09-21 13:41:56'),(345,235,345,'2023-09-21 13:41:56'),(346,236,346,'2023-09-21 13:41:56'),(347,237,347,'2023-09-21 13:41:56'),(348,238,348,'2023-09-21 13:41:56'),(349,239,349,'2023-09-21 13:41:56'),(350,240,350,'2023-09-21 13:41:56'),(351,241,351,'2023-09-21 13:41:56'),(352,242,352,'2023-09-21 13:41:56'),(353,243,353,'2023-09-21 13:41:56'),(354,244,354,'2023-09-21 13:41:56'),(355,245,355,'2023-09-21 13:41:56'),(356,246,356,'2023-09-21 13:41:56'),(357,247,357,'2023-09-21 13:41:56'),(358,248,358,'2023-09-21 13:41:56'),(359,249,359,'2023-09-21 13:41:56'),(360,250,360,'2023-09-21 13:41:56'),(361,251,361,'2023-09-21 13:41:56'),(362,252,362,'2023-09-21 13:41:56'),(363,253,363,'2023-09-21 13:41:56'),(364,254,364,'2023-09-21 13:41:56'),(365,255,365,'2023-09-21 13:41:56'),(366,256,366,'2023-09-21 13:41:56'),(367,257,367,'2023-09-21 13:41:56'),(368,258,368,'2023-09-21 14:03:55'),(369,259,369,'2023-09-21 14:03:55'),(370,260,370,'2023-09-21 14:03:55'),(371,261,371,'2023-09-21 14:03:55'),(372,262,372,'2023-09-21 14:03:55'),(373,263,373,'2023-09-21 14:03:55'),(374,264,374,'2023-09-21 14:03:55'),(375,265,375,'2023-09-21 14:03:55'),(376,266,376,'2023-09-21 14:03:55'),(377,267,377,'2023-09-21 14:03:55'),(378,268,378,'2023-09-21 14:03:55'),(379,269,379,'2023-09-21 14:03:55'),(380,270,380,'2023-09-21 14:03:55'),(381,271,381,'2023-09-21 14:03:55'),(382,272,382,'2023-09-21 14:03:55'),(383,273,383,'2023-09-21 14:03:55'),(384,274,384,'2023-09-21 14:03:55'),(385,275,385,'2023-09-21 14:03:55'),(386,276,386,'2023-09-21 14:03:55'),(387,277,387,'2023-09-21 14:03:55'),(388,278,388,'2023-09-21 14:03:55'),(389,279,389,'2023-09-21 14:03:55'),(390,280,390,'2023-09-21 14:03:55'),(391,281,391,'2023-09-21 14:03:55'),(392,282,392,'2023-09-21 14:03:55'),(393,283,393,'2023-09-21 14:03:55'),(394,284,394,'2023-09-21 14:03:55'),(395,285,395,'2023-09-21 14:03:55'),(396,286,396,'2023-09-21 14:03:55'),(397,287,397,'2023-09-21 14:03:55'),(398,288,398,'2023-09-21 14:03:55'),(399,289,399,'2023-09-21 14:03:55'),(400,290,400,'2023-09-21 14:03:55'),(401,291,401,'2023-09-21 14:03:55'),(402,292,402,'2023-09-21 14:03:55'),(403,293,403,'2023-09-21 14:03:55'),(404,294,404,'2023-09-21 14:03:55'),(405,295,405,'2023-09-21 14:03:55'),(406,296,406,'2023-09-21 14:03:55'),(407,297,407,'2023-09-21 14:03:55'),(408,298,408,'2023-09-21 14:03:55'),(409,299,409,'2023-09-21 14:03:55'),(410,300,410,'2023-09-21 14:03:55'),(411,301,411,'2023-09-21 14:03:55'),(412,302,412,'2023-09-21 14:03:55'),(413,303,413,'2023-09-21 14:03:55'),(414,304,414,'2023-09-21 14:03:55'),(415,305,415,'2023-09-21 14:03:55'),(416,306,416,'2023-09-21 14:03:55'),(417,307,417,'2023-09-21 14:03:55'),(418,308,418,'2023-09-21 14:03:55'),(419,309,419,'2023-09-21 14:03:55'),(420,310,420,'2023-09-21 14:03:55'),(421,311,421,'2023-09-21 14:03:55'),(422,312,422,'2023-09-21 14:03:55'),(423,313,423,'2023-09-21 14:03:55'),(424,314,424,'2023-09-21 14:03:55'),(425,315,425,'2023-09-21 14:03:55'),(426,316,426,'2023-09-21 14:03:55'),(427,317,427,'2023-09-21 14:03:55'),(428,318,428,'2023-09-21 14:03:55'),(429,319,429,'2023-09-21 14:03:55'),(430,320,430,'2023-09-21 14:03:55'),(431,321,431,'2023-09-21 14:03:55'),(432,322,432,'2023-09-21 14:03:55'),(433,258,433,'2023-09-21 14:03:55'),(434,259,434,'2023-09-21 14:03:55'),(435,260,435,'2023-09-21 14:03:55'),(436,261,436,'2023-09-21 14:03:55'),(437,262,437,'2023-09-21 14:03:55'),(438,263,438,'2023-09-21 14:03:55'),(439,264,439,'2023-09-21 14:03:55'),(440,265,440,'2023-09-21 14:03:55'),(441,266,441,'2023-09-21 14:03:55'),(442,267,442,'2023-09-21 14:03:55'),(443,268,443,'2023-09-21 14:03:55'),(444,269,444,'2023-09-21 14:03:55'),(445,270,445,'2023-09-21 14:03:55'),(446,271,446,'2023-09-21 14:03:55'),(447,272,447,'2023-09-21 14:03:55'),(448,273,448,'2023-09-21 14:03:55'),(449,274,449,'2023-09-21 14:03:55'),(450,275,450,'2023-09-21 14:03:55'),(451,276,451,'2023-09-21 14:03:55'),(452,277,452,'2023-09-21 14:03:55'),(453,278,453,'2023-09-21 14:03:55'),(454,279,454,'2023-09-21 14:03:55'),(455,280,455,'2023-09-21 14:03:55'),(456,281,456,'2023-09-21 14:03:55'),(457,282,457,'2023-09-21 14:03:55'),(458,283,458,'2023-09-21 14:03:55'),(459,284,459,'2023-09-21 14:03:55'),(460,285,460,'2023-09-21 14:03:55'),(461,286,461,'2023-09-21 14:03:55'),(462,287,462,'2023-09-21 14:03:55'),(463,288,463,'2023-09-21 14:03:55'),(464,289,464,'2023-09-21 14:03:55'),(465,290,465,'2023-09-21 14:03:55'),(466,291,466,'2023-09-21 14:03:55'),(467,292,467,'2023-09-21 14:03:55'),(468,293,468,'2023-09-21 14:03:55'),(469,294,469,'2023-09-21 14:03:56'),(470,295,470,'2023-09-21 14:03:56'),(471,296,471,'2023-09-21 14:03:56'),(472,297,472,'2023-09-21 14:03:56'),(473,298,473,'2023-09-21 14:03:56'),(474,299,474,'2023-09-21 14:03:56'),(475,300,475,'2023-09-21 14:03:56'),(476,301,476,'2023-09-21 14:03:56'),(477,302,477,'2023-09-21 14:03:56'),(478,303,478,'2023-09-21 14:03:56'),(479,304,479,'2023-09-21 14:03:56'),(480,305,480,'2023-09-21 14:03:56'),(481,306,481,'2023-09-21 14:03:56'),(482,307,482,'2023-09-21 14:03:56'),(483,308,483,'2023-09-21 14:03:56'),(484,309,484,'2023-09-21 14:03:56'),(485,310,485,'2023-09-21 14:03:56'),(486,311,486,'2023-09-21 14:03:56'),(487,312,487,'2023-09-21 14:03:56'),(488,313,488,'2023-09-21 14:03:56'),(489,314,489,'2023-09-21 14:03:56'),(490,315,490,'2023-09-21 14:03:56'),(491,316,491,'2023-09-21 14:03:56'),(492,317,492,'2023-09-21 14:03:56'),(493,318,493,'2023-09-21 14:03:56'),(494,319,494,'2023-09-21 14:03:56'),(495,320,495,'2023-09-21 14:03:56'),(496,321,496,'2023-09-21 14:03:56'),(497,322,497,'2023-09-21 14:03:56'),(498,323,521,'2023-10-03 09:40:21'),(499,324,522,'2023-10-03 09:40:21'),(500,325,523,'2023-10-03 09:40:21'),(501,326,524,'2023-10-03 09:40:21'),(502,327,525,'2023-10-03 09:40:21'),(503,328,526,'2023-10-03 09:40:21'),(504,329,527,'2023-10-03 09:40:21'),(505,396,528,'2023-10-31 12:32:33'),(506,398,529,'2023-10-31 12:32:58'),(507,399,530,'2023-10-31 12:38:48'),(508,440,531,'2023-11-21 10:13:34'),(509,440,532,'2023-11-21 10:13:35'),(510,441,533,'2023-11-21 10:13:35'),(511,441,534,'2023-11-21 10:13:35'),(512,442,535,'2023-11-21 10:13:35'),(513,442,536,'2023-11-21 10:13:35'),(514,443,537,'2023-11-21 10:13:35'),(515,443,538,'2023-11-21 10:13:35'),(516,444,539,'2023-11-21 10:13:35'),(517,444,540,'2023-11-21 10:13:35'),(518,445,541,'2023-11-21 10:13:35'),(519,445,542,'2023-11-21 10:13:35'),(520,446,543,'2023-11-21 10:13:35'),(521,446,544,'2023-11-21 10:13:35'),(522,447,545,'2023-11-21 10:13:35'),(523,447,546,'2023-11-21 10:13:35'),(524,448,547,'2023-11-21 10:13:35'),(525,448,548,'2023-11-21 10:13:35'),(526,449,549,'2023-11-21 10:13:35'),(527,449,550,'2023-11-21 10:13:35'),(528,450,551,'2023-11-21 10:13:35'),(529,450,552,'2023-11-21 10:13:35'),(530,451,553,'2023-11-21 10:13:35'),(531,451,554,'2023-11-21 10:13:35'),(532,452,555,'2023-11-21 10:13:35'),(533,452,556,'2023-11-21 10:13:35'),(534,453,557,'2023-11-21 10:13:35'),(535,453,558,'2023-11-21 10:13:35'),(536,454,559,'2023-11-21 10:13:35'),(537,454,560,'2023-11-21 10:13:35'),(538,455,561,'2023-11-21 10:13:35'),(539,455,562,'2023-11-21 10:13:35'),(540,456,563,'2023-11-21 10:13:35'),(541,456,564,'2023-11-21 10:13:35'),(542,457,565,'2023-11-21 10:13:35'),(543,457,566,'2023-11-21 10:13:35'),(544,458,567,'2023-11-21 10:13:35'),(545,458,568,'2023-11-21 10:13:35'),(546,459,569,'2023-11-21 10:13:35'),(547,459,570,'2023-11-21 10:13:35'),(548,460,571,'2023-11-21 10:13:35'),(549,460,572,'2023-11-21 10:13:35'),(550,461,573,'2023-11-21 10:13:35'),(551,461,574,'2023-11-21 10:13:35'),(552,462,575,'2023-11-21 10:13:35'),(553,462,576,'2023-11-21 10:13:35'),(554,463,577,'2023-11-21 10:13:35'),(555,463,578,'2023-11-21 10:13:35'),(556,464,579,'2023-11-21 10:13:35'),(557,464,580,'2023-11-21 10:13:35'),(558,465,581,'2023-11-21 10:13:35'),(559,465,582,'2023-11-21 10:13:35'),(560,466,583,'2023-11-21 10:13:35'),(561,466,584,'2023-11-21 10:13:35'),(562,467,585,'2023-11-21 10:13:35'),(563,467,586,'2023-11-21 10:13:35'),(564,468,587,'2023-11-21 10:13:35'),(565,468,588,'2023-11-21 10:13:35'),(566,469,589,'2023-11-21 10:13:35'),(567,469,590,'2023-11-21 10:13:35'),(568,470,591,'2023-11-21 10:13:35'),(569,470,592,'2023-11-21 10:13:35'),(570,471,593,'2023-11-21 10:13:35'),(571,471,594,'2023-11-21 10:13:35'),(572,472,595,'2023-11-21 10:13:35'),(573,472,596,'2023-11-21 10:13:35'),(574,473,597,'2023-11-21 10:13:35'),(575,473,598,'2023-11-21 10:13:35'),(576,474,599,'2023-11-21 10:13:35'),(577,474,600,'2023-11-21 10:13:35'),(578,475,601,'2023-11-21 10:13:35'),(579,475,602,'2023-11-21 10:13:35'),(580,476,603,'2023-11-21 10:13:35'),(581,476,604,'2023-11-21 10:13:35'),(582,477,605,'2023-11-21 10:13:35'),(583,477,606,'2023-11-21 10:13:35'),(584,478,607,'2023-11-21 10:13:35'),(585,478,608,'2023-11-21 10:13:35'),(586,479,609,'2023-11-21 10:13:35'),(587,479,610,'2023-11-21 10:13:35'),(588,480,611,'2023-11-21 10:13:35'),(589,480,612,'2023-11-21 10:13:35'),(590,481,613,'2023-11-21 10:13:35'),(591,481,614,'2023-11-21 10:13:35'),(592,482,615,'2023-11-21 10:13:35'),(593,482,616,'2023-11-21 10:13:35'),(594,483,617,'2023-11-21 10:13:35'),(595,483,618,'2023-11-21 10:13:35'),(596,484,619,'2023-11-21 10:13:35'),(597,484,620,'2023-11-21 10:13:35'),(598,485,621,'2023-11-21 10:13:35'),(599,485,622,'2023-11-21 10:13:35'),(600,486,623,'2023-11-21 10:13:35'),(601,486,624,'2023-11-21 10:13:35'),(602,487,625,'2023-11-21 10:13:35'),(603,487,626,'2023-11-21 10:13:35'),(604,488,627,'2023-11-21 10:13:35'),(605,488,628,'2023-11-21 10:13:35'),(606,489,629,'2023-11-21 10:13:35'),(607,489,630,'2023-11-21 10:13:35'),(608,490,631,'2023-11-21 10:13:35'),(609,490,632,'2023-11-21 10:13:35'),(610,491,633,'2023-11-21 10:13:35'),(611,491,634,'2023-11-21 10:13:35'),(612,492,635,'2023-11-21 10:13:35'),(613,492,636,'2023-11-21 10:13:35'),(614,493,637,'2023-11-21 10:13:35'),(615,493,638,'2023-11-21 10:13:35'),(616,494,639,'2023-11-21 10:13:35'),(617,494,640,'2023-11-21 10:13:35'),(618,495,641,'2023-11-21 10:13:35'),(619,495,642,'2023-11-21 10:13:35'),(620,496,643,'2023-11-21 10:13:35'),(621,496,644,'2023-11-21 10:13:35'),(622,497,645,'2023-11-21 10:13:35'),(623,497,646,'2023-11-21 10:13:35'),(624,498,647,'2023-11-21 10:13:35'),(625,498,648,'2023-11-21 10:13:35'),(626,499,649,'2023-11-21 10:13:35'),(627,499,650,'2023-11-21 10:13:35'),(628,500,651,'2023-11-21 10:13:35'),(629,500,652,'2023-11-21 10:13:35'),(630,501,653,'2023-11-21 10:13:35'),(631,501,654,'2023-11-21 10:13:35'),(632,502,655,'2023-11-21 10:13:35'),(633,502,656,'2023-11-21 10:13:35'),(634,503,657,'2023-11-21 10:13:35'),(635,503,658,'2023-11-21 10:13:35'),(636,504,659,'2023-11-21 10:13:35'),(637,504,660,'2023-11-21 10:13:35'),(638,505,661,'2023-11-21 10:13:35'),(639,505,662,'2023-11-21 10:13:35'),(640,506,663,'2023-11-21 10:13:35'),(641,506,664,'2023-11-21 10:13:35'),(642,507,665,'2023-11-21 10:13:35'),(643,507,666,'2023-11-21 10:13:35'),(644,508,667,'2023-11-21 10:13:35'),(645,508,668,'2023-11-21 10:13:35'),(646,509,669,'2023-11-21 10:13:35'),(647,509,670,'2023-11-21 10:13:35'),(648,510,671,'2023-11-21 10:13:35'),(649,510,672,'2023-11-21 10:13:35'),(650,511,673,'2023-11-21 10:13:35'),(651,511,674,'2023-11-21 10:13:35'),(652,512,675,'2023-11-21 10:13:35'),(653,512,676,'2023-11-21 10:13:35'),(654,513,677,'2023-11-21 10:13:35'),(655,513,678,'2023-11-21 10:13:35'),(656,514,679,'2023-11-21 10:13:35'),(657,514,680,'2023-11-21 10:13:35'),(658,515,681,'2023-11-21 14:44:30'),(659,515,682,'2023-11-21 14:44:30'),(660,516,683,'2023-11-21 14:44:30'),(661,516,684,'2023-11-21 14:44:30'),(662,517,685,'2023-11-21 14:44:30'),(663,517,686,'2023-11-21 14:44:30'),(664,518,687,'2023-11-21 14:44:30'),(665,518,688,'2023-11-21 14:44:30'),(666,519,689,'2023-11-21 14:44:30'),(667,519,690,'2023-11-21 14:44:30'),(668,520,691,'2023-11-21 14:44:30'),(669,520,692,'2023-11-21 14:44:30'),(670,521,693,'2023-11-21 14:44:30'),(671,521,694,'2023-11-21 14:44:30'),(672,522,695,'2023-11-21 14:44:30'),(673,522,696,'2023-11-21 14:44:30'),(674,523,697,'2023-11-21 14:44:30'),(675,523,698,'2023-11-21 14:44:30'),(676,524,699,'2023-11-21 14:44:30'),(677,524,700,'2023-11-21 14:44:30'),(678,525,701,'2023-11-21 14:44:30'),(679,525,702,'2023-11-21 14:44:30'),(680,526,703,'2023-11-21 14:44:30'),(681,526,704,'2023-11-21 14:44:30'),(682,527,705,'2023-11-21 14:44:30'),(683,527,706,'2023-11-21 14:44:30'),(684,528,707,'2023-11-21 14:44:30'),(685,528,708,'2023-11-21 14:44:30'),(686,529,709,'2023-11-21 14:44:30'),(687,529,710,'2023-11-21 14:44:30'),(688,530,711,'2023-11-21 14:44:30'),(689,530,712,'2023-11-21 14:44:30'),(690,531,713,'2023-11-21 14:44:30'),(691,531,714,'2023-11-21 14:44:30'),(692,532,715,'2023-11-21 14:44:30'),(693,532,716,'2023-11-21 14:44:30'),(694,533,717,'2023-11-21 14:44:30'),(695,533,718,'2023-11-21 14:44:30'),(696,534,719,'2023-11-21 14:44:30'),(697,534,720,'2023-11-21 14:44:30'),(698,535,721,'2023-11-21 14:44:30'),(699,535,722,'2023-11-21 14:44:30'),(700,536,723,'2023-11-21 14:44:30'),(701,536,724,'2023-11-21 14:44:30'),(702,537,725,'2023-11-21 14:44:30'),(703,537,726,'2023-11-21 14:44:30'),(704,538,727,'2023-11-21 14:44:30'),(705,538,728,'2023-11-21 14:44:30'),(706,539,729,'2023-11-21 14:44:30'),(707,539,730,'2023-11-21 14:44:30'),(708,540,731,'2023-11-21 14:44:30'),(709,540,732,'2023-11-21 14:44:30'),(710,541,733,'2023-11-21 14:44:30'),(711,541,734,'2023-11-21 14:44:30'),(712,542,735,'2023-11-21 14:44:30'),(713,542,736,'2023-11-21 14:44:30'),(714,543,737,'2023-11-21 14:44:30'),(715,543,738,'2023-11-21 14:44:30'),(716,544,739,'2023-11-21 14:44:30'),(717,544,740,'2023-11-21 14:44:30'),(718,545,741,'2023-11-21 14:44:30'),(719,545,742,'2023-11-21 14:44:30'),(720,546,743,'2023-11-21 14:44:30'),(721,546,744,'2023-11-21 14:44:30'),(722,547,745,'2023-11-21 14:44:30'),(723,547,746,'2023-11-21 14:44:30'),(724,548,747,'2023-11-21 14:44:30'),(725,548,748,'2023-11-21 14:44:30'),(726,549,749,'2023-11-21 14:44:30'),(727,549,750,'2023-11-21 14:44:30'),(728,550,751,'2023-11-21 14:44:30'),(729,550,752,'2023-11-21 14:44:30'),(730,551,753,'2023-11-21 14:44:30'),(731,551,754,'2023-11-21 14:44:30'),(732,552,755,'2023-11-21 14:44:30'),(733,552,756,'2023-11-21 14:44:30'),(734,553,757,'2023-11-21 14:44:30'),(735,553,758,'2023-11-21 14:44:30'),(736,554,759,'2023-11-21 14:44:30'),(737,554,760,'2023-11-21 14:44:30'),(738,555,761,'2023-11-21 14:44:30'),(739,555,762,'2023-11-21 14:44:30'),(740,556,763,'2023-11-21 14:44:30'),(741,556,764,'2023-11-21 14:44:30'),(742,557,765,'2023-11-21 14:44:30'),(743,557,766,'2023-11-21 14:44:30'),(744,558,767,'2023-11-21 14:44:30'),(745,558,768,'2023-11-21 14:44:30'),(746,559,769,'2023-11-21 14:44:30'),(747,559,770,'2023-11-21 14:44:30'),(748,560,771,'2023-11-21 14:44:30'),(749,560,772,'2023-11-21 14:44:30'),(750,561,773,'2023-11-21 14:44:30'),(751,561,774,'2023-11-21 14:44:30'),(752,562,775,'2023-11-21 14:44:30'),(753,562,776,'2023-11-21 14:44:30'),(754,563,777,'2023-11-21 14:44:30'),(755,563,778,'2023-11-21 14:44:30'),(756,564,779,'2023-11-21 14:44:30'),(757,564,780,'2023-11-21 14:44:30'),(758,565,781,'2023-11-21 14:44:30'),(759,565,782,'2023-11-21 14:44:30'),(760,566,783,'2023-11-21 14:44:30'),(761,566,784,'2023-11-21 14:44:30'),(762,567,785,'2023-11-21 14:44:30'),(763,567,786,'2023-11-21 14:44:30'),(764,568,787,'2023-11-21 14:44:30'),(765,568,788,'2023-11-21 14:44:30'),(766,569,789,'2023-11-21 14:44:30'),(767,569,790,'2023-11-21 14:44:30'),(768,570,791,'2023-11-21 14:44:30'),(769,570,792,'2023-11-21 14:44:30'),(770,571,793,'2023-11-21 14:44:30'),(771,571,794,'2023-11-21 14:44:30'),(772,572,795,'2023-11-21 14:44:30'),(773,572,796,'2023-11-21 14:44:30'),(774,573,797,'2023-11-21 14:44:30'),(775,573,798,'2023-11-21 14:44:30'),(776,574,799,'2023-11-21 14:44:30'),(777,574,800,'2023-11-21 14:44:30'),(778,575,801,'2023-11-21 14:44:30'),(779,575,802,'2023-11-21 14:44:30'),(780,576,803,'2023-11-21 14:44:30'),(781,576,804,'2023-11-21 14:44:30'),(782,577,805,'2023-11-21 14:44:30'),(783,577,806,'2023-11-21 14:44:30'),(784,578,807,'2023-11-21 14:44:30'),(785,578,808,'2023-11-21 14:44:30'),(786,579,809,'2023-11-21 14:44:30'),(787,579,810,'2023-11-21 14:44:30'),(788,580,811,'2023-11-21 14:44:30'),(789,580,812,'2023-11-21 14:44:30'),(790,581,813,'2023-11-21 14:44:30'),(791,581,814,'2023-11-21 14:44:30'),(792,582,815,'2023-11-21 14:44:30'),(793,582,816,'2023-11-21 14:44:30'),(794,583,817,'2023-11-21 14:44:30'),(795,583,818,'2023-11-21 14:44:30'),(796,584,819,'2023-11-21 14:44:30'),(797,584,820,'2023-11-21 14:44:30'),(798,585,821,'2023-11-21 14:44:30'),(799,585,822,'2023-11-21 14:44:30'),(800,586,823,'2023-11-21 14:44:30'),(801,586,824,'2023-11-21 14:44:30'),(802,587,825,'2023-11-21 14:44:30'),(803,587,826,'2023-11-21 14:44:30'),(804,588,827,'2023-11-21 14:44:30'),(805,588,828,'2023-11-21 14:44:30'),(806,589,829,'2023-11-21 14:44:30'),(807,589,830,'2023-11-21 14:44:30'),(808,590,831,'2023-11-21 14:44:30'),(809,590,832,'2023-11-21 14:44:30'),(810,591,833,'2023-11-21 14:44:30'),(811,591,834,'2023-11-21 14:44:30'),(812,592,835,'2023-11-21 14:44:30'),(813,592,836,'2023-11-21 14:44:30'),(814,593,837,'2023-11-21 14:44:30'),(815,593,838,'2023-11-21 14:44:30'),(816,594,839,'2023-11-21 14:44:30'),(817,594,840,'2023-11-21 14:44:30'),(818,595,841,'2023-11-21 14:44:30'),(819,595,842,'2023-11-21 14:44:30'),(820,596,843,'2023-11-21 14:44:30'),(821,596,844,'2023-11-21 14:44:30'),(822,597,845,'2023-11-21 14:44:30'),(823,597,846,'2023-11-21 14:44:30'),(824,598,847,'2023-11-21 14:44:30'),(825,598,848,'2023-11-21 14:44:30'),(826,599,849,'2023-11-21 14:44:30'),(827,599,850,'2023-11-21 14:44:30'),(828,600,851,'2023-11-21 14:44:30'),(829,600,852,'2023-11-21 14:44:30'),(830,601,853,'2023-11-21 14:44:30'),(831,601,854,'2023-11-21 14:44:30'),(832,602,855,'2023-11-21 14:44:30'),(833,602,856,'2023-11-21 14:44:30'),(834,603,857,'2023-11-21 14:44:30'),(835,603,858,'2023-11-21 14:44:30'),(836,604,859,'2023-11-21 14:44:30'),(837,604,860,'2023-11-21 14:44:30'),(838,605,861,'2023-11-21 14:44:30'),(839,605,862,'2023-11-21 14:44:30'),(840,606,863,'2023-11-21 14:44:30'),(841,606,864,'2023-11-21 14:44:30'),(842,607,865,'2023-11-21 14:44:30'),(843,607,866,'2023-11-21 14:44:30'),(844,608,867,'2023-11-21 14:44:30'),(845,608,868,'2023-11-21 14:44:30'),(846,609,869,'2023-11-21 14:44:30'),(847,609,870,'2023-11-21 14:44:30'),(848,610,871,'2023-11-21 14:44:30'),(849,610,872,'2023-11-21 14:44:30'),(850,611,873,'2023-11-21 14:44:30'),(851,611,874,'2023-11-21 14:44:30'),(852,612,875,'2023-11-21 14:44:30'),(853,612,876,'2023-11-21 14:44:30'),(854,613,877,'2023-11-21 14:44:30'),(855,613,878,'2023-11-21 14:44:30'),(856,614,879,'2023-11-21 14:44:30'),(857,614,880,'2023-11-21 14:44:30'),(858,615,881,'2023-11-21 14:44:30'),(859,615,882,'2023-11-21 14:44:30'),(860,616,883,'2023-11-21 14:44:30'),(861,616,884,'2023-11-21 14:44:30'),(862,617,885,'2023-11-21 14:44:30'),(863,617,886,'2023-11-21 14:44:30'),(864,618,887,'2023-11-21 14:44:30'),(865,618,888,'2023-11-21 14:44:30'),(866,619,889,'2023-11-21 14:44:30'),(867,619,890,'2023-11-21 14:44:30'),(868,620,891,'2023-11-21 14:44:30'),(869,620,892,'2023-11-21 14:44:30'),(870,621,893,'2023-11-21 14:44:30'),(871,621,894,'2023-11-21 14:44:30'),(872,622,895,'2023-11-21 14:44:30'),(873,622,896,'2023-11-21 14:44:30'),(874,623,897,'2023-11-21 14:44:30'),(875,623,898,'2023-11-21 14:44:30'),(876,624,899,'2023-11-21 14:44:30'),(877,624,900,'2023-11-21 14:44:30'),(878,625,901,'2023-11-21 14:44:30'),(879,625,902,'2023-11-21 14:44:30'),(880,626,903,'2023-11-21 14:44:30'),(881,626,904,'2023-11-21 14:44:30'),(882,627,905,'2023-11-21 14:44:30'),(883,627,906,'2023-11-21 14:44:30'),(884,628,907,'2023-11-21 14:44:30'),(885,628,908,'2023-11-21 14:44:30'),(886,629,909,'2023-11-21 14:44:30'),(887,629,910,'2023-11-21 14:44:30'),(888,630,911,'2023-11-21 14:44:30'),(889,630,912,'2023-11-21 14:44:30'),(890,631,913,'2023-11-21 14:44:30'),(891,631,914,'2023-11-21 14:44:30'),(892,632,915,'2023-11-21 14:44:30'),(893,632,916,'2023-11-21 14:44:30'),(894,633,917,'2023-11-21 14:44:30'),(895,633,918,'2023-11-21 14:44:30'),(896,634,919,'2023-11-21 14:44:30'),(897,634,920,'2023-11-21 14:44:30'),(898,635,921,'2023-11-21 14:44:30'),(899,635,922,'2023-11-21 14:44:30'),(900,636,923,'2023-11-21 14:44:30'),(901,636,924,'2023-11-21 14:44:30'),(902,637,925,'2023-11-21 14:44:30'),(903,637,926,'2023-11-21 14:44:30'),(904,638,927,'2023-11-21 14:44:30'),(905,638,928,'2023-11-21 14:44:30'),(906,639,929,'2023-11-21 14:44:30'),(907,639,930,'2023-11-21 14:44:30'),(908,640,931,'2023-11-21 14:44:30'),(909,640,932,'2023-11-21 14:44:30'),(910,641,933,'2023-11-21 14:44:30'),(911,641,934,'2023-11-21 14:44:30'),(912,642,935,'2023-11-21 14:44:30'),(913,642,936,'2023-11-21 14:44:30'),(914,643,937,'2023-11-21 14:44:30'),(915,643,938,'2023-11-21 14:44:30'),(916,644,939,'2023-11-21 14:44:30'),(917,644,940,'2023-11-21 14:44:30'),(918,645,941,'2023-11-21 14:44:30'),(919,645,942,'2023-11-21 14:44:30'),(920,646,943,'2023-11-21 14:44:30'),(921,646,944,'2023-11-21 14:44:30'),(922,647,945,'2023-11-21 14:44:30'),(923,647,946,'2023-11-21 14:44:30'),(924,648,947,'2023-11-21 14:44:30'),(925,648,948,'2023-11-21 14:44:30'),(926,649,949,'2023-11-21 14:44:30'),(927,649,950,'2023-11-21 14:44:30'),(928,650,951,'2023-11-21 14:44:30'),(929,650,952,'2023-11-21 14:44:30'),(930,651,953,'2023-11-21 14:44:30'),(931,651,954,'2023-11-21 14:44:30'),(932,653,955,'2023-11-21 14:44:30'),(933,653,956,'2023-11-21 14:44:30'),(934,654,957,'2023-11-21 14:44:30'),(935,654,958,'2023-11-21 14:44:30'),(936,655,959,'2023-11-21 14:44:30'),(937,655,960,'2023-11-21 14:44:30'),(938,656,961,'2023-11-21 14:44:30'),(939,656,962,'2023-11-21 14:44:30'),(940,657,963,'2023-11-21 14:44:30'),(941,657,964,'2023-11-21 14:44:30'),(942,658,965,'2023-11-21 14:44:30'),(943,658,966,'2023-11-21 14:44:30'),(944,659,967,'2023-11-21 14:44:30'),(945,659,968,'2023-11-21 14:44:30'),(946,660,969,'2023-11-21 14:44:30'),(947,660,970,'2023-11-21 14:44:30'),(948,661,971,'2023-11-21 14:44:30'),(949,661,972,'2023-11-21 14:44:30'),(950,662,973,'2023-11-21 14:44:30'),(951,662,974,'2023-11-21 14:44:30'),(952,663,975,'2023-11-21 14:44:30'),(953,663,976,'2023-11-21 14:44:30'),(954,664,977,'2023-11-21 14:44:30'),(955,664,978,'2023-11-21 14:44:30'),(956,665,979,'2023-11-21 14:44:30'),(957,665,980,'2023-11-21 14:44:30'),(958,666,981,'2023-11-21 14:44:30'),(959,666,982,'2023-11-21 14:44:30'),(960,667,983,'2023-11-21 14:44:30'),(961,667,984,'2023-11-21 14:44:30'),(962,668,985,'2023-11-21 14:44:30'),(963,668,986,'2023-11-21 14:44:30'),(964,669,987,'2023-11-21 14:44:30'),(965,669,988,'2023-11-21 14:44:30'),(966,670,989,'2023-11-21 14:44:30'),(967,670,990,'2023-11-21 14:44:30'),(968,671,991,'2023-11-21 14:44:30'),(969,671,992,'2023-11-21 14:44:30'),(970,672,993,'2023-11-21 14:44:30'),(971,672,994,'2023-11-21 14:44:30'),(972,673,995,'2023-11-21 14:44:30'),(973,673,996,'2023-11-21 14:44:30'),(974,674,997,'2023-11-21 14:44:30'),(975,674,998,'2023-11-21 14:44:30'),(976,675,999,'2023-11-21 14:44:30'),(977,675,1000,'2023-11-21 14:44:30'),(978,676,1001,'2023-11-21 14:44:30'),(979,676,1002,'2023-11-21 14:44:30'),(980,677,1003,'2023-11-21 14:44:30'),(981,677,1004,'2023-11-21 14:44:30'),(982,678,1005,'2023-11-21 14:44:30'),(983,678,1006,'2023-11-21 14:44:30'),(984,679,1007,'2023-11-21 14:44:30'),(985,679,1008,'2023-11-21 14:44:30'),(986,680,1009,'2023-11-21 14:44:30'),(987,680,1010,'2023-11-21 14:44:30'),(988,681,1011,'2023-11-21 14:44:30'),(989,681,1012,'2023-11-21 14:44:30'),(990,682,1013,'2023-11-21 14:44:30'),(991,682,1014,'2023-11-21 14:44:30'),(992,683,1015,'2023-11-21 14:44:30'),(993,683,1016,'2023-11-21 14:44:30'),(994,684,1017,'2023-11-21 14:44:30'),(995,684,1018,'2023-11-21 14:44:30'),(996,685,1019,'2023-11-21 14:44:30'),(997,685,1020,'2023-11-21 14:44:30'),(998,686,1021,'2023-11-21 14:44:30'),(999,686,1022,'2023-11-21 14:44:30'),(1000,687,1023,'2023-11-21 14:44:30'),(1001,687,1024,'2023-11-21 14:44:30'),(1002,688,1025,'2023-11-21 14:44:30'),(1003,688,1026,'2023-11-21 14:44:30'),(1004,689,1027,'2023-11-21 14:44:30'),(1005,689,1028,'2023-11-21 14:44:30');
/*!40000 ALTER TABLE `event_vaccination_mapping` ENABLE KEYS */;
UNLOCK TABLES;

--
-- Table structure for table `group_animals`
--

DROP TABLE IF EXISTS `group_animals`;
/*!40101 SET @saved_cs_client     = @@character_set_client */;
 SET character_set_client = utf8mb4 ;
CREATE TABLE `group_animals` (
  `id` int(11) NOT NULL AUTO_INCREMENT,
  `group_id` int(11) NOT NULL,
  `animal_id` int(11) NOT NULL,
  `user_id` varchar(255) NOT NULL,
  `entry_date` datetime NOT NULL,
  PRIMARY KEY (`id`)
) ENGINE=InnoDB AUTO_INCREMENT=1511 DEFAULT CHARSET=utf8;
/*!40101 SET character_set_client = @saved_cs_client */;

--
-- Dumping data for table `group_animals`
--

LOCK TABLES `group_animals` WRITE;
/*!40000 ALTER TABLE `group_animals` DISABLE KEYS */;
INSERT INTO `group_animals` VALUES (38,4,38,'ext-rww2','2020-10-14 15:14:14'),(39,4,39,'ext-rww2','2020-10-14 15:14:14'),(40,4,40,'ext-rww2','2020-10-14 15:14:14'),(41,4,41,'ext-rww2','2020-10-14 15:14:14'),(42,4,42,'ext-rww2','2020-10-14 15:14:14'),(43,4,43,'ext-rww2','2020-10-14 15:14:14'),(44,4,44,'ext-rww2','2020-10-14 15:14:14'),(45,4,45,'ext-rww2','2020-10-14 15:14:14'),(46,4,46,'ext-rww2','2020-10-14 15:14:14'),(47,4,47,'ext-rww2','2020-10-14 15:14:14'),(48,4,48,'ext-rww2','2020-10-14 15:14:14'),(49,4,49,'ext-rww2','2020-10-14 15:14:14'),(50,4,50,'ext-rww2','2020-10-14 15:14:14'),(51,4,51,'ext-rww2','2020-10-14 15:14:14'),(52,4,52,'ext-rww2','2020-10-14 15:14:14'),(53,4,53,'ext-rww2','2020-10-14 15:14:14'),(54,4,54,'ext-rww2','2020-10-14 15:14:14'),(149,12,145,'ext-wbe1','2020-11-09 13:14:46'),(150,23,146,'ext-wbe1','2020-11-09 13:14:46'),(151,12,147,'ext-wbe1','2020-11-09 13:14:46'),(152,12,148,'ext-wbe1','2020-11-09 13:14:46'),(153,12,149,'ext-wbe1','2020-11-09 13:14:46'),(154,12,150,'ext-wbe1','2020-11-09 13:14:46'),(155,12,151,'ext-wbe1','2020-11-09 13:14:46'),(156,12,152,'ext-wbe1','2020-11-09 13:14:46'),(157,12,153,'ext-wbe1','2020-11-09 13:14:46'),(158,23,154,'ext-wbe1','2020-11-09 13:14:46'),(159,13,155,'ext-drs3','2020-11-16 21:38:34'),(160,14,156,'ext-drs3','2020-12-05 19:42:14'),(161,14,157,'ext-drs3','2020-12-05 19:42:14'),(162,14,158,'ext-drs3','2020-12-05 19:42:14'),(163,14,159,'ext-drs3','2020-12-05 19:42:14'),(164,14,160,'ext-drs3','2020-12-05 19:42:14'),(165,14,161,'ext-drs3','2020-12-05 19:42:14'),(166,14,162,'ext-drs3','2020-12-05 19:42:14'),(167,14,163,'ext-drs3','2020-12-05 19:42:14'),(168,14,164,'ext-drs3','2020-12-05 19:42:14'),(169,14,165,'ext-drs3','2020-12-05 19:42:14'),(170,14,166,'ext-drs3','2020-12-05 19:42:14'),(171,14,167,'ext-drs3','2020-12-05 19:42:14'),(172,14,168,'ext-drs3','2020-12-05 19:42:14'),(173,14,169,'ext-drs3','2020-12-05 19:42:14'),(174,14,170,'ext-drs3','2020-12-05 19:42:14'),(175,14,171,'ext-drs3','2020-12-05 19:42:14'),(176,14,172,'ext-drs3','2020-12-05 19:42:14'),(177,14,173,'ext-drs3','2020-12-05 19:42:14'),(178,14,174,'ext-drs3','2020-12-05 19:42:14'),(179,14,175,'ext-drs3','2020-12-05 19:42:14'),(180,14,176,'ext-drs3','2020-12-05 19:42:14'),(181,14,177,'ext-drs3','2020-12-05 19:42:14'),(182,14,178,'ext-drs3','2020-12-05 19:42:14'),(183,14,179,'ext-drs3','2020-12-05 19:42:14'),(184,14,180,'ext-drs3','2020-12-05 19:42:14'),(185,14,181,'ext-drs3','2020-12-05 19:42:14'),(186,14,182,'ext-drs3','2020-12-05 19:42:14'),(187,14,183,'ext-drs3','2020-12-05 19:42:14'),(188,14,184,'ext-drs3','2020-12-05 19:42:14'),(189,14,185,'ext-drs3','2020-12-05 19:42:14'),(190,14,186,'ext-drs3','2020-12-05 19:42:14'),(191,14,187,'ext-drs3','2020-12-05 19:42:14'),(192,14,188,'ext-drs3','2020-12-05 19:42:14'),(193,14,189,'ext-drs3','2020-12-05 19:42:14'),(194,14,190,'ext-drs3','2020-12-05 19:42:14'),(195,14,191,'ext-drs3','2020-12-05 19:42:14'),(196,14,192,'ext-drs3','2020-12-05 19:42:14'),(197,14,193,'ext-drs3','2020-12-05 19:42:14'),(198,14,194,'ext-drs3','2020-12-05 19:42:14'),(199,14,195,'ext-drs3','2020-12-05 19:42:14'),(200,14,196,'ext-drs3','2020-12-05 19:42:14'),(201,14,197,'ext-drs3','2020-12-05 19:42:14'),(202,14,198,'ext-drs3','2020-12-05 19:42:14'),(203,14,199,'ext-drs3','2020-12-05 19:42:14'),(204,14,200,'ext-drs3','2020-12-05 19:42:14'),(205,14,201,'ext-drs3','2020-12-05 19:42:14'),(206,14,202,'ext-drs3','2020-12-05 19:42:14'),(207,14,203,'ext-drs3','2020-12-05 19:42:14'),(208,14,204,'ext-drs3','2020-12-05 19:42:14'),(209,14,205,'ext-drs3','2020-12-05 19:42:14'),(210,14,206,'ext-drs3','2020-12-05 19:42:14'),(211,14,207,'ext-drs3','2020-12-05 19:42:14'),(212,14,208,'ext-drs3','2020-12-05 19:42:14'),(213,14,209,'ext-drs3','2020-12-05 19:42:14'),(214,14,210,'ext-drs3','2020-12-05 19:42:14'),(215,14,211,'ext-drs3','2020-12-05 19:42:14'),(216,14,212,'ext-drs3','2020-12-05 19:42:14'),(217,14,213,'ext-drs3','2020-12-05 19:42:14'),(218,14,214,'ext-drs3','2020-12-05 19:42:14'),(219,14,215,'ext-drs3','2020-12-05 19:42:14'),(220,14,216,'ext-drs3','2020-12-05 19:42:14'),(221,14,217,'ext-drs3','2020-12-05 19:42:14'),(222,14,218,'ext-drs3','2020-12-05 19:42:14'),(223,14,219,'ext-drs3','2020-12-05 19:42:14'),(224,14,220,'ext-drs3','2020-12-05 19:42:14'),(225,14,221,'ext-drs3','2020-12-05 19:42:14'),(226,14,222,'ext-drs3','2020-12-05 19:42:14'),(227,14,223,'ext-drs3','2020-12-05 19:42:14'),(228,14,224,'ext-drs3','2020-12-05 19:42:14'),(229,14,225,'ext-drs3','2020-12-05 19:42:14'),(230,14,226,'ext-drs3','2020-12-05 19:42:14'),(231,14,227,'ext-drs3','2020-12-05 19:42:14'),(232,14,228,'ext-drs3','2020-12-05 19:42:14'),(233,14,229,'ext-drs3','2020-12-05 19:42:14'),(234,14,230,'ext-drs3','2020-12-05 19:42:14'),(248,4,244,'ext-rww2','2021-03-09 10:10:14'),(249,5,245,'ext-rww2','2021-03-09 10:10:14'),(250,5,246,'ext-rww2','2021-03-09 10:10:14'),(251,5,247,'ext-rww2','2021-03-09 10:10:14'),(252,5,248,'ext-rww2','2021-03-09 10:10:14'),(253,5,249,'ext-rww2','2021-03-09 10:10:14'),(254,5,250,'ext-rww2','2021-03-09 10:10:14'),(255,5,251,'ext-rww2','2021-03-09 10:10:14'),(256,4,252,'ext-rww2','2021-03-09 10:10:14'),(257,5,253,'ext-rww2','2021-03-09 10:10:14'),(258,5,254,'ext-rww2','2021-03-09 10:10:14'),(259,5,255,'ext-rww2','2021-03-09 10:10:14'),(260,5,256,'ext-rww2','2021-03-09 10:10:14'),(261,5,257,'ext-rww2','2021-03-09 10:10:14'),(262,5,258,'ext-rww2','2021-03-09 10:10:14'),(263,5,259,'ext-rww2','2021-03-09 10:10:14'),(264,4,260,'ext-rww2','2021-03-09 10:10:14'),(265,5,261,'ext-rww2','2021-03-09 10:10:14'),(266,5,262,'ext-rww2','2021-03-09 10:10:14'),(267,5,263,'ext-rww2','2021-03-09 10:10:14'),(268,5,264,'ext-rww2','2021-03-09 10:10:14'),(269,5,265,'ext-rww2','2021-03-09 10:10:14'),(270,5,266,'ext-rww2','2021-03-09 10:10:14'),(271,5,267,'ext-rww2','2021-03-09 10:10:14'),(272,5,268,'ext-rww2','2021-03-09 10:10:14'),(273,5,269,'ext-rww2','2021-03-09 10:10:14'),(274,5,270,'ext-rww2','2021-03-09 10:10:14'),(275,5,271,'ext-rww2','2021-03-09 10:10:14'),(276,5,272,'ext-rww2','2021-03-09 10:10:14'),(277,5,273,'ext-rww2','2021-03-09 10:10:14'),(278,5,274,'ext-rww2','2021-03-09 10:10:14'),(279,5,275,'ext-rww2','2021-03-09 10:10:14'),(280,5,276,'ext-rww2','2021-03-09 10:10:14'),(281,5,277,'ext-rww2','2021-03-09 10:10:14'),(282,5,278,'ext-rww2','2021-03-09 10:10:14'),(283,5,279,'ext-rww2','2021-03-09 10:10:14'),(284,5,280,'ext-rww2','2021-03-09 10:10:14'),(285,5,281,'ext-rww2','2021-03-09 10:10:14'),(286,5,282,'ext-rww2','2021-03-09 10:10:14'),(287,5,283,'ext-rww2','2021-03-09 10:10:14'),(288,5,284,'ext-rww2','2021-03-09 10:10:14'),(289,5,285,'ext-rww2','2021-03-09 10:10:14'),(290,5,286,'ext-rww2','2021-03-09 10:10:14'),(291,5,287,'ext-rww2','2021-03-09 10:10:14'),(292,5,288,'ext-rww2','2021-03-09 10:10:14'),(293,5,289,'ext-rww2','2021-03-09 10:10:14'),(294,5,290,'ext-rww2','2021-03-09 10:10:14'),(295,5,291,'ext-rww2','2021-03-09 10:10:14'),(296,5,292,'ext-rww2','2021-03-09 10:10:14'),(297,5,293,'ext-rww2','2021-03-09 10:10:14'),(356,22,352,'ext-drs3','2021-06-06 21:49:36'),(528,39,523,'ext-wij1','2022-01-31 09:42:27'),(529,39,524,'ext-wij1','2022-01-31 09:42:27'),(530,39,525,'ext-wij1','2022-01-31 09:42:27'),(531,39,526,'ext-wij1','2022-01-31 11:48:17'),(532,39,527,'ext-wij1','2022-01-31 11:49:05'),(533,39,528,'ext-wij1','2022-01-31 11:49:58'),(534,39,529,'ext-wij1','2022-01-31 11:50:27'),(535,39,530,'ext-wij1','2022-01-31 11:51:59'),(544,44,548,'ext-wij1','2022-02-16 15:31:27'),(545,42,549,'ext-wij1','2022-02-19 08:32:51'),(546,43,550,'ext-wij1','2022-02-19 08:35:09'),(547,43,551,'ext-wij1','2022-02-19 08:35:09'),(548,43,552,'ext-wij1','2022-02-19 08:35:09'),(549,43,553,'ext-wij1','2022-02-19 08:35:09'),(550,43,554,'ext-wij1','2022-02-19 08:35:09'),(551,43,555,'ext-wij1','2022-02-19 08:35:09'),(552,43,556,'ext-wij1','2022-02-19 08:35:09'),(553,43,557,'ext-wij1','2022-02-19 08:35:09'),(554,43,558,'ext-wij1','2022-02-19 08:35:09'),(555,43,559,'ext-wij1','2022-02-19 08:35:09'),(556,43,560,'ext-wij1','2022-02-19 08:35:09'),(557,43,561,'ext-wij1','2022-02-19 08:35:09'),(558,43,562,'ext-wij1','2022-02-19 08:35:09'),(559,43,563,'ext-wij1','2022-02-19 08:35:09'),(560,43,564,'ext-wij1','2022-02-19 08:35:09'),(561,43,565,'ext-wij1','2022-02-19 08:35:09'),(562,43,566,'ext-wij1','2022-02-19 08:35:09'),(563,43,567,'ext-wij1','2022-02-19 08:35:09'),(564,43,568,'ext-wij1','2022-02-19 08:35:09'),(565,43,569,'ext-wij1','2022-02-19 08:35:09'),(566,43,570,'ext-wij1','2022-02-19 08:35:09'),(567,43,571,'ext-wij1','2022-02-19 08:35:09'),(568,43,572,'ext-wij1','2022-02-19 08:35:09'),(569,43,573,'ext-wij1','2022-02-19 08:35:09'),(570,43,574,'ext-wij1','2022-02-19 08:35:09'),(571,43,575,'ext-wij1','2022-02-19 08:35:09'),(572,43,576,'ext-wij1','2022-02-19 08:35:09'),(573,43,577,'ext-wij1','2022-02-19 08:35:09'),(574,43,578,'ext-wij1','2022-02-19 08:35:09'),(575,43,579,'ext-wij1','2022-02-19 08:35:09'),(576,43,580,'ext-wij1','2022-02-19 08:35:09'),(577,43,581,'ext-wij1','2022-02-19 08:35:09'),(578,43,582,'ext-wij1','2022-02-19 08:35:09'),(579,43,583,'ext-wij1','2022-02-19 08:35:09'),(580,43,584,'ext-wij1','2022-02-19 08:35:09'),(581,43,585,'ext-wij1','2022-02-19 08:35:09'),(582,43,586,'ext-wij1','2022-02-19 08:35:09'),(583,43,587,'ext-wij1','2022-02-19 08:35:09'),(584,43,588,'ext-wij1','2022-02-19 08:35:09'),(585,43,589,'ext-wij1','2022-02-19 08:35:09'),(586,43,590,'ext-wij1','2022-02-19 08:35:09'),(587,43,591,'ext-wij1','2022-02-19 08:35:09'),(588,43,592,'ext-wij1','2022-02-19 08:35:09'),(589,43,593,'ext-wij1','2022-02-19 08:35:09'),(590,43,594,'ext-wij1','2022-02-19 08:35:09'),(591,43,595,'ext-wij1','2022-02-19 08:35:09'),(592,43,596,'ext-wij1','2022-02-19 08:35:09'),(593,43,597,'ext-wij1','2022-02-19 08:35:09'),(594,43,598,'ext-wij1','2022-02-19 08:35:09'),(595,43,599,'ext-wij1','2022-02-19 08:35:09'),(596,43,600,'ext-wij1','2022-02-19 08:35:09'),(597,43,601,'ext-wij1','2022-02-19 08:35:09'),(598,43,602,'ext-wij1','2022-02-19 08:35:09'),(599,43,603,'ext-wij1','2022-02-19 08:35:09'),(600,43,604,'ext-wij1','2022-02-19 08:35:09'),(601,43,605,'ext-wij1','2022-02-19 08:35:09'),(602,43,606,'ext-wij1','2022-02-19 08:35:09'),(603,43,607,'ext-wij1','2022-02-19 08:35:09'),(604,43,608,'ext-wij1','2022-02-19 08:35:09'),(605,43,609,'ext-wij1','2022-02-19 08:35:09'),(606,43,610,'ext-wij1','2022-02-19 08:35:09'),(607,43,611,'ext-wij1','2022-02-19 08:35:09'),(608,43,612,'ext-wij1','2022-02-19 08:35:09'),(609,43,613,'ext-wij1','2022-02-19 08:35:09'),(610,43,614,'ext-wij1','2022-02-19 08:35:09'),(611,43,615,'ext-wij1','2022-02-19 08:35:09'),(612,43,616,'ext-wij1','2022-02-19 08:35:09'),(613,43,617,'ext-wij1','2022-02-19 08:35:09'),(614,43,618,'ext-wij1','2022-02-19 08:35:09'),(615,43,619,'ext-wij1','2022-02-19 08:35:09'),(616,43,620,'ext-wij1','2022-02-19 08:35:09'),(617,43,621,'ext-wij1','2022-02-19 08:35:09'),(618,43,622,'ext-wij1','2022-02-19 08:35:09'),(619,43,623,'ext-wij1','2022-02-19 08:35:09'),(620,43,624,'ext-wij1','2022-02-19 08:35:09'),(621,43,625,'ext-wij1','2022-02-19 08:35:09'),(622,43,626,'ext-wij1','2022-02-19 08:35:09'),(623,43,627,'ext-wij1','2022-02-19 08:35:09'),(624,43,628,'ext-wij1','2022-02-19 08:35:09'),(625,43,629,'ext-wij1','2022-02-19 08:35:09'),(626,43,630,'ext-wij1','2022-02-19 08:35:09'),(627,43,631,'ext-wij1','2022-02-19 08:35:09'),(628,43,632,'ext-wij1','2022-02-19 08:35:09'),(629,43,633,'ext-wij1','2022-02-19 08:35:09'),(630,43,634,'ext-wij1','2022-02-19 08:35:09'),(631,43,635,'ext-wij1','2022-02-19 08:35:09'),(632,43,636,'ext-wij1','2022-02-19 08:35:09'),(633,43,637,'ext-wij1','2022-02-19 08:35:09'),(634,43,638,'ext-wij1','2022-02-19 08:35:09'),(635,43,639,'ext-wij1','2022-02-19 08:35:09'),(636,43,640,'ext-wij1','2022-02-19 08:35:09'),(637,43,641,'ext-wij1','2022-02-19 08:35:09'),(638,43,642,'ext-wij1','2022-02-19 08:35:09'),(639,43,643,'ext-wij1','2022-02-19 08:35:09'),(640,43,644,'ext-wij1','2022-02-19 08:35:09'),(641,43,645,'ext-wij1','2022-02-19 08:35:09'),(642,43,646,'ext-wij1','2022-02-19 08:35:09'),(643,43,647,'ext-wij1','2022-02-19 08:35:09'),(644,43,648,'ext-wij1','2022-02-19 08:35:09'),(645,43,649,'ext-wij1','2022-02-19 08:35:09'),(646,44,650,'ext-wij1','2022-03-01 10:05:08'),(647,44,651,'ext-wij1','2022-03-01 10:05:08'),(648,44,652,'ext-wij1','2022-03-01 10:05:08'),(649,44,653,'ext-wij1','2022-03-01 10:05:08'),(650,39,654,'ext-wij1','2022-03-01 10:05:08'),(651,39,655,'ext-wij1','2022-03-01 10:05:08'),(652,39,656,'ext-wij1','2022-03-01 10:05:08'),(674,45,678,'2022-03-07','2022-03-08 12:28:17'),(675,45,679,'2022-03-07','2022-03-08 12:28:17'),(676,45,680,'2022-03-07','2022-03-08 12:28:17'),(685,47,689,'ext-wij1','2022-05-10 11:11:15'),(686,47,690,'ext-wij1','2022-05-10 11:13:30'),(687,47,691,'ext-wij1','2022-05-10 11:13:43'),(688,47,692,'ext-wij1','2022-05-10 11:13:56'),(689,47,693,'ext-wij1','2022-05-10 11:14:08'),(690,47,694,'ext-wij1','2022-05-10 11:14:19'),(691,47,695,'ext-wij1','2022-05-10 11:14:33'),(692,47,696,'ext-wij1','2022-05-10 11:14:48'),(693,47,697,'ext-wij1','2022-05-10 11:15:03'),(694,47,698,'ext-wij1','2022-05-10 11:15:20'),(695,39,699,'ext-wij1','2022-05-10 13:40:36'),(696,44,700,'ext-wij1','2022-05-10 13:41:14'),(697,39,701,'ext-wij1','2022-05-10 13:41:55'),(698,44,702,'ext-wij1','2022-05-10 13:42:30'),(699,39,703,'ext-wij1','2022-05-10 13:43:54'),(700,44,704,'ext-wij1','2022-05-10 14:02:51'),(701,44,705,'ext-wij1','2022-05-10 14:04:05'),(702,39,706,'ext-wij1','2022-05-10 14:04:38'),(703,44,707,'ext-wij1','2022-05-10 14:06:29'),(704,39,708,'ext-wij1','2022-05-10 14:06:55'),(705,44,709,'ext-wij1','2022-05-10 14:07:11'),(706,39,710,'ext-wij1','2022-05-10 14:07:37'),(707,44,711,'ext-wij1','2022-05-10 14:08:07'),(708,39,712,'ext-wij1','2022-05-10 14:08:35'),(709,48,713,'ext-wij1','2022-05-12 10:27:04'),(710,48,714,'ext-wij1','2022-05-12 10:28:42'),(711,44,531,'ext-wij1','2022-06-29 16:43:53'),(712,50,715,'ext-wij1','2022-07-08 08:21:09'),(713,50,716,'ext-wij1','2022-08-24 13:15:04'),(714,50,717,'ext-wij1','2022-08-24 13:15:04'),(715,50,718,'ext-wij1','2022-08-24 13:15:04'),(716,50,719,'ext-wij1','2022-08-24 13:18:27'),(717,50,720,'ext-wij1','2022-08-24 13:18:27'),(718,50,721,'ext-wij1','2022-08-24 13:18:27'),(719,50,722,'ext-wij1','2022-08-25 09:53:28'),(720,50,723,'ext-wij1','2022-08-25 09:53:28'),(721,50,724,'ext-wij1','2022-08-25 09:58:48'),(722,50,725,'ext-wij1','2022-08-25 09:58:48'),(723,42,732,'ext-wij1','2022-09-27 13:54:05'),(724,42,733,'ext-wij1','2022-09-27 13:54:05'),(725,42,734,'ext-wij1','2022-09-27 13:54:05'),(726,42,735,'ext-wij1','2022-10-03 14:42:28'),(727,42,736,'ext-wij1','2022-10-03 14:42:28'),(728,42,737,'ext-wij1','2022-10-03 14:42:43'),(729,42,738,'ext-wij1','2022-10-03 14:42:43'),(730,42,739,'ext-wij1','2022-10-03 14:42:53'),(731,42,740,'ext-wij1','2022-10-03 14:42:53'),(732,42,741,'ext-wij1','2022-10-03 14:42:53'),(733,42,742,'ext-wij1','2022-10-03 14:43:12'),(734,42,743,'ext-wij1','2022-10-03 14:43:12'),(735,42,744,'ext-wij1','2022-10-03 14:43:12'),(736,58,745,'ext-ct38','2022-10-06 14:27:57'),(737,74,746,'ext-ct38','2022-10-06 14:27:57'),(738,74,747,'ext-ct38','2022-10-06 14:27:57'),(739,74,748,'ext-ct38','2022-10-06 14:27:57'),(740,57,749,'ext-ct38','2022-10-06 14:27:57'),(741,58,750,'ext-ct38','2022-10-06 14:27:57'),(742,51,751,'ext-ct38','2022-10-06 14:27:57'),(743,74,752,'ext-ct38','2022-10-06 14:27:57'),(744,74,753,'ext-ct38','2022-10-06 14:27:57'),(745,51,754,'ext-ct38','2022-10-06 14:27:57'),(746,42,755,'ext-wij1','2022-10-06 14:28:48'),(747,42,756,'ext-wij1','2022-10-06 14:28:48'),(748,42,757,'ext-wij1','2022-10-06 14:28:48'),(749,42,758,'ext-wij1','2022-10-06 14:28:58'),(750,42,759,'ext-wij1','2022-10-06 14:28:58'),(751,42,760,'ext-wij1','2022-10-06 14:28:58'),(752,74,761,'ext-ct38','2022-10-06 14:29:00'),(753,51,762,'ext-ct38','2022-10-06 14:29:00'),(754,74,763,'ext-ct38','2022-10-06 14:29:00'),(755,74,764,'ext-ct38','2022-10-06 14:29:00'),(756,53,768,'ext-kn1','2022-11-08 09:58:02'),(757,53,769,'ext-kn1','2022-11-08 09:58:02'),(758,53,770,'ext-kn1','2022-11-08 09:58:02'),(759,53,771,'ext-kn1','2022-11-08 09:58:18'),(760,53,772,'ext-kn1','2022-11-08 09:58:18'),(761,53,773,'ext-kn1','2022-11-08 09:58:18'),(762,52,777,'ext-kn1','2022-11-08 10:18:31'),(763,57,778,'ext-ct38','2022-11-30 14:07:28'),(764,74,779,'ext-ct38','2022-11-30 14:08:12'),(765,74,780,'ext-ct38','2022-11-30 14:08:12'),(766,74,781,'ext-ct38','2022-11-30 14:08:12'),(767,74,782,'ext-ct38','2022-11-30 14:08:12'),(768,51,783,'ext-ct38','2022-11-30 14:08:12'),(769,74,784,'ext-ct38','2022-11-30 14:09:01'),(770,51,785,'ext-ct38','2022-11-30 14:09:01'),(771,51,786,'ext-ct38','2022-11-30 14:09:01'),(772,74,787,'ext-ct38','2022-11-30 14:09:01'),(773,51,788,'ext-ct38','2022-11-30 14:09:01'),(774,74,789,'ext-ct38','2022-11-30 14:45:00'),(775,51,790,'ext-ct38','2022-11-30 14:45:57'),(776,51,791,'ext-ct38','2022-11-30 14:46:42'),(777,74,792,'ext-ct38','2022-11-30 14:47:26'),(778,57,793,'ext-ct38','2022-11-30 14:48:13'),(779,74,794,'ext-ct38','2022-11-30 14:48:56'),(780,57,795,'ext-ct38','2022-11-30 14:49:38'),(781,74,796,'ext-ct38','2022-11-30 14:50:14'),(782,51,797,'ext-ct38','2022-11-30 14:50:45'),(783,51,798,'ext-ct38','2022-11-30 14:51:19'),(784,51,799,'ext-ct38','2022-11-30 14:51:52'),(785,51,800,'ext-ct38','2022-11-30 14:53:18'),(786,58,801,'ext-ct38','2022-11-30 14:53:54'),(787,74,802,'ext-ct38','2022-11-30 14:54:23'),(788,54,803,'ext-ct38','2022-11-30 14:55:05'),(789,57,804,'ext-ct38','2022-11-30 14:56:05'),(790,51,805,'ext-ct38','2022-11-30 14:56:41'),(791,57,806,'ext-ct38','2022-11-30 14:57:14'),(792,74,807,'ext-ct38','2022-11-30 14:57:43'),(793,58,808,'ext-ct38','2022-11-30 14:58:13'),(794,74,809,'ext-ct38','2022-11-30 15:00:03'),(795,57,810,'ext-ct38','2022-11-30 15:00:46'),(796,51,811,'ext-ct38','2022-11-30 15:01:25'),(797,57,812,'ext-ct38','2022-11-30 15:02:05'),(798,58,813,'ext-ct38','2022-11-30 15:02:40'),(799,58,814,'ext-ct38','2022-11-30 15:03:17'),(800,58,815,'ext-ct38','2022-11-30 15:03:48'),(801,51,816,'ext-ct38','2022-11-30 15:05:06'),(802,51,817,'ext-ct38','2022-11-30 15:05:59'),(803,51,818,'ext-ct38','2022-11-30 15:06:37'),(804,51,819,'ext-ct38','2022-11-30 15:09:00'),(805,51,820,'ext-ct38','2022-11-30 15:09:26'),(806,51,821,'ext-ct38','2022-11-30 15:10:01'),(807,74,822,'ext-ct38','2022-11-30 15:10:25'),(808,74,823,'ext-ct38','2022-11-30 15:10:54'),(809,54,824,'ext-ct38','2022-11-30 15:11:25'),(810,51,825,'ext-ct38','2022-11-30 15:11:51'),(811,57,826,'ext-ct38','2022-11-30 15:12:34'),(812,51,827,'ext-ct38','2022-11-30 15:13:07'),(813,51,828,'ext-ct38','2022-11-30 15:17:23'),(814,51,829,'ext-ct38','2022-11-30 15:17:50'),(815,51,830,'ext-ct38','2022-11-30 15:18:17'),(816,51,831,'ext-ct38','2022-11-30 15:18:40'),(817,51,832,'ext-ct38','2022-11-30 15:19:05'),(818,58,833,'ext-ct38','2022-11-30 15:19:28'),(819,74,834,'ext-ct38','2022-11-30 15:19:50'),(820,74,835,'ext-ct38','2022-11-30 15:20:36'),(821,54,836,'ext-ct38','2022-11-30 15:21:06'),(822,74,837,'ext-ct38','2022-11-30 15:21:34'),(823,51,838,'ext-ct38','2022-11-30 15:22:20'),(824,74,839,'ext-ct38','2022-11-30 15:22:45'),(825,74,840,'ext-ct38','2022-11-30 15:23:10'),(826,51,841,'ext-ct38','2022-11-30 15:23:36'),(827,51,842,'ext-ct38','2022-11-30 15:24:04'),(828,58,843,'ext-ct38','2022-11-30 15:24:35'),(829,51,844,'ext-ct38','2022-11-30 15:25:14'),(830,74,845,'ext-ct38','2022-11-30 15:35:24'),(831,51,846,'ext-ct38','2022-11-30 15:36:04'),(832,74,847,'ext-ct38','2022-11-30 15:36:31'),(833,51,848,'ext-ct38','2022-11-30 15:36:55'),(834,57,849,'ext-ct38','2022-11-30 15:37:19'),(835,74,850,'ext-ct38','2022-11-30 15:37:44'),(836,57,851,'ext-ct38','2022-11-30 15:38:36'),(837,74,852,'ext-ct38','2022-11-30 15:39:01'),(838,51,853,'ext-ct38','2022-11-30 15:39:26'),(839,51,854,'ext-ct38','2022-11-30 15:39:57'),(840,57,855,'ext-ct38','2022-11-30 15:40:25'),(841,51,856,'ext-ct38','2022-11-30 15:40:51'),(842,57,857,'ext-ct38','2022-11-30 15:41:24'),(843,54,858,'ext-ct38','2022-11-30 15:41:48'),(844,51,859,'ext-ct38','2022-11-30 15:42:32'),(845,58,860,'ext-ct38','2022-11-30 15:43:00'),(846,74,861,'ext-ct38','2022-11-30 15:43:28'),(847,51,862,'ext-ct38','2022-11-30 15:43:57'),(848,51,863,'ext-ct38','2022-11-30 15:44:32'),(849,51,864,'ext-ct38','2022-11-30 15:44:58'),(850,51,865,'ext-ct38','2022-11-30 15:45:32'),(851,51,866,'ext-ct38','2022-11-30 15:45:56'),(852,74,867,'ext-ct38','2022-11-30 15:46:21'),(853,51,868,'ext-ct38','2022-11-30 15:46:54'),(854,51,869,'ext-ct38','2022-11-30 15:47:18'),(855,74,870,'ext-ct38','2022-11-30 15:47:43'),(856,51,871,'ext-ct38','2022-11-30 15:48:09'),(857,51,872,'ext-ct38','2022-11-30 15:48:38'),(858,51,873,'ext-ct38','2022-11-30 15:49:16'),(859,51,874,'ext-ct38','2022-11-30 15:49:50'),(860,74,875,'ext-ct38','2022-11-30 16:11:05'),(861,54,876,'ext-ct38','2022-12-07 14:42:26'),(862,55,877,'ext-ct38','2022-12-07 15:20:52'),(863,56,878,'ext-ct38','2022-12-07 15:22:31'),(864,56,879,'ext-ct38','2022-12-07 15:23:14'),(865,54,880,'ext-ct38','2022-12-07 15:24:11'),(866,56,881,'ext-ct38','2022-12-07 15:27:12'),(867,56,882,'ext-ct38','2022-12-07 15:28:33'),(868,56,883,'ext-ct38','2022-12-07 15:29:18'),(869,56,884,'ext-ct38','2022-12-07 15:31:15'),(870,56,885,'ext-ct38','2022-12-07 15:32:01'),(871,56,886,'ext-ct38','2022-12-07 15:32:52'),(872,55,887,'ext-ct38','2022-12-07 15:35:37'),(873,55,888,'ext-ct38','2022-12-07 15:37:53'),(874,55,889,'ext-ct38','2022-12-07 15:42:44'),(875,55,890,'ext-ct38','2022-12-07 15:44:16'),(876,55,891,'ext-ct38','2022-12-07 15:47:13'),(877,55,892,'ext-ct38','2022-12-07 15:49:14'),(878,55,893,'ext-ct38','2022-12-07 15:51:03'),(879,55,894,'ext-ct38','2022-12-07 15:52:31'),(880,55,895,'ext-ct38','2022-12-07 15:54:12'),(881,55,896,'ext-ct38','2022-12-07 16:04:15'),(882,55,897,'ext-ct38','2022-12-07 16:08:20'),(883,55,898,'ext-ct38','2022-12-07 16:09:35'),(884,55,899,'ext-ct38','2022-12-07 16:10:50'),(885,55,900,'ext-ct38','2022-12-07 16:12:24'),(886,55,901,'ext-ct38','2022-12-07 16:13:44'),(887,55,902,'ext-ct38','2022-12-07 16:16:39'),(888,55,903,'ext-ct38','2022-12-07 16:18:17'),(889,55,904,'ext-ct38','2022-12-07 16:19:55'),(890,55,905,'ext-ct38','2022-12-07 16:21:53'),(891,55,906,'ext-ct38','2022-12-07 16:23:33'),(892,55,907,'ext-ct38','2022-12-07 16:24:51'),(893,55,908,'ext-ct38','2022-12-07 16:26:11'),(894,55,909,'ext-ct38','2022-12-07 16:27:37'),(895,55,910,'ext-ct38','2022-12-07 16:30:03'),(896,55,911,'ext-ct38','2022-12-07 16:31:37'),(897,55,912,'ext-ct38','2022-12-07 16:33:13'),(898,55,913,'ext-ct38','2022-12-07 16:34:36'),(899,55,914,'ext-ct38','2022-12-07 16:35:53'),(900,55,915,'ext-ct38','2022-12-07 16:38:23'),(901,55,916,'ext-ct38','2022-12-07 16:40:25'),(902,55,917,'ext-ct38','2022-12-07 16:43:15'),(903,55,918,'ext-ct38','2022-12-07 16:44:35'),(904,55,919,'ext-ct38','2022-12-07 16:46:07'),(905,55,920,'ext-ct38','2022-12-07 16:48:03'),(906,55,921,'ext-ct38','2022-12-07 16:50:13'),(907,55,922,'ext-ct38','2022-12-07 16:51:32'),(908,55,923,'ext-ct38','2022-12-07 16:52:55'),(909,55,924,'ext-ct38','2022-12-07 16:54:36'),(910,55,925,'ext-ct38','2022-12-07 16:56:01'),(911,55,926,'ext-ct38','2022-12-08 09:47:16'),(912,55,927,'ext-ct38','2022-12-08 09:49:27'),(913,55,928,'ext-ct38','2022-12-08 09:50:58'),(914,55,929,'ext-ct38','2022-12-08 09:52:25'),(915,55,930,'ext-ct38','2022-12-08 09:54:12'),(916,55,931,'ext-ct38','2022-12-08 09:55:33'),(917,55,932,'ext-ct38','2022-12-08 09:57:09'),(918,55,933,'ext-ct38','2022-12-08 10:00:40'),(919,55,934,'ext-ct38','2022-12-08 10:02:17'),(920,55,935,'ext-ct38','2022-12-08 10:03:40'),(921,55,936,'ext-ct38','2022-12-08 10:04:51'),(922,55,937,'ext-ct38','2022-12-08 10:06:17'),(923,55,938,'ext-ct38','2022-12-08 10:08:01'),(924,55,939,'ext-ct38','2022-12-08 10:09:21'),(925,55,940,'ext-ct38','2022-12-08 10:11:39'),(926,55,941,'ext-ct38','2022-12-08 10:13:16'),(927,55,942,'ext-ct38','2022-12-08 10:14:32'),(928,55,943,'ext-ct38','2022-12-08 10:16:13'),(929,55,944,'ext-ct38','2022-12-08 10:17:33'),(930,55,945,'ext-ct38','2022-12-08 10:19:05'),(931,55,946,'ext-ct38','2022-12-08 10:31:32'),(932,55,947,'ext-ct38','2022-12-08 10:32:45'),(933,55,948,'ext-ct38','2022-12-08 10:34:20'),(934,55,949,'ext-ct38','2022-12-08 10:35:44'),(935,55,950,'ext-ct38','2022-12-08 10:37:06'),(936,55,951,'ext-ct38','2022-12-08 10:39:00'),(937,55,952,'ext-ct38','2022-12-08 10:40:24'),(938,55,953,'ext-ct38','2022-12-08 10:41:34'),(939,55,954,'ext-ct38','2022-12-08 10:42:56'),(940,55,955,'ext-ct38','2022-12-08 10:44:08'),(941,55,956,'ext-ct38','2022-12-08 11:09:38'),(942,55,957,'ext-ct38','2022-12-08 11:10:55'),(943,55,958,'ext-ct38','2022-12-08 11:12:21'),(944,55,959,'ext-ct38','2022-12-08 11:13:38'),(945,55,960,'ext-ct38','2022-12-08 11:14:56'),(946,55,961,'ext-ct38','2022-12-08 11:16:08'),(947,55,962,'ext-ct38','2022-12-08 11:17:36'),(948,55,963,'ext-ct38','2022-12-08 11:18:56'),(949,55,964,'ext-ct38','2022-12-08 11:20:35'),(950,55,965,'ext-ct38','2022-12-08 11:22:50'),(951,55,966,'ext-ct38','2022-12-08 11:24:37'),(952,55,967,'ext-ct38','2022-12-08 11:27:28'),(953,55,968,'ext-ct38','2022-12-08 11:28:44'),(954,55,969,'ext-ct38','2022-12-08 11:30:15'),(955,55,970,'ext-ct38','2022-12-08 11:31:56'),(956,55,971,'ext-ct38','2022-12-08 11:33:16'),(957,55,972,'ext-ct38','2022-12-08 11:34:22'),(958,55,973,'ext-ct38','2022-12-08 11:35:24'),(959,55,974,'ext-ct38','2022-12-08 11:37:04'),(960,55,975,'ext-ct38','2022-12-08 11:38:26'),(961,55,976,'ext-ct38','2022-12-08 11:39:54'),(962,55,977,'ext-ct38','2022-12-08 11:41:17'),(963,55,978,'ext-ct38','2022-12-08 11:42:41'),(964,55,979,'ext-ct38','2022-12-08 11:43:40'),(965,55,980,'ext-ct38','2022-12-08 11:45:04'),(966,55,981,'ext-ct38','2022-12-08 11:46:12'),(967,55,982,'ext-ct38','2022-12-08 11:49:45'),(968,55,983,'ext-ct38','2022-12-08 11:51:28'),(969,55,984,'ext-ct38','2022-12-08 12:10:54'),(970,55,985,'ext-ct38','2022-12-08 12:12:17'),(971,55,986,'ext-ct38','2022-12-08 12:13:39'),(972,55,987,'ext-ct38','2022-12-08 12:14:52'),(973,55,988,'ext-ct38','2022-12-08 12:16:28'),(974,55,989,'ext-ct38','2022-12-08 12:17:51'),(975,55,990,'ext-ct38','2022-12-08 12:19:11'),(976,55,991,'ext-ct38','2022-12-08 12:20:31'),(977,55,992,'ext-ct38','2022-12-08 12:21:54'),(978,55,993,'ext-ct38','2022-12-08 12:23:23'),(979,55,994,'ext-ct38','2022-12-08 12:25:17'),(980,55,995,'ext-ct38','2022-12-08 12:26:42'),(981,51,996,'ext-ct38','2022-12-08 12:32:05'),(982,52,997,'ext-kn1','2023-01-03 10:24:08'),(983,52,998,'ext-kn1','2023-01-04 08:47:43'),(984,52,999,'ext-kn1','2023-01-04 09:36:18'),(985,52,1000,'ext-kn1','2023-01-04 09:36:18'),(986,52,1001,'ext-kn1','2023-01-04 09:36:18'),(987,52,1002,'ext-kn1','2023-01-04 09:36:56'),(988,52,1003,'ext-kn1','2023-01-04 09:36:56'),(989,52,1004,'ext-kn1','2023-01-04 09:36:56'),(990,52,1005,'ext-kn1','2023-01-04 09:40:08'),(991,52,1006,'ext-kn1','2023-01-04 09:40:30'),(992,52,1007,'ext-kn1','2023-01-04 09:40:30'),(993,52,1008,'ext-kn1','2023-01-04 09:44:11'),(994,52,1009,'ext-kn1','2023-01-04 09:44:11'),(995,52,1010,'ext-kn1','2023-01-04 09:44:36'),(996,52,1011,'ext-kn1','2023-01-04 09:44:36'),(997,52,1012,'ext-kn1','2023-01-04 09:44:36'),(999,59,1014,'ext-kn1','2023-01-05 11:31:10'),(1000,59,1015,'ext-kn1','2023-01-31 10:36:59'),(1001,60,1016,'ext-kn1','2023-01-31 11:39:10'),(1002,60,1017,'ext-kn1','2023-01-31 11:39:10'),(1003,60,1018,'ext-kn1','2023-01-31 11:39:10'),(1004,60,1019,'ext-kn1','2023-01-31 11:39:10'),(1005,60,1020,'ext-kn1','2023-01-31 11:39:10'),(1006,60,1021,'ext-kn1','2023-01-31 11:39:10'),(1007,54,1022,'ext-ct38','2023-02-07 10:38:23'),(1008,66,1023,'ext-kn1','2023-02-08 09:31:51'),(1009,66,1024,'ext-kn1','2023-02-08 09:32:00'),(1010,66,1025,'ext-kn1','2023-02-08 09:32:00'),(1011,66,1026,'ext-kn1','2023-02-08 09:32:00'),(1012,59,1013,'ext-kn1','2023-02-08 09:32:27'),(1013,68,1027,'ext-ct38','2023-09-05 14:28:59'),(1014,68,1028,'ext-ct38','2023-09-05 14:29:41'),(1015,68,1029,'ext-ct38','2023-09-11 20:17:31'),(1016,68,1030,'ext-ct38','2023-09-11 20:18:01'),(1017,68,1031,'ext-ct38','2023-09-11 20:18:52'),(1018,68,1032,'ext-ct38','2023-09-11 20:19:51'),(1019,68,1033,'ext-ct38','2023-09-11 20:20:27'),(1020,68,1034,'ext-ct38','2023-09-11 20:21:00'),(1021,68,1035,'ext-ct38','2023-09-11 20:21:35'),(1022,68,1036,'ext-ct38','2023-09-11 20:22:00'),(1023,68,1037,'ext-ct38','2023-09-11 20:22:26'),(1024,68,1038,'ext-ct38','2023-09-11 20:22:53'),(1025,68,1039,'ext-ct38','2023-09-11 20:23:22'),(1026,68,1040,'ext-ct38','2023-09-11 20:23:49'),(1027,68,1041,'ext-ct38','2023-09-11 20:24:25'),(1028,68,1042,'ext-ct38','2023-09-11 20:24:56'),(1029,68,1043,'ext-ct38','2023-09-11 20:25:23'),(1030,68,1044,'ext-ct38','2023-09-11 20:26:00'),(1031,68,1045,'ext-ct38','2023-09-11 20:26:24'),(1032,68,1046,'ext-ct38','2023-09-11 20:26:46'),(1033,68,1047,'ext-ct38','2023-09-11 20:27:13'),(1034,68,1048,'ext-ct38','2023-09-11 20:27:37'),(1035,68,1049,'ext-ct38','2023-09-11 20:28:21'),(1036,68,1050,'ext-ct38','2023-09-11 20:28:46'),(1037,68,1051,'ext-ct38','2023-09-11 20:29:12'),(1038,68,1052,'ext-ct38','2023-09-11 20:29:59'),(1039,68,1053,'ext-ct38','2023-09-11 20:30:38'),(1040,68,1054,'ext-ct38','2023-09-11 20:31:01'),(1041,68,1055,'ext-ct38','2023-09-11 20:31:21'),(1042,68,1056,'ext-ct38','2023-09-11 20:31:56'),(1043,68,1057,'ext-ct38','2023-09-11 20:32:27'),(1044,68,1058,'ext-ct38','2023-09-11 20:32:50'),(1045,68,1059,'ext-ct38','2023-09-11 20:33:15'),(1046,68,1060,'ext-ct38','2023-09-11 20:33:38'),(1047,68,1061,'ext-ct38','2023-09-11 20:34:01'),(1048,68,1062,'ext-ct38','2023-09-11 20:34:22'),(1049,68,1063,'ext-ct38','2023-09-11 20:34:51'),(1050,68,1064,'ext-ct38','2023-09-11 20:35:13'),(1051,68,1065,'ext-ct38','2023-09-11 20:35:35'),(1052,68,1066,'ext-ct38','2023-09-11 20:35:58'),(1053,68,1067,'ext-ct38','2023-09-11 20:36:26'),(1054,68,1068,'ext-ct38','2023-09-11 20:36:50'),(1055,68,1069,'ext-ct38','2023-09-11 20:37:11'),(1056,68,1070,'ext-ct38','2023-09-11 20:37:37'),(1057,68,1071,'ext-ct38','2023-09-11 20:37:56'),(1058,68,1072,'ext-ct38','2023-09-11 20:38:21'),(1059,68,1073,'ext-ct38','2023-09-11 20:38:42'),(1060,68,1074,'ext-ct38','2023-09-11 20:39:07'),(1061,68,1075,'ext-ct38','2023-09-11 20:39:40'),(1062,68,1076,'ext-ct38','2023-09-11 20:40:00'),(1063,68,1077,'ext-ct38','2023-09-11 20:40:22'),(1064,68,1078,'ext-ct38','2023-09-11 20:40:45'),(1065,68,1079,'ext-ct38','2023-09-11 20:41:15'),(1066,68,1080,'ext-ct38','2023-09-11 20:41:37'),(1067,68,1081,'ext-ct38','2023-09-11 20:42:03'),(1068,72,1082,'ext-ct38','2023-09-12 13:31:03'),(1069,72,1083,'ext-ct38','2023-09-12 13:32:10'),(1070,72,1084,'ext-ct38','2023-09-12 13:32:29'),(1071,72,1085,'ext-ct38','2023-09-12 13:32:51'),(1072,72,1086,'ext-ct38','2023-09-12 13:33:11'),(1073,72,1087,'ext-ct38','2023-09-12 13:33:32'),(1074,72,1088,'ext-ct38','2023-09-12 13:33:55'),(1075,72,1089,'ext-ct38','2023-09-12 13:34:18'),(1076,72,1090,'ext-ct38','2023-09-12 13:34:48'),(1077,72,1091,'ext-ct38','2023-09-12 13:35:07'),(1078,72,1092,'ext-ct38','2023-09-12 13:35:25'),(1079,72,1093,'ext-ct38','2023-09-12 13:35:59'),(1080,72,1094,'ext-ct38','2023-09-12 13:36:15'),(1081,72,1095,'ext-ct38','2023-09-12 13:36:35'),(1082,72,1096,'ext-ct38','2023-09-12 13:36:55'),(1083,72,1097,'ext-ct38','2023-09-12 13:37:15'),(1084,72,1098,'ext-ct38','2023-09-12 13:37:35'),(1085,72,1099,'ext-ct38','2023-09-12 13:37:55'),(1086,72,1100,'ext-ct38','2023-09-12 13:38:27'),(1087,72,1101,'ext-ct38','2023-09-12 13:38:49'),(1088,72,1102,'ext-ct38','2023-09-12 13:39:11'),(1089,72,1103,'ext-ct38','2023-09-12 13:39:32'),(1090,72,1104,'ext-ct38','2023-09-12 13:39:50'),(1091,72,1105,'ext-ct38','2023-09-12 13:40:20'),(1092,72,1106,'ext-ct38','2023-09-12 13:40:38'),(1093,72,1107,'ext-ct38','2023-09-12 13:41:14'),(1094,72,1108,'ext-ct38','2023-09-12 13:41:33'),(1095,72,1109,'ext-ct38','2023-09-12 13:41:57'),(1096,72,1110,'ext-ct38','2023-09-12 13:42:25'),(1097,72,1111,'ext-ct38','2023-09-12 13:42:52'),(1098,72,1112,'ext-ct38','2023-09-12 13:43:10'),(1099,72,1113,'ext-ct38','2023-09-12 13:43:28'),(1100,72,1114,'ext-ct38','2023-09-12 13:43:46'),(1101,72,1115,'ext-ct38','2023-09-12 13:44:14'),(1102,72,1116,'ext-ct38','2023-09-12 13:44:42'),(1103,72,1117,'ext-ct38','2023-09-12 13:45:04'),(1104,72,1118,'ext-ct38','2023-09-12 13:45:30'),(1105,72,1119,'ext-ct38','2023-09-12 13:45:52'),(1106,72,1120,'ext-ct38','2023-09-12 13:46:12'),(1107,72,1121,'ext-ct38','2023-09-12 13:46:31'),(1108,72,1122,'ext-ct38','2023-09-12 13:46:52'),(1109,72,1123,'ext-ct38','2023-09-12 13:47:10'),(1110,72,1124,'ext-ct38','2023-09-12 13:47:28'),(1111,70,1125,'ext-ct38','2023-09-12 13:50:57'),(1112,70,1126,'ext-ct38','2023-09-12 13:51:19'),(1113,70,1127,'ext-ct38','2023-09-12 13:51:43'),(1114,70,1128,'ext-ct38','2023-09-12 13:52:00'),(1115,70,1129,'ext-ct38','2023-09-12 13:52:17'),(1116,70,1130,'ext-ct38','2023-09-12 13:52:34'),(1117,70,1131,'ext-ct38','2023-09-12 13:52:51'),(1118,70,1132,'ext-ct38','2023-09-12 13:53:17'),(1119,70,1133,'ext-ct38','2023-09-12 13:53:36'),(1120,70,1134,'ext-ct38','2023-09-12 13:53:52'),(1121,70,1135,'ext-ct38','2023-09-12 13:54:41'),(1122,70,1136,'ext-ct38','2023-09-12 13:54:57'),(1123,70,1137,'ext-ct38','2023-09-12 13:55:12'),(1124,70,1138,'ext-ct38','2023-09-12 13:55:46'),(1125,70,1139,'ext-ct38','2023-09-12 13:56:02'),(1126,70,1140,'ext-ct38','2023-09-12 13:56:18'),(1127,70,1141,'ext-ct38','2023-09-12 13:56:33'),(1128,70,1142,'ext-ct38','2023-09-12 13:56:50'),(1129,70,1143,'ext-ct38','2023-09-12 13:57:15'),(1130,70,1144,'ext-ct38','2023-09-12 13:57:34'),(1131,70,1145,'ext-ct38','2023-09-12 13:57:49'),(1132,70,1146,'ext-ct38','2023-09-12 13:58:08'),(1133,70,1147,'ext-ct38','2023-09-12 13:58:25'),(1134,70,1148,'ext-ct38','2023-09-12 13:58:41'),(1135,70,1149,'ext-ct38','2023-09-12 13:58:59'),(1136,70,1150,'ext-ct38','2023-09-12 14:00:17'),(1137,70,1151,'ext-ct38','2023-09-12 14:00:34'),(1138,70,1152,'ext-ct38','2023-09-12 14:00:51'),(1139,70,1153,'ext-ct38','2023-09-12 14:01:13'),(1140,70,1154,'ext-ct38','2023-09-12 14:01:30'),(1141,70,1155,'ext-ct38','2023-09-12 14:01:47'),(1142,70,1156,'ext-ct38','2023-09-12 14:02:07'),(1143,70,1157,'ext-ct38','2023-09-12 14:02:31'),(1144,70,1158,'ext-ct38','2023-09-12 14:03:00'),(1145,70,1159,'ext-ct38','2023-09-12 14:03:25'),(1146,70,1160,'ext-ct38','2023-09-12 14:03:46'),(1147,70,1161,'ext-ct38','2023-09-12 14:04:06'),(1148,70,1162,'ext-ct38','2023-09-12 14:04:29'),(1149,70,1163,'ext-ct38','2023-09-12 14:04:47'),(1150,70,1164,'ext-ct38','2023-09-12 14:05:07'),(1151,70,1165,'ext-ct38','2023-09-12 14:05:20'),(1152,70,1166,'ext-ct38','2023-09-12 14:05:38'),(1153,70,1167,'ext-ct38','2023-09-12 14:05:56'),(1154,70,1168,'ext-ct38','2023-09-12 14:06:13'),(1155,70,1169,'ext-ct38','2023-09-12 14:06:36'),(1156,70,1170,'ext-ct38','2023-09-12 14:06:52'),(1157,70,1171,'ext-ct38','2023-09-12 14:07:25'),(1158,70,1172,'ext-ct38','2023-09-12 14:07:44'),(1159,70,1173,'ext-ct38','2023-09-12 14:07:58'),(1160,70,1174,'ext-ct38','2023-09-12 14:08:12'),(1161,70,1175,'ext-ct38','2023-09-12 14:08:59'),(1162,70,1176,'ext-ct38','2023-09-12 14:09:18'),(1163,70,1177,'ext-ct38','2023-09-12 14:09:31'),(1164,70,1178,'ext-ct38','2023-09-12 14:09:47'),(1165,70,1179,'ext-ct38','2023-09-12 14:10:05'),(1166,70,1180,'ext-ct38','2023-09-12 14:10:24'),(1167,70,1181,'ext-ct38','2023-09-12 14:10:39'),(1168,70,1182,'ext-ct38','2023-09-12 14:10:56'),(1169,70,1183,'ext-ct38','2023-09-12 14:11:11'),(1170,70,1184,'ext-ct38','2023-09-12 14:11:26'),(1171,70,1185,'ext-ct38','2023-09-12 14:11:39'),(1172,70,1186,'ext-ct38','2023-09-12 14:11:53'),(1173,70,1187,'ext-ct38','2023-09-12 14:12:11'),(1174,70,1188,'ext-ct38','2023-09-12 14:12:25'),(1175,70,1189,'ext-ct38','2023-09-12 14:12:42'),(1176,70,1190,'ext-ct38','2023-09-12 14:13:01'),(1177,70,1191,'ext-ct38','2023-09-12 14:13:18'),(1178,70,1192,'ext-ct38','2023-09-12 14:13:36'),(1179,70,1193,'ext-ct38','2023-09-12 14:13:58'),(1180,70,1194,'ext-ct38','2023-09-12 14:14:13'),(1181,70,1195,'ext-ct38','2023-09-12 14:14:30'),(1182,70,1196,'ext-ct38','2023-09-12 14:14:46'),(1183,70,1197,'ext-ct38','2023-09-12 14:15:01'),(1184,70,1198,'ext-ct38','2023-09-12 14:15:14'),(1185,70,1199,'ext-ct38','2023-09-12 14:15:32'),(1186,70,1200,'ext-ct38','2023-09-12 14:15:53'),(1187,70,1201,'ext-ct38','2023-09-12 14:16:11'),(1188,70,1202,'ext-ct38','2023-09-12 14:16:25'),(1189,70,1203,'ext-ct38','2023-09-12 14:16:40'),(1190,70,1204,'ext-ct38','2023-09-12 14:16:55'),(1191,70,1205,'ext-ct38','2023-09-12 14:17:10'),(1192,70,1206,'ext-ct38','2023-09-12 14:17:25'),(1193,70,1207,'ext-ct38','2023-09-12 14:17:39'),(1194,70,1208,'ext-ct38','2023-09-12 14:17:56'),(1195,70,1209,'ext-ct38','2023-09-12 14:18:10'),(1196,70,1210,'ext-ct38','2023-09-12 14:18:27'),(1197,70,1211,'ext-ct38','2023-09-12 14:18:42'),(1198,70,1212,'ext-ct38','2023-09-12 14:18:57'),(1199,70,1213,'ext-ct38','2023-09-12 14:19:16'),(1200,70,1214,'ext-ct38','2023-09-12 14:19:30'),(1201,70,1215,'ext-ct38','2023-09-12 14:19:44'),(1202,70,1216,'ext-ct38','2023-09-12 14:20:02'),(1203,70,1217,'ext-ct38','2023-09-12 14:20:22'),(1204,70,1218,'ext-ct38','2023-09-12 14:20:37'),(1205,70,1219,'ext-ct38','2023-09-12 14:20:55'),(1206,70,1220,'ext-ct38','2023-09-12 14:21:12'),(1207,70,1221,'ext-ct38','2023-09-12 14:21:29'),(1208,70,1222,'ext-ct38','2023-09-12 14:21:45'),(1209,70,1223,'ext-ct38','2023-09-12 14:22:00'),(1210,70,1224,'ext-ct38','2023-09-12 14:22:16'),(1211,70,1225,'ext-ct38','2023-09-12 14:22:37'),(1212,70,1226,'ext-ct38','2023-09-12 14:22:53'),(1213,70,1227,'ext-ct38','2023-09-12 14:23:10'),(1214,70,1228,'ext-ct38','2023-09-12 14:23:30'),(1215,74,1229,'ext-ct38','2023-09-19 13:51:01'),(1216,74,1230,'ext-ct38','2023-09-19 13:51:31'),(1217,74,1231,'ext-ct38','2023-09-19 13:51:56'),(1218,74,1232,'ext-ct38','2023-09-19 13:52:55'),(1219,74,1233,'ext-ct38','2023-09-19 13:53:21'),(1220,74,1234,'ext-ct38','2023-09-19 13:53:39'),(1221,74,1235,'ext-ct38','2023-09-19 13:54:04'),(1222,74,1236,'ext-ct38','2023-09-19 13:54:22'),(1223,74,1237,'ext-ct38','2023-09-19 13:54:46'),(1224,74,1238,'ext-ct38','2023-09-19 13:55:11'),(1225,74,1239,'ext-ct38','2023-09-19 13:55:32'),(1226,74,1240,'ext-ct38','2023-09-19 13:55:54'),(1227,74,1241,'ext-ct38','2023-09-19 13:56:15'),(1228,74,1242,'ext-ct38','2023-09-19 13:56:40'),(1229,74,1243,'ext-ct38','2023-09-19 13:57:00'),(1230,74,1244,'ext-ct38','2023-09-19 13:57:20'),(1231,74,1245,'ext-ct38','2023-09-19 13:57:40'),(1232,74,1246,'ext-ct38','2023-09-19 13:58:03'),(1233,74,1247,'ext-ct38','2023-09-19 13:58:26'),(1234,74,1248,'ext-ct38','2023-09-19 13:58:48'),(1235,75,1249,'ext-ct38','2023-09-21 14:18:01'),(1236,75,1250,'ext-ct38','2023-09-21 14:19:31'),(1237,75,1251,'ext-ct38','2023-09-21 14:19:31'),(1238,75,1252,'ext-ct38','2023-09-21 14:19:31'),(1239,75,1253,'ext-ct38','2023-09-21 14:19:31'),(1240,75,1254,'ext-ct38','2023-09-21 14:19:31'),(1241,75,1255,'ext-ct38','2023-09-21 14:19:31'),(1242,75,1256,'ext-ct38','2023-09-21 14:19:31'),(1243,75,1257,'ext-ct38','2023-09-21 14:19:31'),(1244,75,1258,'ext-ct38','2023-09-21 14:19:31'),(1245,75,1259,'ext-ct38','2023-09-21 14:19:31'),(1246,75,1260,'ext-ct38','2023-09-21 14:19:31'),(1247,75,1261,'ext-ct38','2023-09-21 14:19:31'),(1248,75,1262,'ext-ct38','2023-09-21 14:19:31'),(1249,75,1263,'ext-ct38','2023-09-21 14:19:31'),(1250,75,1264,'ext-ct38','2023-09-21 14:19:31'),(1251,75,1265,'ext-ct38','2023-09-21 14:19:31'),(1252,75,1266,'ext-ct38','2023-09-21 14:19:31'),(1253,75,1267,'ext-ct38','2023-09-21 14:19:31'),(1254,75,1268,'ext-ct38','2023-09-21 14:19:31'),(1255,75,1269,'ext-ct38','2023-09-21 14:19:31'),(1256,75,1270,'ext-ct38','2023-09-21 14:19:31'),(1257,75,1271,'ext-ct38','2023-09-21 14:19:31'),(1258,75,1272,'ext-ct38','2023-09-21 14:19:31'),(1259,76,1273,'ext-ct38','2023-11-21 09:09:35'),(1260,76,1274,'ext-ct38','2023-11-21 09:09:47'),(1261,76,1275,'ext-ct38','2023-11-21 09:11:17'),(1262,76,1276,'ext-ct38','2023-11-21 09:11:31'),(1263,76,1277,'ext-ct38','2023-11-21 09:11:48'),(1264,76,1278,'ext-ct38','2023-11-21 09:12:01'),(1265,76,1279,'ext-ct38','2023-11-21 09:12:14'),(1266,76,1280,'ext-ct38','2023-11-21 09:12:28'),(1267,76,1281,'ext-ct38','2023-11-21 09:12:42'),(1268,76,1282,'ext-ct38','2023-11-21 09:12:56'),(1269,76,1283,'ext-ct38','2023-11-21 09:13:31'),(1270,76,1284,'ext-ct38','2023-11-21 09:13:59'),(1271,76,1285,'ext-ct38','2023-11-21 09:14:10'),(1272,76,1286,'ext-ct38','2023-11-21 09:14:23'),(1273,76,1287,'ext-ct38','2023-11-21 09:15:09'),(1274,76,1288,'ext-ct38','2023-11-21 09:15:22'),(1275,76,1289,'ext-ct38','2023-11-21 09:15:36'),(1276,76,1290,'ext-ct38','2023-11-21 09:17:22'),(1277,76,1291,'ext-ct38','2023-11-21 09:17:33'),(1278,76,1292,'ext-ct38','2023-11-21 09:17:45'),(1279,76,1293,'ext-ct38','2023-11-21 09:17:56'),(1280,76,1294,'ext-ct38','2023-11-21 09:18:09'),(1281,76,1295,'ext-ct38','2023-11-21 09:18:22'),(1282,76,1296,'ext-ct38','2023-11-21 09:18:40'),(1283,76,1297,'ext-ct38','2023-11-21 09:18:54'),(1284,76,1298,'ext-ct38','2023-11-21 09:19:05'),(1285,76,1299,'ext-ct38','2023-11-21 09:19:16'),(1286,76,1300,'ext-ct38','2023-11-21 09:19:28'),(1287,76,1301,'ext-ct38','2023-11-21 09:19:40'),(1288,76,1302,'ext-ct38','2023-11-21 09:19:52'),(1289,76,1303,'ext-ct38','2023-11-21 09:20:08'),(1290,76,1304,'ext-ct38','2023-11-21 09:20:21'),(1291,76,1305,'ext-ct38','2023-11-21 09:20:36'),(1292,76,1306,'ext-ct38','2023-11-21 09:20:48'),(1293,76,1307,'ext-ct38','2023-11-21 09:21:02'),(1294,76,1308,'ext-ct38','2023-11-21 09:21:16'),(1295,76,1309,'ext-ct38','2023-11-21 09:21:27'),(1296,76,1310,'ext-ct38','2023-11-21 09:21:37'),(1297,76,1311,'ext-ct38','2023-11-21 09:21:50'),(1298,76,1312,'ext-ct38','2023-11-21 09:22:00'),(1299,76,1313,'ext-ct38','2023-11-21 09:22:14'),(1300,76,1314,'ext-ct38','2023-11-21 09:22:25'),(1301,76,1315,'ext-ct38','2023-11-21 09:22:36'),(1302,76,1316,'ext-ct38','2023-11-21 09:22:46'),(1303,76,1317,'ext-ct38','2023-11-21 09:22:57'),(1304,76,1318,'ext-ct38','2023-11-21 09:23:08'),(1305,76,1319,'ext-ct38','2023-11-21 09:23:21'),(1306,76,1320,'ext-ct38','2023-11-21 09:23:33'),(1307,76,1321,'ext-ct38','2023-11-21 09:23:47'),(1308,76,1322,'ext-ct38','2023-11-21 09:24:01'),(1309,76,1323,'ext-ct38','2023-11-21 09:24:16'),(1310,76,1324,'ext-ct38','2023-11-21 09:24:26'),(1311,76,1325,'ext-ct38','2023-11-21 09:24:39'),(1312,76,1326,'ext-ct38','2023-11-21 09:25:03'),(1313,76,1327,'ext-ct38','2023-11-21 09:25:15'),(1314,76,1328,'ext-ct38','2023-11-21 09:25:25'),(1315,76,1329,'ext-ct38','2023-11-21 09:25:41'),(1316,76,1330,'ext-ct38','2023-11-21 09:25:51'),(1317,76,1331,'ext-ct38','2023-11-21 09:26:07'),(1318,76,1332,'ext-ct38','2023-11-21 09:26:19'),(1319,76,1333,'ext-ct38','2023-11-21 09:26:30'),(1320,76,1334,'ext-ct38','2023-11-21 09:26:57'),(1321,76,1335,'ext-ct38','2023-11-21 09:27:09'),(1322,76,1336,'ext-ct38','2023-11-21 09:27:20'),(1323,76,1337,'ext-ct38','2023-11-21 09:27:29'),(1324,76,1338,'ext-ct38','2023-11-21 09:27:42'),(1325,76,1339,'ext-ct38','2023-11-21 09:27:55'),(1326,76,1340,'ext-ct38','2023-11-21 09:28:09'),(1327,76,1341,'ext-ct38','2023-11-21 09:28:22'),(1328,76,1342,'ext-ct38','2023-11-21 09:28:33'),(1329,76,1343,'ext-ct38','2023-11-21 09:28:45'),(1330,76,1344,'ext-ct38','2023-11-21 09:28:59'),(1331,76,1345,'ext-ct38','2023-11-21 09:29:11'),(1332,76,1346,'ext-ct38','2023-11-21 09:29:23'),(1333,76,1347,'ext-ct38','2023-11-21 09:29:37'),(1334,77,1348,'ext-ct38','2023-11-21 11:10:50'),(1335,77,1349,'ext-ct38','2023-11-21 11:11:02'),(1336,77,1350,'ext-ct38','2023-11-21 11:11:11'),(1337,77,1351,'ext-ct38','2023-11-21 11:11:23'),(1338,77,1352,'ext-ct38','2023-11-21 11:11:35'),(1339,77,1353,'ext-ct38','2023-11-21 11:11:46'),(1340,77,1354,'ext-ct38','2023-11-21 11:11:57'),(1341,77,1355,'ext-ct38','2023-11-21 11:12:12'),(1342,77,1356,'ext-ct38','2023-11-21 11:12:23'),(1343,77,1357,'ext-ct38','2023-11-21 11:12:36'),(1344,77,1358,'ext-ct38','2023-11-21 11:12:46'),(1345,77,1359,'ext-ct38','2023-11-21 11:13:04'),(1346,77,1360,'ext-ct38','2023-11-21 11:13:15'),(1347,77,1361,'ext-ct38','2023-11-21 11:13:26'),(1348,77,1362,'ext-ct38','2023-11-21 11:13:37'),(1349,77,1363,'ext-ct38','2023-11-21 11:13:48'),(1350,77,1364,'ext-ct38','2023-11-21 11:14:01'),(1351,77,1365,'ext-ct38','2023-11-21 11:14:17'),(1352,77,1366,'ext-ct38','2023-11-21 11:14:29'),(1353,77,1367,'ext-ct38','2023-11-21 11:14:40'),(1354,77,1368,'ext-ct38','2023-11-21 11:14:49'),(1355,77,1369,'ext-ct38','2023-11-21 11:14:57'),(1356,77,1370,'ext-ct38','2023-11-21 11:15:11'),(1357,77,1371,'ext-ct38','2023-11-21 11:15:21'),(1358,77,1372,'ext-ct38','2023-11-21 11:15:33'),(1359,77,1373,'ext-ct38','2023-11-21 11:15:45'),(1360,77,1374,'ext-ct38','2023-11-21 11:15:56'),(1361,77,1375,'ext-ct38','2023-11-21 11:16:08'),(1362,77,1376,'ext-ct38','2023-11-21 11:16:20'),(1363,77,1377,'ext-ct38','2023-11-21 11:16:31'),(1364,77,1378,'ext-ct38','2023-11-21 11:16:42'),(1365,77,1379,'ext-ct38','2023-11-21 11:16:53'),(1366,77,1380,'ext-ct38','2023-11-21 11:17:05'),(1367,77,1381,'ext-ct38','2023-11-21 11:17:14'),(1368,77,1382,'ext-ct38','2023-11-21 11:17:24'),(1369,77,1383,'ext-ct38','2023-11-21 11:17:34'),(1370,77,1384,'ext-ct38','2023-11-21 11:17:45'),(1371,77,1385,'ext-ct38','2023-11-21 11:18:00'),(1372,77,1386,'ext-ct38','2023-11-21 11:18:10'),(1373,77,1387,'ext-ct38','2023-11-21 11:18:23'),(1374,77,1388,'ext-ct38','2023-11-21 11:18:33'),(1375,77,1389,'ext-ct38','2023-11-21 11:18:42'),(1376,77,1390,'ext-ct38','2023-11-21 11:18:53'),(1377,77,1391,'ext-ct38','2023-11-21 11:19:03'),(1378,77,1392,'ext-ct38','2023-11-21 11:19:15'),(1379,77,1393,'ext-ct38','2023-11-21 11:19:25'),(1380,77,1394,'ext-ct38','2023-11-21 11:19:36'),(1381,77,1395,'ext-ct38','2023-11-21 11:19:47'),(1382,77,1396,'ext-ct38','2023-11-21 11:19:58'),(1383,77,1397,'ext-ct38','2023-11-21 11:20:08'),(1384,77,1398,'ext-ct38','2023-11-21 11:20:28'),(1385,77,1399,'ext-ct38','2023-11-21 11:20:41'),(1386,77,1400,'ext-ct38','2023-11-21 11:20:51'),(1387,77,1401,'ext-ct38','2023-11-21 11:21:01'),(1388,77,1402,'ext-ct38','2023-11-21 11:21:16'),(1389,77,1403,'ext-ct38','2023-11-21 11:21:29'),(1390,77,1404,'ext-ct38','2023-11-21 11:21:42'),(1391,77,1405,'ext-ct38','2023-11-21 11:21:52'),(1392,77,1406,'ext-ct38','2023-11-21 11:22:05'),(1393,77,1407,'ext-ct38','2023-11-21 11:22:15'),(1394,77,1408,'ext-ct38','2023-11-21 11:22:26'),(1395,77,1409,'ext-ct38','2023-11-21 11:22:41'),(1396,77,1410,'ext-ct38','2023-11-21 11:22:51'),(1397,77,1411,'ext-ct38','2023-11-21 11:23:01'),(1398,77,1412,'ext-ct38','2023-11-21 11:23:56'),(1399,77,1413,'ext-ct38','2023-11-21 11:24:08'),(1400,77,1414,'ext-ct38','2023-11-21 11:24:20'),(1401,77,1415,'ext-ct38','2023-11-21 11:24:31'),(1402,77,1416,'ext-ct38','2023-11-21 11:24:41'),(1403,77,1417,'ext-ct38','2023-11-21 11:24:51'),(1404,77,1418,'ext-ct38','2023-11-21 11:25:00'),(1405,77,1419,'ext-ct38','2023-11-21 11:25:12'),(1406,77,1420,'ext-ct38','2023-11-21 11:25:23'),(1407,77,1421,'ext-ct38','2023-11-21 11:25:33'),(1408,77,1422,'ext-ct38','2023-11-21 11:25:43'),(1409,77,1423,'ext-ct38','2023-11-21 11:26:20'),(1410,77,1424,'ext-ct38','2023-11-21 11:26:31'),(1411,77,1425,'ext-ct38','2023-11-21 11:26:41'),(1412,77,1426,'ext-ct38','2023-11-21 11:26:52'),(1413,77,1427,'ext-ct38','2023-11-21 11:27:02'),(1414,77,1428,'ext-ct38','2023-11-21 11:27:11'),(1415,77,1429,'ext-ct38','2023-11-21 11:27:22'),(1416,77,1430,'ext-ct38','2023-11-21 11:27:32'),(1417,77,1431,'ext-ct38','2023-11-21 11:27:41'),(1418,77,1432,'ext-ct38','2023-11-21 11:27:54'),(1419,77,1433,'ext-ct38','2023-11-21 11:28:06'),(1420,77,1434,'ext-ct38','2023-11-21 11:28:20'),(1421,77,1435,'ext-ct38','2023-11-21 11:28:31'),(1422,77,1436,'ext-ct38','2023-11-21 11:28:42'),(1423,77,1437,'ext-ct38','2023-11-21 11:28:56'),(1424,77,1438,'ext-ct38','2023-11-21 11:29:06'),(1425,77,1439,'ext-ct38','2023-11-21 11:29:19'),(1426,77,1440,'ext-ct38','2023-11-21 11:29:30'),(1427,77,1441,'ext-ct38','2023-11-21 11:29:41'),(1428,77,1442,'ext-ct38','2023-11-21 11:29:54'),(1429,77,1443,'ext-ct38','2023-11-21 11:30:04'),(1430,77,1444,'ext-ct38','2023-11-21 11:30:15'),(1431,77,1445,'ext-ct38','2023-11-21 11:30:32'),(1432,77,1446,'ext-ct38','2023-11-21 11:30:46'),(1433,77,1447,'ext-ct38','2023-11-21 11:30:58'),(1434,77,1448,'ext-ct38','2023-11-21 11:31:28'),(1435,77,1449,'ext-ct38','2023-11-21 11:31:39'),(1436,77,1450,'ext-ct38','2023-11-21 11:31:51'),(1437,77,1451,'ext-ct38','2023-11-21 11:32:02'),(1438,77,1452,'ext-ct38','2023-11-21 11:32:14'),(1439,77,1453,'ext-ct38','2023-11-21 11:32:24'),(1440,77,1454,'ext-ct38','2023-11-21 11:32:41'),(1441,77,1455,'ext-ct38','2023-11-21 11:32:56'),(1442,77,1456,'ext-ct38','2023-11-21 11:33:11'),(1443,77,1457,'ext-ct38','2023-11-21 11:33:23'),(1444,77,1458,'ext-ct38','2023-11-21 11:33:35'),(1445,77,1459,'ext-ct38','2023-11-21 11:33:47'),(1446,77,1460,'ext-ct38','2023-11-21 11:33:57'),(1447,77,1461,'ext-ct38','2023-11-21 11:34:07'),(1448,77,1462,'ext-ct38','2023-11-21 11:34:23'),(1449,77,1463,'ext-ct38','2023-11-21 11:34:35'),(1450,77,1464,'ext-ct38','2023-11-21 11:34:46'),(1451,77,1465,'ext-ct38','2023-11-21 11:34:58'),(1452,77,1466,'ext-ct38','2023-11-21 11:35:10'),(1453,77,1467,'ext-ct38','2023-11-21 11:35:20'),(1454,77,1468,'ext-ct38','2023-11-21 11:35:32'),(1455,77,1469,'ext-ct38','2023-11-21 11:35:43'),(1456,77,1470,'ext-ct38','2023-11-21 11:35:56'),(1457,77,1471,'ext-ct38','2023-11-21 11:36:06'),(1458,77,1472,'ext-ct38','2023-11-21 11:36:17'),(1459,77,1473,'ext-ct38','2023-11-21 11:36:30'),(1460,77,1474,'ext-ct38','2023-11-21 11:36:40'),(1461,77,1475,'ext-ct38','2023-11-21 11:36:50'),(1462,77,1476,'ext-ct38','2023-11-21 11:37:02'),(1463,77,1477,'ext-ct38','2023-11-21 11:37:14'),(1464,77,1478,'ext-ct38','2023-11-21 11:37:24'),(1465,77,1479,'ext-ct38','2023-11-21 11:37:34'),(1466,77,1480,'ext-ct38','2023-11-21 11:37:49'),(1467,77,1481,'ext-ct38','2023-11-21 11:37:59'),(1468,77,1482,'ext-ct38','2023-11-21 11:38:09'),(1469,77,1483,'ext-ct38','2023-11-21 11:38:22'),(1470,77,1484,'ext-ct38','2023-11-21 11:38:31'),(1471,77,1485,'ext-ct38','2023-11-21 11:38:41'),(1472,77,1486,'ext-ct38','2023-11-21 11:38:51'),(1473,77,1487,'ext-ct38','2023-11-21 11:39:04'),(1474,77,1488,'ext-ct38','2023-11-21 11:39:19'),(1475,77,1489,'ext-ct38','2023-11-21 11:39:28'),(1476,77,1490,'ext-ct38','2023-11-21 11:39:44'),(1477,77,1491,'ext-ct38','2023-11-21 11:39:56'),(1478,77,1492,'ext-ct38','2023-11-21 11:40:06'),(1479,77,1493,'ext-ct38','2023-11-21 11:40:18'),(1480,77,1494,'ext-ct38','2023-11-21 11:40:30'),(1481,77,1495,'ext-ct38','2023-11-21 11:40:54'),(1482,77,1496,'ext-ct38','2023-11-21 11:41:07'),(1483,77,1497,'ext-ct38','2023-11-21 11:41:17'),(1484,77,1498,'ext-ct38','2023-11-21 11:41:28'),(1485,77,1499,'ext-ct38','2023-11-21 11:41:39'),(1486,77,1500,'ext-ct38','2023-11-21 11:41:50'),(1487,77,1501,'ext-ct38','2023-11-21 11:42:03'),(1488,77,1502,'ext-ct38','2023-11-21 11:42:14'),(1489,77,1503,'ext-ct38','2023-11-21 11:42:27'),(1490,77,1504,'ext-ct38','2023-11-21 11:42:41'),(1491,77,1505,'ext-ct38','2023-11-21 11:42:52'),(1492,77,1506,'ext-ct38','2023-11-21 11:43:08'),(1493,77,1507,'ext-ct38','2023-11-21 11:43:19'),(1494,77,1508,'ext-ct38','2023-11-21 11:43:37'),(1495,77,1509,'ext-ct38','2023-11-21 11:43:48'),(1496,77,1510,'ext-ct38','2023-11-21 11:44:01'),(1497,77,1511,'ext-ct38','2023-11-21 11:44:14'),(1498,77,1512,'ext-ct38','2023-11-21 11:44:26'),(1499,77,1513,'ext-ct38','2023-11-21 11:44:38'),(1500,77,1514,'ext-ct38','2023-11-21 11:44:53'),(1501,77,1515,'ext-ct38','2023-11-21 11:45:05'),(1502,77,1516,'ext-ct38','2023-11-21 11:45:23'),(1503,77,1517,'ext-ct38','2023-11-21 11:45:52'),(1504,77,1518,'ext-ct38','2023-11-21 11:46:04'),(1505,77,1519,'ext-ct38','2023-11-21 11:46:19'),(1506,77,1520,'ext-ct38','2023-11-21 11:46:33'),(1507,77,1521,'ext-ct38','2023-11-21 11:46:45'),(1508,77,1522,'ext-ct38','2023-11-21 11:47:01'),(1509,77,1523,'ext-ct38','2023-11-21 14:48:06'),(1510,57,790,'ext-ct38','2024-03-12 12:43:08');
/*!40000 ALTER TABLE `group_animals` ENABLE KEYS */;
UNLOCK TABLES;

--
-- Table structure for table `group_categories`
--

DROP TABLE IF EXISTS `group_categories`;
/*!40101 SET @saved_cs_client     = @@character_set_client */;
 SET character_set_client = utf8mb4 ;
CREATE TABLE `group_categories` (
  `id` int(11) NOT NULL AUTO_INCREMENT,
  `category_name` varchar(255) NOT NULL,
  `user_id` varchar(255) NOT NULL,
  `date_created` datetime DEFAULT NULL,
  `date_updated` datetime DEFAULT NULL,
  PRIMARY KEY (`id`)
) ENGINE=InnoDB AUTO_INCREMENT=41 DEFAULT CHARSET=utf8;
/*!40101 SET character_set_client = @saved_cs_client */;

--
-- Dumping data for table `group_categories`
--

LOCK TABLES `group_categories` WRITE;
/*!40000 ALTER TABLE `group_categories` DISABLE KEYS */;
INSERT INTO `group_categories` VALUES (5,'Location','ext-rww2','2020-10-14 15:10:09','2020-10-14 15:10:09'),(6,'Heifers','ext-wbe1','2020-11-09 13:07:20','2020-11-09 13:07:20'),(7,'Cows','ext-wbe1','2020-11-09 13:13:47','2020-11-09 13:13:47'),(8,'Seedstock','ext-drs3','2020-11-16 21:35:56','2020-11-16 21:35:56'),(9,'Heifers','ext-drs3','2020-12-05 19:40:09','2020-12-05 19:40:09'),(14,'Removed','ext-wbe1','2021-06-21 13:26:45','2021-06-21 13:26:45'),(15,'Dale’s Category','ext-gdm1','2021-06-21 13:43:32','2021-06-21 13:43:32'),(24,'Commercial','ext-wij1','2022-01-31 09:41:55','2022-01-31 09:41:55'),(29,'Purebred','ext-wij1','2022-06-29 09:24:10','2022-06-29 09:24:10'),(30,'Test','ext-wij1','2022-07-08 08:20:18','2022-07-08 08:20:18'),(31,'Spring calving herd','ext-ct38','2022-09-27 09:46:15','2022-12-09 09:40:33'),(32,'test','ext-kn1','2022-10-28 13:42:23','2022-10-28 13:42:23'),(33,'testA','ext-kn1','2022-11-08 09:57:48','2022-11-08 09:57:48'),(34,'2023 Spring','ext-kn1','2023-01-31 11:37:27','2023-01-31 11:37:27'),(35,'newTestA','ext-kn1','2023-02-08 09:24:24','2023-02-08 09:24:24'),(36,'MULTI','ext-kn1','2023-02-08 09:25:26','2023-02-08 09:25:26'),(38,'Commercial Herd','ext-ct38','2023-09-05 14:26:29','2023-09-05 14:26:29'),(39,'Test for Manual','ext-ct38','2023-09-21 14:15:32','2023-09-21 14:15:32'),(40,'Fall Calving','ext-ct38','2023-11-21 09:08:27','2023-11-21 09:08:27');
/*!40000 ALTER TABLE `group_categories` ENABLE KEYS */;
UNLOCK TABLES;

--
-- Table structure for table `groups`
--

DROP TABLE IF EXISTS `groups`;
/*!40101 SET @saved_cs_client     = @@character_set_client */;
 SET character_set_client = utf8mb4 ;
CREATE TABLE `groups` (
  `id` int(11) NOT NULL AUTO_INCREMENT,
  `group_name` varchar(255) CHARACTER SET utf8 COLLATE utf8_general_ci NOT NULL,
  `category_id` int(11) DEFAULT NULL,
  `location_name` varchar(255) CHARACTER SET utf8 COLLATE utf8_general_ci DEFAULT NULL,
  `latitude` double DEFAULT NULL,
  `longitude` double DEFAULT NULL,
  `description` varchar(255) CHARACTER SET utf8 COLLATE utf8_general_ci DEFAULT NULL,
  `user_id` varchar(255) DEFAULT NULL,
  `date_created` datetime DEFAULT NULL,
  `date_updated` datetime DEFAULT NULL,
  PRIMARY KEY (`id`)
) ENGINE=InnoDB AUTO_INCREMENT=78 DEFAULT CHARSET=utf8;
/*!40101 SET character_set_client = @saved_cs_client */;

--
-- Dumping data for table `groups`
--

LOCK TABLES `groups` WRITE;
/*!40000 ALTER TABLE `groups` DISABLE KEYS */;
INSERT INTO `groups` VALUES (4,'Back Forty',5,NULL,NULL,NULL,NULL,'ext-rww2','2020-10-14 15:10:33','2020-10-14 15:14:14'),(5,'Front Forty',5,NULL,NULL,NULL,NULL,'ext-rww2','2020-10-14 15:35:37','2021-03-09 10:10:14'),(12,'mature cows',7,NULL,NULL,NULL,NULL,'ext-wbe1','2020-11-09 13:14:01','2020-11-09 13:14:46'),(13,'cows',8,NULL,NULL,NULL,NULL,'ext-drs3','2020-11-16 21:36:58','2020-11-16 21:36:58'),(14,'purebred',9,NULL,NULL,NULL,'purebred heifers','ext-drs3','2020-12-05 19:41:01','2020-12-05 19:42:14'),(22,'bull battery',8,NULL,NULL,NULL,NULL,'ext-drs3','2021-06-06 21:48:48','2021-06-06 21:48:48'),(23,'Removals',14,NULL,NULL,NULL,NULL,'ext-wbe1','2021-06-21 13:28:40','2021-06-21 13:28:40'),(24,'Dale\\\'s Group',15,'Dale\\\'s Office',-88.795345,-88.795345,NULL,'ext-gdm1','2021-06-21 13:45:32','2021-06-21 13:45:32'),(25,'Dale\\\'s Group',15,'Dale\\\'s Office',-88.795345,-88.795345,NULL,'ext-gdm1','2021-06-21 13:45:55','2021-06-21 13:45:55'),(26,'Dale\\\'s Group',15,'Dale\\\'s Office',-88.795345,-88.795345,NULL,'ext-gdm1','2021-06-21 13:46:02','2021-06-21 13:46:02'),(27,'Fall Calving',7,NULL,-88.798799,-88.798799,'fall calving animals ','ext-wbe1','2021-06-21 13:46:20','2021-06-21 13:46:20'),(39,'Spring-calving cows',24,NULL,NULL,NULL,NULL,'ext-wij1','2022-01-31 09:42:00','2022-06-29 09:50:00'),(42,'Bulls',24,'south pasture ',NULL,NULL,NULL,'ext-wij1','2022-02-19 08:28:22','2022-10-06 14:28:58'),(43,'stocker calves',24,NULL,NULL,NULL,NULL,'ext-wij1','2022-02-19 08:34:03','2022-02-19 08:35:09'),(44,'Herd Bulls',29,NULL,NULL,NULL,NULL,'ext-wij1','2022-03-01 10:03:56','2022-07-07 14:09:50'),(47,'Yearling Heifers',24,NULL,NULL,NULL,NULL,'ext-wij1','2022-05-10 11:09:04','2022-06-29 09:49:35'),(48,'Cull heifers',24,NULL,NULL,NULL,NULL,'ext-wij1','2022-05-12 10:22:08','2022-06-28 10:12:06'),(49,'Fall 2022 calves',29,NULL,NULL,NULL,NULL,'ext-wij1','2022-07-01 15:00:18','2022-07-01 15:00:18'),(50,'Fall-calving cows',24,NULL,NULL,NULL,NULL,'ext-wij1','2022-07-08 08:20:22','2022-09-27 09:08:29'),(51,'8+ year-olds',31,NULL,NULL,NULL,NULL,'ext-ct38','2022-09-27 09:46:25','2022-12-08 12:58:23'),(52,'test',32,NULL,NULL,NULL,NULL,'ext-kn1','2022-10-28 13:42:36','2023-01-04 09:36:56'),(53,'testA',33,NULL,NULL,NULL,NULL,'ext-kn1','2022-11-08 09:57:51','2022-11-08 09:58:02'),(54,'2022 Fall culls',31,NULL,NULL,NULL,NULL,'ext-ct38','2022-11-30 15:54:57','2022-12-07 15:38:46'),(55,'2022 Spring calves',31,NULL,NULL,NULL,NULL,'ext-ct38','2022-12-07 15:16:41','2022-12-07 15:16:41'),(56,'Herd bulls',31,NULL,NULL,NULL,NULL,'ext-ct38','2022-12-07 15:21:31','2022-12-07 15:21:31'),(57,'2&3 year-olds',31,NULL,NULL,NULL,NULL,'ext-ct38','2022-12-08 12:51:09','2023-04-21 13:17:49'),(58,'4-7 year-olds',31,NULL,NULL,NULL,NULL,'ext-ct38','2022-12-08 12:54:32','2022-12-08 12:58:42'),(59,'Feb 2023',32,NULL,123,123,NULL,'ext-kn1','2023-01-31 09:47:51','2023-02-24 08:58:19'),(60,'2023 Animals',34,NULL,NULL,NULL,NULL,'ext-kn1','2023-01-31 11:37:42','2023-01-31 11:39:10'),(61,'testA',35,'test',123,456,'test','ext-kn1','2023-02-08 09:24:32','2023-02-08 09:24:32'),(62,'multi5',36,NULL,NULL,NULL,NULL,'ext-kn1','2023-02-08 09:29:17','2023-02-08 09:30:20'),(63,'multi6',36,NULL,NULL,NULL,NULL,'ext-kn1','2023-02-08 09:29:17','2023-02-08 09:30:27'),(64,'multi3',36,NULL,NULL,NULL,NULL,'ext-kn1','2023-02-08 09:30:02','2023-02-08 09:30:02'),(65,'multi2',36,NULL,NULL,NULL,NULL,'ext-kn1','2023-02-08 09:30:02','2023-02-08 09:30:02'),(66,'multi1',36,'sdfdfgsdfg',234234234,234,'dfgdfgdfg','ext-kn1','2023-02-08 09:30:02','2023-02-08 09:32:00'),(67,'multi4',36,NULL,NULL,NULL,NULL,'ext-kn1','2023-02-08 09:30:02','2023-02-08 09:30:02'),(68,'Beef Unit 2022 Spring Heifers',38,NULL,NULL,NULL,NULL,'ext-ct38','2023-09-05 14:26:39','2023-09-14 08:25:28'),(70,'PRU Spring 2023 calves',38,NULL,NULL,NULL,NULL,'ext-ct38','2023-09-12 13:28:25','2023-09-12 13:28:25'),(72,'Beef Unit 2023 Spring calves',38,NULL,NULL,NULL,NULL,'ext-ct38','2023-09-12 13:30:24','2023-09-14 08:24:50'),(74,'Beef Unit Commercial Cows',38,NULL,NULL,NULL,NULL,'ext-ct38','2023-09-19 13:24:07','2023-09-19 13:24:07'),(75,'Test for Manual ',39,NULL,NULL,NULL,NULL,'ext-ct38','2023-09-21 14:15:54','2023-09-21 14:19:31'),(76,'SF_FallCalvingCows',40,NULL,NULL,NULL,NULL,'ext-ct38','2023-11-21 09:08:32','2023-11-21 09:08:32'),(77,'PRU_SpringHerd',31,NULL,NULL,NULL,NULL,'ext-ct38','2023-11-21 11:09:49','2023-11-21 11:09:49');
/*!40000 ALTER TABLE `groups` ENABLE KEYS */;
UNLOCK TABLES;

--
-- Table structure for table `log`
--

DROP TABLE IF EXISTS `log`;
/*!40101 SET @saved_cs_client     = @@character_set_client */;
 SET character_set_client = utf8mb4 ;
CREATE TABLE `log` (
  `id` int(11) NOT NULL AUTO_INCREMENT,
  `action_type` int(11) NOT NULL,
  `event_id` int(11) NOT NULL,
  `user_id` varchar(255) NOT NULL,
  `log_datetime` datetime NOT NULL,
  PRIMARY KEY (`id`)
) ENGINE=InnoDB AUTO_INCREMENT=37 DEFAULT CHARSET=utf8;
/*!40101 SET character_set_client = @saved_cs_client */;

--
-- Dumping data for table `log`
--

LOCK TABLES `log` WRITE;
/*!40000 ALTER TABLE `log` DISABLE KEYS */;
INSERT INTO `log` VALUES (1,1,1,'ext-ct38','2023-09-19 14:36:37'),(2,1,2,'ext-ct38','2023-09-19 14:44:47'),(3,1,3,'ext-ct38','2023-09-19 14:45:55'),(4,1,4,'ext-ct38','2023-09-19 14:45:55'),(5,1,5,'ext-ct38','2023-09-19 14:45:55'),(6,1,6,'ext-ct38','2023-09-19 14:45:55'),(7,1,7,'ext-ct38','2023-09-19 14:45:55'),(8,1,8,'ext-ct38','2023-09-19 14:45:55'),(9,1,9,'ext-ct38','2023-09-19 14:47:17'),(10,1,10,'ext-ct38','2023-09-19 14:47:17'),(11,1,11,'ext-ct38','2023-09-19 14:47:17'),(12,1,12,'ext-ct38','2023-09-19 14:47:17'),(13,1,13,'ext-ct38','2023-09-19 14:47:17'),(14,1,14,'ext-ct38','2023-09-19 14:47:17'),(15,1,15,'ext-ct38','2023-09-19 14:47:17'),(16,1,16,'ext-ct38','2023-09-19 14:47:17'),(17,1,17,'ext-ct38','2023-09-19 14:51:38'),(18,1,18,'ext-ct38','2023-09-19 14:51:38'),(19,1,19,'ext-ct38','2023-09-19 14:51:38'),(20,1,20,'ext-ct38','2023-09-19 14:51:38'),(21,1,21,'ext-ct38','2023-09-19 14:51:38'),(22,1,22,'ext-ct38','2023-09-19 14:51:38'),(23,1,23,'ext-ct38','2023-09-19 14:51:38'),(24,1,24,'ext-ct38','2023-09-19 14:51:38'),(25,1,25,'ext-ct38','2023-09-19 14:51:38'),(26,1,26,'ext-ct38','2023-09-19 14:51:38'),(27,1,27,'ext-ct38','2023-09-19 14:51:38'),(28,1,28,'ext-ct38','2023-09-19 14:51:38'),(29,1,29,'ext-ct38','2023-09-19 14:51:38'),(30,1,30,'ext-ct38','2023-09-19 14:51:38'),(31,1,31,'ext-ct38','2023-09-19 14:51:38'),(32,1,32,'ext-ct38','2023-09-19 14:51:38'),(33,1,33,'ext-ct38','2023-09-19 14:51:38'),(34,1,34,'ext-ct38','2023-09-19 14:51:38'),(35,1,35,'ext-ct38','2023-09-19 14:51:38'),(36,1,36,'ext-ct38','2023-09-19 14:51:38');
/*!40000 ALTER TABLE `log` ENABLE KEYS */;
UNLOCK TABLES;

--
-- Table structure for table `processing_techniques`
--

DROP TABLE IF EXISTS `processing_techniques`;
/*!40101 SET @saved_cs_client     = @@character_set_client */;
 SET character_set_client = utf8mb4 ;
CREATE TABLE `processing_techniques` (
  `id` int(11) NOT NULL AUTO_INCREMENT,
  `name` varchar(255) NOT NULL,
  `processing_type` varchar(255) CHARACTER SET utf8 COLLATE utf8_general_ci NOT NULL,
  PRIMARY KEY (`id`)
) ENGINE=InnoDB AUTO_INCREMENT=13 DEFAULT CHARSET=utf8;
/*!40101 SET character_set_client = @saved_cs_client */;

--
-- Dumping data for table `processing_techniques`
--

LOCK TABLES `processing_techniques` WRITE;
/*!40000 ALTER TABLE `processing_techniques` DISABLE KEYS */;
INSERT INTO `processing_techniques` VALUES (1,'Calicrate Band','castration'),(2,'Cheerio Band','castration'),(3,'Henderson Tool','castration'),(4,'Newberry Knife','castration'),(5,'Traditional Cutting','castration'),(6,'California Brand','castration'),(7,'Cosmetic','dehorning'),(8,'Barnes (scoop)','dehorning'),(9,'Paste','dehorning'),(10,'Cautery','dehorning'),(11,'Flank Approach','spaying'),(12,'Vaginal Approach','spaying');
/*!40000 ALTER TABLE `processing_techniques` ENABLE KEYS */;
UNLOCK TABLES;

--
-- Table structure for table `reproductive_tract_score`
--

DROP TABLE IF EXISTS `reproductive_tract_score`;
/*!40101 SET @saved_cs_client     = @@character_set_client */;
 SET character_set_client = utf8mb4 ;
CREATE TABLE `reproductive_tract_score` (
  `id` int(11) NOT NULL AUTO_INCREMENT,
  `description` varchar(255) NOT NULL,
  PRIMARY KEY (`id`)
) ENGINE=InnoDB AUTO_INCREMENT=6 DEFAULT CHARSET=utf8;
/*!40101 SET character_set_client = @saved_cs_client */;

--
-- Dumping data for table `reproductive_tract_score`
--

LOCK TABLES `reproductive_tract_score` WRITE;
/*!40000 ALTER TABLE `reproductive_tract_score` DISABLE KEYS */;
INSERT INTO `reproductive_tract_score` VALUES (1,'No palpable follicles'),(2,'8 mm follicles, no uterine tone'),(3,'8-10 mm follicles, slight uterine ton'),(4,'>10 mm follicle, good uterine tone'),(5,'>10 mm follicle, good uterine tone, corpus luteum present');
/*!40000 ALTER TABLE `reproductive_tract_score` ENABLE KEYS */;
UNLOCK TABLES;

--
-- Table structure for table `route_of_administration`
--

DROP TABLE IF EXISTS `route_of_administration`;
/*!40101 SET @saved_cs_client     = @@character_set_client */;
 SET character_set_client = utf8mb4 ;
CREATE TABLE `route_of_administration` (
  `id` int(11) NOT NULL AUTO_INCREMENT,
  `description` varchar(255) NOT NULL,
  PRIMARY KEY (`id`)
) ENGINE=InnoDB AUTO_INCREMENT=18 DEFAULT CHARSET=utf8;
/*!40101 SET character_set_client = @saved_cs_client */;

--
-- Dumping data for table `route_of_administration`
--

LOCK TABLES `route_of_administration` WRITE;
/*!40000 ALTER TABLE `route_of_administration` DISABLE KEYS */;
INSERT INTO `route_of_administration` VALUES (1,'Subcutaneously (SQ)'),(2,'Intramuscularly (IM)'),(3,'Intravenously (IV)'),(4,'As an epidural'),(5,'Fat pad behind ear'),(6,'Each Nostril'),(7,'Eye'),(8,'Left Eye'),(9,'Right Eye'),(10,'Intradermally'),(11,'Intramammary'),(12,'Intranasally'),(13,'Intrauterine'),(14,'Orally'),(15,'Paravertebrally'),(16,'Rectally'),(17,'Topically');
/*!40000 ALTER TABLE `route_of_administration` ENABLE KEYS */;
UNLOCK TABLES;

--
-- Table structure for table `sexes`
--

DROP TABLE IF EXISTS `sexes`;
/*!40101 SET @saved_cs_client     = @@character_set_client */;
 SET character_set_client = utf8mb4 ;
CREATE TABLE `sexes` (
  `id` int(11) NOT NULL AUTO_INCREMENT,
  `name` varchar(255) CHARACTER SET utf8 COLLATE utf8_general_ci NOT NULL,
  `type` varchar(255) NOT NULL,
  PRIMARY KEY (`id`)
) ENGINE=InnoDB AUTO_INCREMENT=6 DEFAULT CHARSET=utf8;
/*!40101 SET character_set_client = @saved_cs_client */;

--
-- Dumping data for table `sexes`
--

LOCK TABLES `sexes` WRITE;
/*!40000 ALTER TABLE `sexes` DISABLE KEYS */;
INSERT INTO `sexes` VALUES (1,'Bull','Male'),(2,'Steer','Male'),(3,'Cow','Female'),(4,'Unknown','Unknown');
/*!40000 ALTER TABLE `sexes` ENABLE KEYS */;
UNLOCK TABLES;

--
-- Table structure for table `status_cause`
--

DROP TABLE IF EXISTS `status_cause`;
/*!40101 SET @saved_cs_client     = @@character_set_client */;
 SET character_set_client = utf8mb4 ;
CREATE TABLE `status_cause` (
  `id` int(11) NOT NULL AUTO_INCREMENT,
  `description` varchar(255) NOT NULL,
  PRIMARY KEY (`id`)
) ENGINE=InnoDB AUTO_INCREMENT=41 DEFAULT CHARSET=utf8;
/*!40101 SET character_set_client = @saved_cs_client */;

--
-- Dumping data for table `status_cause`
--

LOCK TABLES `status_cause` WRITE;
/*!40000 ALTER TABLE `status_cause` DISABLE KEYS */;
INSERT INTO `status_cause` VALUES (1,'Animal is active (default value)'),(2,'A.I. sire'),(3,'Age'),(4,'Appearance'),(5,'Body condition'),(6,'Calf died before weaning'),(7,'Calving late in season'),(8,'Conceived but aborted'),(9,'Disposition'),(10,'Exposed, failed to conceive'),(11,'Genetic defect/carrier status'),(12,'Herd reduction'),(13,'Hoof condition/lameness'),(14,'Illness/disease'),(15,'Injury or accident'),(16,'Poor performance'),(17,'Prolapse'),(18,'Structure/conformation'),(19,'Udder quality'),(20,'Breeding bull - virgin'),(21,'Breeding bull - non-virgin '),(22,'Calf sold with dam'),(23,'Embryo donor'),(24,'Feeder calf'),(25,'Replacement - bred cow '),(26,'Replacement - bred heifer'),(27,'Replacement - open heifer'),(28,'Replacement - open cow'),(29,'Birth defect'),(30,'Body condition'),(31,'Calving difficulty'),(32,'Illness'),(33,'Injury/accident'),(34,'Predation'),(35,'Premature calf'),(36,'Stillborn calf'),(37,'Unknown '),(38,'Weather'),(39,'Infertility'),(40,'Failed BSE');
/*!40000 ALTER TABLE `status_cause` ENABLE KEYS */;
UNLOCK TABLES;

--
-- Table structure for table `status_reason`
--

DROP TABLE IF EXISTS `status_reason`;
/*!40101 SET @saved_cs_client     = @@character_set_client */;
 SET character_set_client = utf8mb4 ;
CREATE TABLE `status_reason` (
  `id` int(11) NOT NULL AUTO_INCREMENT,
  `description` varchar(255) CHARACTER SET utf8 COLLATE utf8_general_ci NOT NULL,
  PRIMARY KEY (`id`)
) ENGINE=InnoDB AUTO_INCREMENT=6 DEFAULT CHARSET=utf8;
/*!40101 SET character_set_client = @saved_cs_client */;

--
-- Dumping data for table `status_reason`
--

LOCK TABLES `status_reason` WRITE;
/*!40000 ALTER TABLE `status_reason` DISABLE KEYS */;
INSERT INTO `status_reason` VALUES (1,'Animal is active (default value)'),(2,'Reference'),(3,'Culled'),(4,'Sold'),(5,'Died');
/*!40000 ALTER TABLE `status_reason` ENABLE KEYS */;
UNLOCK TABLES;

--
-- Table structure for table `statuses`
--

DROP TABLE IF EXISTS `statuses`;
/*!40101 SET @saved_cs_client     = @@character_set_client */;
 SET character_set_client = utf8mb4 ;
CREATE TABLE `statuses` (
  `id` int(11) NOT NULL AUTO_INCREMENT,
  `name` varchar(255) NOT NULL,
  PRIMARY KEY (`id`)
) ENGINE=InnoDB AUTO_INCREMENT=3 DEFAULT CHARSET=utf8;
/*!40101 SET character_set_client = @saved_cs_client */;

--
-- Dumping data for table `statuses`
--

LOCK TABLES `statuses` WRITE;
/*!40000 ALTER TABLE `statuses` DISABLE KEYS */;
INSERT INTO `statuses` VALUES (1,'Active'),(2,'Inactive');
/*!40000 ALTER TABLE `statuses` ENABLE KEYS */;
UNLOCK TABLES;

--
-- Table structure for table `teat_score`
--

DROP TABLE IF EXISTS `teat_score`;
/*!40101 SET @saved_cs_client     = @@character_set_client */;
 SET character_set_client = utf8mb4 ;
CREATE TABLE `teat_score` (
  `id` int(11) NOT NULL AUTO_INCREMENT,
  `description` varchar(255) NOT NULL,
  PRIMARY KEY (`id`)
) ENGINE=InnoDB AUTO_INCREMENT=10 DEFAULT CHARSET=utf8;
/*!40101 SET character_set_client = @saved_cs_client */;

--
-- Dumping data for table `teat_score`
--

LOCK TABLES `teat_score` WRITE;
/*!40000 ALTER TABLE `teat_score` DISABLE KEYS */;
INSERT INTO `teat_score` VALUES (1,'Very Large / Balloon-Shaped'),(2,''),(3,'Large'),(4,''),(5,'Intermediate / Moderate'),(6,''),(7,'Small'),(8,''),(9,'Very Small');
/*!40000 ALTER TABLE `teat_score` ENABLE KEYS */;
UNLOCK TABLES;

--
-- Table structure for table `treatment_reasons`
--

DROP TABLE IF EXISTS `treatment_reasons`;
/*!40101 SET @saved_cs_client     = @@character_set_client */;
 SET character_set_client = utf8mb4 ;
CREATE TABLE `treatment_reasons` (
  `id` int(11) NOT NULL AUTO_INCREMENT,
  `name` varchar(255) NOT NULL,
  PRIMARY KEY (`id`)
) ENGINE=InnoDB AUTO_INCREMENT=5 DEFAULT CHARSET=utf8;
/*!40101 SET character_set_client = @saved_cs_client */;

--
-- Dumping data for table `treatment_reasons`
--

LOCK TABLES `treatment_reasons` WRITE;
/*!40000 ALTER TABLE `treatment_reasons` DISABLE KEYS */;
INSERT INTO `treatment_reasons` VALUES (1,'Prevent Disease'),(2,'Treat Suspected Disease'),(3,'Treat Observed Disease'),(4,'Other');
/*!40000 ALTER TABLE `treatment_reasons` ENABLE KEYS */;
UNLOCK TABLES;

--
-- Table structure for table `twin_status`
--

DROP TABLE IF EXISTS `twin_status`;
/*!40101 SET @saved_cs_client     = @@character_set_client */;
 SET character_set_client = utf8mb4 ;
CREATE TABLE `twin_status` (
  `id` int(11) NOT NULL AUTO_INCREMENT,
  `description` varchar(255) NOT NULL,
  PRIMARY KEY (`id`)
) ENGINE=InnoDB AUTO_INCREMENT=5 DEFAULT CHARSET=utf8;
/*!40101 SET character_set_client = @saved_cs_client */;

--
-- Dumping data for table `twin_status`
--

LOCK TABLES `twin_status` WRITE;
/*!40000 ALTER TABLE `twin_status` DISABLE KEYS */;
INSERT INTO `twin_status` VALUES (1,'Not a Twin'),(2,'Twin/Dam Raised\r\n'),(3,'Twin/Grafted'),(4,'Twin/Dead at Birth');
/*!40000 ALTER TABLE `twin_status` ENABLE KEYS */;
UNLOCK TABLES;

--
-- Table structure for table `udder_score`
--

DROP TABLE IF EXISTS `udder_score`;
/*!40101 SET @saved_cs_client     = @@character_set_client */;
 SET character_set_client = utf8mb4 ;
CREATE TABLE `udder_score` (
  `id` int(11) NOT NULL AUTO_INCREMENT,
  `description` varchar(255) NOT NULL,
  PRIMARY KEY (`id`)
) ENGINE=InnoDB AUTO_INCREMENT=10 DEFAULT CHARSET=utf8;
/*!40101 SET character_set_client = @saved_cs_client */;

--
-- Dumping data for table `udder_score`
--

LOCK TABLES `udder_score` WRITE;
/*!40000 ALTER TABLE `udder_score` DISABLE KEYS */;
INSERT INTO `udder_score` VALUES (1,'Very Pendulous / Broken Floor'),(2,''),(3,'Pendulous'),(4,''),(5,'Intermediate / Moderate'),(6,''),(7,'Tight'),(8,''),(9,'Very Tight');
/*!40000 ALTER TABLE `udder_score` ENABLE KEYS */;
UNLOCK TABLES;

--
-- Table structure for table `units`
--

DROP TABLE IF EXISTS `units`;
/*!40101 SET @saved_cs_client     = @@character_set_client */;
 SET character_set_client = utf8mb4 ;
CREATE TABLE `units` (
  `id` int(11) NOT NULL AUTO_INCREMENT,
  `description` varchar(255) NOT NULL,
  PRIMARY KEY (`id`)
) ENGINE=InnoDB AUTO_INCREMENT=15 DEFAULT CHARSET=utf8;
/*!40101 SET character_set_client = @saved_cs_client */;

--
-- Dumping data for table `units`
--

LOCK TABLES `units` WRITE;
/*!40000 ALTER TABLE `units` DISABLE KEYS */;
INSERT INTO `units` VALUES (1,'CC(s)'),(2,'ML(s)'),(3,'Bag'),(4,'Bottle(s)'),(5,'Box'),(6,'Capsule(s)'),(7,'Drop(s)'),(8,'Gram(s)'),(9,'Ounce(s)'),(10,'Spray'),(11,'Syringeful'),(12,'Tablet(s)'),(13,'Tag(s)'),(14,'Units');
/*!40000 ALTER TABLE `units` ENABLE KEYS */;
UNLOCK TABLES;

--
-- Table structure for table `weight_types`
--

DROP TABLE IF EXISTS `weight_types`;
/*!40101 SET @saved_cs_client     = @@character_set_client */;
 SET character_set_client = utf8mb4 ;
CREATE TABLE `weight_types` (
  `id` int(11) NOT NULL AUTO_INCREMENT,
  `description` varchar(255) NOT NULL,
  PRIMARY KEY (`id`)
) ENGINE=InnoDB AUTO_INCREMENT=7 DEFAULT CHARSET=utf8;
/*!40101 SET character_set_client = @saved_cs_client */;

--
-- Dumping data for table `weight_types`
--

LOCK TABLES `weight_types` WRITE;
/*!40000 ALTER TABLE `weight_types` DISABLE KEYS */;
INSERT INTO `weight_types` VALUES (1,'Weaning'),(2,'Yearling'),(3,'Mature'),(4,'Purchase'),(5,'Sale'),(6,'Breeding');
/*!40000 ALTER TABLE `weight_types` ENABLE KEYS */;
UNLOCK TABLES;
/*!40103 SET TIME_ZONE=@OLD_TIME_ZONE */;

/*!40101 SET SQL_MODE=@OLD_SQL_MODE */;
/*!40014 SET FOREIGN_KEY_CHECKS=@OLD_FOREIGN_KEY_CHECKS */;
/*!40014 SET UNIQUE_CHECKS=@OLD_UNIQUE_CHECKS */;
/*!40101 SET CHARACTER_SET_CLIENT=@OLD_CHARACTER_SET_CLIENT */;
/*!40101 SET CHARACTER_SET_RESULTS=@OLD_CHARACTER_SET_RESULTS */;
/*!40101 SET COLLATION_CONNECTION=@OLD_COLLATION_CONNECTION */;
/*!40111 SET SQL_NOTES=@OLD_SQL_NOTES */;

-- Dump completed on 2024-03-20  9:02:50
